[INFO] cloning repository https://github.com/liabri/ankra
[INFO] running `Command { std: "git" "-c" "credential.helper=" "-c" "credential.helper=/workspace/cargo-home/bin/git-credential-null" "clone" "--bare" "https://github.com/liabri/ankra" "/workspace/cache/git-repos/https%3A%2F%2Fgithub.com%2Fliabri%2Fankra", kill_on_drop: false }`
[INFO] [stderr] Cloning into bare repository '/workspace/cache/git-repos/https%3A%2F%2Fgithub.com%2Fliabri%2Fankra'...
[INFO] running `Command { std: "git" "rev-parse" "HEAD", kill_on_drop: false }`
[INFO] [stdout] 9de2f7fe16176e2985e1ee43dd118969fec36c02
[INFO] testing liabri/ankra against 1.99.0-beta.1+cargoflags=--release for beta-release-1.99-2
[INFO] running `Command { std: "git" "clone" "/workspace/cache/git-repos/https%3A%2F%2Fgithub.com%2Fliabri%2Fankra" "/workspace/builds/worker-4-tc2/source", kill_on_drop: false }`
[INFO] [stderr] Cloning into '/workspace/builds/worker-4-tc2/source'...
[INFO] [stderr] done.
[INFO] removed /workspace/builds/worker-4-tc2/source/.cargo/config.toml
[INFO] started tweaking git repo https://github.com/liabri/ankra
[INFO] finished tweaking git repo https://github.com/liabri/ankra
[INFO] tweaked toml for git repo https://github.com/liabri/ankra written to /workspace/builds/worker-4-tc2/source/Cargo.toml
[INFO] validating manifest of git repo https://github.com/liabri/ankra on toolchain 1.99.0-beta.1
[INFO] running `Command { std: CARGO_HOME="/workspace/cargo-home" RUSTUP_HOME="/workspace/rustup-home" "/workspace/cargo-home/bin/cargo" "+1.99.0-beta.1" "metadata" "--manifest-path" "Cargo.toml" "--no-deps", kill_on_drop: false }`
[INFO] crate git repo https://github.com/liabri/ankra already has a lockfile, it will not be regenerated
[INFO] running `Command { std: CARGO_HOME="/workspace/cargo-home" RUSTUP_HOME="/workspace/rustup-home" "/workspace/cargo-home/bin/cargo" "+1.99.0-beta.1" "fetch" "--manifest-path" "Cargo.toml", kill_on_drop: false }`
[INFO] running `Command { std: "docker" "create" "-v" "/var/lib/crater-agent-workspace/builds/worker-4-tc2/source:/opt/rustwide/workdir:ro,Z" "-v" "/var/lib/crater-agent-workspace/builds/worker-4-tc2/target:/opt/rustwide/target:rw,Z" "-v" "/var/lib/crater-agent-workspace/cargo-home:/opt/rustwide/cargo-home:ro,Z" "-v" "/var/lib/crater-agent-workspace/rustup-home:/opt/rustwide/rustup-home:ro,Z" "-m" "1610612736" "--network" "none" "ghcr.io/rust-lang/crates-build-env/linux@sha256:8683fc1fc2eb5c9ac98e0d076ab094b2ffac7f99da555d2b6a2e27f346de2ec7" "sleep" "infinity", kill_on_drop: false }`
[INFO] [stdout] 2410c6e632f43ead3c4bf37d3c4fa174a272552302e93d8cd8e78810483892a1
[INFO] running `Command { std: "docker" "start" "2410c6e632f43ead3c4bf37d3c4fa174a272552302e93d8cd8e78810483892a1", kill_on_drop: false }`
[INFO] running `Command { std: "docker" "inspect" "2410c6e632f43ead3c4bf37d3c4fa174a272552302e93d8cd8e78810483892a1", kill_on_drop: false }`
[INFO] running `Command { std: "docker" "exec" "-e" "SOURCE_DIR=/opt/rustwide/workdir" "-e" "CARGO_HOME=/opt/rustwide/cargo-home" "-e" "RUSTUP_HOME=/opt/rustwide/rustup-home" "-e" "CARGO_TARGET_DIR=/opt/rustwide/target" "-w" "/opt/rustwide/workdir" "--user" "0:0" "2410c6e632f43ead3c4bf37d3c4fa174a272552302e93d8cd8e78810483892a1" "/opt/rustwide/cargo-home/bin/cargo" "+1.99.0-beta.1" "metadata" "--no-deps" "--format-version=1", kill_on_drop: false }`
[INFO] running `Command { std: "docker" "inspect" "2410c6e632f43ead3c4bf37d3c4fa174a272552302e93d8cd8e78810483892a1", kill_on_drop: false }`
[INFO] running `Command { std: "docker" "exec" "-e" "SOURCE_DIR=/opt/rustwide/workdir" "-e" "CARGO_HOME=/opt/rustwide/cargo-home" "-e" "RUSTUP_HOME=/opt/rustwide/rustup-home" "-e" "CARGO_TARGET_DIR=/opt/rustwide/target" "-e" "CARGO_INCREMENTAL=0" "-e" "RUST_BACKTRACE=full" "-e" "RUSTFLAGS=--cap-lints=warn" "-e" "RUSTDOCFLAGS=--cap-lints=warn" "-w" "/opt/rustwide/workdir" "--user" "0:0" "2410c6e632f43ead3c4bf37d3c4fa174a272552302e93d8cd8e78810483892a1" "/opt/rustwide/cargo-home/bin/cargo" "+1.99.0-beta.1" "build" "--frozen" "--message-format=json" "--release", kill_on_drop: false }`
[INFO] [stderr]    Compiling proc-macro2 v1.0.106
[INFO] [stderr]    Compiling quote v1.0.45
[INFO] [stderr]    Compiling unicode-ident v1.0.24
[INFO] [stderr]    Compiling libc v0.2.186
[INFO] [stderr]    Compiling serde_core v1.0.228
[INFO] [stderr]    Compiling find-msvc-tools v0.1.9
[INFO] [stderr]    Compiling pkg-config v0.3.33
[INFO] [stderr]    Compiling shlex v2.0.1
[INFO] [stderr]    Compiling bitflags v2.11.1
[INFO] [stderr]    Compiling rustix v1.1.4
[INFO] [stderr]    Compiling itoa v1.0.18
[INFO] [stderr]    Compiling memchr v2.8.1
[INFO] [stderr]    Compiling log v0.4.30
[INFO] [stderr]    Compiling linux-raw-sys v0.12.1
[INFO] [stderr]    Compiling wayland-client v0.31.14
[INFO] [stderr]    Compiling serde v1.0.228
[INFO] [stderr]    Compiling smallvec v1.15.1
[INFO] [stderr]    Compiling downcast-rs v1.2.1
[INFO] [stderr]    Compiling ryu v1.0.23
[INFO] [stderr]    Compiling crossbeam-utils v0.8.21
[INFO] [stderr]    Compiling thiserror v1.0.69
[INFO] [stderr]    Compiling cc v1.2.63
[INFO] [stderr]    Compiling rustix v0.38.44
[INFO] [stderr]    Compiling base64 v0.13.1
[INFO] [stderr]    Compiling xdg v2.5.2
[INFO] [stderr]    Compiling wayland-sys v0.31.11
[INFO] [stderr]    Compiling quick-xml v0.39.4
[INFO] [stderr]    Compiling powerfmt v0.2.0
[INFO] [stderr]    Compiling time-core v0.1.8
[INFO] [stderr]    Compiling num-conv v0.2.2
[INFO] [stderr]    Compiling linux-raw-sys v0.4.15
[INFO] [stderr]    Compiling anyhow v1.0.102
[INFO] [stderr]    Compiling deranged v0.5.8
[INFO] [stderr]    Compiling time-macros v0.2.27
[INFO] [stderr]    Compiling bitflags v1.3.2
[INFO] [stderr]    Compiling num_threads v0.1.7
[INFO] [stderr]    Compiling same-file v1.0.6
[INFO] [stderr]    Compiling cfg-if v1.0.4
[INFO] [stderr]    Compiling walkdir v2.5.0
[INFO] [stderr]    Compiling csv-core v0.1.13
[INFO] [stderr]    Compiling termcolor v1.4.1
[INFO] [stderr]    Compiling syn v2.0.117
[INFO] [stderr]    Compiling wayland-scanner v0.31.10
[INFO] [stderr]    Compiling crossbeam-channel v0.5.15
[INFO] [stderr]    Compiling wayland-backend v0.3.15
[INFO] [stderr]    Compiling inotify-sys v0.1.5
[INFO] [stderr]    Compiling mio v1.2.1
[INFO] [stderr]    Compiling filetime v0.2.29
[INFO] [stderr]    Compiling mio v0.8.11
[INFO] [stderr]    Compiling inotify v0.9.6
[INFO] [stderr]    Compiling notify v6.1.1
[INFO] [stderr]    Compiling time v0.3.47
[INFO] [stderr]    Compiling serde_derive v1.0.228
[INFO] [stderr]    Compiling thiserror-impl v1.0.69
[INFO] [stderr]    Compiling csv v1.4.0
[INFO] [stderr]    Compiling simplelog v0.12.2
[INFO] [stderr]    Compiling ankra-cli v0.1.0 (/opt/rustwide/workdir/src/ankra-cli)
[INFO] [stderr]    Compiling zmerald v0.1.0 (https://github.com/liabri/zmerald#0ab63cd4)
[INFO] [stderr]    Compiling libankra v0.1.0 (/opt/rustwide/workdir/src/libankra)
[INFO] [stderr]    Compiling wayland-protocols v0.32.12
[INFO] [stderr]    Compiling wayland-protocols-misc v0.3.12
[INFO] [stderr]    Compiling ankra-wayland v0.1.0 (/opt/rustwide/workdir/src/ankra-wayland)
[INFO] [stderr]    Compiling ankrad v0.1.0 (/opt/rustwide/workdir/src/ankrad)
[INFO] [stdout] warning: unused import: `std::path::Path`
[INFO] [stdout]   --> src/ankrad/src/main.rs:19:5
[INFO] [stdout]    |
[INFO] [stdout] 19 | use std::path::Path;
[INFO] [stdout]    |     ^^^^^^^^^^^^^^^
[INFO] [stdout]    |
[INFO] [stdout]    = note: `#[warn(unused_imports)]` (part of `#[warn(unused)]`) on by default
[INFO] [stdout] 
[INFO] [stdout] 
[INFO] [stdout] warning: unused import: `EventKind`
[INFO] [stdout]   --> src/ankrad/src/main.rs:21:39
[INFO] [stdout]    |
[INFO] [stdout] 21 | use notify::{ Watcher, RecursiveMode, EventKind };
[INFO] [stdout]    |                                       ^^^^^^^^^
[INFO] [stdout] 
[INFO] [stdout] 
[INFO] [stderr]     Finished `release` profile [optimized] target(s) in 45.75s
[INFO] running `Command { std: "docker" "inspect" "2410c6e632f43ead3c4bf37d3c4fa174a272552302e93d8cd8e78810483892a1", kill_on_drop: false }`
[INFO] running `Command { std: "docker" "exec" "-e" "SOURCE_DIR=/opt/rustwide/workdir" "-e" "CARGO_HOME=/opt/rustwide/cargo-home" "-e" "RUSTUP_HOME=/opt/rustwide/rustup-home" "-e" "CARGO_TARGET_DIR=/opt/rustwide/target" "-e" "CARGO_INCREMENTAL=0" "-e" "RUST_BACKTRACE=full" "-e" "RUSTFLAGS=--cap-lints=warn" "-e" "RUSTDOCFLAGS=--cap-lints=warn" "-w" "/opt/rustwide/workdir" "--user" "0:0" "2410c6e632f43ead3c4bf37d3c4fa174a272552302e93d8cd8e78810483892a1" "/opt/rustwide/cargo-home/bin/cargo" "+1.99.0-beta.1" "test" "--frozen" "--no-run" "--message-format=json" "--release", kill_on_drop: false }`
[INFO] [stderr]    Compiling ankra-cli v0.1.0 (/opt/rustwide/workdir/src/ankra-cli)
[INFO] [stderr]    Compiling libankra v0.1.0 (/opt/rustwide/workdir/src/libankra)
[INFO] [stderr]    Compiling ankra-wayland v0.1.0 (/opt/rustwide/workdir/src/ankra-wayland)
[INFO] [stderr]    Compiling ankrad v0.1.0 (/opt/rustwide/workdir/src/ankrad)
[INFO] [stdout] warning: unused import: `std::path::Path`
[INFO] [stdout]   --> src/ankrad/src/main.rs:19:5
[INFO] [stdout]    |
[INFO] [stdout] 19 | use std::path::Path;
[INFO] [stdout]    |     ^^^^^^^^^^^^^^^
[INFO] [stdout]    |
[INFO] [stdout]    = note: `#[warn(unused_imports)]` (part of `#[warn(unused)]`) on by default
[INFO] [stdout] 
[INFO] [stdout] 
[INFO] [stdout] warning: unused import: `EventKind`
[INFO] [stdout]   --> src/ankrad/src/main.rs:21:39
[INFO] [stdout]    |
[INFO] [stdout] 21 | use notify::{ Watcher, RecursiveMode, EventKind };
[INFO] [stdout]    |                                       ^^^^^^^^^
[INFO] [stdout] 
[INFO] [stdout] 
[INFO] [stderr]     Finished `release` profile [optimized] target(s) in 2.35s
[INFO] running `Command { std: "docker" "inspect" "2410c6e632f43ead3c4bf37d3c4fa174a272552302e93d8cd8e78810483892a1", kill_on_drop: false }`
[INFO] running `Command { std: "docker" "exec" "-e" "SOURCE_DIR=/opt/rustwide/workdir" "-e" "CARGO_HOME=/opt/rustwide/cargo-home" "-e" "RUSTUP_HOME=/opt/rustwide/rustup-home" "-e" "CARGO_TARGET_DIR=/opt/rustwide/target" "-e" "CARGO_INCREMENTAL=0" "-e" "RUST_BACKTRACE=full" "-e" "RUSTFLAGS=--cap-lints=warn" "-e" "RUSTDOCFLAGS=--cap-lints=warn" "-w" "/opt/rustwide/workdir" "--user" "0:0" "2410c6e632f43ead3c4bf37d3c4fa174a272552302e93d8cd8e78810483892a1" "/opt/rustwide/cargo-home/bin/cargo" "+1.99.0-beta.1" "test" "--frozen" "--release", kill_on_drop: false }`
[INFO] [stderr] warning: unused import: `std::path::Path`
[INFO] [stderr]   --> src/ankrad/src/main.rs:19:5
[INFO] [stderr]    |
[INFO] [stderr] 19 | use std::path::Path;
[INFO] [stderr]    |     ^^^^^^^^^^^^^^^
[INFO] [stderr]    |
[INFO] [stderr]    = note: `#[warn(unused_imports)]` (part of `#[warn(unused)]`) on by default
[INFO] [stderr] 
[INFO] [stderr] warning: unused import: `EventKind`
[INFO] [stderr]   --> src/ankrad/src/main.rs:21:39
[INFO] [stderr]    |
[INFO] [stderr] 21 | use notify::{ Watcher, RecursiveMode, EventKind };
[INFO] [stderr]    |                                       ^^^^^^^^^
[INFO] [stderr] 
[INFO] [stderr] warning: `ankrad` (bin "ankrad" test) generated 2 warnings (run `cargo fix --bin "ankrad" -p ankrad --tests` to apply 2 suggestions)
[INFO] [stderr]     Finished `release` profile [optimized] target(s) in 0.08s
[INFO] [stderr]      Running unittests src/main.rs (/opt/rustwide/target/release/deps/ankra_cli-782d82474c25c9b5)
[INFO] [stdout] 
[INFO] [stdout] running 11 tests
[INFO] [stdout] test cook::cangjie5_phrases::tests::test_cangjie5_2_char_rule ... ok
[INFO] [stdout] test cook::cangjie5_phrases::tests::test_cangjie5_4_char_rule ... ok
[INFO] [stdout] test cook::cangjie5_phrases::tests::test_cangjie5_5_plus_char_rule ... ok
[INFO] [stdout] test cook::cangjie5_phrases::tests::test_cangjie5_3_char_rule ... ok
[INFO] [stdout] test cook::cangjie5_phrases::tests::test_missing_character_graceful_fail ... ok
[INFO] [stdout] test cook::cangjie5_phrases::tests::test_extract_version_date_fallback ... ok
[INFO] [stdout] test tests::test_set_layout_fails_if_directory_missing ... ok
[INFO] [stdout] test tests::test_lookup_sequence_scans_multiple_csvs ... ok
[INFO] [stdout] test tests::test_set_layout_success_with_trimming ... ok
[INFO] [stdout] test tests::test_set_status_writes_on_and_off_correctly ... ok
[INFO] [stdout] test cook::cangjie5_phrases::tests::test_extract_version_explicit_tag ... ok
[INFO] [stdout] 
[INFO] [stdout] test result: ok. 11 passed; 0 failed; 0 ignored; 0 measured; 0 filtered out; finished in 0.01s
[INFO] [stdout] 
[INFO] [stderr]      Running unittests src/lib.rs (/opt/rustwide/target/release/deps/ankra_wayland-75f37d3db1227c09)
[INFO] [stdout] 
[INFO] [stdout] running 2 tests
[INFO] [stdout] test context::tests::test_modifier_levels_and_dirty_bits ... ok
[INFO] [stdout] test context::tests::test_control_bypass_interception ... ok
[INFO] [stdout] 
[INFO] [stdout] test result: ok. 2 passed; 0 failed; 0 ignored; 0 measured; 0 filtered out; finished in 0.00s
[INFO] [stdout] 
[INFO] [stderr]      Running unittests src/main.rs (/opt/rustwide/target/release/deps/ankrad-ed2ee4dca2a2eccf)
[INFO] [stdout] 
[INFO] [stdout] running 0 tests
[INFO] [stdout] 
[INFO] [stdout] test result: ok. 0 passed; 0 failed; 0 ignored; 0 measured; 0 filtered out; finished in 0.00s
[INFO] [stdout] 
[INFO] [stderr]      Running unittests src/lib.rs (/opt/rustwide/target/release/deps/ankra-27cc9389aa2c1b1c)
[INFO] [stdout] 
[INFO] [stdout] running 2 tests
[INFO] [stdout] test table::tests::test_split_flush_to_disk ... ok
[INFO] [stdout] test table::tests::test_memory_mutation_and_bubble_sort ... ok
[INFO] [stdout] 
[INFO] [stdout] test result: ok. 2 passed; 0 failed; 0 ignored; 0 measured; 0 filtered out; finished in 0.01s
[INFO] [stdout] 
[INFO] [stderr]      Running tests/cangjie5.rs (/opt/rustwide/target/release/deps/cangjie5-fe8c3a1164dee60a)
[INFO] [stdout] 
[INFO] [stdout] running 23 tests
[INFO] [stdout] test cangjie_autocommit_predictive_phrase ... FAILED
[INFO] [stdout] test cangjie_backspace_key ... FAILED
[INFO] [stdout] test cangjie_boundary_guards ... FAILED
[INFO] [stdout] test cangjie_empty_buffer_resilience ... FAILED
[INFO] [stdout] test cangjie_backspace_to_empty_clears_ui ... FAILED
[INFO] [stdout] test cangjie_escape_key ... FAILED
[INFO] [stdout] test cangjie_on_no_result ... FAILED
[INFO] [stdout] test cangjie_next_key ... FAILED
[INFO] [stdout] test cangjie_punctuation_autocommit ... FAILED
[INFO] [stdout] test cangjie_phrase_completion ... FAILED
[INFO] [stdout] test cangjie_raw_enter_bypasses_phrase_prediction ... FAILED
[INFO] [stdout] test cangjie_commit_key ... FAILED
[INFO] [stdout] test cangjie_unmapped_key_interception ... FAILED
[INFO] [stdout] test cangjie_dynamic_weight_sorting_phrases ... FAILED
[INFO] [stdout] test cangjie_alternative_arrow_navigation ... FAILED
[INFO] [stdout] test cangjie_raw_enter_escape_hatch ... FAILED
[INFO] [stdout] test test_level_1_punctuation_ordering ... FAILED
[INFO] [stdout] test cangjie_out_of_bounds_digit_selection ... FAILED
[INFO] [stdout] test cangjie_dynamic_weighting_exact_matches ... FAILED
[INFO] [stdout] test test_level_0_punctuation_ordering ... FAILED
[INFO] [stdout] test cangjie_dynamic_weight_sorting ... FAILED
[INFO] [stdout] test cangjie_direct_digit_selection ... FAILED
[INFO] [stdout] test cangjie_backspace_restores_exact_match ... FAILED
[INFO] [stdout] 
[INFO] [stdout] failures:
[INFO] [stdout] 
[INFO] [stdout] ---- cangjie_autocommit_predictive_phrase stdout ----
[INFO] [stdout] 
[INFO] [stdout] thread 'cangjie_autocommit_predictive_phrase' (1322) panicked at src/libankra/tests/shared/mod.rs:49:65:
[INFO] [stdout] called `Result::unwrap()` on an `Err` value: Os { code: 30, kind: ReadOnlyFilesystem, message: "Read-only file system" }
[INFO] [stdout] stack backtrace:
[INFO] [stdout]    0:     0x605241f72bf1 - <<std[104cf6e2632825ea]::sys::backtrace::BacktraceLock>::print::DisplayBacktrace as core[7c831bd917ebf35f]::fmt::Display>::fmt
[INFO] [stdout]    1:     0x605241f8767a - core[7c831bd917ebf35f]::fmt::write
[INFO] [stdout]    2:     0x605241f7708c - <alloc[2fdc3f7464fcf288]::vec::Vec<u8> as core[7c831bd917ebf35f]::io::write::Write>::write_fmt
[INFO] [stdout]    3:     0x605241f4e3b6 - std[104cf6e2632825ea]::panicking::default_hook::{closure#0}
[INFO] [stdout]    4:     0x605241f6b119 - std[104cf6e2632825ea]::panicking::default_hook
[INFO] [stdout]    5:     0x605241eee2f0 - test[73009c9f9aebf890]::test_main_inner::<test[73009c9f9aebf890]::test_main_static::{closure#0}>::{closure#0}
[INFO] [stdout]    6:     0x605241f6b2d2 - std[104cf6e2632825ea]::panicking::panic_with_hook
[INFO] [stdout]    7:     0x605241f4e462 - std[104cf6e2632825ea]::panicking::panic_handler::{closure#0}
[INFO] [stdout]    8:     0x605241f46ce9 - std[104cf6e2632825ea]::sys::backtrace::__rust_end_short_backtrace::<std[104cf6e2632825ea]::panicking::panic_handler::{closure#0}, !>
[INFO] [stdout]    9:     0x605241f4f05d - __rustc[b0d56fa5b193ad05]::rust_begin_unwind
[INFO] [stdout]   10:     0x605241f87dac - core[7c831bd917ebf35f]::panicking::panic_fmt
[INFO] [stdout]   11:     0x605241f87b82 - core[7c831bd917ebf35f]::result::unwrap_failed
[INFO] [stdout]   12:     0x605241edc562 - cangjie5[3362d56a6062b74e]::shared::reset_layout_weights
[INFO] [stdout]   13:     0x605241edbdfc - cangjie5[3362d56a6062b74e]::test_input
[INFO] [stdout]   14:     0x605241edfd90 - <cangjie5[3362d56a6062b74e]::cangjie_autocommit_predictive_phrase::{closure#0} as core[7c831bd917ebf35f]::ops::function::FnOnce<()>>::call_once
[INFO] [stdout]   15:     0x605241ee15db - test[73009c9f9aebf890]::__rust_begin_short_backtrace::<core[7c831bd917ebf35f]::result::Result<(), alloc[2fdc3f7464fcf288]::string::String>, fn() -> core[7c831bd917ebf35f]::result::Result<(), alloc[2fdc3f7464fcf288]::string::String>>
[INFO] [stdout]   16:     0x605241eeec45 - test[73009c9f9aebf890]::run_test::{closure#0}
[INFO] [stdout]   17:     0x605241ee8004 - std[104cf6e2632825ea]::sys::backtrace::__rust_begin_short_backtrace::<test[73009c9f9aebf890]::run_test::{closure#1}, ()>
[INFO] [stdout]   18:     0x605241ef1da2 - <std[104cf6e2632825ea]::thread::lifecycle::spawn_unchecked<test[73009c9f9aebf890]::run_test::{closure#1}, ()>::{closure#1} as core[7c831bd917ebf35f]::ops::function::FnOnce<()>>::call_once::{shim:vtable#0}
[INFO] [stdout]   19:     0x605241f722d9 - <std[104cf6e2632825ea]::sys::thread::unix::Thread>::new::thread_start
[INFO] [stdout]   20:     0x741acde8e07a - <unknown>
[INFO] [stdout]   21:     0x741acdf21534 - clone
[INFO] [stdout]   22:                0x0 - <unknown>
[INFO] [stdout] 
[INFO] [stdout] ---- cangjie_backspace_key stdout ----
[INFO] [stdout] 
[INFO] [stdout] thread 'cangjie_backspace_key' (1323) panicked at src/libankra/tests/shared/mod.rs:49:65:
[INFO] [stdout] called `Result::unwrap()` on an `Err` value: Os { code: 30, kind: ReadOnlyFilesystem, message: "Read-only file system" }
[INFO] [stdout] stack backtrace:
[INFO] [stdout]    0:     0x605241f72bf1 - <<std[104cf6e2632825ea]::sys::backtrace::BacktraceLock>::print::DisplayBacktrace as core[7c831bd917ebf35f]::fmt::Display>::fmt
[INFO] [stdout]    1:     0x605241f8767a - core[7c831bd917ebf35f]::fmt::write
[INFO] [stdout]    2:     0x605241f7708c - <alloc[2fdc3f7464fcf288]::vec::Vec<u8> as core[7c831bd917ebf35f]::io::write::Write>::write_fmt
[INFO] [stdout]    3:     0x605241f4e3b6 - std[104cf6e2632825ea]::panicking::default_hook::{closure#0}
[INFO] [stdout]    4:     0x605241f6b119 - std[104cf6e2632825ea]::panicking::default_hook
[INFO] [stdout]    5:     0x605241eee2f0 - test[73009c9f9aebf890]::test_main_inner::<test[73009c9f9aebf890]::test_main_static::{closure#0}>::{closure#0}
[INFO] [stdout]    6:     0x605241f6b2d2 - std[104cf6e2632825ea]::panicking::panic_with_hook
[INFO] [stdout]    7:     0x605241f4e462 - std[104cf6e2632825ea]::panicking::panic_handler::{closure#0}
[INFO] [stdout]    8:     0x605241f46ce9 - std[104cf6e2632825ea]::sys::backtrace::__rust_end_short_backtrace::<std[104cf6e2632825ea]::panicking::panic_handler::{closure#0}, !>
[INFO] [stdout]    9:     0x605241f4f05d - __rustc[b0d56fa5b193ad05]::rust_begin_unwind
[INFO] [stdout]   10:     0x605241f87dac - core[7c831bd917ebf35f]::panicking::panic_fmt
[INFO] [stdout]   11:     0x605241f87b82 - core[7c831bd917ebf35f]::result::unwrap_failed
[INFO] [stdout]   12:     0x605241edc562 - cangjie5[3362d56a6062b74e]::shared::reset_layout_weights
[INFO] [stdout]   13:     0x605241edbdfc - cangjie5[3362d56a6062b74e]::test_input
[INFO] [stdout]   14:     0x605241edd566 - <cangjie5[3362d56a6062b74e]::cangjie_backspace_key::{closure#0} as core[7c831bd917ebf35f]::ops::function::FnOnce<()>>::call_once
[INFO] [stdout]   15:     0x605241ee15db - test[73009c9f9aebf890]::__rust_begin_short_backtrace::<core[7c831bd917ebf35f]::result::Result<(), alloc[2fdc3f7464fcf288]::string::String>, fn() -> core[7c831bd917ebf35f]::result::Result<(), alloc[2fdc3f7464fcf288]::string::String>>
[INFO] [stdout]   16:     0x605241eeec45 - test[73009c9f9aebf890]::run_test::{closure#0}
[INFO] [stdout]   17:     0x605241ee8004 - std[104cf6e2632825ea]::sys::backtrace::__rust_begin_short_backtrace::<test[73009c9f9aebf890]::run_test::{closure#1}, ()>
[INFO] [stdout]   18:     0x605241ef1da2 - <std[104cf6e2632825ea]::thread::lifecycle::spawn_unchecked<test[73009c9f9aebf890]::run_test::{closure#1}, ()>::{closure#1} as core[7c831bd917ebf35f]::ops::function::FnOnce<()>>::call_once::{shim:vtable#0}
[INFO] [stdout]   19:     0x605241f722d9 - <std[104cf6e2632825ea]::sys::thread::unix::Thread>::new::thread_start
[INFO] [stdout]   20:     0x741acde8e07a - <unknown>
[INFO] [stdout]   21:     0x741acdf21534 - clone
[INFO] [stdout]   22:                0x0 - <unknown>
[INFO] [stdout] 
[INFO] [stdout] ---- cangjie_boundary_guards stdout ----
[INFO] [stdout] 
[INFO] [stdout] thread 'cangjie_boundary_guards' (1326) panicked at src/libankra/tests/shared/mod.rs:49:65:
[INFO] [stdout] called `Result::unwrap()` on an `Err` value: Os { code: 30, kind: ReadOnlyFilesystem, message: "Read-only file system" }
[INFO] [stdout] stack backtrace:
[INFO] [stdout]    0:     0x605241f72bf1 - <<std[104cf6e2632825ea]::sys::backtrace::BacktraceLock>::print::DisplayBacktrace as core[7c831bd917ebf35f]::fmt::Display>::fmt
[INFO] [stdout]    1:     0x605241f8767a - core[7c831bd917ebf35f]::fmt::write
[INFO] [stdout]    2:     0x605241f7708c - <alloc[2fdc3f7464fcf288]::vec::Vec<u8> as core[7c831bd917ebf35f]::io::write::Write>::write_fmt
[INFO] [stdout]    3:     0x605241f4e3b6 - std[104cf6e2632825ea]::panicking::default_hook::{closure#0}
[INFO] [stdout]    4:     0x605241f6b119 - std[104cf6e2632825ea]::panicking::default_hook
[INFO] [stdout]    5:     0x605241eee2f0 - test[73009c9f9aebf890]::test_main_inner::<test[73009c9f9aebf890]::test_main_static::{closure#0}>::{closure#0}
[INFO] [stdout]    6:     0x605241f6b2d2 - std[104cf6e2632825ea]::panicking::panic_with_hook
[INFO] [stdout]    7:     0x605241f4e462 - std[104cf6e2632825ea]::panicking::panic_handler::{closure#0}
[INFO] [stdout]    8:     0x605241f46ce9 - std[104cf6e2632825ea]::sys::backtrace::__rust_end_short_backtrace::<std[104cf6e2632825ea]::panicking::panic_handler::{closure#0}, !>
[INFO] [stdout]    9:     0x605241f4f05d - __rustc[b0d56fa5b193ad05]::rust_begin_unwind
[INFO] [stdout]   10:     0x605241f87dac - core[7c831bd917ebf35f]::panicking::panic_fmt
[INFO] [stdout]   11:     0x605241f87b82 - core[7c831bd917ebf35f]::result::unwrap_failed
[INFO] [stdout]   12:     0x605241edc562 - cangjie5[3362d56a6062b74e]::shared::reset_layout_weights
[INFO] [stdout]   13:     0x605241edc119 - cangjie5[3362d56a6062b74e]::test_input_with_level
[INFO] [stdout]   14:     0x605241eddaad - <cangjie5[3362d56a6062b74e]::cangjie_boundary_guards::{closure#0} as core[7c831bd917ebf35f]::ops::function::FnOnce<()>>::call_once
[INFO] [stdout]   15:     0x605241ee15db - test[73009c9f9aebf890]::__rust_begin_short_backtrace::<core[7c831bd917ebf35f]::result::Result<(), alloc[2fdc3f7464fcf288]::string::String>, fn() -> core[7c831bd917ebf35f]::result::Result<(), alloc[2fdc3f7464fcf288]::string::String>>
[INFO] [stdout]   16:     0x605241eeec45 - test[73009c9f9aebf890]::run_test::{closure#0}
[INFO] [stdout]   17:     0x605241ee8004 - std[104cf6e2632825ea]::sys::backtrace::__rust_begin_short_backtrace::<test[73009c9f9aebf890]::run_test::{closure#1}, ()>
[INFO] [stdout]   18:     0x605241ef1da2 - <std[104cf6e2632825ea]::thread::lifecycle::spawn_unchecked<test[73009c9f9aebf890]::run_test::{closure#1}, ()>::{closure#1} as core[7c831bd917ebf35f]::ops::function::FnOnce<()>>::call_once::{shim:vtable#0}
[INFO] [stdout]   19:     0x605241f722d9 - <std[104cf6e2632825ea]::sys::thread::unix::Thread>::new::thread_start
[INFO] [stdout]   20:     0x741acde8e07a - <unknown>
[INFO] [stdout]   21:     0x741acdf21534 - clone
[INFO] [stdout]   22:                0x0 - <unknown>
[INFO] [stdout] 
[INFO] [stdout] ---- cangjie_empty_buffer_resilience stdout ----
[INFO] [stdout] 
[INFO] [stdout] thread 'cangjie_empty_buffer_resilience' (1332) panicked at src/libankra/tests/shared/mod.rs:49:65:
[INFO] [stdout] called `Result::unwrap()` on an `Err` value: Os { code: 30, kind: ReadOnlyFilesystem, message: "Read-only file system" }
[INFO] [stdout] stack backtrace:
[INFO] [stdout]    0:     0x605241f72bf1 - <<std[104cf6e2632825ea]::sys::backtrace::BacktraceLock>::print::DisplayBacktrace as core[7c831bd917ebf35f]::fmt::Display>::fmt
[INFO] [stdout]    1:     0x605241f8767a - core[7c831bd917ebf35f]::fmt::write
[INFO] [stdout]    2:     0x605241f7708c - <alloc[2fdc3f7464fcf288]::vec::Vec<u8> as core[7c831bd917ebf35f]::io::write::Write>::write_fmt
[INFO] [stdout]    3:     0x605241f4e3b6 - std[104cf6e2632825ea]::panicking::default_hook::{closure#0}
[INFO] [stdout]    4:     0x605241f6b119 - std[104cf6e2632825ea]::panicking::default_hook
[INFO] [stdout]    5:     0x605241eee2f0 - test[73009c9f9aebf890]::test_main_inner::<test[73009c9f9aebf890]::test_main_static::{closure#0}>::{closure#0}
[INFO] [stdout]    6:     0x605241f6b2d2 - std[104cf6e2632825ea]::panicking::panic_with_hook
[INFO] [stdout]    7:     0x605241f4e462 - std[104cf6e2632825ea]::panicking::panic_handler::{closure#0}
[INFO] [stdout]    8:     0x605241f46ce9 - std[104cf6e2632825ea]::sys::backtrace::__rust_end_short_backtrace::<std[104cf6e2632825ea]::panicking::panic_handler::{closure#0}, !>
[INFO] [stdout]    9:     0x605241f4f05d - __rustc[b0d56fa5b193ad05]::rust_begin_unwind
[INFO] [stdout]   10:     0x605241f87dac - core[7c831bd917ebf35f]::panicking::panic_fmt
[INFO] [stdout]   11:     0x605241f87b82 - core[7c831bd917ebf35f]::result::unwrap_failed
[INFO] [stdout]   12:     0x605241edc562 - cangjie5[3362d56a6062b74e]::shared::reset_layout_weights
[INFO] [stdout]   13:     0x605241edbdfc - cangjie5[3362d56a6062b74e]::test_input
[INFO] [stdout]   14:     0x605241edf34f - <cangjie5[3362d56a6062b74e]::cangjie_empty_buffer_resilience::{closure#0} as core[7c831bd917ebf35f]::ops::function::FnOnce<()>>::call_once
[INFO] [stdout]   15:     0x605241ee15db - test[73009c9f9aebf890]::__rust_begin_short_backtrace::<core[7c831bd917ebf35f]::result::Result<(), alloc[2fdc3f7464fcf288]::string::String>, fn() -> core[7c831bd917ebf35f]::result::Result<(), alloc[2fdc3f7464fcf288]::string::String>>
[INFO] [stdout]   16:     0x605241eeec45 - test[73009c9f9aebf890]::run_test::{closure#0}
[INFO] [stdout]   17:     0x605241ee8004 - std[104cf6e2632825ea]::sys::backtrace::__rust_begin_short_backtrace::<test[73009c9f9aebf890]::run_test::{closure#1}, ()>
[INFO] [stdout]   18:     0x605241ef1da2 - <std[104cf6e2632825ea]::thread::lifecycle::spawn_unchecked<test[73009c9f9aebf890]::run_test::{closure#1}, ()>::{closure#1} as core[7c831bd917ebf35f]::ops::function::FnOnce<()>>::call_once::{shim:vtable#0}
[INFO] [stdout]   19:     0x605241f722d9 - <std[104cf6e2632825ea]::sys::thread::unix::Thread>::new::thread_start
[INFO] [stdout]   20:     0x741acde8e07a - <unknown>
[INFO] [stdout]   21:     0x741acdf21534 - clone
[INFO] [stdout]   22:                0x0 - <unknown>
[INFO] [stdout] 
[INFO] [stdout] ---- cangjie_backspace_to_empty_clears_ui stdout ----
[INFO] [stdout] 
[INFO] [stdout] thread 'cangjie_backspace_to_empty_clears_ui' (1325) panicked at src/libankra/tests/shared/mod.rs:49:65:
[INFO] [stdout] called `Result::unwrap()` on an `Err` value: Os { code: 30, kind: ReadOnlyFilesystem, message: "Read-only file system" }
[INFO] [stdout] stack backtrace:
[INFO] [stdout]    0:     0x605241f72bf1 - <<std[104cf6e2632825ea]::sys::backtrace::BacktraceLock>::print::DisplayBacktrace as core[7c831bd917ebf35f]::fmt::Display>::fmt
[INFO] [stdout]    1:     0x605241f8767a - core[7c831bd917ebf35f]::fmt::write
[INFO] [stdout]    2:     0x605241f7708c - <alloc[2fdc3f7464fcf288]::vec::Vec<u8> as core[7c831bd917ebf35f]::io::write::Write>::write_fmt
[INFO] [stdout]    3:     0x605241f4e3b6 - std[104cf6e2632825ea]::panicking::default_hook::{closure#0}
[INFO] [stdout]    4:     0x605241f6b119 - std[104cf6e2632825ea]::panicking::default_hook
[INFO] [stdout]    5:     0x605241eee2f0 - test[73009c9f9aebf890]::test_main_inner::<test[73009c9f9aebf890]::test_main_static::{closure#0}>::{closure#0}
[INFO] [stdout]    6:     0x605241f6b2d2 - std[104cf6e2632825ea]::panicking::panic_with_hook
[INFO] [stdout]    7:     0x605241f4e462 - std[104cf6e2632825ea]::panicking::panic_handler::{closure#0}
[INFO] [stdout]    8:     0x605241f46ce9 - std[104cf6e2632825ea]::sys::backtrace::__rust_end_short_backtrace::<std[104cf6e2632825ea]::panicking::panic_handler::{closure#0}, !>
[INFO] [stdout]    9:     0x605241f4f05d - __rustc[b0d56fa5b193ad05]::rust_begin_unwind
[INFO] [stdout]   10:     0x605241f87dac - core[7c831bd917ebf35f]::panicking::panic_fmt
[INFO] [stdout]   11:     0x605241f87b82 - core[7c831bd917ebf35f]::result::unwrap_failed
[INFO] [stdout]   12:     0x605241edc562 - cangjie5[3362d56a6062b74e]::shared::reset_layout_weights
[INFO] [stdout]   13:     0x605241edbdfc - cangjie5[3362d56a6062b74e]::test_input
[INFO] [stdout]   14:     0x605241edfeee - <cangjie5[3362d56a6062b74e]::cangjie_backspace_to_empty_clears_ui::{closure#0} as core[7c831bd917ebf35f]::ops::function::FnOnce<()>>::call_once
[INFO] [stdout]   15:     0x605241ee15db - test[73009c9f9aebf890]::__rust_begin_short_backtrace::<core[7c831bd917ebf35f]::result::Result<(), alloc[2fdc3f7464fcf288]::string::String>, fn() -> core[7c831bd917ebf35f]::result::Result<(), alloc[2fdc3f7464fcf288]::string::String>>
[INFO] [stdout]   16:     0x605241eeec45 - test[73009c9f9aebf890]::run_test::{closure#0}
[INFO] [stdout]   17:     0x605241ee8004 - std[104cf6e2632825ea]::sys::backtrace::__rust_begin_short_backtrace::<test[73009c9f9aebf890]::run_test::{closure#1}, ()>
[INFO] [stdout]   18:     0x605241ef1da2 - <std[104cf6e2632825ea]::thread::lifecycle::spawn_unchecked<test[73009c9f9aebf890]::run_test::{closure#1}, ()>::{closure#1} as core[7c831bd917ebf35f]::ops::function::FnOnce<()>>::call_once::{shim:vtable#0}
[INFO] [stdout]   19:     0x605241f722d9 - <std[104cf6e2632825ea]::sys::thread::unix::Thread>::new::thread_start
[INFO] [stdout]   20:     0x741acde8e07a - <unknown>
[INFO] [stdout]   21:     0x741acdf21534 - clone
[INFO] [stdout]   22:                0x0 - <unknown>
[INFO] [stdout] 
[INFO] [stdout] ---- cangjie_escape_key stdout ----
[INFO] [stdout] 
[INFO] [stdout] thread 'cangjie_escape_key' (1333) panicked at src/libankra/tests/shared/mod.rs:49:65:
[INFO] [stdout] called `Result::unwrap()` on an `Err` value: Os { code: 30, kind: ReadOnlyFilesystem, message: "Read-only file system" }
[INFO] [stdout] stack backtrace:
[INFO] [stdout]    0:     0x605241f72bf1 - <<std[104cf6e2632825ea]::sys::backtrace::BacktraceLock>::print::DisplayBacktrace as core[7c831bd917ebf35f]::fmt::Display>::fmt
[INFO] [stdout]    1:     0x605241f8767a - core[7c831bd917ebf35f]::fmt::write
[INFO] [stdout]    2:     0x605241f7708c - <alloc[2fdc3f7464fcf288]::vec::Vec<u8> as core[7c831bd917ebf35f]::io::write::Write>::write_fmt
[INFO] [stdout]    3:     0x605241f4e3b6 - std[104cf6e2632825ea]::panicking::default_hook::{closure#0}
[INFO] [stdout]    4:     0x605241f6b119 - std[104cf6e2632825ea]::panicking::default_hook
[INFO] [stdout]    5:     0x605241eee2f0 - test[73009c9f9aebf890]::test_main_inner::<test[73009c9f9aebf890]::test_main_static::{closure#0}>::{closure#0}
[INFO] [stdout]    6:     0x605241f6b2d2 - std[104cf6e2632825ea]::panicking::panic_with_hook
[INFO] [stdout]    7:     0x605241f4e462 - std[104cf6e2632825ea]::panicking::panic_handler::{closure#0}
[INFO] [stdout]    8:     0x605241f46ce9 - std[104cf6e2632825ea]::sys::backtrace::__rust_end_short_backtrace::<std[104cf6e2632825ea]::panicking::panic_handler::{closure#0}, !>
[INFO] [stdout]    9:     0x605241f4f05d - __rustc[b0d56fa5b193ad05]::rust_begin_unwind
[INFO] [stdout]   10:     0x605241f87dac - core[7c831bd917ebf35f]::panicking::panic_fmt
[INFO] [stdout]   11:     0x605241f87b82 - core[7c831bd917ebf35f]::result::unwrap_failed
[INFO] [stdout]   12:     0x605241edc562 - cangjie5[3362d56a6062b74e]::shared::reset_layout_weights
[INFO] [stdout]   13:     0x605241edbdfc - cangjie5[3362d56a6062b74e]::test_input
[INFO] [stdout]   14:     0x605241edcde5 - <cangjie5[3362d56a6062b74e]::cangjie_escape_key::{closure#0} as core[7c831bd917ebf35f]::ops::function::FnOnce<()>>::call_once
[INFO] [stdout]   15:     0x605241ee15db - test[73009c9f9aebf890]::__rust_begin_short_backtrace::<core[7c831bd917ebf35f]::result::Result<(), alloc[2fdc3f7464fcf288]::string::String>, fn() -> core[7c831bd917ebf35f]::result::Result<(), alloc[2fdc3f7464fcf288]::string::String>>
[INFO] [stdout]   16:     0x605241eeec45 - test[73009c9f9aebf890]::run_test::{closure#0}
[INFO] [stdout]   17:     0x605241ee8004 - std[104cf6e2632825ea]::sys::backtrace::__rust_begin_short_backtrace::<test[73009c9f9aebf890]::run_test::{closure#1}, ()>
[INFO] [stdout]   18:     0x605241ef1da2 - <std[104cf6e2632825ea]::thread::lifecycle::spawn_unchecked<test[73009c9f9aebf890]::run_test::{closure#1}, ()>::{closure#1} as core[7c831bd917ebf35f]::ops::function::FnOnce<()>>::call_once::{shim:vtable#0}
[INFO] [stdout]   19:     0x605241f722d9 - <std[104cf6e2632825ea]::sys::thread::unix::Thread>::new::thread_start
[INFO] [stdout]   20:     0x741acde8e07a - <unknown>
[INFO] [stdout]   21:     0x741acdf21534 - clone
[INFO] [stdout]   22:                0x0 - <unknown>
[INFO] [stdout] 
[INFO] [stdout] ---- cangjie_on_no_result stdout ----
[INFO] [stdout] 
[INFO] [stdout] thread 'cangjie_on_no_result' (1335) panicked at src/libankra/tests/shared/mod.rs:49:65:
[INFO] [stdout] called `Result::unwrap()` on an `Err` value: Os { code: 30, kind: ReadOnlyFilesystem, message: "Read-only file system" }
[INFO] [stdout] stack backtrace:
[INFO] [stdout]    0:     0x605241f72bf1 - <<std[104cf6e2632825ea]::sys::backtrace::BacktraceLock>::print::DisplayBacktrace as core[7c831bd917ebf35f]::fmt::Display>::fmt
[INFO] [stdout]    1:     0x605241f8767a - core[7c831bd917ebf35f]::fmt::write
[INFO] [stdout]    2:     0x605241f7708c - <alloc[2fdc3f7464fcf288]::vec::Vec<u8> as core[7c831bd917ebf35f]::io::write::Write>::write_fmt
[INFO] [stdout]    3:     0x605241f4e3b6 - std[104cf6e2632825ea]::panicking::default_hook::{closure#0}
[INFO] [stdout]    4:     0x605241f6b119 - std[104cf6e2632825ea]::panicking::default_hook
[INFO] [stdout]    5:     0x605241eee2f0 - test[73009c9f9aebf890]::test_main_inner::<test[73009c9f9aebf890]::test_main_static::{closure#0}>::{closure#0}
[INFO] [stdout]    6:     0x605241f6b2d2 - std[104cf6e2632825ea]::panicking::panic_with_hook
[INFO] [stdout]    7:     0x605241f4e462 - std[104cf6e2632825ea]::panicking::panic_handler::{closure#0}
[INFO] [stdout]    8:     0x605241f46ce9 - std[104cf6e2632825ea]::sys::backtrace::__rust_end_short_backtrace::<std[104cf6e2632825ea]::panicking::panic_handler::{closure#0}, !>
[INFO] [stdout]    9:     0x605241f4f05d - __rustc[b0d56fa5b193ad05]::rust_begin_unwind
[INFO] [stdout]   10:     0x605241f87dac - core[7c831bd917ebf35f]::panicking::panic_fmt
[INFO] [stdout]   11:     0x605241f87b82 - core[7c831bd917ebf35f]::result::unwrap_failed
[INFO] [stdout]   12:     0x605241edc562 - cangjie5[3362d56a6062b74e]::shared::reset_layout_weights
[INFO] [stdout]   13:     0x605241edbdfc - cangjie5[3362d56a6062b74e]::test_input
[INFO] [stdout]   14:     0x605241edd0f4 - <cangjie5[3362d56a6062b74e]::cangjie_on_no_result::{closure#0} as core[7c831bd917ebf35f]::ops::function::FnOnce<()>>::call_once
[INFO] [stdout]   15:     0x605241ee15db - test[73009c9f9aebf890]::__rust_begin_short_backtrace::<core[7c831bd917ebf35f]::result::Result<(), alloc[2fdc3f7464fcf288]::string::String>, fn() -> core[7c831bd917ebf35f]::result::Result<(), alloc[2fdc3f7464fcf288]::string::String>>
[INFO] [stdout]   16:     0x605241eeec45 - test[73009c9f9aebf890]::run_test::{closure#0}
[INFO] [stdout]   17:     0x605241ee8004 - std[104cf6e2632825ea]::sys::backtrace::__rust_begin_short_backtrace::<test[73009c9f9aebf890]::run_test::{closure#1}, ()>
[INFO] [stdout]   18:     0x605241ef1da2 - <std[104cf6e2632825ea]::thread::lifecycle::spawn_unchecked<test[73009c9f9aebf890]::run_test::{closure#1}, ()>::{closure#1} as core[7c831bd917ebf35f]::ops::function::FnOnce<()>>::call_once::{shim:vtable#0}
[INFO] [stdout]   19:     0x605241f722d9 - <std[104cf6e2632825ea]::sys::thread::unix::Thread>::new::thread_start
[INFO] [stdout]   20:     0x741acde8e07a - <unknown>
[INFO] [stdout]   21:     0x741acdf21534 - clone
[INFO] [stdout]   22:                0x0 - <unknown>
[INFO] [stdout] 
[INFO] [stdout] ---- cangjie_next_key stdout ----
[INFO] [stdout] 
[INFO] [stdout] thread 'cangjie_next_key' (1334) panicked at src/libankra/tests/shared/mod.rs:49:65:
[INFO] [stdout] called `Result::unwrap()` on an `Err` value: Os { code: 30, kind: ReadOnlyFilesystem, message: "Read-only file system" }
[INFO] [stdout] stack backtrace:
[INFO] [stdout]    0:     0x605241f72bf1 - <<std[104cf6e2632825ea]::sys::backtrace::BacktraceLock>::print::DisplayBacktrace as core[7c831bd917ebf35f]::fmt::Display>::fmt
[INFO] [stdout]    1:     0x605241f8767a - core[7c831bd917ebf35f]::fmt::write
[INFO] [stdout]    2:     0x605241f7708c - <alloc[2fdc3f7464fcf288]::vec::Vec<u8> as core[7c831bd917ebf35f]::io::write::Write>::write_fmt
[INFO] [stdout]    3:     0x605241f4e3b6 - std[104cf6e2632825ea]::panicking::default_hook::{closure#0}
[INFO] [stdout]    4:     0x605241f6b119 - std[104cf6e2632825ea]::panicking::default_hook
[INFO] [stdout]    5:     0x605241eee2f0 - test[73009c9f9aebf890]::test_main_inner::<test[73009c9f9aebf890]::test_main_static::{closure#0}>::{closure#0}
[INFO] [stdout]    6:     0x605241f6b2d2 - std[104cf6e2632825ea]::panicking::panic_with_hook
[INFO] [stdout]    7:     0x605241f4e462 - std[104cf6e2632825ea]::panicking::panic_handler::{closure#0}
[INFO] [stdout]    8:     0x605241f46ce9 - std[104cf6e2632825ea]::sys::backtrace::__rust_end_short_backtrace::<std[104cf6e2632825ea]::panicking::panic_handler::{closure#0}, !>
[INFO] [stdout]    9:     0x605241f4f05d - __rustc[b0d56fa5b193ad05]::rust_begin_unwind
[INFO] [stdout]   10:     0x605241f87dac - core[7c831bd917ebf35f]::panicking::panic_fmt
[INFO] [stdout]   11:     0x605241f87b82 - core[7c831bd917ebf35f]::result::unwrap_failed
[INFO] [stdout]   12:     0x605241edc562 - cangjie5[3362d56a6062b74e]::shared::reset_layout_weights
[INFO] [stdout]   13:     0x605241edc119 - cangjie5[3362d56a6062b74e]::test_input_with_level
[INFO] [stdout]   14:     0x605241edc9e1 - <cangjie5[3362d56a6062b74e]::cangjie_next_key::{closure#0} as core[7c831bd917ebf35f]::ops::function::FnOnce<()>>::call_once
[INFO] [stdout]   15:     0x605241ee15db - test[73009c9f9aebf890]::__rust_begin_short_backtrace::<core[7c831bd917ebf35f]::result::Result<(), alloc[2fdc3f7464fcf288]::string::String>, fn() -> core[7c831bd917ebf35f]::result::Result<(), alloc[2fdc3f7464fcf288]::string::String>>
[INFO] [stdout]   16:     0x605241eeec45 - test[73009c9f9aebf890]::run_test::{closure#0}
[INFO] [stdout]   17:     0x605241ee8004 - std[104cf6e2632825ea]::sys::backtrace::__rust_begin_short_backtrace::<test[73009c9f9aebf890]::run_test::{closure#1}, ()>
[INFO] [stdout]   18:     0x605241ef1da2 - <std[104cf6e2632825ea]::thread::lifecycle::spawn_unchecked<test[73009c9f9aebf890]::run_test::{closure#1}, ()>::{closure#1} as core[7c831bd917ebf35f]::ops::function::FnOnce<()>>::call_once::{shim:vtable#0}
[INFO] [stdout]   19:     0x605241f722d9 - <std[104cf6e2632825ea]::sys::thread::unix::Thread>::new::thread_start
[INFO] [stdout]   20:     0x741acde8e07a - <unknown>
[INFO] [stdout]   21:     0x741acdf21534 - clone
[INFO] [stdout]   22:                0x0 - <unknown>
[INFO] [stdout] 
[INFO] [stdout] ---- cangjie_punctuation_autocommit stdout ----
[INFO] [stdout] 
[INFO] [stdout] thread 'cangjie_punctuation_autocommit' (1338) panicked at src/libankra/tests/shared/mod.rs:49:65:
[INFO] [stdout] called `Result::unwrap()` on an `Err` value: Os { code: 30, kind: ReadOnlyFilesystem, message: "Read-only file system" }
[INFO] [stdout] stack backtrace:
[INFO] [stdout]    0:     0x605241f72bf1 - <<std[104cf6e2632825ea]::sys::backtrace::BacktraceLock>::print::DisplayBacktrace as core[7c831bd917ebf35f]::fmt::Display>::fmt
[INFO] [stdout]    1:     0x605241f8767a - core[7c831bd917ebf35f]::fmt::write
[INFO] [stdout]    2:     0x605241f7708c - <alloc[2fdc3f7464fcf288]::vec::Vec<u8> as core[7c831bd917ebf35f]::io::write::Write>::write_fmt
[INFO] [stdout]    3:     0x605241f4e3b6 - std[104cf6e2632825ea]::panicking::default_hook::{closure#0}
[INFO] [stdout]    4:     0x605241f6b119 - std[104cf6e2632825ea]::panicking::default_hook
[INFO] [stdout]    5:     0x605241eee2f0 - test[73009c9f9aebf890]::test_main_inner::<test[73009c9f9aebf890]::test_main_static::{closure#0}>::{closure#0}
[INFO] [stdout]    6:     0x605241f6b2d2 - std[104cf6e2632825ea]::panicking::panic_with_hook
[INFO] [stdout]    7:     0x605241f4e462 - std[104cf6e2632825ea]::panicking::panic_handler::{closure#0}
[INFO] [stdout]    8:     0x605241f46ce9 - std[104cf6e2632825ea]::sys::backtrace::__rust_end_short_backtrace::<std[104cf6e2632825ea]::panicking::panic_handler::{closure#0}, !>
[INFO] [stdout]    9:     0x605241f4f05d - __rustc[b0d56fa5b193ad05]::rust_begin_unwind
[INFO] [stdout]   10:     0x605241f87dac - core[7c831bd917ebf35f]::panicking::panic_fmt
[INFO] [stdout]   11:     0x605241f87b82 - core[7c831bd917ebf35f]::result::unwrap_failed
[INFO] [stdout]   12:     0x605241edc562 - cangjie5[3362d56a6062b74e]::shared::reset_layout_weights
[INFO] [stdout]   13:     0x605241edbdfc - cangjie5[3362d56a6062b74e]::test_input
[INFO] [stdout]   14:     0x605241edee03 - <cangjie5[3362d56a6062b74e]::cangjie_punctuation_autocommit::{closure#0} as core[7c831bd917ebf35f]::ops::function::FnOnce<()>>::call_once
[INFO] [stdout]   15:     0x605241ee15db - test[73009c9f9aebf890]::__rust_begin_short_backtrace::<core[7c831bd917ebf35f]::result::Result<(), alloc[2fdc3f7464fcf288]::string::String>, fn() -> core[7c831bd917ebf35f]::result::Result<(), alloc[2fdc3f7464fcf288]::string::String>>
[INFO] [stdout]   16:     0x605241eeec45 - test[73009c9f9aebf890]::run_test::{closure#0}
[INFO] [stdout]   17:     0x605241ee8004 - std[104cf6e2632825ea]::sys::backtrace::__rust_begin_short_backtrace::<test[73009c9f9aebf890]::run_test::{closure#1}, ()>
[INFO] [stdout]   18:     0x605241ef1da2 - <std[104cf6e2632825ea]::thread::lifecycle::spawn_unchecked<test[73009c9f9aebf890]::run_test::{closure#1}, ()>::{closure#1} as core[7c831bd917ebf35f]::ops::function::FnOnce<()>>::call_once::{shim:vtable#0}
[INFO] [stdout]   19:     0x605241f722d9 - <std[104cf6e2632825ea]::sys::thread::unix::Thread>::new::thread_start
[INFO] [stdout]   20:     0x741acde8e07a - <unknown>
[INFO] [stdout]   21:     0x741acdf21534 - clone
[INFO] [stdout]   22:                0x0 - <unknown>
[INFO] [stdout] 
[INFO] [stdout] ---- cangjie_phrase_completion stdout ----
[INFO] [stdout] 
[INFO] [stdout] thread 'cangjie_phrase_completion' (1337) panicked at src/libankra/tests/shared/mod.rs:49:65:
[INFO] [stdout] called `Result::unwrap()` on an `Err` value: Os { code: 30, kind: ReadOnlyFilesystem, message: "Read-only file system" }
[INFO] [stdout] stack backtrace:
[INFO] [stdout]    0:     0x605241f72bf1 - <<std[104cf6e2632825ea]::sys::backtrace::BacktraceLock>::print::DisplayBacktrace as core[7c831bd917ebf35f]::fmt::Display>::fmt
[INFO] [stdout]    1:     0x605241f8767a - core[7c831bd917ebf35f]::fmt::write
[INFO] [stdout]    2:     0x605241f7708c - <alloc[2fdc3f7464fcf288]::vec::Vec<u8> as core[7c831bd917ebf35f]::io::write::Write>::write_fmt
[INFO] [stdout]    3:     0x605241f4e3b6 - std[104cf6e2632825ea]::panicking::default_hook::{closure#0}
[INFO] [stdout]    4:     0x605241f6b119 - std[104cf6e2632825ea]::panicking::default_hook
[INFO] [stdout]    5:     0x605241eee2f0 - test[73009c9f9aebf890]::test_main_inner::<test[73009c9f9aebf890]::test_main_static::{closure#0}>::{closure#0}
[INFO] [stdout]    6:     0x605241f6b2d2 - std[104cf6e2632825ea]::panicking::panic_with_hook
[INFO] [stdout]    7:     0x605241f4e462 - std[104cf6e2632825ea]::panicking::panic_handler::{closure#0}
[INFO] [stdout]    8:     0x605241f46ce9 - std[104cf6e2632825ea]::sys::backtrace::__rust_end_short_backtrace::<std[104cf6e2632825ea]::panicking::panic_handler::{closure#0}, !>
[INFO] [stdout]    9:     0x605241f4f05d - __rustc[b0d56fa5b193ad05]::rust_begin_unwind
[INFO] [stdout]   10:     0x605241f87dac - core[7c831bd917ebf35f]::panicking::panic_fmt
[INFO] [stdout]   11:     0x605241f87b82 - core[7c831bd917ebf35f]::result::unwrap_failed
[INFO] [stdout]   12:     0x605241edc562 - cangjie5[3362d56a6062b74e]::shared::reset_layout_weights
[INFO] [stdout]   13:     0x605241edbdfc - cangjie5[3362d56a6062b74e]::test_input
[INFO] [stdout]   14:     0x605241eddf09 - <cangjie5[3362d56a6062b74e]::cangjie_phrase_completion::{closure#0} as core[7c831bd917ebf35f]::ops::function::FnOnce<()>>::call_once
[INFO] [stdout]   15:     0x605241ee15db - test[73009c9f9aebf890]::__rust_begin_short_backtrace::<core[7c831bd917ebf35f]::result::Result<(), alloc[2fdc3f7464fcf288]::string::String>, fn() -> core[7c831bd917ebf35f]::result::Result<(), alloc[2fdc3f7464fcf288]::string::String>>
[INFO] [stdout]   16:     0x605241eeec45 - test[73009c9f9aebf890]::run_test::{closure#0}
[INFO] [stdout]   17:     0x605241ee8004 - std[104cf6e2632825ea]::sys::backtrace::__rust_begin_short_backtrace::<test[73009c9f9aebf890]::run_test::{closure#1}, ()>
[INFO] [stdout]   18:     0x605241ef1da2 - <std[104cf6e2632825ea]::thread::lifecycle::spawn_unchecked<test[73009c9f9aebf890]::run_test::{closure#1}, ()>::{closure#1} as core[7c831bd917ebf35f]::ops::function::FnOnce<()>>::call_once::{shim:vtable#0}
[INFO] [stdout]   19:     0x605241f722d9 - <std[104cf6e2632825ea]::sys::thread::unix::Thread>::new::thread_start
[INFO] [stdout]   20:     0x741acde8e07a - <unknown>
[INFO] [stdout]   21:     0x741acdf21534 - clone
[INFO] [stdout]   22:                0x0 - <unknown>
[INFO] [stdout] 
[INFO] [stdout] ---- cangjie_raw_enter_bypasses_phrase_prediction stdout ----
[INFO] [stdout] 
[INFO] [stdout] thread 'cangjie_raw_enter_bypasses_phrase_prediction' (1339) panicked at src/libankra/tests/shared/mod.rs:49:65:
[INFO] [stdout] called `Result::unwrap()` on an `Err` value: Os { code: 30, kind: ReadOnlyFilesystem, message: "Read-only file system" }
[INFO] [stdout] stack backtrace:
[INFO] [stdout]    0:     0x605241f72bf1 - <<std[104cf6e2632825ea]::sys::backtrace::BacktraceLock>::print::DisplayBacktrace as core[7c831bd917ebf35f]::fmt::Display>::fmt
[INFO] [stdout]    1:     0x605241f8767a - core[7c831bd917ebf35f]::fmt::write
[INFO] [stdout]    2:     0x605241f7708c - <alloc[2fdc3f7464fcf288]::vec::Vec<u8> as core[7c831bd917ebf35f]::io::write::Write>::write_fmt
[INFO] [stdout]    3:     0x605241f4e3b6 - std[104cf6e2632825ea]::panicking::default_hook::{closure#0}
[INFO] [stdout]    4:     0x605241f6b119 - std[104cf6e2632825ea]::panicking::default_hook
[INFO] [stdout]    5:     0x605241eee2f0 - test[73009c9f9aebf890]::test_main_inner::<test[73009c9f9aebf890]::test_main_static::{closure#0}>::{closure#0}
[INFO] [stdout]    6:     0x605241f6b2d2 - std[104cf6e2632825ea]::panicking::panic_with_hook
[INFO] [stdout]    7:     0x605241f4e462 - std[104cf6e2632825ea]::panicking::panic_handler::{closure#0}
[INFO] [stdout]    8:     0x605241f46ce9 - std[104cf6e2632825ea]::sys::backtrace::__rust_end_short_backtrace::<std[104cf6e2632825ea]::panicking::panic_handler::{closure#0}, !>
[INFO] [stdout]    9:     0x605241f4f05d - __rustc[b0d56fa5b193ad05]::rust_begin_unwind
[INFO] [stdout]   10:     0x605241f87dac - core[7c831bd917ebf35f]::panicking::panic_fmt
[INFO] [stdout]   11:     0x605241f87b82 - core[7c831bd917ebf35f]::result::unwrap_failed
[INFO] [stdout]   12:     0x605241edc562 - cangjie5[3362d56a6062b74e]::shared::reset_layout_weights
[INFO] [stdout]   13:     0x605241edbdfc - cangjie5[3362d56a6062b74e]::test_input
[INFO] [stdout]   14:     0x605241ee149d - <cangjie5[3362d56a6062b74e]::cangjie_raw_enter_bypasses_phrase_prediction::{closure#0} as core[7c831bd917ebf35f]::ops::function::FnOnce<()>>::call_once
[INFO] [stdout]   15:     0x605241ee15db - test[73009c9f9aebf890]::__rust_begin_short_backtrace::<core[7c831bd917ebf35f]::result::Result<(), alloc[2fdc3f7464fcf288]::string::String>, fn() -> core[7c831bd917ebf35f]::result::Result<(), alloc[2fdc3f7464fcf288]::string::String>>
[INFO] [stdout]   16:     0x605241eeec45 - test[73009c9f9aebf890]::run_test::{closure#0}
[INFO] [stdout]   17:     0x605241ee8004 - std[104cf6e2632825ea]::sys::backtrace::__rust_begin_short_backtrace::<test[73009c9f9aebf890]::run_test::{closure#1}, ()>
[INFO] [stdout]   18:     0x605241ef1da2 - <std[104cf6e2632825ea]::thread::lifecycle::spawn_unchecked<test[73009c9f9aebf890]::run_test::{closure#1}, ()>::{closure#1} as core[7c831bd917ebf35f]::ops::function::FnOnce<()>>::call_once::{shim:vtable#0}
[INFO] [stdout]   19:     0x605241f722d9 - <std[104cf6e2632825ea]::sys::thread::unix::Thread>::new::thread_start
[INFO] [stdout]   20:     0x741acde8e07a - <unknown>
[INFO] [stdout]   21:     0x741acdf21534 - clone
[INFO] [stdout]   22:                0x0 - <unknown>
[INFO] [stdout] 
[INFO] [stdout] ---- cangjie_commit_key stdout ----
[INFO] [stdout] 
[INFO] [stdout] thread 'cangjie_commit_key' (1327) panicked at src/libankra/tests/shared/mod.rs:49:65:
[INFO] [stdout] called `Result::unwrap()` on an `Err` value: Os { code: 30, kind: ReadOnlyFilesystem, message: "Read-only file system" }
[INFO] [stdout] stack backtrace:
[INFO] [stdout]    0:     0x605241f72bf1 - <<std[104cf6e2632825ea]::sys::backtrace::BacktraceLock>::print::DisplayBacktrace as core[7c831bd917ebf35f]::fmt::Display>::fmt
[INFO] [stdout]    1:     0x605241f8767a - core[7c831bd917ebf35f]::fmt::write
[INFO] [stdout]    2:     0x605241f7708c - <alloc[2fdc3f7464fcf288]::vec::Vec<u8> as core[7c831bd917ebf35f]::io::write::Write>::write_fmt
[INFO] [stdout]    3:     0x605241f4e3b6 - std[104cf6e2632825ea]::panicking::default_hook::{closure#0}
[INFO] [stdout]    4:     0x605241f6b119 - std[104cf6e2632825ea]::panicking::default_hook
[INFO] [stdout]    5:     0x605241eee2f0 - test[73009c9f9aebf890]::test_main_inner::<test[73009c9f9aebf890]::test_main_static::{closure#0}>::{closure#0}
[INFO] [stdout]    6:     0x605241f6b2d2 - std[104cf6e2632825ea]::panicking::panic_with_hook
[INFO] [stdout]    7:     0x605241f4e462 - std[104cf6e2632825ea]::panicking::panic_handler::{closure#0}
[INFO] [stdout]    8:     0x605241f46ce9 - std[104cf6e2632825ea]::sys::backtrace::__rust_end_short_backtrace::<std[104cf6e2632825ea]::panicking::panic_handler::{closure#0}, !>
[INFO] [stdout]    9:     0x605241f4f05d - __rustc[b0d56fa5b193ad05]::rust_begin_unwind
[INFO] [stdout]   10:     0x605241f87dac - core[7c831bd917ebf35f]::panicking::panic_fmt
[INFO] [stdout]   11:     0x605241f87b82 - core[7c831bd917ebf35f]::result::unwrap_failed
[INFO] [stdout]   12:     0x605241edc562 - cangjie5[3362d56a6062b74e]::shared::reset_layout_weights
[INFO] [stdout]   13:     0x605241edbdfc - cangjie5[3362d56a6062b74e]::test_input
[INFO] [stdout]   14:     0x605241edcb92 - <cangjie5[3362d56a6062b74e]::cangjie_commit_key::{closure#0} as core[7c831bd917ebf35f]::ops::function::FnOnce<()>>::call_once
[INFO] [stdout]   15:     0x605241ee15db - test[73009c9f9aebf890]::__rust_begin_short_backtrace::<core[7c831bd917ebf35f]::result::Result<(), alloc[2fdc3f7464fcf288]::string::String>, fn() -> core[7c831bd917ebf35f]::result::Result<(), alloc[2fdc3f7464fcf288]::string::String>>
[INFO] [stdout]   16:     0x605241eeec45 - test[73009c9f9aebf890]::run_test::{closure#0}
[INFO] [stdout]   17:     0x605241ee8004 - std[104cf6e2632825ea]::sys::backtrace::__rust_begin_short_backtrace::<test[73009c9f9aebf890]::run_test::{closure#1}, ()>
[INFO] [stdout]   18:     0x605241ef1da2 - <std[104cf6e2632825ea]::thread::lifecycle::spawn_unchecked<test[73009c9f9aebf890]::run_test::{closure#1}, ()>::{closure#1} as core[7c831bd917ebf35f]::ops::function::FnOnce<()>>::call_once::{shim:vtable#0}
[INFO] [stdout]   19:     0x605241f722d9 - <std[104cf6e2632825ea]::sys::thread::unix::Thread>::new::thread_start
[INFO] [stdout]   20:     0x741acde8e07a - <unknown>
[INFO] [stdout]   21:     0x741acdf21534 - clone
[INFO] [stdout]   22:                0x0 - <unknown>
[INFO] [stdout] 
[INFO] [stdout] ---- cangjie_unmapped_key_interception stdout ----
[INFO] [stdout] 
[INFO] [stdout] thread 'cangjie_unmapped_key_interception' (1341) panicked at src/libankra/tests/shared/mod.rs:49:65:
[INFO] [stdout] called `Result::unwrap()` on an `Err` value: Os { code: 30, kind: ReadOnlyFilesystem, message: "Read-only file system" }
[INFO] [stdout] stack backtrace:
[INFO] [stdout]    0:     0x605241f72bf1 - <<std[104cf6e2632825ea]::sys::backtrace::BacktraceLock>::print::DisplayBacktrace as core[7c831bd917ebf35f]::fmt::Display>::fmt
[INFO] [stdout]    1:     0x605241f8767a - core[7c831bd917ebf35f]::fmt::write
[INFO] [stdout]    2:     0x605241f7708c - <alloc[2fdc3f7464fcf288]::vec::Vec<u8> as core[7c831bd917ebf35f]::io::write::Write>::write_fmt
[INFO] [stdout]    3:     0x605241f4e3b6 - std[104cf6e2632825ea]::panicking::default_hook::{closure#0}
[INFO] [stdout]    4:     0x605241f6b119 - std[104cf6e2632825ea]::panicking::default_hook
[INFO] [stdout]    5:     0x605241eee2f0 - test[73009c9f9aebf890]::test_main_inner::<test[73009c9f9aebf890]::test_main_static::{closure#0}>::{closure#0}
[INFO] [stdout]    6:     0x605241f6b2d2 - std[104cf6e2632825ea]::panicking::panic_with_hook
[INFO] [stdout]    7:     0x605241f4e462 - std[104cf6e2632825ea]::panicking::panic_handler::{closure#0}
[INFO] [stdout]    8:     0x605241f46ce9 - std[104cf6e2632825ea]::sys::backtrace::__rust_end_short_backtrace::<std[104cf6e2632825ea]::panicking::panic_handler::{closure#0}, !>
[INFO] [stdout]    9:     0x605241f4f05d - __rustc[b0d56fa5b193ad05]::rust_begin_unwind
[INFO] [stdout]   10:     0x605241f87dac - core[7c831bd917ebf35f]::panicking::panic_fmt
[INFO] [stdout]   11:     0x605241f87b82 - core[7c831bd917ebf35f]::result::unwrap_failed
[INFO] [stdout]   12:     0x605241edc562 - cangjie5[3362d56a6062b74e]::shared::reset_layout_weights
[INFO] [stdout]   13:     0x605241edbdfc - cangjie5[3362d56a6062b74e]::test_input
[INFO] [stdout]   14:     0x605241edf50d - <cangjie5[3362d56a6062b74e]::cangjie_unmapped_key_interception::{closure#0} as core[7c831bd917ebf35f]::ops::function::FnOnce<()>>::call_once
[INFO] [stdout]   15:     0x605241ee15db - test[73009c9f9aebf890]::__rust_begin_short_backtrace::<core[7c831bd917ebf35f]::result::Result<(), alloc[2fdc3f7464fcf288]::string::String>, fn() -> core[7c831bd917ebf35f]::result::Result<(), alloc[2fdc3f7464fcf288]::string::String>>
[INFO] [stdout]   16:     0x605241eeec45 - test[73009c9f9aebf890]::run_test::{closure#0}
[INFO] [stdout]   17:     0x605241ee8004 - std[104cf6e2632825ea]::sys::backtrace::__rust_begin_short_backtrace::<test[73009c9f9aebf890]::run_test::{closure#1}, ()>
[INFO] [stdout]   18:     0x605241ef1da2 - <std[104cf6e2632825ea]::thread::lifecycle::spawn_unchecked<test[73009c9f9aebf890]::run_test::{closure#1}, ()>::{closure#1} as core[7c831bd917ebf35f]::ops::function::FnOnce<()>>::call_once::{shim:vtable#0}
[INFO] [stdout]   19:     0x605241f722d9 - <std[104cf6e2632825ea]::sys::thread::unix::Thread>::new::thread_start
[INFO] [stdout]   20:     0x741acde8e07a - <unknown>
[INFO] [stdout]   21:     0x741acdf21534 - clone
[INFO] [stdout]   22:                0x0 - <unknown>
[INFO] [stdout] 
[INFO] [stdout] ---- cangjie_dynamic_weight_sorting_phrases stdout ----
[INFO] [stdout] 
[INFO] [stdout] thread 'cangjie_dynamic_weight_sorting_phrases' (1330) panicked at src/libankra/tests/shared/mod.rs:49:65:
[INFO] [stdout] called `Result::unwrap()` on an `Err` value: Os { code: 30, kind: ReadOnlyFilesystem, message: "Read-only file system" }
[INFO] [stdout] stack backtrace:
[INFO] [stdout]    0:     0x605241f72bf1 - <<std[104cf6e2632825ea]::sys::backtrace::BacktraceLock>::print::DisplayBacktrace as core[7c831bd917ebf35f]::fmt::Display>::fmt
[INFO] [stdout]    1:     0x605241f8767a - core[7c831bd917ebf35f]::fmt::write
[INFO] [stdout]    2:     0x605241f7708c - <alloc[2fdc3f7464fcf288]::vec::Vec<u8> as core[7c831bd917ebf35f]::io::write::Write>::write_fmt
[INFO] [stdout]    3:     0x605241f4e3b6 - std[104cf6e2632825ea]::panicking::default_hook::{closure#0}
[INFO] [stdout]    4:     0x605241f6b119 - std[104cf6e2632825ea]::panicking::default_hook
[INFO] [stdout]    5:     0x605241eee2f0 - test[73009c9f9aebf890]::test_main_inner::<test[73009c9f9aebf890]::test_main_static::{closure#0}>::{closure#0}
[INFO] [stdout]    6:     0x605241f6b2d2 - std[104cf6e2632825ea]::panicking::panic_with_hook
[INFO] [stdout]    7:     0x605241f4e462 - std[104cf6e2632825ea]::panicking::panic_handler::{closure#0}
[INFO] [stdout]    8:     0x605241f46ce9 - std[104cf6e2632825ea]::sys::backtrace::__rust_end_short_backtrace::<std[104cf6e2632825ea]::panicking::panic_handler::{closure#0}, !>
[INFO] [stdout]    9:     0x605241f4f05d - __rustc[b0d56fa5b193ad05]::rust_begin_unwind
[INFO] [stdout]   10:     0x605241f87dac - core[7c831bd917ebf35f]::panicking::panic_fmt
[INFO] [stdout]   11:     0x605241f87b82 - core[7c831bd917ebf35f]::result::unwrap_failed
[INFO] [stdout]   12:     0x605241edc562 - cangjie5[3362d56a6062b74e]::shared::reset_layout_weights
[INFO] [stdout]   13:     0x605241edc119 - cangjie5[3362d56a6062b74e]::test_input_with_level
[INFO] [stdout]   14:     0x605241ee0cd1 - <cangjie5[3362d56a6062b74e]::cangjie_dynamic_weight_sorting_phrases::{closure#0} as core[7c831bd917ebf35f]::ops::function::FnOnce<()>>::call_once
[INFO] [stdout]   15:     0x605241ee15db - test[73009c9f9aebf890]::__rust_begin_short_backtrace::<core[7c831bd917ebf35f]::result::Result<(), alloc[2fdc3f7464fcf288]::string::String>, fn() -> core[7c831bd917ebf35f]::result::Result<(), alloc[2fdc3f7464fcf288]::string::String>>
[INFO] [stdout]   16:     0x605241eeec45 - test[73009c9f9aebf890]::run_test::{closure#0}
[INFO] [stdout]   17:     0x605241ee8004 - std[104cf6e2632825ea]::sys::backtrace::__rust_begin_short_backtrace::<test[73009c9f9aebf890]::run_test::{closure#1}, ()>
[INFO] [stdout]   18:     0x605241ef1da2 - <std[104cf6e2632825ea]::thread::lifecycle::spawn_unchecked<test[73009c9f9aebf890]::run_test::{closure#1}, ()>::{closure#1} as core[7c831bd917ebf35f]::ops::function::FnOnce<()>>::call_once::{shim:vtable#0}
[INFO] [stdout]   19:     0x605241f722d9 - <std[104cf6e2632825ea]::sys::thread::unix::Thread>::new::thread_start
[INFO] [stdout]   20:     0x741acde8e07a - <unknown>
[INFO] [stdout]   21:     0x741acdf21534 - clone
[INFO] [stdout]   22:                0x0 - <unknown>
[INFO] [stdout] 
[INFO] [stdout] ---- cangjie_alternative_arrow_navigation stdout ----
[INFO] [stdout] 
[INFO] [stdout] thread 'cangjie_alternative_arrow_navigation' (1321) panicked at src/libankra/tests/shared/mod.rs:49:65:
[INFO] [stdout] called `Result::unwrap()` on an `Err` value: Os { code: 30, kind: ReadOnlyFilesystem, message: "Read-only file system" }
[INFO] [stdout] stack backtrace:
[INFO] [stdout]    0:     0x605241f72bf1 - <<std[104cf6e2632825ea]::sys::backtrace::BacktraceLock>::print::DisplayBacktrace as core[7c831bd917ebf35f]::fmt::Display>::fmt
[INFO] [stdout]    1:     0x605241f8767a - core[7c831bd917ebf35f]::fmt::write
[INFO] [stdout]    2:     0x605241f7708c - <alloc[2fdc3f7464fcf288]::vec::Vec<u8> as core[7c831bd917ebf35f]::io::write::Write>::write_fmt
[INFO] [stdout]    3:     0x605241f4e3b6 - std[104cf6e2632825ea]::panicking::default_hook::{closure#0}
[INFO] [stdout]    4:     0x605241f6b119 - std[104cf6e2632825ea]::panicking::default_hook
[INFO] [stdout]    5:     0x605241eee2f0 - test[73009c9f9aebf890]::test_main_inner::<test[73009c9f9aebf890]::test_main_static::{closure#0}>::{closure#0}
[INFO] [stdout]    6:     0x605241f6b2d2 - std[104cf6e2632825ea]::panicking::panic_with_hook
[INFO] [stdout]    7:     0x605241f4e462 - std[104cf6e2632825ea]::panicking::panic_handler::{closure#0}
[INFO] [stdout]    8:     0x605241f46ce9 - std[104cf6e2632825ea]::sys::backtrace::__rust_end_short_backtrace::<std[104cf6e2632825ea]::panicking::panic_handler::{closure#0}, !>
[INFO] [stdout]    9:     0x605241f4f05d - __rustc[b0d56fa5b193ad05]::rust_begin_unwind
[INFO] [stdout]   10:     0x605241f87dac - core[7c831bd917ebf35f]::panicking::panic_fmt
[INFO] [stdout]   11:     0x605241f87b82 - core[7c831bd917ebf35f]::result::unwrap_failed
[INFO] [stdout]   12:     0x605241edc562 - cangjie5[3362d56a6062b74e]::shared::reset_layout_weights
[INFO] [stdout]   13:     0x605241edc119 - cangjie5[3362d56a6062b74e]::test_input_with_level
[INFO] [stdout]   14:     0x605241edfa51 - <cangjie5[3362d56a6062b74e]::cangjie_alternative_arrow_navigation::{closure#0} as core[7c831bd917ebf35f]::ops::function::FnOnce<()>>::call_once
[INFO] [stdout]   15:     0x605241ee15db - test[73009c9f9aebf890]::__rust_begin_short_backtrace::<core[7c831bd917ebf35f]::result::Result<(), alloc[2fdc3f7464fcf288]::string::String>, fn() -> core[7c831bd917ebf35f]::result::Result<(), alloc[2fdc3f7464fcf288]::string::String>>
[INFO] [stdout]   16:     0x605241eeec45 - test[73009c9f9aebf890]::run_test::{closure#0}
[INFO] [stdout]   17:     0x605241ee8004 - std[104cf6e2632825ea]::sys::backtrace::__rust_begin_short_backtrace::<test[73009c9f9aebf890]::run_test::{closure#1}, ()>
[INFO] [stdout]   18:     0x605241ef1da2 - <std[104cf6e2632825ea]::thread::lifecycle::spawn_unchecked<test[73009c9f9aebf890]::run_test::{closure#1}, ()>::{closure#1} as core[7c831bd917ebf35f]::ops::function::FnOnce<()>>::call_once::{shim:vtable#0}
[INFO] [stdout]   19:     0x605241f722d9 - <std[104cf6e2632825ea]::sys::thread::unix::Thread>::new::thread_start
[INFO] [stdout]   20:     0x741acde8e07a - <unknown>
[INFO] [stdout]   21:     0x741acdf21534 - clone
[INFO] [stdout]   22:                0x0 - <unknown>
[INFO] [stdout] 
[INFO] [stdout] ---- cangjie_raw_enter_escape_hatch stdout ----
[INFO] [stdout] 
[INFO] [stdout] thread 'cangjie_raw_enter_escape_hatch' (1340) panicked at src/libankra/tests/shared/mod.rs:49:65:
[INFO] [stdout] called `Result::unwrap()` on an `Err` value: Os { code: 30, kind: ReadOnlyFilesystem, message: "Read-only file system" }
[INFO] [stdout] stack backtrace:
[INFO] [stdout]    0:     0x605241f72bf1 - <<std[104cf6e2632825ea]::sys::backtrace::BacktraceLock>::print::DisplayBacktrace as core[7c831bd917ebf35f]::fmt::Display>::fmt
[INFO] [stdout]    1:     0x605241f8767a - core[7c831bd917ebf35f]::fmt::write
[INFO] [stdout]    2:     0x605241f7708c - <alloc[2fdc3f7464fcf288]::vec::Vec<u8> as core[7c831bd917ebf35f]::io::write::Write>::write_fmt
[INFO] [stdout]    3:     0x605241f4e3b6 - std[104cf6e2632825ea]::panicking::default_hook::{closure#0}
[INFO] [stderr] error: test failed, to rerun pass `-p libankra --test cangjie5`
[INFO] [stdout]    4:     0x605241f6b119 - std[104cf6e2632825ea]::panicking::default_hook
[INFO] [stdout]    5:     0x605241eee2f0 - test[73009c9f9aebf890]::test_main_inner::<test[73009c9f9aebf890]::test_main_static::{closure#0}>::{closure#0}
[INFO] [stdout]    6:     0x605241f6b2d2 - std[104cf6e2632825ea]::panicking::panic_with_hook
[INFO] [stdout]    7:     0x605241f4e462 - std[104cf6e2632825ea]::panicking::panic_handler::{closure#0}
[INFO] [stdout]    8:     0x605241f46ce9 - std[104cf6e2632825ea]::sys::backtrace::__rust_end_short_backtrace::<std[104cf6e2632825ea]::panicking::panic_handler::{closure#0}, !>
[INFO] [stdout]    9:     0x605241f4f05d - __rustc[b0d56fa5b193ad05]::rust_begin_unwind
[INFO] [stdout]   10:     0x605241f87dac - core[7c831bd917ebf35f]::panicking::panic_fmt
[INFO] [stdout]   11:     0x605241f87b82 - core[7c831bd917ebf35f]::result::unwrap_failed
[INFO] [stdout]   12:     0x605241edc562 - cangjie5[3362d56a6062b74e]::shared::reset_layout_weights
[INFO] [stdout]   13:     0x605241edbdfc - cangjie5[3362d56a6062b74e]::test_input
[INFO] [stdout]   14:     0x605241edf164 - <cangjie5[3362d56a6062b74e]::cangjie_raw_enter_escape_hatch::{closure#0} as core[7c831bd917ebf35f]::ops::function::FnOnce<()>>::call_once
[INFO] [stdout]   15:     0x605241ee15db - test[73009c9f9aebf890]::__rust_begin_short_backtrace::<core[7c831bd917ebf35f]::result::Result<(), alloc[2fdc3f7464fcf288]::string::String>, fn() -> core[7c831bd917ebf35f]::result::Result<(), alloc[2fdc3f7464fcf288]::string::String>>
[INFO] [stdout]   16:     0x605241eeec45 - test[73009c9f9aebf890]::run_test::{closure#0}
[INFO] [stdout]   17:     0x605241ee8004 - std[104cf6e2632825ea]::sys::backtrace::__rust_begin_short_backtrace::<test[73009c9f9aebf890]::run_test::{closure#1}, ()>
[INFO] [stdout]   18:     0x605241ef1da2 - <std[104cf6e2632825ea]::thread::lifecycle::spawn_unchecked<test[73009c9f9aebf890]::run_test::{closure#1}, ()>::{closure#1} as core[7c831bd917ebf35f]::ops::function::FnOnce<()>>::call_once::{shim:vtable#0}
[INFO] [stdout]   19:     0x605241f722d9 - <std[104cf6e2632825ea]::sys::thread::unix::Thread>::new::thread_start
[INFO] [stdout]   20:     0x741acde8e07a - <unknown>
[INFO] [stdout]   21:     0x741acdf21534 - clone
[INFO] [stdout]   22:                0x0 - <unknown>
[INFO] [stdout] 
[INFO] [stdout] ---- test_level_1_punctuation_ordering stdout ----
[INFO] [stdout] 
[INFO] [stdout] thread 'test_level_1_punctuation_ordering' (1343) panicked at src/libankra/tests/shared/mod.rs:49:65:
[INFO] [stdout] called `Result::unwrap()` on an `Err` value: Os { code: 30, kind: ReadOnlyFilesystem, message: "Read-only file system" }
[INFO] [stdout] stack backtrace:
[INFO] [stdout]    0:     0x605241f72bf1 - <<std[104cf6e2632825ea]::sys::backtrace::BacktraceLock>::print::DisplayBacktrace as core[7c831bd917ebf35f]::fmt::Display>::fmt
[INFO] [stdout]    1:     0x605241f8767a - core[7c831bd917ebf35f]::fmt::write
[INFO] [stdout]    2:     0x605241f7708c - <alloc[2fdc3f7464fcf288]::vec::Vec<u8> as core[7c831bd917ebf35f]::io::write::Write>::write_fmt
[INFO] [stdout]    3:     0x605241f4e3b6 - std[104cf6e2632825ea]::panicking::default_hook::{closure#0}
[INFO] [stdout]    4:     0x605241f6b119 - std[104cf6e2632825ea]::panicking::default_hook
[INFO] [stdout]    5:     0x605241eee2f0 - test[73009c9f9aebf890]::test_main_inner::<test[73009c9f9aebf890]::test_main_static::{closure#0}>::{closure#0}
[INFO] [stdout]    6:     0x605241f6b2d2 - std[104cf6e2632825ea]::panicking::panic_with_hook
[INFO] [stdout]    7:     0x605241f4e462 - std[104cf6e2632825ea]::panicking::panic_handler::{closure#0}
[INFO] [stdout]    8:     0x605241f46ce9 - std[104cf6e2632825ea]::sys::backtrace::__rust_end_short_backtrace::<std[104cf6e2632825ea]::panicking::panic_handler::{closure#0}, !>
[INFO] [stdout]    9:     0x605241f4f05d - __rustc[b0d56fa5b193ad05]::rust_begin_unwind
[INFO] [stdout]   10:     0x605241f87dac - core[7c831bd917ebf35f]::panicking::panic_fmt
[INFO] [stdout]   11:     0x605241f87b82 - core[7c831bd917ebf35f]::result::unwrap_failed
[INFO] [stdout]   12:     0x605241edc562 - cangjie5[3362d56a6062b74e]::shared::reset_layout_weights
[INFO] [stdout]   13:     0x605241edc119 - cangjie5[3362d56a6062b74e]::test_input_with_level
[INFO] [stdout]   14:     0x605241edf7ff - <cangjie5[3362d56a6062b74e]::test_level_1_punctuation_ordering::{closure#0} as core[7c831bd917ebf35f]::ops::function::FnOnce<()>>::call_once
[INFO] [stdout]   15:     0x605241ee15db - test[73009c9f9aebf890]::__rust_begin_short_backtrace::<core[7c831bd917ebf35f]::result::Result<(), alloc[2fdc3f7464fcf288]::string::String>, fn() -> core[7c831bd917ebf35f]::result::Result<(), alloc[2fdc3f7464fcf288]::string::String>>
[INFO] [stdout]   16:     0x605241eeec45 - test[73009c9f9aebf890]::run_test::{closure#0}
[INFO] [stdout]   17:     0x605241ee8004 - std[104cf6e2632825ea]::sys::backtrace::__rust_begin_short_backtrace::<test[73009c9f9aebf890]::run_test::{closure#1}, ()>
[INFO] [stdout]   18:     0x605241ef1da2 - <std[104cf6e2632825ea]::thread::lifecycle::spawn_unchecked<test[73009c9f9aebf890]::run_test::{closure#1}, ()>::{closure#1} as core[7c831bd917ebf35f]::ops::function::FnOnce<()>>::call_once::{shim:vtable#0}
[INFO] [stdout]   19:     0x605241f722d9 - <std[104cf6e2632825ea]::sys::thread::unix::Thread>::new::thread_start
[INFO] [stdout]   20:     0x741acde8e07a - <unknown>
[INFO] [stdout]   21:     0x741acdf21534 - clone
[INFO] [stdout]   22:                0x0 - <unknown>
[INFO] [stdout] 
[INFO] [stdout] ---- cangjie_out_of_bounds_digit_selection stdout ----
[INFO] [stdout] 
[INFO] [stdout] thread 'cangjie_out_of_bounds_digit_selection' (1336) panicked at src/libankra/tests/shared/mod.rs:49:65:
[INFO] [stdout] called `Result::unwrap()` on an `Err` value: Os { code: 30, kind: ReadOnlyFilesystem, message: "Read-only file system" }
[INFO] [stdout] stack backtrace:
[INFO] [stdout]    0:     0x605241f72bf1 - <<std[104cf6e2632825ea]::sys::backtrace::BacktraceLock>::print::DisplayBacktrace as core[7c831bd917ebf35f]::fmt::Display>::fmt
[INFO] [stdout]    1:     0x605241f8767a - core[7c831bd917ebf35f]::fmt::write
[INFO] [stdout]    2:     0x605241f7708c - <alloc[2fdc3f7464fcf288]::vec::Vec<u8> as core[7c831bd917ebf35f]::io::write::Write>::write_fmt
[INFO] [stdout]    3:     0x605241f4e3b6 - std[104cf6e2632825ea]::panicking::default_hook::{closure#0}
[INFO] [stdout]    4:     0x605241f6b119 - std[104cf6e2632825ea]::panicking::default_hook
[INFO] [stdout]    5:     0x605241eee2f0 - test[73009c9f9aebf890]::test_main_inner::<test[73009c9f9aebf890]::test_main_static::{closure#0}>::{closure#0}
[INFO] [stdout]    6:     0x605241f6b2d2 - std[104cf6e2632825ea]::panicking::panic_with_hook
[INFO] [stdout]    7:     0x605241f4e462 - std[104cf6e2632825ea]::panicking::panic_handler::{closure#0}
[INFO] [stdout]    8:     0x605241f46ce9 - std[104cf6e2632825ea]::sys::backtrace::__rust_end_short_backtrace::<std[104cf6e2632825ea]::panicking::panic_handler::{closure#0}, !>
[INFO] [stdout]    9:     0x605241f4f05d - __rustc[b0d56fa5b193ad05]::rust_begin_unwind
[INFO] [stdout]   10:     0x605241f87dac - core[7c831bd917ebf35f]::panicking::panic_fmt
[INFO] [stdout]   11:     0x605241f87b82 - core[7c831bd917ebf35f]::result::unwrap_failed
[INFO] [stdout]   12:     0x605241edc562 - cangjie5[3362d56a6062b74e]::shared::reset_layout_weights
[INFO] [stdout]   13:     0x605241edc119 - cangjie5[3362d56a6062b74e]::test_input_with_level
[INFO] [stdout]   14:     0x605241ee01a2 - <cangjie5[3362d56a6062b74e]::cangjie_out_of_bounds_digit_selection::{closure#0} as core[7c831bd917ebf35f]::ops::function::FnOnce<()>>::call_once
[INFO] [stdout]   15:     0x605241ee15db - test[73009c9f9aebf890]::__rust_begin_short_backtrace::<core[7c831bd917ebf35f]::result::Result<(), alloc[2fdc3f7464fcf288]::string::String>, fn() -> core[7c831bd917ebf35f]::result::Result<(), alloc[2fdc3f7464fcf288]::string::String>>
[INFO] [stdout]   16:     0x605241eeec45 - test[73009c9f9aebf890]::run_test::{closure#0}
[INFO] [stdout]   17:     0x605241ee8004 - std[104cf6e2632825ea]::sys::backtrace::__rust_begin_short_backtrace::<test[73009c9f9aebf890]::run_test::{closure#1}, ()>
[INFO] [stdout]   18:     0x605241ef1da2 - <std[104cf6e2632825ea]::thread::lifecycle::spawn_unchecked<test[73009c9f9aebf890]::run_test::{closure#1}, ()>::{closure#1} as core[7c831bd917ebf35f]::ops::function::FnOnce<()>>::call_once::{shim:vtable#0}
[INFO] [stdout]   19:     0x605241f722d9 - <std[104cf6e2632825ea]::sys::thread::unix::Thread>::new::thread_start
[INFO] [stdout]   20:     0x741acde8e07a - <unknown>
[INFO] [stdout]   21:     0x741acdf21534 - clone
[INFO] [stdout]   22:                0x0 - <unknown>
[INFO] [stdout] 
[INFO] [stdout] ---- cangjie_dynamic_weighting_exact_matches stdout ----
[INFO] [stdout] 
[INFO] [stdout] thread 'cangjie_dynamic_weighting_exact_matches' (1331) panicked at src/libankra/tests/shared/mod.rs:49:65:
[INFO] [stdout] called `Result::unwrap()` on an `Err` value: Os { code: 30, kind: ReadOnlyFilesystem, message: "Read-only file system" }
[INFO] [stdout] stack backtrace:
[INFO] [stdout]    0:     0x605241f72bf1 - <<std[104cf6e2632825ea]::sys::backtrace::BacktraceLock>::print::DisplayBacktrace as core[7c831bd917ebf35f]::fmt::Display>::fmt
[INFO] [stdout]    1:     0x605241f8767a - core[7c831bd917ebf35f]::fmt::write
[INFO] [stdout]    2:     0x605241f7708c - <alloc[2fdc3f7464fcf288]::vec::Vec<u8> as core[7c831bd917ebf35f]::io::write::Write>::write_fmt
[INFO] [stdout]    3:     0x605241f4e3b6 - std[104cf6e2632825ea]::panicking::default_hook::{closure#0}
[INFO] [stdout]    4:     0x605241f6b119 - std[104cf6e2632825ea]::panicking::default_hook
[INFO] [stdout]    5:     0x605241eee2f0 - test[73009c9f9aebf890]::test_main_inner::<test[73009c9f9aebf890]::test_main_static::{closure#0}>::{closure#0}
[INFO] [stdout]    6:     0x605241f6b2d2 - std[104cf6e2632825ea]::panicking::panic_with_hook
[INFO] [stdout]    7:     0x605241f4e462 - std[104cf6e2632825ea]::panicking::panic_handler::{closure#0}
[INFO] [stdout]    8:     0x605241f46ce9 - std[104cf6e2632825ea]::sys::backtrace::__rust_end_short_backtrace::<std[104cf6e2632825ea]::panicking::panic_handler::{closure#0}, !>
[INFO] [stdout]    9:     0x605241f4f05d - __rustc[b0d56fa5b193ad05]::rust_begin_unwind
[INFO] [stdout]   10:     0x605241f87dac - core[7c831bd917ebf35f]::panicking::panic_fmt
[INFO] [stdout]   11:     0x605241f87b82 - core[7c831bd917ebf35f]::result::unwrap_failed
[INFO] [stdout]   12:     0x605241edc562 - cangjie5[3362d56a6062b74e]::shared::reset_layout_weights
[INFO] [stdout]   13:     0x605241edc119 - cangjie5[3362d56a6062b74e]::test_input_with_level
[INFO] [stdout]   14:     0x605241ee1148 - <cangjie5[3362d56a6062b74e]::cangjie_dynamic_weighting_exact_matches::{closure#0} as core[7c831bd917ebf35f]::ops::function::FnOnce<()>>::call_once
[INFO] [stdout]   15:     0x605241ee15db - test[73009c9f9aebf890]::__rust_begin_short_backtrace::<core[7c831bd917ebf35f]::result::Result<(), alloc[2fdc3f7464fcf288]::string::String>, fn() -> core[7c831bd917ebf35f]::result::Result<(), alloc[2fdc3f7464fcf288]::string::String>>
[INFO] [stdout]   16:     0x605241eeec45 - test[73009c9f9aebf890]::run_test::{closure#0}
[INFO] [stdout]   17:     0x605241ee8004 - std[104cf6e2632825ea]::sys::backtrace::__rust_begin_short_backtrace::<test[73009c9f9aebf890]::run_test::{closure#1}, ()>
[INFO] [stdout]   18:     0x605241ef1da2 - <std[104cf6e2632825ea]::thread::lifecycle::spawn_unchecked<test[73009c9f9aebf890]::run_test::{closure#1}, ()>::{closure#1} as core[7c831bd917ebf35f]::ops::function::FnOnce<()>>::call_once::{shim:vtable#0}
[INFO] [stdout]   19:     0x605241f722d9 - <std[104cf6e2632825ea]::sys::thread::unix::Thread>::new::thread_start
[INFO] [stdout]   20:     0x741acde8e07a - <unknown>
[INFO] [stdout]   21:     0x741acdf21534 - clone
[INFO] [stdout]   22:                0x0 - <unknown>
[INFO] [stdout] 
[INFO] [stdout] ---- test_level_0_punctuation_ordering stdout ----
[INFO] [stdout] 
[INFO] [stdout] thread 'test_level_0_punctuation_ordering' (1342) panicked at src/libankra/tests/shared/mod.rs:49:65:
[INFO] [stdout] called `Result::unwrap()` on an `Err` value: Os { code: 30, kind: ReadOnlyFilesystem, message: "Read-only file system" }
[INFO] [stdout] stack backtrace:
[INFO] [stdout]    0:     0x605241f72bf1 - <<std[104cf6e2632825ea]::sys::backtrace::BacktraceLock>::print::DisplayBacktrace as core[7c831bd917ebf35f]::fmt::Display>::fmt
[INFO] [stdout]    1:     0x605241f8767a - core[7c831bd917ebf35f]::fmt::write
[INFO] [stdout]    2:     0x605241f7708c - <alloc[2fdc3f7464fcf288]::vec::Vec<u8> as core[7c831bd917ebf35f]::io::write::Write>::write_fmt
[INFO] [stdout]    3:     0x605241f4e3b6 - std[104cf6e2632825ea]::panicking::default_hook::{closure#0}
[INFO] [stdout]    4:     0x605241f6b119 - std[104cf6e2632825ea]::panicking::default_hook
[INFO] [stdout]    5:     0x605241eee2f0 - test[73009c9f9aebf890]::test_main_inner::<test[73009c9f9aebf890]::test_main_static::{closure#0}>::{closure#0}
[INFO] [stdout]    6:     0x605241f6b2d2 - std[104cf6e2632825ea]::panicking::panic_with_hook
[INFO] [stdout]    7:     0x605241f4e462 - std[104cf6e2632825ea]::panicking::panic_handler::{closure#0}
[INFO] [stdout]    8:     0x605241f46ce9 - std[104cf6e2632825ea]::sys::backtrace::__rust_end_short_backtrace::<std[104cf6e2632825ea]::panicking::panic_handler::{closure#0}, !>
[INFO] [stdout]    9:     0x605241f4f05d - __rustc[b0d56fa5b193ad05]::rust_begin_unwind
[INFO] [stdout]   10:     0x605241f87dac - core[7c831bd917ebf35f]::panicking::panic_fmt
[INFO] [stdout]   11:     0x605241f87b82 - core[7c831bd917ebf35f]::result::unwrap_failed
[INFO] [stdout]   12:     0x605241edc562 - cangjie5[3362d56a6062b74e]::shared::reset_layout_weights
[INFO] [stdout]   13:     0x605241edc119 - cangjie5[3362d56a6062b74e]::test_input_with_level
[INFO] [stdout]   14:     0x605241edf69f - <cangjie5[3362d56a6062b74e]::test_level_0_punctuation_ordering::{closure#0} as core[7c831bd917ebf35f]::ops::function::FnOnce<()>>::call_once
[INFO] [stdout]   15:     0x605241ee15db - test[73009c9f9aebf890]::__rust_begin_short_backtrace::<core[7c831bd917ebf35f]::result::Result<(), alloc[2fdc3f7464fcf288]::string::String>, fn() -> core[7c831bd917ebf35f]::result::Result<(), alloc[2fdc3f7464fcf288]::string::String>>
[INFO] [stdout]   16:     0x605241eeec45 - test[73009c9f9aebf890]::run_test::{closure#0}
[INFO] [stdout]   17:     0x605241ee8004 - std[104cf6e2632825ea]::sys::backtrace::__rust_begin_short_backtrace::<test[73009c9f9aebf890]::run_test::{closure#1}, ()>
[INFO] [stdout]   18:     0x605241ef1da2 - <std[104cf6e2632825ea]::thread::lifecycle::spawn_unchecked<test[73009c9f9aebf890]::run_test::{closure#1}, ()>::{closure#1} as core[7c831bd917ebf35f]::ops::function::FnOnce<()>>::call_once::{shim:vtable#0}
[INFO] [stdout]   19:     0x605241f722d9 - <std[104cf6e2632825ea]::sys::thread::unix::Thread>::new::thread_start
[INFO] [stdout]   20:     0x741acde8e07a - <unknown>
[INFO] [stdout]   21:     0x741acdf21534 - clone
[INFO] [stdout]   22:                0x0 - <unknown>
[INFO] [stdout] 
[INFO] [stdout] ---- cangjie_dynamic_weight_sorting stdout ----
[INFO] [stdout] 
[INFO] [stdout] thread 'cangjie_dynamic_weight_sorting' (1329) panicked at src/libankra/tests/shared/mod.rs:49:65:
[INFO] [stdout] called `Result::unwrap()` on an `Err` value: Os { code: 30, kind: ReadOnlyFilesystem, message: "Read-only file system" }
[INFO] [stdout] stack backtrace:
[INFO] [stdout]    0:     0x605241f72bf1 - <<std[104cf6e2632825ea]::sys::backtrace::BacktraceLock>::print::DisplayBacktrace as core[7c831bd917ebf35f]::fmt::Display>::fmt
[INFO] [stdout]    1:     0x605241f8767a - core[7c831bd917ebf35f]::fmt::write
[INFO] [stdout]    2:     0x605241f7708c - <alloc[2fdc3f7464fcf288]::vec::Vec<u8> as core[7c831bd917ebf35f]::io::write::Write>::write_fmt
[INFO] [stdout]    3:     0x605241f4e3b6 - std[104cf6e2632825ea]::panicking::default_hook::{closure#0}
[INFO] [stdout]    4:     0x605241f6b119 - std[104cf6e2632825ea]::panicking::default_hook
[INFO] [stdout]    5:     0x605241eee2f0 - test[73009c9f9aebf890]::test_main_inner::<test[73009c9f9aebf890]::test_main_static::{closure#0}>::{closure#0}
[INFO] [stdout]    6:     0x605241f6b2d2 - std[104cf6e2632825ea]::panicking::panic_with_hook
[INFO] [stdout]    7:     0x605241f4e462 - std[104cf6e2632825ea]::panicking::panic_handler::{closure#0}
[INFO] [stdout]    8:     0x605241f46ce9 - std[104cf6e2632825ea]::sys::backtrace::__rust_end_short_backtrace::<std[104cf6e2632825ea]::panicking::panic_handler::{closure#0}, !>
[INFO] [stdout]    9:     0x605241f4f05d - __rustc[b0d56fa5b193ad05]::rust_begin_unwind
[INFO] [stdout]   10:     0x605241f87dac - core[7c831bd917ebf35f]::panicking::panic_fmt
[INFO] [stdout]   11:     0x605241f87b82 - core[7c831bd917ebf35f]::result::unwrap_failed
[INFO] [stdout]   12:     0x605241edc562 - cangjie5[3362d56a6062b74e]::shared::reset_layout_weights
[INFO] [stdout]   13:     0x605241edc119 - cangjie5[3362d56a6062b74e]::test_input_with_level
[INFO] [stdout]   14:     0x605241edeab2 - <cangjie5[3362d56a6062b74e]::cangjie_dynamic_weight_sorting::{closure#0} as core[7c831bd917ebf35f]::ops::function::FnOnce<()>>::call_once
[INFO] [stdout]   15:     0x605241ee15db - test[73009c9f9aebf890]::__rust_begin_short_backtrace::<core[7c831bd917ebf35f]::result::Result<(), alloc[2fdc3f7464fcf288]::string::String>, fn() -> core[7c831bd917ebf35f]::result::Result<(), alloc[2fdc3f7464fcf288]::string::String>>
[INFO] [stdout]   16:     0x605241eeec45 - test[73009c9f9aebf890]::run_test::{closure#0}
[INFO] [stdout]   17:     0x605241ee8004 - std[104cf6e2632825ea]::sys::backtrace::__rust_begin_short_backtrace::<test[73009c9f9aebf890]::run_test::{closure#1}, ()>
[INFO] [stdout]   18:     0x605241ef1da2 - <std[104cf6e2632825ea]::thread::lifecycle::spawn_unchecked<test[73009c9f9aebf890]::run_test::{closure#1}, ()>::{closure#1} as core[7c831bd917ebf35f]::ops::function::FnOnce<()>>::call_once::{shim:vtable#0}
[INFO] [stdout]   19:     0x605241f722d9 - <std[104cf6e2632825ea]::sys::thread::unix::Thread>::new::thread_start
[INFO] [stdout]   20:     0x741acde8e07a - <unknown>
[INFO] [stdout]   21:     0x741acdf21534 - clone
[INFO] [stdout]   22:                0x0 - <unknown>
[INFO] [stdout] 
[INFO] [stdout] ---- cangjie_direct_digit_selection stdout ----
[INFO] [stdout] 
[INFO] [stdout] thread 'cangjie_direct_digit_selection' (1328) panicked at src/libankra/tests/shared/mod.rs:49:65:
[INFO] [stdout] called `Result::unwrap()` on an `Err` value: Os { code: 30, kind: ReadOnlyFilesystem, message: "Read-only file system" }
[INFO] [stdout] stack backtrace:
[INFO] [stdout]    0:     0x605241f72bf1 - <<std[104cf6e2632825ea]::sys::backtrace::BacktraceLock>::print::DisplayBacktrace as core[7c831bd917ebf35f]::fmt::Display>::fmt
[INFO] [stdout]    1:     0x605241f8767a - core[7c831bd917ebf35f]::fmt::write
[INFO] [stdout]    2:     0x605241f7708c - <alloc[2fdc3f7464fcf288]::vec::Vec<u8> as core[7c831bd917ebf35f]::io::write::Write>::write_fmt
[INFO] [stdout]    3:     0x605241f4e3b6 - std[104cf6e2632825ea]::panicking::default_hook::{closure#0}
[INFO] [stdout]    4:     0x605241f6b119 - std[104cf6e2632825ea]::panicking::default_hook
[INFO] [stdout]    5:     0x605241eee2f0 - test[73009c9f9aebf890]::test_main_inner::<test[73009c9f9aebf890]::test_main_static::{closure#0}>::{closure#0}
[INFO] [stdout]    6:     0x605241f6b2d2 - std[104cf6e2632825ea]::panicking::panic_with_hook
[INFO] [stdout]    7:     0x605241f4e462 - std[104cf6e2632825ea]::panicking::panic_handler::{closure#0}
[INFO] [stdout]    8:     0x605241f46ce9 - std[104cf6e2632825ea]::sys::backtrace::__rust_end_short_backtrace::<std[104cf6e2632825ea]::panicking::panic_handler::{closure#0}, !>
[INFO] [stdout]    9:     0x605241f4f05d - __rustc[b0d56fa5b193ad05]::rust_begin_unwind
[INFO] [stdout]   10:     0x605241f87dac - core[7c831bd917ebf35f]::panicking::panic_fmt
[INFO] [stdout]   11:     0x605241f87b82 - core[7c831bd917ebf35f]::result::unwrap_failed
[INFO] [stdout]   12:     0x605241edc562 - cangjie5[3362d56a6062b74e]::shared::reset_layout_weights
[INFO] [stdout]   13:     0x605241edc119 - cangjie5[3362d56a6062b74e]::test_input_with_level
[INFO] [stdout]   14:     0x605241ede1fb - <cangjie5[3362d56a6062b74e]::cangjie_direct_digit_selection::{closure#0} as core[7c831bd917ebf35f]::ops::function::FnOnce<()>>::call_once
[INFO] [stdout]   15:     0x605241ee15db - test[73009c9f9aebf890]::__rust_begin_short_backtrace::<core[7c831bd917ebf35f]::result::Result<(), alloc[2fdc3f7464fcf288]::string::String>, fn() -> core[7c831bd917ebf35f]::result::Result<(), alloc[2fdc3f7464fcf288]::string::String>>
[INFO] [stdout]   16:     0x605241eeec45 - test[73009c9f9aebf890]::run_test::{closure#0}
[INFO] [stdout]   17:     0x605241ee8004 - std[104cf6e2632825ea]::sys::backtrace::__rust_begin_short_backtrace::<test[73009c9f9aebf890]::run_test::{closure#1}, ()>
[INFO] [stdout]   18:     0x605241ef1da2 - <std[104cf6e2632825ea]::thread::lifecycle::spawn_unchecked<test[73009c9f9aebf890]::run_test::{closure#1}, ()>::{closure#1} as core[7c831bd917ebf35f]::ops::function::FnOnce<()>>::call_once::{shim:vtable#0}
[INFO] [stdout]   19:     0x605241f722d9 - <std[104cf6e2632825ea]::sys::thread::unix::Thread>::new::thread_start
[INFO] [stdout]   20:     0x741acde8e07a - <unknown>
[INFO] [stdout]   21:     0x741acdf21534 - clone
[INFO] [stdout]   22:                0x0 - <unknown>
[INFO] [stdout] 
[INFO] [stdout] ---- cangjie_backspace_restores_exact_match stdout ----
[INFO] [stdout] 
[INFO] [stdout] thread 'cangjie_backspace_restores_exact_match' (1324) panicked at src/libankra/tests/shared/mod.rs:49:65:
[INFO] [stdout] called `Result::unwrap()` on an `Err` value: Os { code: 30, kind: ReadOnlyFilesystem, message: "Read-only file system" }
[INFO] [stdout] stack backtrace:
[INFO] [stdout]    0:     0x605241f72bf1 - <<std[104cf6e2632825ea]::sys::backtrace::BacktraceLock>::print::DisplayBacktrace as core[7c831bd917ebf35f]::fmt::Display>::fmt
[INFO] [stdout]    1:     0x605241f8767a - core[7c831bd917ebf35f]::fmt::write
[INFO] [stdout]    2:     0x605241f7708c - <alloc[2fdc3f7464fcf288]::vec::Vec<u8> as core[7c831bd917ebf35f]::io::write::Write>::write_fmt
[INFO] [stdout]    3:     0x605241f4e3b6 - std[104cf6e2632825ea]::panicking::default_hook::{closure#0}
[INFO] [stdout]    4:     0x605241f6b119 - std[104cf6e2632825ea]::panicking::default_hook
[INFO] [stdout]    5:     0x605241eee2f0 - test[73009c9f9aebf890]::test_main_inner::<test[73009c9f9aebf890]::test_main_static::{closure#0}>::{closure#0}
[INFO] [stdout]    6:     0x605241f6b2d2 - std[104cf6e2632825ea]::panicking::panic_with_hook
[INFO] [stdout]    7:     0x605241f4e462 - std[104cf6e2632825ea]::panicking::panic_handler::{closure#0}
[INFO] [stdout]    8:     0x605241f46ce9 - std[104cf6e2632825ea]::sys::backtrace::__rust_end_short_backtrace::<std[104cf6e2632825ea]::panicking::panic_handler::{closure#0}, !>
[INFO] [stdout]    9:     0x605241f4f05d - __rustc[b0d56fa5b193ad05]::rust_begin_unwind
[INFO] [stdout]   10:     0x605241f87dac - core[7c831bd917ebf35f]::panicking::panic_fmt
[INFO] [stdout]   11:     0x605241f87b82 - core[7c831bd917ebf35f]::result::unwrap_failed
[INFO] [stdout]   12:     0x605241edc562 - cangjie5[3362d56a6062b74e]::shared::reset_layout_weights
[INFO] [stdout]   13:     0x605241edbdfc - cangjie5[3362d56a6062b74e]::test_input
[INFO] [stdout]   14:     0x605241ee04ed - <cangjie5[3362d56a6062b74e]::cangjie_backspace_restores_exact_match::{closure#0} as core[7c831bd917ebf35f]::ops::function::FnOnce<()>>::call_once
[INFO] [stdout]   15:     0x605241ee15db - test[73009c9f9aebf890]::__rust_begin_short_backtrace::<core[7c831bd917ebf35f]::result::Result<(), alloc[2fdc3f7464fcf288]::string::String>, fn() -> core[7c831bd917ebf35f]::result::Result<(), alloc[2fdc3f7464fcf288]::string::String>>
[INFO] [stdout]   16:     0x605241eeec45 - test[73009c9f9aebf890]::run_test::{closure#0}
[INFO] [stdout]   17:     0x605241ee8004 - std[104cf6e2632825ea]::sys::backtrace::__rust_begin_short_backtrace::<test[73009c9f9aebf890]::run_test::{closure#1}, ()>
[INFO] [stdout]   18:     0x605241ef1da2 - <std[104cf6e2632825ea]::thread::lifecycle::spawn_unchecked<test[73009c9f9aebf890]::run_test::{closure#1}, ()>::{closure#1} as core[7c831bd917ebf35f]::ops::function::FnOnce<()>>::call_once::{shim:vtable#0}
[INFO] [stdout]   19:     0x605241f722d9 - <std[104cf6e2632825ea]::sys::thread::unix::Thread>::new::thread_start
[INFO] [stdout]   20:     0x741acde8e07a - <unknown>
[INFO] [stdout]   21:     0x741acdf21534 - clone
[INFO] [stdout]   22:                0x0 - <unknown>
[INFO] [stdout] 
[INFO] [stdout] 
[INFO] [stdout] failures:
[INFO] [stdout]     cangjie_alternative_arrow_navigation
[INFO] [stdout]     cangjie_autocommit_predictive_phrase
[INFO] [stdout]     cangjie_backspace_key
[INFO] [stdout]     cangjie_backspace_restores_exact_match
[INFO] [stdout]     cangjie_backspace_to_empty_clears_ui
[INFO] [stdout]     cangjie_boundary_guards
[INFO] [stdout]     cangjie_commit_key
[INFO] [stdout]     cangjie_direct_digit_selection
[INFO] [stdout]     cangjie_dynamic_weight_sorting
[INFO] [stdout]     cangjie_dynamic_weight_sorting_phrases
[INFO] [stdout]     cangjie_dynamic_weighting_exact_matches
[INFO] [stdout]     cangjie_empty_buffer_resilience
[INFO] [stdout]     cangjie_escape_key
[INFO] [stdout]     cangjie_next_key
[INFO] [stdout]     cangjie_on_no_result
[INFO] [stdout]     cangjie_out_of_bounds_digit_selection
[INFO] [stdout]     cangjie_phrase_completion
[INFO] [stdout]     cangjie_punctuation_autocommit
[INFO] [stdout]     cangjie_raw_enter_bypasses_phrase_prediction
[INFO] [stdout]     cangjie_raw_enter_escape_hatch
[INFO] [stdout]     cangjie_unmapped_key_interception
[INFO] [stdout]     test_level_0_punctuation_ordering
[INFO] [stdout]     test_level_1_punctuation_ordering
[INFO] [stdout] 
[INFO] [stdout] test result: FAILED. 0 passed; 23 failed; 0 ignored; 0 measured; 0 filtered out; finished in 0.01s
[INFO] [stdout] 
[INFO] running `Command { std: "docker" "inspect" "2410c6e632f43ead3c4bf37d3c4fa174a272552302e93d8cd8e78810483892a1", kill_on_drop: false }`
[INFO] running `Command { std: "docker" "rm" "-f" "2410c6e632f43ead3c4bf37d3c4fa174a272552302e93d8cd8e78810483892a1", kill_on_drop: false }`
[INFO] [stdout] 2410c6e632f43ead3c4bf37d3c4fa174a272552302e93d8cd8e78810483892a1
