[INFO] cloning repository https://github.com/leshow/advent_2024
[INFO] running `Command { std: "git" "-c" "credential.helper=" "-c" "credential.helper=/workspace/cargo-home/bin/git-credential-null" "clone" "--bare" "https://github.com/leshow/advent_2024" "/workspace/cache/git-repos/https%3A%2F%2Fgithub.com%2Fleshow%2Fadvent_2024", kill_on_drop: false }`
[INFO] [stderr] Cloning into bare repository '/workspace/cache/git-repos/https%3A%2F%2Fgithub.com%2Fleshow%2Fadvent_2024'...
[INFO] running `Command { std: "git" "rev-parse" "HEAD", kill_on_drop: false }`
[INFO] [stdout] 34dd90dc1470560d3bf26da99703bf51930a120d
[INFO] testing leshow/advent_2024 against 1.98.0-beta.8+cargoflags=--release for beta-release-1.99-2
[INFO] running `Command { std: "git" "clone" "/workspace/cache/git-repos/https%3A%2F%2Fgithub.com%2Fleshow%2Fadvent_2024" "/workspace/builds/worker-0-tc1/source", kill_on_drop: false }`
[INFO] [stderr] Cloning into '/workspace/builds/worker-0-tc1/source'...
[INFO] [stderr] done.
[INFO] started tweaking git repo https://github.com/leshow/advent_2024
[INFO] finished tweaking git repo https://github.com/leshow/advent_2024
[INFO] tweaked toml for git repo https://github.com/leshow/advent_2024 written to /workspace/builds/worker-0-tc1/source/Cargo.toml
[INFO] validating manifest of git repo https://github.com/leshow/advent_2024 on toolchain 1.98.0-beta.8
[INFO] running `Command { std: CARGO_HOME="/workspace/cargo-home" RUSTUP_HOME="/workspace/rustup-home" "/workspace/cargo-home/bin/cargo" "+1.98.0-beta.8" "metadata" "--manifest-path" "Cargo.toml" "--no-deps", kill_on_drop: false }`
[INFO] crate git repo https://github.com/leshow/advent_2024 already has a lockfile, it will not be regenerated
[INFO] running `Command { std: CARGO_HOME="/workspace/cargo-home" RUSTUP_HOME="/workspace/rustup-home" "/workspace/cargo-home/bin/cargo" "+1.98.0-beta.8" "fetch" "--manifest-path" "Cargo.toml", kill_on_drop: false }`
[INFO] [stderr]  Downloading crates ...
[INFO] [stderr]   Downloaded memchr v2.3.4
[INFO] [stderr]   Downloaded anyhow v1.0.93
[INFO] running `Command { std: "docker" "create" "-v" "/var/lib/crater-agent-workspace/builds/worker-0-tc1/source:/opt/rustwide/workdir:ro,Z" "-v" "/var/lib/crater-agent-workspace/builds/worker-0-tc1/target:/opt/rustwide/target:rw,Z" "-v" "/var/lib/crater-agent-workspace/cargo-home:/opt/rustwide/cargo-home:ro,Z" "-v" "/var/lib/crater-agent-workspace/rustup-home:/opt/rustwide/rustup-home:ro,Z" "-m" "1610612736" "--network" "none" "ghcr.io/rust-lang/crates-build-env/linux@sha256:8683fc1fc2eb5c9ac98e0d076ab094b2ffac7f99da555d2b6a2e27f346de2ec7" "sleep" "infinity", kill_on_drop: false }`
[INFO] [stdout] f328f6f98cd8cd7fa19e67e1f2b2bcf0ebcb73d5f866917026531619a9c90f74
[INFO] running `Command { std: "docker" "start" "f328f6f98cd8cd7fa19e67e1f2b2bcf0ebcb73d5f866917026531619a9c90f74", kill_on_drop: false }`
[INFO] running `Command { std: "docker" "inspect" "f328f6f98cd8cd7fa19e67e1f2b2bcf0ebcb73d5f866917026531619a9c90f74", kill_on_drop: false }`
[INFO] running `Command { std: "docker" "exec" "-e" "SOURCE_DIR=/opt/rustwide/workdir" "-e" "CARGO_HOME=/opt/rustwide/cargo-home" "-e" "RUSTUP_HOME=/opt/rustwide/rustup-home" "-e" "CARGO_TARGET_DIR=/opt/rustwide/target" "-w" "/opt/rustwide/workdir" "--user" "0:0" "f328f6f98cd8cd7fa19e67e1f2b2bcf0ebcb73d5f866917026531619a9c90f74" "/opt/rustwide/cargo-home/bin/cargo" "+1.98.0-beta.8" "metadata" "--no-deps" "--format-version=1", kill_on_drop: false }`
[INFO] running `Command { std: "docker" "inspect" "f328f6f98cd8cd7fa19e67e1f2b2bcf0ebcb73d5f866917026531619a9c90f74", kill_on_drop: false }`
[INFO] running `Command { std: "docker" "exec" "-e" "SOURCE_DIR=/opt/rustwide/workdir" "-e" "CARGO_HOME=/opt/rustwide/cargo-home" "-e" "RUSTUP_HOME=/opt/rustwide/rustup-home" "-e" "CARGO_TARGET_DIR=/opt/rustwide/target" "-e" "CARGO_INCREMENTAL=0" "-e" "RUST_BACKTRACE=full" "-e" "RUSTFLAGS=--cap-lints=warn" "-e" "RUSTDOCFLAGS=--cap-lints=warn" "-w" "/opt/rustwide/workdir" "--user" "0:0" "f328f6f98cd8cd7fa19e67e1f2b2bcf0ebcb73d5f866917026531619a9c90f74" "/opt/rustwide/cargo-home/bin/cargo" "+1.98.0-beta.8" "build" "--frozen" "--message-format=json" "--release", kill_on_drop: false }`
[INFO] [stderr]    Compiling memchr v2.3.4
[INFO] [stderr]    Compiling anyhow v1.0.93
[INFO] [stderr]    Compiling minimal-lexical v0.2.1
[INFO] [stderr]    Compiling nom v7.1.3
[INFO] [stderr]    Compiling aoc2024 v0.1.0 (/opt/rustwide/workdir)
[INFO] [stderr]     Finished `release` profile [optimized] target(s) in 7.26s
[INFO] running `Command { std: "docker" "inspect" "f328f6f98cd8cd7fa19e67e1f2b2bcf0ebcb73d5f866917026531619a9c90f74", kill_on_drop: false }`
[INFO] running `Command { std: "docker" "exec" "-e" "SOURCE_DIR=/opt/rustwide/workdir" "-e" "CARGO_HOME=/opt/rustwide/cargo-home" "-e" "RUSTUP_HOME=/opt/rustwide/rustup-home" "-e" "CARGO_TARGET_DIR=/opt/rustwide/target" "-e" "CARGO_INCREMENTAL=0" "-e" "RUST_BACKTRACE=full" "-e" "RUSTFLAGS=--cap-lints=warn" "-e" "RUSTDOCFLAGS=--cap-lints=warn" "-w" "/opt/rustwide/workdir" "--user" "0:0" "f328f6f98cd8cd7fa19e67e1f2b2bcf0ebcb73d5f866917026531619a9c90f74" "/opt/rustwide/cargo-home/bin/cargo" "+1.98.0-beta.8" "test" "--frozen" "--no-run" "--message-format=json" "--release", kill_on_drop: false }`
[INFO] [stderr]    Compiling aoc2024 v0.1.0 (/opt/rustwide/workdir)
[INFO] [stderr]     Finished `release` profile [optimized] target(s) in 2.63s
[INFO] running `Command { std: "docker" "inspect" "f328f6f98cd8cd7fa19e67e1f2b2bcf0ebcb73d5f866917026531619a9c90f74", kill_on_drop: false }`
[INFO] running `Command { std: "docker" "exec" "-e" "SOURCE_DIR=/opt/rustwide/workdir" "-e" "CARGO_HOME=/opt/rustwide/cargo-home" "-e" "RUSTUP_HOME=/opt/rustwide/rustup-home" "-e" "CARGO_TARGET_DIR=/opt/rustwide/target" "-e" "CARGO_INCREMENTAL=0" "-e" "RUST_BACKTRACE=full" "-e" "RUSTFLAGS=--cap-lints=warn" "-e" "RUSTDOCFLAGS=--cap-lints=warn" "-w" "/opt/rustwide/workdir" "--user" "0:0" "f328f6f98cd8cd7fa19e67e1f2b2bcf0ebcb73d5f866917026531619a9c90f74" "/opt/rustwide/cargo-home/bin/cargo" "+1.98.0-beta.8" "test" "--frozen" "--release", kill_on_drop: false }`
[INFO] [stderr]     Finished `release` profile [optimized] target(s) in 0.04s
[INFO] [stderr]      Running unittests src/lib.rs (/opt/rustwide/target/release/deps/aoc2024-78361b9f5cb914a0)
[INFO] [stdout] 
[INFO] [stdout] running 12 tests
[INFO] [stdout] test day1::tests::test ... ok
[INFO] [stdout] test day1::tests::test_2 ... ok
[INFO] [stdout] test day2::tests::test_2 ... ok
[INFO] [stdout] test day2::tests::test ... ok
[INFO] [stdout] test day3::tests::test ... ok
[INFO] [stdout] test day3::tests::test_2 ... ok
[INFO] [stdout] test day4::tests::test ... ok
[INFO] [stdout] test day6::tests::test_sample ... ok
[INFO] [stderr] error: test failed, to rerun pass `--lib`
[INFO] [stdout] test day4::tests::test_2 ... FAILED
[INFO] [stdout] test day6::tests::test ... ok
[INFO] [stdout] test day5::tests::test ... ok
[INFO] [stdout] test day5::tests::test_2 ... ok
[INFO] [stdout] 
[INFO] [stdout] failures:
[INFO] [stdout] 
[INFO] [stdout] ---- day4::tests::test_2 stdout ----
[INFO] [stdout] 
[INFO] [stdout] thread 'day4::tests::test_2' (274) panicked at src/day4.rs:79:9:
[INFO] [stdout] assertion `left == right` failed
[INFO] [stdout]   left: 1925
[INFO] [stdout]  right: 2483
[INFO] [stdout] stack backtrace:
[INFO] [stdout]    0:     0x62cb72461a41 - <<std[97b98282bc616a66]::sys::backtrace::BacktraceLock>::print::DisplayBacktrace as core[832e9a552fc17241]::fmt::Display>::fmt
[INFO] [stdout]    1:     0x62cb7247589a - core[832e9a552fc17241]::fmt::write
[INFO] [stdout]    2:     0x62cb72465efc - <alloc[3ecab9f82c41dc7d]::vec::Vec<u8> as std[97b98282bc616a66]::io::Write>::write_fmt
[INFO] [stdout]    3:     0x62cb72440166 - std[97b98282bc616a66]::panicking::default_hook::{closure#0}
[INFO] [stdout]    4:     0x62cb72459c69 - std[97b98282bc616a66]::panicking::default_hook
[INFO] [stdout]    5:     0x62cb723f4c90 - test[39766f3d73431624]::test_main_inner::<test[39766f3d73431624]::test_main_static::{closure#0}>::{closure#0}
[INFO] [stdout]    6:     0x62cb72459e22 - std[97b98282bc616a66]::panicking::panic_with_hook
[INFO] [stdout]    7:     0x62cb72440212 - std[97b98282bc616a66]::panicking::panic_handler::{closure#0}
[INFO] [stdout]    8:     0x62cb72437b69 - std[97b98282bc616a66]::sys::backtrace::__rust_end_short_backtrace::<std[97b98282bc616a66]::panicking::panic_handler::{closure#0}, !>
[INFO] [stdout]    9:     0x62cb72440e0d - __rustc[e3d8617bb01b7f69]::rust_begin_unwind
[INFO] [stdout]   10:     0x62cb72475fcc - core[832e9a552fc17241]::panicking::panic_fmt
[INFO] [stdout]   11:     0x62cb72475ee3 - core[832e9a552fc17241]::panicking::assert_failed_inner
[INFO] [stdout]   12:     0x62cb7243505a - core[832e9a552fc17241]::panicking::assert_failed::<u32, u32>
[INFO] [stdout]   13:     0x62cb723ddc01 - <aoc2024[94743867d4f751e0]::day4::tests::test_2::{closure#0} as core[832e9a552fc17241]::ops::function::FnOnce<()>>::call_once
[INFO] [stdout]   14:     0x62cb723e7fcb - test[39766f3d73431624]::__rust_begin_short_backtrace::<core[832e9a552fc17241]::result::Result<(), alloc[3ecab9f82c41dc7d]::string::String>, fn() -> core[832e9a552fc17241]::result::Result<(), alloc[3ecab9f82c41dc7d]::string::String>>
[INFO] [stdout]   15:     0x62cb723f5615 - test[39766f3d73431624]::run_test::{closure#0}
[INFO] [stdout]   16:     0x62cb723f00c4 - std[97b98282bc616a66]::sys::backtrace::__rust_begin_short_backtrace::<test[39766f3d73431624]::run_test::{closure#1}, ()>
[INFO] [stdout]   17:     0x62cb723f8762 - <std[97b98282bc616a66]::thread::lifecycle::spawn_unchecked<test[39766f3d73431624]::run_test::{closure#1}, ()>::{closure#1} as core[832e9a552fc17241]::ops::function::FnOnce<()>>::call_once::{shim:vtable#0}
[INFO] [stdout]   18:     0x62cb724612cf - <std[97b98282bc616a66]::sys::thread::unix::Thread>::new::thread_start
[INFO] [stdout]   19:     0x7e0a9408207a - <unknown>
[INFO] [stdout]   20:     0x7e0a94115534 - clone
[INFO] [stdout]   21:                0x0 - <unknown>
[INFO] [stdout] 
[INFO] [stdout] 
[INFO] [stdout] failures:
[INFO] [stdout]     day4::tests::test_2
[INFO] [stdout] 
[INFO] [stdout] test result: FAILED. 11 passed; 1 failed; 0 ignored; 0 measured; 0 filtered out; finished in 0.01s
[INFO] [stdout] 
[INFO] running `Command { std: "docker" "inspect" "f328f6f98cd8cd7fa19e67e1f2b2bcf0ebcb73d5f866917026531619a9c90f74", kill_on_drop: false }`
[INFO] running `Command { std: "docker" "rm" "-f" "f328f6f98cd8cd7fa19e67e1f2b2bcf0ebcb73d5f866917026531619a9c90f74", kill_on_drop: false }`
[INFO] [stdout] f328f6f98cd8cd7fa19e67e1f2b2bcf0ebcb73d5f866917026531619a9c90f74
