[INFO] cloning repository https://github.com/leessmin/ddl_parser
[INFO] running `Command { std: "git" "-c" "credential.helper=" "-c" "credential.helper=/workspace/cargo-home/bin/git-credential-null" "clone" "--bare" "https://github.com/leessmin/ddl_parser" "/workspace/cache/git-repos/https%3A%2F%2Fgithub.com%2Fleessmin%2Fddl_parser", kill_on_drop: false }`
[INFO] [stderr] Cloning into bare repository '/workspace/cache/git-repos/https%3A%2F%2Fgithub.com%2Fleessmin%2Fddl_parser'...
[INFO] running `Command { std: "git" "rev-parse" "HEAD", kill_on_drop: false }`
[INFO] [stdout] 4dcf5f146200a31fb15a789ef0f68f9635d01c6b
[INFO] testing leessmin/ddl_parser against 1.98.0-beta.8+cargoflags=--release for beta-release-1.99-2
[INFO] running `Command { std: "git" "clone" "/workspace/cache/git-repos/https%3A%2F%2Fgithub.com%2Fleessmin%2Fddl_parser" "/workspace/builds/worker-6-tc1/source", kill_on_drop: false }`
[INFO] [stderr] Cloning into '/workspace/builds/worker-6-tc1/source'...
[INFO] [stderr] done.
[INFO] started tweaking git repo https://github.com/leessmin/ddl_parser
[INFO] finished tweaking git repo https://github.com/leessmin/ddl_parser
[INFO] tweaked toml for git repo https://github.com/leessmin/ddl_parser written to /workspace/builds/worker-6-tc1/source/Cargo.toml
[INFO] validating manifest of git repo https://github.com/leessmin/ddl_parser on toolchain 1.98.0-beta.8
[INFO] running `Command { std: CARGO_HOME="/workspace/cargo-home" RUSTUP_HOME="/workspace/rustup-home" "/workspace/cargo-home/bin/cargo" "+1.98.0-beta.8" "metadata" "--manifest-path" "Cargo.toml" "--no-deps", kill_on_drop: false }`
[INFO] crate git repo https://github.com/leessmin/ddl_parser already has a lockfile, it will not be regenerated
[INFO] running `Command { std: CARGO_HOME="/workspace/cargo-home" RUSTUP_HOME="/workspace/rustup-home" "/workspace/cargo-home/bin/cargo" "+1.98.0-beta.8" "fetch" "--manifest-path" "Cargo.toml", kill_on_drop: false }`
[INFO] running `Command { std: "docker" "create" "-v" "/var/lib/crater-agent-workspace/builds/worker-6-tc1/source:/opt/rustwide/workdir:ro,Z" "-v" "/var/lib/crater-agent-workspace/builds/worker-6-tc1/target:/opt/rustwide/target:rw,Z" "-v" "/var/lib/crater-agent-workspace/cargo-home:/opt/rustwide/cargo-home:ro,Z" "-v" "/var/lib/crater-agent-workspace/rustup-home:/opt/rustwide/rustup-home:ro,Z" "-m" "1610612736" "--network" "none" "ghcr.io/rust-lang/crates-build-env/linux@sha256:8683fc1fc2eb5c9ac98e0d076ab094b2ffac7f99da555d2b6a2e27f346de2ec7" "sleep" "infinity", kill_on_drop: false }`
[INFO] [stdout] 637a613bdc32fcbea7f1d643f4dbf2b6186b0d10f67c00071704a30e6a4cfd38
[INFO] running `Command { std: "docker" "start" "637a613bdc32fcbea7f1d643f4dbf2b6186b0d10f67c00071704a30e6a4cfd38", kill_on_drop: false }`
[INFO] running `Command { std: "docker" "inspect" "637a613bdc32fcbea7f1d643f4dbf2b6186b0d10f67c00071704a30e6a4cfd38", kill_on_drop: false }`
[INFO] running `Command { std: "docker" "exec" "-e" "SOURCE_DIR=/opt/rustwide/workdir" "-e" "CARGO_HOME=/opt/rustwide/cargo-home" "-e" "RUSTUP_HOME=/opt/rustwide/rustup-home" "-e" "CARGO_TARGET_DIR=/opt/rustwide/target" "-w" "/opt/rustwide/workdir" "--user" "0:0" "637a613bdc32fcbea7f1d643f4dbf2b6186b0d10f67c00071704a30e6a4cfd38" "/opt/rustwide/cargo-home/bin/cargo" "+1.98.0-beta.8" "metadata" "--no-deps" "--format-version=1", kill_on_drop: false }`
[INFO] running `Command { std: "docker" "inspect" "637a613bdc32fcbea7f1d643f4dbf2b6186b0d10f67c00071704a30e6a4cfd38", kill_on_drop: false }`
[INFO] running `Command { std: "docker" "exec" "-e" "SOURCE_DIR=/opt/rustwide/workdir" "-e" "CARGO_HOME=/opt/rustwide/cargo-home" "-e" "RUSTUP_HOME=/opt/rustwide/rustup-home" "-e" "CARGO_TARGET_DIR=/opt/rustwide/target" "-e" "CARGO_INCREMENTAL=0" "-e" "RUST_BACKTRACE=full" "-e" "RUSTFLAGS=--cap-lints=warn" "-e" "RUSTDOCFLAGS=--cap-lints=warn" "-w" "/opt/rustwide/workdir" "--user" "0:0" "637a613bdc32fcbea7f1d643f4dbf2b6186b0d10f67c00071704a30e6a4cfd38" "/opt/rustwide/cargo-home/bin/cargo" "+1.98.0-beta.8" "build" "--frozen" "--message-format=json" "--release", kill_on_drop: false }`
[INFO] [stderr]    Compiling ddl_parser v0.1.0 (/opt/rustwide/workdir)
[INFO] [stderr]     Finished `release` profile [optimized] target(s) in 1.63s
[INFO] running `Command { std: "docker" "inspect" "637a613bdc32fcbea7f1d643f4dbf2b6186b0d10f67c00071704a30e6a4cfd38", kill_on_drop: false }`
[INFO] running `Command { std: "docker" "exec" "-e" "SOURCE_DIR=/opt/rustwide/workdir" "-e" "CARGO_HOME=/opt/rustwide/cargo-home" "-e" "RUSTUP_HOME=/opt/rustwide/rustup-home" "-e" "CARGO_TARGET_DIR=/opt/rustwide/target" "-e" "CARGO_INCREMENTAL=0" "-e" "RUST_BACKTRACE=full" "-e" "RUSTFLAGS=--cap-lints=warn" "-e" "RUSTDOCFLAGS=--cap-lints=warn" "-w" "/opt/rustwide/workdir" "--user" "0:0" "637a613bdc32fcbea7f1d643f4dbf2b6186b0d10f67c00071704a30e6a4cfd38" "/opt/rustwide/cargo-home/bin/cargo" "+1.98.0-beta.8" "test" "--frozen" "--no-run" "--message-format=json" "--release", kill_on_drop: false }`
[INFO] [stderr]    Compiling ddl_parser v0.1.0 (/opt/rustwide/workdir)
[INFO] [stderr]     Finished `release` profile [optimized] target(s) in 2.28s
[INFO] running `Command { std: "docker" "inspect" "637a613bdc32fcbea7f1d643f4dbf2b6186b0d10f67c00071704a30e6a4cfd38", kill_on_drop: false }`
[INFO] running `Command { std: "docker" "exec" "-e" "SOURCE_DIR=/opt/rustwide/workdir" "-e" "CARGO_HOME=/opt/rustwide/cargo-home" "-e" "RUSTUP_HOME=/opt/rustwide/rustup-home" "-e" "CARGO_TARGET_DIR=/opt/rustwide/target" "-e" "CARGO_INCREMENTAL=0" "-e" "RUST_BACKTRACE=full" "-e" "RUSTFLAGS=--cap-lints=warn" "-e" "RUSTDOCFLAGS=--cap-lints=warn" "-w" "/opt/rustwide/workdir" "--user" "0:0" "637a613bdc32fcbea7f1d643f4dbf2b6186b0d10f67c00071704a30e6a4cfd38" "/opt/rustwide/cargo-home/bin/cargo" "+1.98.0-beta.8" "test" "--frozen" "--release", kill_on_drop: false }`
[INFO] [stderr]     Finished `release` profile [optimized] target(s) in 0.03s
[INFO] [stderr]      Running unittests src/lib.rs (/opt/rustwide/target/release/deps/ddl_parser-68b5ce55670f572b)
[INFO] [stdout] 
[INFO] [stdout] running 13 tests
[INFO] [stdout] test table::parser::tests::mariadb_parser_verify ... ok
[INFO] [stdout] test table::parser::tests::postgresql_parser_verify ... ok
[INFO] [stdout] test table::parser::tests::sqlite_parser_verify ... ok
[INFO] [stdout] test table::table::tests::mariadb_to_dart ... ok
[INFO] [stdout] test table::table::tests::postgresql_to_dart ... ok
[INFO] [stderr] error: test failed, to rerun pass `--lib`
[INFO] [stdout] test table::table::tests::mariadb_to_go ... ok
[INFO] [stdout] test table::table::tests::mariadb_to_rust ... ok
[INFO] [stdout] test table::table::tests::postgresql_to_go ... ok
[INFO] [stdout] test table::table::tests::postgresql_to_rust ... ok
[INFO] [stdout] test table::table::tests::sqlite_to_dart ... ok
[INFO] [stdout] test table::table::tests::sqlite_to_go ... ok
[INFO] [stdout] test table::table::tests::sqlite_to_rust ... ok
[INFO] [stdout] test token::tests::sqlite_tokenize_verify ... FAILED
[INFO] [stdout] 
[INFO] [stdout] failures:
[INFO] [stdout] 
[INFO] [stdout] ---- token::tests::sqlite_tokenize_verify stdout ----
[INFO] [stdout] 
[INFO] [stdout] thread 'token::tests::sqlite_tokenize_verify' (171) panicked at src/token.rs:206:9:
[INFO] [stdout] assertion `left == right` failed
[INFO] [stdout]   left: [Keyword("CREATE"), Keyword("TABLE"), Ident("user"), Symbol('('), Ident("id"), Keyword("INTEGER"), Keyword("NOT"), Keyword("NULL"), Keyword("PRIMARY"), Keyword("KEY"), Keyword("AUTOINCREMENT"), Symbol(','), Ident("name"), Keyword("TEXT"), Keyword("NOT"), Keyword("NULL"), Symbol(','), Ident("age"), Keyword("INTEGER"), Keyword("DEFAULT"), Symbol('('), Number("1"), Symbol(')'), Keyword("NOT"), Keyword("NULL"), Symbol(')'), Symbol(';')]
[INFO] [stdout]  right: [Keyword("CREATE"), Keyword("TABLE"), Symbol('"'), Ident("user"), Symbol('"'), Symbol('('), Ident("id"), Keyword("INTEGER"), Keyword("NOT"), Keyword("NULL"), Keyword("PRIMARY"), Keyword("KEY"), Keyword("AUTOINCREMENT"), Symbol(','), Ident("name"), Keyword("TEXT"), Keyword("NOT"), Keyword("NULL"), Symbol(','), Ident("age"), Keyword("INTEGER"), Keyword("DEFAULT"), Symbol('('), Number("1"), Symbol(')'), Keyword("NOT"), Keyword("NULL"), Symbol(')'), Symbol(';')]
[INFO] [stdout] stack backtrace:
[INFO] [stdout]    0:     0x63628f9713b1 - <<std[97b98282bc616a66]::sys::backtrace::BacktraceLock>::print::DisplayBacktrace as core[832e9a552fc17241]::fmt::Display>::fmt
[INFO] [stdout]    1:     0x63628f985a6a - core[832e9a552fc17241]::fmt::write
[INFO] [stdout]    2:     0x63628f97586c - <alloc[3ecab9f82c41dc7d]::vec::Vec<u8> as std[97b98282bc616a66]::io::Write>::write_fmt
[INFO] [stdout]    3:     0x63628f94fa56 - std[97b98282bc616a66]::panicking::default_hook::{closure#0}
[INFO] [stdout]    4:     0x63628f969559 - std[97b98282bc616a66]::panicking::default_hook
[INFO] [stdout]    5:     0x63628f904580 - test[39766f3d73431624]::test_main_inner::<test[39766f3d73431624]::test_main_static::{closure#0}>::{closure#0}
[INFO] [stdout]    6:     0x63628f969712 - std[97b98282bc616a66]::panicking::panic_with_hook
[INFO] [stdout]    7:     0x63628f94fb02 - std[97b98282bc616a66]::panicking::panic_handler::{closure#0}
[INFO] [stdout]    8:     0x63628f947459 - std[97b98282bc616a66]::sys::backtrace::__rust_end_short_backtrace::<std[97b98282bc616a66]::panicking::panic_handler::{closure#0}, !>
[INFO] [stdout]    9:     0x63628f9506fd - __rustc[e3d8617bb01b7f69]::rust_begin_unwind
[INFO] [stdout]   10:     0x63628f98619c - core[832e9a552fc17241]::panicking::panic_fmt
[INFO] [stdout]   11:     0x63628f9860b3 - core[832e9a552fc17241]::panicking::assert_failed_inner
[INFO] [stdout]   12:     0x63628f8f3aca - core[832e9a552fc17241]::panicking::assert_failed::<alloc[3ecab9f82c41dc7d]::vec::Vec<ddl_parser[21c30c625b31a67a]::token::Token>, alloc[3ecab9f82c41dc7d]::vec::Vec<ddl_parser[21c30c625b31a67a]::token::Token>>
[INFO] [stdout]   13:     0x63628f8ecd33 - ddl_parser[21c30c625b31a67a]::token::tests::sqlite_tokenize_verify
[INFO] [stdout]   14:     0x63628f8f4bd9 - <ddl_parser[21c30c625b31a67a]::token::tests::sqlite_tokenize_verify::{closure#0} as core[832e9a552fc17241]::ops::function::FnOnce<()>>::call_once
[INFO] [stdout]   15:     0x63628f8f78bb - test[39766f3d73431624]::__rust_begin_short_backtrace::<core[832e9a552fc17241]::result::Result<(), alloc[3ecab9f82c41dc7d]::string::String>, fn() -> core[832e9a552fc17241]::result::Result<(), alloc[3ecab9f82c41dc7d]::string::String>>
[INFO] [stdout]   16:     0x63628f904f05 - test[39766f3d73431624]::run_test::{closure#0}
[INFO] [stdout]   17:     0x63628f8ff9b4 - std[97b98282bc616a66]::sys::backtrace::__rust_begin_short_backtrace::<test[39766f3d73431624]::run_test::{closure#1}, ()>
[INFO] [stdout]   18:     0x63628f908052 - <std[97b98282bc616a66]::thread::lifecycle::spawn_unchecked<test[39766f3d73431624]::run_test::{closure#1}, ()>::{closure#1} as core[832e9a552fc17241]::ops::function::FnOnce<()>>::call_once::{shim:vtable#0}
[INFO] [stdout]   19:     0x63628f970c3f - <std[97b98282bc616a66]::sys::thread::unix::Thread>::new::thread_start
[INFO] [stdout]   20:     0x7b4e275b207a - <unknown>
[INFO] [stdout]   21:     0x7b4e27645534 - clone
[INFO] [stdout]   22:                0x0 - <unknown>
[INFO] [stdout] 
[INFO] [stdout] 
[INFO] [stdout] failures:
[INFO] [stdout]     token::tests::sqlite_tokenize_verify
[INFO] [stdout] 
[INFO] [stdout] test result: FAILED. 12 passed; 1 failed; 0 ignored; 0 measured; 0 filtered out; finished in 0.01s
[INFO] [stdout] 
[INFO] running `Command { std: "docker" "inspect" "637a613bdc32fcbea7f1d643f4dbf2b6186b0d10f67c00071704a30e6a4cfd38", kill_on_drop: false }`
[INFO] running `Command { std: "docker" "rm" "-f" "637a613bdc32fcbea7f1d643f4dbf2b6186b0d10f67c00071704a30e6a4cfd38", kill_on_drop: false }`
[INFO] [stdout] 637a613bdc32fcbea7f1d643f4dbf2b6186b0d10f67c00071704a30e6a4cfd38
