[INFO] cloning repository https://github.com/lane-core/pane
[INFO] running `Command { std: "git" "-c" "credential.helper=" "-c" "credential.helper=/workspace/cargo-home/bin/git-credential-null" "clone" "--bare" "https://github.com/lane-core/pane" "/workspace/cache/git-repos/https%3A%2F%2Fgithub.com%2Flane-core%2Fpane", kill_on_drop: false }`
[INFO] [stderr] Cloning into bare repository '/workspace/cache/git-repos/https%3A%2F%2Fgithub.com%2Flane-core%2Fpane'...
[INFO] running `Command { std: "git" "rev-parse" "HEAD", kill_on_drop: false }`
[INFO] [stdout] dec366a5ae7b15778714cdf58d75e8cb39e7b1ad
[INFO] testing lane-core/pane against 1.98.0-beta.8+cargoflags=--release for beta-release-1.99-2
[INFO] running `Command { std: "git" "clone" "/workspace/cache/git-repos/https%3A%2F%2Fgithub.com%2Flane-core%2Fpane" "/workspace/builds/worker-7-tc1/source", kill_on_drop: false }`
[INFO] [stderr] Cloning into '/workspace/builds/worker-7-tc1/source'...
[INFO] [stderr] done.
[INFO] removed /workspace/builds/worker-7-tc1/source/rust-toolchain.toml
[INFO] started tweaking git repo https://github.com/lane-core/pane
[INFO] finished tweaking git repo https://github.com/lane-core/pane
[INFO] tweaked toml for git repo https://github.com/lane-core/pane written to /workspace/builds/worker-7-tc1/source/Cargo.toml
[INFO] validating manifest of git repo https://github.com/lane-core/pane on toolchain 1.98.0-beta.8
[INFO] running `Command { std: CARGO_HOME="/workspace/cargo-home" RUSTUP_HOME="/workspace/rustup-home" "/workspace/cargo-home/bin/cargo" "+1.98.0-beta.8" "metadata" "--manifest-path" "Cargo.toml" "--no-deps", kill_on_drop: false }`
[INFO] crate git repo https://github.com/lane-core/pane already has a lockfile, it will not be regenerated
[INFO] running `Command { std: CARGO_HOME="/workspace/cargo-home" RUSTUP_HOME="/workspace/rustup-home" "/workspace/cargo-home/bin/cargo" "+1.98.0-beta.8" "fetch" "--manifest-path" "Cargo.toml", kill_on_drop: false }`
[INFO] [stderr]     Updating crates.io index
[INFO] [stderr]  Downloading crates ...
[INFO] [stderr]   Downloaded par v0.3.10
[INFO] running `Command { std: "docker" "create" "-v" "/var/lib/crater-agent-workspace/builds/worker-7-tc1/source:/opt/rustwide/workdir:ro,Z" "-v" "/var/lib/crater-agent-workspace/builds/worker-7-tc1/target:/opt/rustwide/target:rw,Z" "-v" "/var/lib/crater-agent-workspace/cargo-home:/opt/rustwide/cargo-home:ro,Z" "-v" "/var/lib/crater-agent-workspace/rustup-home:/opt/rustwide/rustup-home:ro,Z" "-m" "1610612736" "--network" "none" "ghcr.io/rust-lang/crates-build-env/linux@sha256:8683fc1fc2eb5c9ac98e0d076ab094b2ffac7f99da555d2b6a2e27f346de2ec7" "sleep" "infinity", kill_on_drop: false }`
[INFO] [stdout] 763f762dae428736520e9f45347448e061a19c365c99ec7d2c9fb033cf7639e9
[INFO] running `Command { std: "docker" "start" "763f762dae428736520e9f45347448e061a19c365c99ec7d2c9fb033cf7639e9", kill_on_drop: false }`
[INFO] running `Command { std: "docker" "inspect" "763f762dae428736520e9f45347448e061a19c365c99ec7d2c9fb033cf7639e9", kill_on_drop: false }`
[INFO] running `Command { std: "docker" "exec" "-e" "SOURCE_DIR=/opt/rustwide/workdir" "-e" "CARGO_HOME=/opt/rustwide/cargo-home" "-e" "RUSTUP_HOME=/opt/rustwide/rustup-home" "-e" "CARGO_TARGET_DIR=/opt/rustwide/target" "-w" "/opt/rustwide/workdir" "--user" "0:0" "763f762dae428736520e9f45347448e061a19c365c99ec7d2c9fb033cf7639e9" "/opt/rustwide/cargo-home/bin/cargo" "+1.98.0-beta.8" "metadata" "--no-deps" "--format-version=1", kill_on_drop: false }`
[INFO] running `Command { std: "docker" "inspect" "763f762dae428736520e9f45347448e061a19c365c99ec7d2c9fb033cf7639e9", kill_on_drop: false }`
[INFO] running `Command { std: "docker" "exec" "-e" "SOURCE_DIR=/opt/rustwide/workdir" "-e" "CARGO_HOME=/opt/rustwide/cargo-home" "-e" "RUSTUP_HOME=/opt/rustwide/rustup-home" "-e" "CARGO_TARGET_DIR=/opt/rustwide/target" "-e" "CARGO_INCREMENTAL=0" "-e" "RUST_BACKTRACE=full" "-e" "RUSTFLAGS=--cap-lints=warn" "-e" "RUSTDOCFLAGS=--cap-lints=warn" "-w" "/opt/rustwide/workdir" "--user" "0:0" "763f762dae428736520e9f45347448e061a19c365c99ec7d2c9fb033cf7639e9" "/opt/rustwide/cargo-home/bin/cargo" "+1.98.0-beta.8" "build" "--frozen" "--message-format=json" "--release", kill_on_drop: false }`
[INFO] [stderr]    Compiling serde_core v1.0.228
[INFO] [stderr]    Compiling serde v1.0.228
[INFO] [stderr]    Compiling futures-sink v0.3.32
[INFO] [stderr]    Compiling futures-io v0.3.32
[INFO] [stderr]    Compiling zerocopy v0.8.48
[INFO] [stderr]    Compiling semver v1.0.28
[INFO] [stderr]    Compiling syn v2.0.117
[INFO] [stderr]    Compiling rustix v1.1.4
[INFO] [stderr]    Compiling futures-channel v0.3.32
[INFO] [stderr]    Compiling rustc_version v0.4.1
[INFO] [stderr]    Compiling futures-task v0.3.32
[INFO] [stderr]    Compiling thiserror v2.0.18
[INFO] [stderr]    Compiling linux-raw-sys v0.12.1
[INFO] [stderr]    Compiling bitflags v2.11.0
[INFO] [stderr]    Compiling byteorder v1.5.0
[INFO] [stderr]    Compiling sha1_smol v1.0.1
[INFO] [stderr]    Compiling heapless v0.7.17
[INFO] [stderr]    Compiling spin v0.9.8
[INFO] [stderr]    Compiling hash32 v0.2.1
[INFO] [stderr]    Compiling ciborium-io v0.2.2
[INFO] [stderr]    Compiling tracing-core v0.1.36
[INFO] [stderr]    Compiling log v0.4.29
[INFO] [stderr]    Compiling async-task v4.7.1
[INFO] [stderr]    Compiling tracing v0.1.44
[INFO] [stderr]    Compiling serde_derive v1.0.228
[INFO] [stderr]    Compiling zerocopy-derive v0.8.48
[INFO] [stderr]    Compiling futures-macro v0.3.32
[INFO] [stderr]    Compiling thiserror-impl v2.0.18
[INFO] [stderr]    Compiling uuid v1.23.0
[INFO] [stderr]    Compiling futures-util v0.3.32
[INFO] [stderr]    Compiling cobs v0.3.0
[INFO] [stderr]    Compiling pane-proto v0.1.0 (/opt/rustwide/workdir/crates/pane-proto)
[INFO] [stderr]    Compiling polling v3.11.0
[INFO] [stderr]    Compiling calloop v0.14.4
[INFO] [stderr]    Compiling pane-fs v0.1.0 (/opt/rustwide/workdir/crates/pane-fs)
[INFO] [stderr]    Compiling postcard v1.1.3
[INFO] [stderr]    Compiling futures-executor v0.3.32
[INFO] [stderr]    Compiling futures v0.3.32
[INFO] [stderr]    Compiling par v0.3.10
[INFO] [stderr]    Compiling half v2.7.1
[INFO] [stderr]    Compiling ciborium-ll v0.2.2
[INFO] [stderr]    Compiling ciborium v0.2.2
[INFO] [stderr]    Compiling pane-session v0.1.0 (/opt/rustwide/workdir/crates/pane-session)
[INFO] [stderr]    Compiling pane-app v0.1.0 (/opt/rustwide/workdir/crates/pane-app)
[INFO] [stderr]    Compiling pane-hello v0.1.0 (/opt/rustwide/workdir/crates/pane-hello)
[INFO] [stderr]     Finished `release` profile [optimized] target(s) in 1m 03s
[INFO] running `Command { std: "docker" "inspect" "763f762dae428736520e9f45347448e061a19c365c99ec7d2c9fb033cf7639e9", kill_on_drop: false }`
[INFO] running `Command { std: "docker" "exec" "-e" "SOURCE_DIR=/opt/rustwide/workdir" "-e" "CARGO_HOME=/opt/rustwide/cargo-home" "-e" "RUSTUP_HOME=/opt/rustwide/rustup-home" "-e" "CARGO_TARGET_DIR=/opt/rustwide/target" "-e" "CARGO_INCREMENTAL=0" "-e" "RUST_BACKTRACE=full" "-e" "RUSTFLAGS=--cap-lints=warn" "-e" "RUSTDOCFLAGS=--cap-lints=warn" "-w" "/opt/rustwide/workdir" "--user" "0:0" "763f762dae428736520e9f45347448e061a19c365c99ec7d2c9fb033cf7639e9" "/opt/rustwide/cargo-home/bin/cargo" "+1.98.0-beta.8" "test" "--frozen" "--no-run" "--message-format=json" "--release", kill_on_drop: false }`
[INFO] [stderr]    Compiling getrandom v0.4.2
[INFO] [stderr]    Compiling autocfg v1.5.0
[INFO] [stderr]    Compiling fastrand v2.4.0
[INFO] [stderr]    Compiling once_cell v1.21.4
[INFO] [stderr]    Compiling wait-timeout v0.2.1
[INFO] [stderr]    Compiling ppv-lite86 v0.2.21
[INFO] [stderr]    Compiling quick-error v1.2.3
[INFO] [stderr]    Compiling bit-vec v0.8.0
[INFO] [stderr]    Compiling rand_xorshift v0.4.0
[INFO] [stderr]    Compiling rand v0.9.2
[INFO] [stderr]    Compiling unarray v0.1.4
[INFO] [stderr]    Compiling pane-app v0.1.0 (/opt/rustwide/workdir/crates/pane-app)
[INFO] [stderr]    Compiling tempfile v3.27.0
[INFO] [stderr]    Compiling bit-set v0.8.0
[INFO] [stderr]    Compiling num-traits v0.2.19
[INFO] [stderr]    Compiling rand_chacha v0.9.0
[INFO] [stderr]    Compiling pane-hello v0.1.0 (/opt/rustwide/workdir/crates/pane-hello)
[INFO] [stderr]    Compiling rusty-fork v0.3.1
[INFO] [stderr]    Compiling proptest v1.11.0
[INFO] [stderr]    Compiling pane-proto v0.1.0 (/opt/rustwide/workdir/crates/pane-proto)
[INFO] [stdout] warning: unused import: `pane_proto::protocols::lifecycle::LifecycleMessage`
[INFO] [stdout]    --> crates/pane-app/src/builder.rs:333:9
[INFO] [stdout]     |
[INFO] [stdout] 333 |     use pane_proto::protocols::lifecycle::LifecycleMessage;
[INFO] [stdout]     |         ^^^^^^^^^^^^^^^^^^^^^^^^^^^^^^^^^^^^^^^^^^^^^^^^^^
[INFO] [stdout]     |
[INFO] [stdout]     = note: `#[warn(unused_imports)]` (part of `#[warn(unused)]`) on by default
[INFO] [stdout] 
[INFO] [stdout] 
[INFO] [stdout] warning: struct `NoServiceHandler` is never constructed
[INFO] [stdout]    --> crates/pane-app/src/builder.rs:385:16
[INFO] [stdout]     |
[INFO] [stdout] 385 |         struct NoServiceHandler;
[INFO] [stdout]     |                ^^^^^^^^^^^^^^^^
[INFO] [stdout]     |
[INFO] [stdout]     = note: `#[warn(dead_code)]` (part of `#[warn(unused)]`) on by default
[INFO] [stdout] 
[INFO] [stdout] 
[INFO] [stderr]    Compiling pane-fs v0.1.0 (/opt/rustwide/workdir/crates/pane-fs)
[INFO] [stderr]    Compiling pane-session v0.1.0 (/opt/rustwide/workdir/crates/pane-session)
[INFO] [stderr]     Finished `release` profile [optimized] target(s) in 2m 25s
[INFO] running `Command { std: "docker" "inspect" "763f762dae428736520e9f45347448e061a19c365c99ec7d2c9fb033cf7639e9", kill_on_drop: false }`
[INFO] running `Command { std: "docker" "exec" "-e" "SOURCE_DIR=/opt/rustwide/workdir" "-e" "CARGO_HOME=/opt/rustwide/cargo-home" "-e" "RUSTUP_HOME=/opt/rustwide/rustup-home" "-e" "CARGO_TARGET_DIR=/opt/rustwide/target" "-e" "CARGO_INCREMENTAL=0" "-e" "RUST_BACKTRACE=full" "-e" "RUSTFLAGS=--cap-lints=warn" "-e" "RUSTDOCFLAGS=--cap-lints=warn" "-w" "/opt/rustwide/workdir" "--user" "0:0" "763f762dae428736520e9f45347448e061a19c365c99ec7d2c9fb033cf7639e9" "/opt/rustwide/cargo-home/bin/cargo" "+1.98.0-beta.8" "test" "--frozen" "--release", kill_on_drop: false }`
[INFO] [stderr] warning: unused import: `pane_proto::protocols::lifecycle::LifecycleMessage`
[INFO] [stderr]    --> crates/pane-app/src/builder.rs:333:9
[INFO] [stderr]     |
[INFO] [stderr] 333 |     use pane_proto::protocols::lifecycle::LifecycleMessage;
[INFO] [stderr]     |         ^^^^^^^^^^^^^^^^^^^^^^^^^^^^^^^^^^^^^^^^^^^^^^^^^^
[INFO] [stderr]     |
[INFO] [stderr]     = note: `#[warn(unused_imports)]` (part of `#[warn(unused)]`) on by default
[INFO] [stderr] 
[INFO] [stderr] warning: struct `NoServiceHandler` is never constructed
[INFO] [stderr]    --> crates/pane-app/src/builder.rs:385:16
[INFO] [stderr]     |
[INFO] [stderr] 385 |         struct NoServiceHandler;
[INFO] [stderr]     |                ^^^^^^^^^^^^^^^^
[INFO] [stderr]     |
[INFO] [stderr]     = note: `#[warn(dead_code)]` (part of `#[warn(unused)]`) on by default
[INFO] [stderr] 
[INFO] [stderr] warning: `pane-app` (lib test) generated 2 warnings (run `cargo fix --lib -p pane-app --tests` to apply 1 suggestion)
[INFO] [stderr]     Finished `release` profile [optimized] target(s) in 0.18s
[INFO] [stderr]      Running unittests src/lib.rs (/opt/rustwide/target/release/deps/pane_app-864c96f8df8866f8)
[INFO] [stdout] 
[INFO] [stdout] running 180 tests
[INFO] [stdout] test builder::tests::serve_multiple_protocols ... ok
[INFO] [stdout] test builder::tests::serve_populates_provided_services ... ok
[INFO] [stdout] test connection_source::tests::calloop_detects_protocol_abort ... ok
[INFO] [stdout] test connection_source::tests::calloop_detects_connection_close ... ok
[INFO] [stdout] test connection_source::tests::calloop_reads_multiple_frames ... ok
[INFO] [stdout] test connection_source::tests::calloop_reads_control_frame ... ok
[INFO] [stdout] test connection_source::tests::connection_id_accessible ... ok
[INFO] [stdout] test connection_source::tests::calloop_writes_and_reads ... ok
[INFO] [stdout] test connection_source::tests::shared_writer_non_blocking_send_enqueues_frame ... ok
[INFO] [stdout] test connection_source::tests::shared_writer_non_blocking_send_multiple_frames ... ok
[INFO] [stdout] test builder::tests::duplicate_serve_panics - should panic ... ok
[INFO] [stdout] test connection_source::tests::detects_protocol_abort_via_reader ... ok
[INFO] [stdout] test connection_source::tests::writes_multiple_frames_to_peer ... ok
[INFO] [stdout] test connection_source::tests::writes_frame_to_peer ... ok
[INFO] [stdout] test connection_source::tests::frame_writer_highwater_cap_stops_drain ... ok
[INFO] [stdout] test dispatch::tests::async_cancel_delivers_cancelled ... ok
[INFO] [stdout] test dispatch::tests::async_fail_tokens_delivers_disconnected ... ok
[INFO] [stdout] test dispatch::tests::async_fire_failed_delivers_failed_error ... ok
[INFO] [stdout] test dispatch::tests::clear_drops_all_without_callbacks ... ok
[INFO] [stdout] test dispatch::tests::async_insert_and_fire_reply_resolves_future ... ok
[INFO] [stdout] test dispatch::tests::clear_drops_async_entries_sends_disconnected ... ok
[INFO] [stdout] test dispatch::tests::fail_tokens_fires_on_failed_for_matching_entries ... ok
[INFO] [stdout] test dispatch::tests::cancel_removes_without_callback ... ok
[INFO] [stdout] test dispatch::tests::fire_failed_delivers_failure_to_handler ... ok
[INFO] [stdout] test dispatch::tests::fire_reply_consumes_entry ... ok
[INFO] [stdout] test dispatch_ctx::tests::ctx_connection_returns_scope ... ok
[INFO] [stdout] test dispatch_ctx::tests::ctx_insert_async_returns_token_and_future ... ok
[INFO] [stdout] test dispatch::tests::insert_and_fire_reply ... ok
[INFO] [stdout] test dispatch_ctx::tests::ctx_insert_returns_token_and_installs_entry ... ok
[INFO] [stdout] test dispatch::tests::mixed_sync_and_async_entries_coexist ... ok
[INFO] [stdout] test dispatch_ctx::tests::ctx_tokens_are_monotonic ... ok
[INFO] [stdout] test dispatch_ctx::tests::schedule_multiple_futures ... ok
[INFO] [stdout] test dispatch_ctx::tests::schedule_composes_with_reply_future ... ok
[INFO] [stdout] test dispatch_ctx::tests::schedule_spawns_future_on_executor ... ok
[INFO] [stdout] test dispatch_ctx::tests::schedule_without_scheduler_returns_false ... ok
[INFO] [stdout] test handles_request::tests::handles_request_can_return_stop ... ok
[INFO] [stdout] test handles_request::tests::handles_request_dispatches_and_replies ... ok
[INFO] [stdout] test handles_request::tests::same_handler_handles_both_notifications_and_requests ... ok
[INFO] [stdout] test handles_request::tests::handles_request_dropped_reply_sends_failed ... ok
[INFO] [stdout] test looper::tests::all_phases_dispatch_in_order ... ok
[INFO] [stdout] test looper::tests::batch_limit_framework_phases_always_complete ... ok
[INFO] [stdout] test builder::tests::open_service_without_connect_panics - should panic ... ok
[INFO] [stdout] test looper::tests::batch_ordering_notifications_last ... FAILED
[INFO] [stdout] test looper::tests::channel_close_triggers_disconnect ... ok
[INFO] [stdout] test looper::tests::batch_ordering_lifecycle_after_teardown ... ok
[INFO] [stdout] test looper::tests::duplicate_local_revoke_is_idempotent ... ok
[INFO] [stdout] test looper::tests::batch_ordering_reply_before_teardown ... ok
[INFO] [stdout] test looper::tests::executor_runs_spawned_future ... ok
[INFO] [stdout] test looper::tests::executor_coexists_with_channel_source ... ok
[INFO] [stdout] test looper::tests::executor_unit_future_with_side_effects ... ok
[INFO] [stdout] test looper::tests::batch_has_pending_phase5 ... ok
[INFO] [stdout] test builder::tests::setup_requires_handles_bound ... ok
[INFO] [stdout] test connection_source::tests::detects_peer_close_via_reader ... ok
[INFO] [stdout] test looper::tests::h2_teardown_after_revocation_is_noop ... ok
[INFO] [stdout] test looper::tests::local_revoke_adds_to_revoked_sessions ... ok
[INFO] [stdout] test looper::tests::new_connection_registers_connection_source ... ok
[INFO] [stdout] test looper::tests::phase_4_sends_revoke_interest_wire_frame ... ok
[INFO] [stdout] test looper::tests::phase_5_suppresses_stale_notifications_h3 ... ok
[INFO] [stdout] test looper::tests::looper_executor_integration ... ok
[INFO] [stdout] test looper::tests::batch_limit_all_messages_dispatched ... ok
[INFO] [stdout] test looper::tests::interest_accepted_triggers_subscriber_connected ... ok
[INFO] [stdout] test looper::tests::send_and_wait_disconnected_sync_channel_closed ... ok
[INFO] [stdout] test looper::tests::phase_5_suppresses_stale_requests_h3 ... ok
[INFO] [stdout] test looper::tests::new_connection_ack_blocks_bridge ... ok
[INFO] [stdout] test looper::tests::phase_ordering_reply_before_revocation ... ok
[INFO] [stdout] test looper::tests::phase_ordering_revocation_before_requests ... ok
[INFO] [stdout] test looper::tests::send_and_wait_panics_from_looper_thread ... ok
[INFO] [stdout] test looper::tests::send_and_wait_failed ... ok
[INFO] [stdout] test looper::tests::send_and_wait_returns_reply ... ok
[INFO] [stdout] test looper::tests::stream_source_cross_thread_push ... ok
[INFO] [stdout] test looper::tests::stream_source_delivers_par_dequeue_items ... ok
[INFO] [stdout] test looper::tests::service_teardown_triggers_subscriber_disconnected ... ok
[INFO] [stdout] test looper::tests::subscriber_connected_dispatches_in_phase_3 ... ok
[INFO] [stdout] test looper::tests::teardown_dispatches_subscriber_disconnected_before_subscriber_connected ... ok
[INFO] [stdout] test looper::tests::existing_functionality_works_alongside_connection_source ... ok
[INFO] [stdout] test looper::tests::single_event_dispatches_correctly ... ok
[INFO] [stdout] test looper::tests::subscriber_sender_push_via_messenger ... ok
[INFO] [stdout] test looper_core::tests::cascade_scoped_to_active_session_tokens ... ok
[INFO] [stdout] test looper_core::tests::connection_lost_calls_disconnected_and_exits ... ok
[INFO] [stdout] test looper_core::tests::destruction_sequence_ordering ... ok
[INFO] [stdout] test looper_core::tests::dispatch_after_exit_returns_exit_immediately ... ok
[INFO] [stdout] test looper_core::tests::e_suspend_e_react_end_to_end ... ok
[INFO] [stdout] test looper_core::tests::flow_continue_returns_to_idle ... ok
[INFO] [stdout] test looper_core::tests::flow_stop_triggers_destruction_and_graceful_exit ... ok
[INFO] [stdout] test looper_core::tests::handler_not_reused_after_panic ... ok
[INFO] [stdout] test looper_core::tests::multiple_flow_stop_does_not_double_destruct ... ok
[INFO] [stdout] test looper_core::tests::obligation_handles_fire_drop_on_destruction ... ok
[INFO] [stdout] test looper_core::tests::panic_caught_triggers_destruction_and_failed_exit ... ok
[INFO] [stdout] test looper_core::tests::cascade_fail_tokens_outstanding_count ... ok
[INFO] [stdout] test looper_core::tests::panic_in_reply_handler_cascades_remaining_tokens ... ok
[INFO] [stdout] test looper_core::tests::panic_with_obligation_handle_compensated ... ok
[INFO] [stdout] test looper_core::tests::request_dispatch::request_dispatch_routes_to_handler_and_produces_reply ... ok
[INFO] [stdout] test looper_core::tests::request_dispatch::request_handler_panic_sends_failed_via_drop_compensation ... ok
[INFO] [stdout] test looper_core::tests::request_dispatch::request_handler_panic_triggers_destruction ... ok
[INFO] [stdout] test looper_core::tests::request_dispatch::request_to_unregistered_session_sends_failed ... ok
[INFO] [stdout] test looper_core::tests::run_dispatches_service_notification ... ok
[INFO] [stdout] test looper_core::tests::sync_request_wire_failure_rolls_back ... ok
[INFO] [stdout] test looper_core::tests::vertical_slice_transport_to_looper ... ok
[INFO] [stdout] test messenger::tests::messenger_address_is_copy ... ok
[INFO] [stdout] test messenger::tests::messenger_address_returns_address ... ok
[INFO] [stdout] test looper_core::tests::vertical_slice_disconnect_during_run ... ok
[INFO] [stdout] test messenger::tests::messenger_clone_preserves_address ... ok
[INFO] [stdout] test messenger::tests::messenger_is_clone ... ok
[INFO] [stdout] test messenger::tests::messenger_is_send ... ok
[INFO] [stdout] test messenger::tests::set_pulse_rate_returns_timer_token ... ok
[INFO] [stdout] test reply_future::tests::reply_channel_reject_cancelled ... ok
[INFO] [stdout] test reply_future::tests::reply_channel_resolve_delivers_payload ... ok
[INFO] [stdout] test reply_future::tests::reply_channel_reject_delivers_error ... ok
[INFO] [stdout] test reply_future::tests::reply_channel_typed_downcast ... ok
[INFO] [stdout] test reply_future::tests::reply_sender_drop_absorbs_panic_when_receiver_gone ... ok
[INFO] [stdout] test reply_future::tests::reply_sender_drop_sends_disconnected ... ok
[INFO] [stdout] test send_and_wait::tests::cancelled_display_message ... ok
[INFO] [stdout] test send_and_wait::tests::cancelled_implements_error_trait ... ok
[INFO] [stdout] test send_and_wait::tests::cancelled_is_distinct_from_disconnected ... ok
[INFO] [stdout] test service_dispatch::tests::dispatch_notification_to_handler ... ok
[INFO] [stdout] test service_dispatch::tests::dispatch_unknown_session_returns_none ... ok
[INFO] [stdout] test service_dispatch::tests::duplicate_request_session_id_panics - should panic ... ok
[INFO] [stdout] test service_dispatch::tests::duplicate_session_id_panics - should panic ... ok
[INFO] [stdout] test service_dispatch::tests::empty_payload_drops_frame ... ok
[INFO] [stdout] test service_dispatch::tests::is_empty_checks_both_tables ... ok
[INFO] [stdout] test service_dispatch::tests::multiple_protocols_dispatch_independently ... ok
[INFO] [stdout] test service_dispatch::tests::multiple_request_protocols_dispatch_independently ... ok
[INFO] [stdout] test service_dispatch::tests::request_deserialization_failure_sends_failed ... ok
[INFO] [stdout] test service_dispatch::tests::request_dispatches_to_handler ... ok
[INFO] [stdout] test service_dispatch::tests::request_empty_payload_sends_failed ... ok
[INFO] [stdout] test service_dispatch::tests::request_tag_mismatch_sends_failed ... ok
[INFO] [stdout] test service_dispatch::tests::request_handler_panic_sends_failed_via_drop ... ok
[INFO] [stdout] test service_dispatch::tests::request_unknown_session_sends_failed ... ok
[INFO] [stdout] test service_dispatch::tests::wrong_protocol_tag_drops_frame ... ok
[INFO] [stdout] test service_handle::tests::cancel_handle_best_effort_on_closed_channel ... ok
[INFO] [stdout] test service_handle::tests::cancel_does_not_decrement_outstanding_counter ... ok
[INFO] [stdout] test service_handle::tests::cancel_handle_from_try_send_sends_cancel_on_wire ... ok
[INFO] [stdout] test service_handle::tests::cancel_handle_drop_does_not_send_cancel ... ok
[INFO] [stdout] test service_handle::tests::cancel_handle_sends_cancel_on_wire ... ok
[INFO] [stdout] test service_handle::tests::drop_sends_revoke_interest ... ok
[INFO] [stdout] test service_handle::tests::drop_stub_handle_no_panic ... ok
[INFO] [stdout] test service_handle::tests::reply_still_deliverable_after_cancel ... ok
[INFO] [stdout] test service_handle::tests::send_notification_serializes_to_channel ... ok
[INFO] [stdout] test service_handle::tests::send_request_cancel_handle_drop_is_noop ... ok
[INFO] [stdout] test service_handle::tests::send_request_cancels_entry_on_disconnected_channel ... ok
[INFO] [stdout] test service_handle::tests::send_request_cancels_entry_on_full_channel ... ok
[INFO] [stdout] test service_handle::tests::send_request_compiles_with_correct_bounds ... ok
[INFO] [stdout] test service_handle::tests::send_request_increments_counter ... ok
[INFO] [stdout] test service_handle::tests::send_request_installs_dispatch_entry ... ok
[INFO] [stdout] test service_handle::tests::send_request_serializes_to_channel ... ok
[INFO] [stdout] test service_handle::tests::send_request_panics_on_cap_exceeded - should panic ... ok
[INFO] [stdout] test service_handle::tests::send_request_unlimited_cap_no_panic ... ok
[INFO] [stdout] test service_handle::tests::session_id_returns_assigned_value ... ok
[INFO] [stdout] test service_handle::tests::stub_handle_send_request_does_not_panic ... ok
[INFO] [stdout] test service_handle::tests::target_address_returns_address ... ok
[INFO] [stdout] test service_handle::tests::try_send_notification_channel_full ... ok
[INFO] [stdout] test service_handle::tests::try_send_notification_succeeds ... ok
[INFO] [stdout] test service_handle::tests::try_send_notification_connection_closing ... ok
[INFO] [stdout] test service_handle::tests::try_send_request_cap_exceeded ... ok
[INFO] [stdout] test service_handle::tests::try_send_request_returns_message_on_cap_error ... ok
[INFO] [stdout] test service_handle::tests::try_send_request_returns_message_on_channel_full ... ok
[INFO] [stdout] test service_handle::tests::try_send_request_succeeds_under_cap ... ok
[INFO] [stdout] test service_handle::tests::wire_reply_port_drop_sends_failed_frame ... ok
[INFO] [stdout] test service_handle::tests::try_send_request_channel_full_rolls_back_entry ... ok
[INFO] [stdout] test service_handle::tests::wire_reply_port_sends_reply_frame ... ok
[INFO] [stdout] test subscriber_sender::tests::drop_closes_enqueue_cleanly ... ok
[INFO] [stdout] test subscriber_sender::tests::multiple_notifications_arrive_in_order ... ok
[INFO] [stdout] test subscriber_sender::tests::no_drop_revoke_interest ... ok
[INFO] [stdout] test subscriber_sender::tests::send_notification_pushes_to_enqueue ... ok
[INFO] [stdout] test subscriber_sender::tests::try_send_notification_after_close ... ok
[INFO] [stdout] test subscriber_sender::tests::session_id_returns_assigned_value ... ok
[INFO] [stdout] test subscriber_sender::tests::try_send_notification_succeeds ... ok
[INFO] [stdout] test timer::tests::timer_id_is_monotonic ... ok
[INFO] [stdout] test timer::tests::timer_token_drop_sends_cancel ... ok
[INFO] [stdout] test timer::tests::timer_token_is_not_clone ... ok
[INFO] [stdout] test watchdog::tests::heartbeat_advances_monotonically ... ok
[INFO] [stdout] test looper::tests::timer_fires_pulse ... ok
[INFO] [stdout] test looper::tests::send_and_wait_unblocks_on_shutdown ... ok
[INFO] [stdout] test looper::tests::new_connection_frames_arrive_through_connection_source ... ok
[INFO] [stdout] test looper::tests::revoked_sessions_persists_across_batches ... ok
[INFO] [stdout] test looper::tests::send_and_wait_timeout ... ok
[INFO] [stdout] test looper::tests::timer_token_drop_cancels ... ok
[INFO] [stdout] test watchdog::tests::watchdog_does_not_fire_when_heartbeat_advances ... ok
[INFO] [stdout] test watchdog::tests::watchdog_resets_after_firing ... ok
[INFO] [stdout] test watchdog::tests::watchdog_fires_on_stall ... ok
[INFO] [stdout] 
[INFO] [stdout] failures:
[INFO] [stdout] 
[INFO] [stdout] ---- looper::tests::batch_ordering_notifications_last stdout ----
[INFO] [stdout] 
[INFO] [stdout] thread 'looper::tests::batch_ordering_notifications_last' (1830) panicked at crates/pane-app/src/looper.rs:1349:9:
[INFO] [stdout] Ready (phase 3) must dispatch before Notification (phase 5). Got: ["notification:late", "ready", "disconnected", "dropped"]
[INFO] [stdout] stack backtrace:
[INFO] [stdout]    0:     0x599908913a61 - <<std[97b98282bc616a66]::sys::backtrace::BacktraceLock>::print::DisplayBacktrace as core[832e9a552fc17241]::fmt::Display>::fmt
[INFO] [stdout]    1:     0x59990892870a - core[832e9a552fc17241]::fmt::write
[INFO] [stdout]    2:     0x5999089180bc - <alloc[3ecab9f82c41dc7d]::vec::Vec<u8> as std[97b98282bc616a66]::io::Write>::write_fmt
[INFO] [stdout]    3:     0x5999088f1d86 - std[97b98282bc616a66]::panicking::default_hook::{closure#0}
[INFO] [stdout]    4:     0x59990890b989 - std[97b98282bc616a66]::panicking::default_hook
[INFO] [stdout]    5:     0x599908890b10 - test[39766f3d73431624]::test_main_inner::<test[39766f3d73431624]::test_main_static::{closure#0}>::{closure#0}
[INFO] [stdout]    6:     0x59990890bb42 - std[97b98282bc616a66]::panicking::panic_with_hook
[INFO] [stdout]    7:     0x5999088f1e32 - std[97b98282bc616a66]::panicking::panic_handler::{closure#0}
[INFO] [stdout]    8:     0x5999088e9759 - std[97b98282bc616a66]::sys::backtrace::__rust_end_short_backtrace::<std[97b98282bc616a66]::panicking::panic_handler::{closure#0}, !>
[INFO] [stdout]    9:     0x5999088f2a2d - __rustc[e3d8617bb01b7f69]::rust_begin_unwind
[INFO] [stdout]   10:     0x599908928e6c - core[832e9a552fc17241]::panicking::panic_fmt
[INFO] [stdout]   11:     0x5999087a7d6e - pane_app[8ff4959a5c066c0e]::looper::tests::batch_ordering_notifications_last
[INFO] [stdout]   12:     0x5999087f2f59 - <pane_app[8ff4959a5c066c0e]::looper::tests::batch_ordering_notifications_last::{closure#0} as core[832e9a552fc17241]::ops::function::FnOnce<()>>::call_once
[INFO] [stdout]   13:     0x599908883e4b - test[39766f3d73431624]::__rust_begin_short_backtrace::<core[832e9a552fc17241]::result::Result<(), alloc[3ecab9f82c41dc7d]::string::String>, fn() -> core[832e9a552fc17241]::result::Result<(), alloc[3ecab9f82c41dc7d]::string::String>>
[INFO] [stdout]   14:     0x599908891495 - test[39766f3d73431624]::run_test::{closure#0}
[INFO] [stdout]   15:     0x59990888bf44 - std[97b98282bc616a66]::sys::backtrace::__rust_begin_short_backtrace::<test[39766f3d73431624]::run_test::{closure#1}, ()>
[INFO] [stdout]   16:     0x5999088945e2 - <std[97b98282bc616a66]::thread::lifecycle::spawn_unchecked<test[39766f3d73431624]::run_test::{closure#1}, ()>::{closure#1} as core[832e9a552fc17241]::ops::function::FnOnce<()>>::call_once::{shim:vtable#0}
[INFO] [stdout]   17:     0x5999089132bf - <std[97b98282bc616a66]::sys::thread::unix::Thread>::new::thread_start
[INFO] [stdout]   18:     0x7d1d8633d07a - <unknown>
[INFO] [stdout]   19:     0x7d1d863d0534 - clone
[INFO] [stdout]   20:                0x0 - <unknown>
[INFO] [stdout] 
[INFO] [stdout] 
[INFO] [stdout] failures:
[INFO] [stdout]     looper::tests::batch_ordering_notifications_last
[INFO] [stdout] 
[INFO] [stdout] test result: FAILED. 179 passed; 1 failed; 0 ignored; 0 measured; 0 filtered out; finished in 0.20s
[INFO] [stdout] 
[INFO] [stderr] error: test failed, to rerun pass `-p pane-app --lib`
[INFO] running `Command { std: "docker" "inspect" "763f762dae428736520e9f45347448e061a19c365c99ec7d2c9fb033cf7639e9", kill_on_drop: false }`
[INFO] running `Command { std: "docker" "rm" "-f" "763f762dae428736520e9f45347448e061a19c365c99ec7d2c9fb033cf7639e9", kill_on_drop: false }`
[INFO] [stdout] 763f762dae428736520e9f45347448e061a19c365c99ec7d2c9fb033cf7639e9
