[INFO] cloning repository https://github.com/kurumonn/rpg2java-transpiler
[INFO] running `Command { std: "git" "-c" "credential.helper=" "-c" "credential.helper=/workspace/cargo-home/bin/git-credential-null" "clone" "--bare" "https://github.com/kurumonn/rpg2java-transpiler" "/workspace/cache/git-repos/https%3A%2F%2Fgithub.com%2Fkurumonn%2Frpg2java-transpiler", kill_on_drop: false }`
[INFO] [stderr] Cloning into bare repository '/workspace/cache/git-repos/https%3A%2F%2Fgithub.com%2Fkurumonn%2Frpg2java-transpiler'...
[INFO] running `Command { std: "git" "rev-parse" "HEAD", kill_on_drop: false }`
[INFO] [stdout] 6582143564ddf3146c0a3b64c9ed400606703e57
[INFO] testing kurumonn/rpg2java-transpiler against 1.98.0-beta.8+cargoflags=--release for beta-release-1.99-2
[INFO] running `Command { std: "git" "clone" "/workspace/cache/git-repos/https%3A%2F%2Fgithub.com%2Fkurumonn%2Frpg2java-transpiler" "/workspace/builds/worker-1-tc1/source", kill_on_drop: false }`
[INFO] [stderr] Cloning into '/workspace/builds/worker-1-tc1/source'...
[INFO] [stderr] done.
[INFO] started tweaking git repo https://github.com/kurumonn/rpg2java-transpiler
[INFO] finished tweaking git repo https://github.com/kurumonn/rpg2java-transpiler
[INFO] tweaked toml for git repo https://github.com/kurumonn/rpg2java-transpiler written to /workspace/builds/worker-1-tc1/source/Cargo.toml
[INFO] validating manifest of git repo https://github.com/kurumonn/rpg2java-transpiler on toolchain 1.98.0-beta.8
[INFO] running `Command { std: CARGO_HOME="/workspace/cargo-home" RUSTUP_HOME="/workspace/rustup-home" "/workspace/cargo-home/bin/cargo" "+1.98.0-beta.8" "metadata" "--manifest-path" "Cargo.toml" "--no-deps", kill_on_drop: false }`
[INFO] crate git repo https://github.com/kurumonn/rpg2java-transpiler already has a lockfile, it will not be regenerated
[INFO] running `Command { std: CARGO_HOME="/workspace/cargo-home" RUSTUP_HOME="/workspace/rustup-home" "/workspace/cargo-home/bin/cargo" "+1.98.0-beta.8" "fetch" "--manifest-path" "Cargo.toml", kill_on_drop: false }`
[INFO] running `Command { std: "docker" "create" "-v" "/var/lib/crater-agent-workspace/builds/worker-1-tc1/source:/opt/rustwide/workdir:ro,Z" "-v" "/var/lib/crater-agent-workspace/builds/worker-1-tc1/target:/opt/rustwide/target:rw,Z" "-v" "/var/lib/crater-agent-workspace/cargo-home:/opt/rustwide/cargo-home:ro,Z" "-v" "/var/lib/crater-agent-workspace/rustup-home:/opt/rustwide/rustup-home:ro,Z" "-m" "1610612736" "--network" "none" "ghcr.io/rust-lang/crates-build-env/linux@sha256:8683fc1fc2eb5c9ac98e0d076ab094b2ffac7f99da555d2b6a2e27f346de2ec7" "sleep" "infinity", kill_on_drop: false }`
[INFO] [stdout] 4a169bb6a507e808515d7797c758f510e998d81b547f8deafb65a04d00632c92
[INFO] running `Command { std: "docker" "start" "4a169bb6a507e808515d7797c758f510e998d81b547f8deafb65a04d00632c92", kill_on_drop: false }`
[INFO] running `Command { std: "docker" "inspect" "4a169bb6a507e808515d7797c758f510e998d81b547f8deafb65a04d00632c92", kill_on_drop: false }`
[INFO] running `Command { std: "docker" "exec" "-e" "SOURCE_DIR=/opt/rustwide/workdir" "-e" "CARGO_HOME=/opt/rustwide/cargo-home" "-e" "RUSTUP_HOME=/opt/rustwide/rustup-home" "-e" "CARGO_TARGET_DIR=/opt/rustwide/target" "-w" "/opt/rustwide/workdir" "--user" "0:0" "4a169bb6a507e808515d7797c758f510e998d81b547f8deafb65a04d00632c92" "/opt/rustwide/cargo-home/bin/cargo" "+1.98.0-beta.8" "metadata" "--no-deps" "--format-version=1", kill_on_drop: false }`
[INFO] running `Command { std: "docker" "inspect" "4a169bb6a507e808515d7797c758f510e998d81b547f8deafb65a04d00632c92", kill_on_drop: false }`
[INFO] running `Command { std: "docker" "exec" "-e" "SOURCE_DIR=/opt/rustwide/workdir" "-e" "CARGO_HOME=/opt/rustwide/cargo-home" "-e" "RUSTUP_HOME=/opt/rustwide/rustup-home" "-e" "CARGO_TARGET_DIR=/opt/rustwide/target" "-e" "CARGO_INCREMENTAL=0" "-e" "RUST_BACKTRACE=full" "-e" "RUSTFLAGS=--cap-lints=warn" "-e" "RUSTDOCFLAGS=--cap-lints=warn" "-w" "/opt/rustwide/workdir" "--user" "0:0" "4a169bb6a507e808515d7797c758f510e998d81b547f8deafb65a04d00632c92" "/opt/rustwide/cargo-home/bin/cargo" "+1.98.0-beta.8" "build" "--frozen" "--message-format=json" "--release", kill_on_drop: false }`
[INFO] [stderr]    Compiling rpg2java-transpiler v0.1.0 (/opt/rustwide/workdir)
[INFO] [stderr]     Finished `release` profile [optimized] target(s) in 6.21s
[INFO] running `Command { std: "docker" "inspect" "4a169bb6a507e808515d7797c758f510e998d81b547f8deafb65a04d00632c92", kill_on_drop: false }`
[INFO] running `Command { std: "docker" "exec" "-e" "SOURCE_DIR=/opt/rustwide/workdir" "-e" "CARGO_HOME=/opt/rustwide/cargo-home" "-e" "RUSTUP_HOME=/opt/rustwide/rustup-home" "-e" "CARGO_TARGET_DIR=/opt/rustwide/target" "-e" "CARGO_INCREMENTAL=0" "-e" "RUST_BACKTRACE=full" "-e" "RUSTFLAGS=--cap-lints=warn" "-e" "RUSTDOCFLAGS=--cap-lints=warn" "-w" "/opt/rustwide/workdir" "--user" "0:0" "4a169bb6a507e808515d7797c758f510e998d81b547f8deafb65a04d00632c92" "/opt/rustwide/cargo-home/bin/cargo" "+1.98.0-beta.8" "test" "--frozen" "--no-run" "--message-format=json" "--release", kill_on_drop: false }`
[INFO] [stderr]    Compiling rpg2java-transpiler v0.1.0 (/opt/rustwide/workdir)
[INFO] [stderr]     Finished `release` profile [optimized] target(s) in 5.55s
[INFO] running `Command { std: "docker" "inspect" "4a169bb6a507e808515d7797c758f510e998d81b547f8deafb65a04d00632c92", kill_on_drop: false }`
[INFO] running `Command { std: "docker" "exec" "-e" "SOURCE_DIR=/opt/rustwide/workdir" "-e" "CARGO_HOME=/opt/rustwide/cargo-home" "-e" "RUSTUP_HOME=/opt/rustwide/rustup-home" "-e" "CARGO_TARGET_DIR=/opt/rustwide/target" "-e" "CARGO_INCREMENTAL=0" "-e" "RUST_BACKTRACE=full" "-e" "RUSTFLAGS=--cap-lints=warn" "-e" "RUSTDOCFLAGS=--cap-lints=warn" "-w" "/opt/rustwide/workdir" "--user" "0:0" "4a169bb6a507e808515d7797c758f510e998d81b547f8deafb65a04d00632c92" "/opt/rustwide/cargo-home/bin/cargo" "+1.98.0-beta.8" "test" "--frozen" "--release", kill_on_drop: false }`
[INFO] [stderr]     Finished `release` profile [optimized] target(s) in 0.03s
[INFO] [stderr]      Running unittests src/main.rs (/opt/rustwide/target/release/deps/rpg2java_transpiler-e196387502f69e6b)
[INFO] [stderr]      Running tests/batch_e2e.rs (/opt/rustwide/target/release/deps/batch_e2e-d38da7bf9a9be974)
[INFO] [stdout] 
[INFO] [stdout] running 0 tests
[INFO] [stdout] 
[INFO] [stdout] test result: ok. 0 passed; 0 failed; 0 ignored; 0 measured; 0 filtered out; finished in 0.00s
[INFO] [stdout] 
[INFO] [stdout] 
[INFO] [stdout] running 3 tests
[INFO] [stdout] test batch_continues_when_one_file_is_invalid_utf8 ... ok
[INFO] [stdout] test batch_writes_perf_summary_when_metrics_csv_is_enabled ... ok
[INFO] [stdout] test batch_success_when_all_files_are_valid ... ok
[INFO] [stdout] 
[INFO] [stdout] test result: ok. 3 passed; 0 failed; 0 ignored; 0 measured; 0 filtered out; finished in 0.02s
[INFO] [stdout] 
[INFO] [stderr]      Running tests/commercial_poc_e2e.rs (/opt/rustwide/target/release/deps/commercial_poc_e2e-7ddab9daf029dc93)
[INFO] [stdout] 
[INFO] [stdout] running 3 tests
[INFO] [stdout] test doctor_command_reports_commercial_runtime_capabilities ... ok
[INFO] [stdout] test single_file_can_emit_html_report_and_source_map ... ok
[INFO] [stdout] test batch_can_auto_emit_html_reports_source_maps_and_gate_todo_rate ... ok
[INFO] [stdout] 
[INFO] [stdout] test result: ok. 3 passed; 0 failed; 0 ignored; 0 measured; 0 filtered out; finished in 0.02s
[INFO] [stdout] 
[INFO] [stderr]      Running tests/compat_matrix_e2e.rs (/opt/rustwide/target/release/deps/compat_matrix_e2e-cf94fd35bc80a27b)
[INFO] [stdout] 
[INFO] [stdout] running 2 tests
[INFO] [stdout] test version_matrix_converts_all_fixtures ... ok
[INFO] [stdout] test version_matrix_reports_include_operation_summary ... ok
[INFO] [stderr]      Running tests/corpus_operations_script_e2e.rs (/opt/rustwide/target/release/deps/corpus_operations_script_e2e-6613fa982bcd4ae7)
[INFO] [stdout] 
[INFO] [stdout] test result: ok. 2 passed; 0 failed; 0 ignored; 0 measured; 0 filtered out; finished in 0.01s
[INFO] [stdout] 
[INFO] [stdout] 
[INFO] [stdout] running 1 test
[INFO] [stdout] test real_corpus_pipeline_script_matches_documented_layout_and_snapshot_behavior ... ok
[INFO] [stdout] 
[INFO] [stdout] test result: ok. 1 passed; 0 failed; 0 ignored; 0 measured; 0 filtered out; finished in 2.55s
[INFO] [stdout] 
[INFO] [stderr]      Running tests/expression_eval_e2e.rs (/opt/rustwide/target/release/deps/expression_eval_e2e-9db982d19221eee3)
[INFO] [stdout] 
[INFO] [stdout] running 2 tests
[INFO] [stdout] test logical_and_comparison_expression_translates_to_java_ops ... ok
[INFO] [stdout] test string_condition_and_literals_become_valid_java_strings ... ok
[INFO] [stdout] 
[INFO] [stdout] test result: ok. 2 passed; 0 failed; 0 ignored; 0 measured; 0 filtered out; finished in 0.00s
[INFO] [stdout] 
[INFO] [stderr]      Running tests/exsr_routes_e2e.rs (/opt/rustwide/target/release/deps/exsr_routes_e2e-9054f1eff086d51c)
[INFO] [stdout] 
[INFO] [stdout] running 2 tests
[INFO] [stdout] test free_exsr_route_is_reported ... ok
[INFO] [stdout] test fixed_exsr_routes_are_reported_in_json_and_markdown ... ok
[INFO] [stdout] 
[INFO] [stdout] test result: ok. 2 passed; 0 failed; 0 ignored; 0 measured; 0 filtered out; finished in 0.01s
[INFO] [stdout] 
[INFO] [stderr]      Running tests/failure_analysis_e2e.rs (/opt/rustwide/target/release/deps/failure_analysis_e2e-6075f0612533b9df)
[INFO] [stdout] 
[INFO] [stdout] running 1 test
[INFO] [stdout] test perf_summary_includes_failure_categories ... ok
[INFO] [stdout] 
[INFO] [stdout] test result: ok. 1 passed; 0 failed; 0 ignored; 0 measured; 0 filtered out; finished in 0.00s
[INFO] [stdout] 
[INFO] [stderr]      Running tests/fixed_parser_diagnostics_e2e.rs (/opt/rustwide/target/release/deps/fixed_parser_diagnostics_e2e-4c542a2297e73c63)
[INFO] [stdout] 
[INFO] [stdout] running 2 tests
[INFO] [stdout] test fixed_mode_reports_short_c_spec_line ... ok
[INFO] [stderr]      Running tests/indicator_condition_e2e.rs (/opt/rustwide/target/release/deps/indicator_condition_e2e-581cf10fa78a64a7)
[INFO] [stdout] test fixed_mode_reports_misaligned_opcode_column ... ok
[INFO] [stdout] 
[INFO] [stdout] test result: ok. 2 passed; 0 failed; 0 ignored; 0 measured; 0 filtered out; finished in 0.01s
[INFO] [stdout] 
[INFO] [stdout] 
[INFO] [stdout] running 2 tests
[INFO] [stdout] test fixed_if_indicator_is_reflected_in_java_condition ... ok
[INFO] [stdout] test fixed_if_negative_indicator_is_reflected_in_java_condition ... ok
[INFO] [stdout] 
[INFO] [stdout] test result: ok. 2 passed; 0 failed; 0 ignored; 0 measured; 0 filtered out; finished in 0.01s
[INFO] [stdout] 
[INFO] [stderr]      Running tests/java_target_e2e.rs (/opt/rustwide/target/release/deps/java_target_e2e-618a8b61cca6832a)
[INFO] [stdout] 
[INFO] [stdout] running 2 tests
[INFO] [stdout] test invalid_java_target_returns_error ... ok
[INFO] [stdout] test java_target_is_reflected_in_output_and_report ... ok
[INFO] [stdout] 
[INFO] [stdout] test result: ok. 2 passed; 0 failed; 0 ignored; 0 measured; 0 filtered out; finished in 0.00s
[INFO] [stdout] 
[INFO] [stderr]      Running tests/java_target_policy_e2e.rs (/opt/rustwide/target/release/deps/java_target_policy_e2e-4eb01ee969ca94aa)
[INFO] [stdout] 
[INFO] [stdout] running 1 test
[INFO] [stdout] test java21_and_java25_stable_have_same_core_output ... ok
[INFO] [stdout] 
[INFO] [stdout] test result: ok. 1 passed; 0 failed; 0 ignored; 0 measured; 0 filtered out; finished in 0.01s
[INFO] [stdout] 
[INFO] [stderr]      Running tests/java_template_e2e.rs (/opt/rustwide/target/release/deps/java_template_e2e-9d6b7bd5f50b4800)
[INFO] [stdout] 
[INFO] [stdout] running 2 tests
[INFO] [stdout] test callp_method_names_do_not_collide_with_builtin_helpers ... ok
[INFO] [stdout] test symbols_do_not_collide_with_class_name_or_main_args ... ok
[INFO] [stdout] 
[INFO] [stdout] test result: ok. 2 passed; 0 failed; 0 ignored; 0 measured; 0 filtered out; finished in 0.00s
[INFO] [stdout] 
[INFO] [stderr]      Running tests/javac_check_e2e.rs (/opt/rustwide/target/release/deps/javac_check_e2e-92e7adfc0deb4a6a)
[INFO] [stdout] 
[INFO] [stdout] running 3 tests
[INFO] [stdout] test javac_check_requires_output_in_single_mode ... ok
[INFO] [stdout] test javac_check_accepts_custom_success_command ... ok
[INFO] [stdout] test javac_check_reports_failure_with_custom_command ... ok
[INFO] [stdout] 
[INFO] [stdout] test result: ok. 3 passed; 0 failed; 0 ignored; 0 measured; 0 filtered out; finished in 0.01s
[INFO] [stdout] 
[INFO] [stderr]      Running tests/javac_fallback_e2e.rs (/opt/rustwide/target/release/deps/javac_fallback_e2e-27b561ec7ffcf42b)
[INFO] [stdout] 
[INFO] [stdout] running 2 tests
[INFO] [stdout] test cat_operator_is_translated_to_java_concat ... ok
[INFO] [stdout] test unsupported_rpg_tokens_fallback_to_compilable_java_fragments ... ok
[INFO] [stdout] 
[INFO] [stdout] test result: ok. 2 passed; 0 failed; 0 ignored; 0 measured; 0 filtered out; finished in 0.00s
[INFO] [stdout] 
[INFO] [stderr]      Running tests/performance_report_e2e.rs (/opt/rustwide/target/release/deps/performance_report_e2e-c3db3430aa86368f)
[INFO] [stdout] 
[INFO] [stdout] running 1 test
[INFO] [stdout] test perf_summary_contains_thresholds_and_signals ... ok
[INFO] [stdout] 
[INFO] [stdout] test result: ok. 1 passed; 0 failed; 0 ignored; 0 measured; 0 filtered out; finished in 0.01s
[INFO] [stdout] 
[INFO] [stderr]      Running tests/real_corpus_e2e.rs (/opt/rustwide/target/release/deps/real_corpus_e2e-f063ba969de233f7)
[INFO] [stdout] 
[INFO] [stdout] running 1 test
[INFO] [stdout] test real_corpus_conversion_pipeline ... ok
[INFO] [stdout] 
[INFO] [stdout] test result: ok. 1 passed; 0 failed; 0 ignored; 0 measured; 0 filtered out; finished in 0.00s
[INFO] [stdout] 
[INFO] [stderr]      Running tests/sample_corpus_e2e.rs (/opt/rustwide/target/release/deps/sample_corpus_e2e-5e1e32bb5e4bcd26)
[INFO] [stdout] 
[INFO] [stdout] running 4 tests
[INFO] [stdout] test fixed_basic_and_stub_samples_compile_and_run ... FAILED
[INFO] [stdout] test hybrid_and_invalid_fixed_samples_surface_expected_diagnostics ... FAILED
[INFO] [stdout] test free_basic_and_business_flow_compile_and_run ... FAILED
[INFO] [stdout] test sample_directory_batch_smoke_emits_reports_and_passes_javac ... FAILED
[INFO] [stdout] 
[INFO] [stdout] failures:
[INFO] [stdout] 
[INFO] [stderr] error: test failed, to rerun pass `--test sample_corpus_e2e`
[INFO] [stdout] ---- fixed_basic_and_stub_samples_compile_and_run stdout ----
[INFO] [stdout] 
[INFO] [stdout] thread 'fixed_basic_and_stub_samples_compile_and_run' (1013) panicked at tests/sample_corpus_e2e.rs:87:10:
[INFO] [stdout] failed to execute javac: Os { code: 2, kind: NotFound, message: "No such file or directory" }
[INFO] [stdout] stack backtrace:
[INFO] [stdout]    0:     0x5be958dc7c01 - <<std[97b98282bc616a66]::sys::backtrace::BacktraceLock>::print::DisplayBacktrace as core[832e9a552fc17241]::fmt::Display>::fmt
[INFO] [stdout]    1:     0x5be958ddbf2a - core[832e9a552fc17241]::fmt::write
[INFO] [stdout]    2:     0x5be958dcc0dc - <alloc[3ecab9f82c41dc7d]::vec::Vec<u8> as std[97b98282bc616a66]::io::Write>::write_fmt
[INFO] [stdout]    3:     0x5be958da52d6 - std[97b98282bc616a66]::panicking::default_hook::{closure#0}
[INFO] [stdout]    4:     0x5be958dbfab9 - std[97b98282bc616a66]::panicking::default_hook
[INFO] [stdout]    5:     0x5be958d59880 - test[39766f3d73431624]::test_main_inner::<test[39766f3d73431624]::test_main_static::{closure#0}>::{closure#0}
[INFO] [stdout]    6:     0x5be958dbfc72 - std[97b98282bc616a66]::panicking::panic_with_hook
[INFO] [stdout]    7:     0x5be958da5382 - std[97b98282bc616a66]::panicking::panic_handler::{closure#0}
[INFO] [stdout]    8:     0x5be958d9ca29 - std[97b98282bc616a66]::sys::backtrace::__rust_end_short_backtrace::<std[97b98282bc616a66]::panicking::panic_handler::{closure#0}, !>
[INFO] [stdout]    9:     0x5be958da5f7d - __rustc[e3d8617bb01b7f69]::rust_begin_unwind
[INFO] [stdout]   10:     0x5be958ddc65c - core[832e9a552fc17241]::panicking::panic_fmt
[INFO] [stdout]   11:     0x5be958ddc432 - core[832e9a552fc17241]::result::unwrap_failed
[INFO] [stdout]   12:     0x5be958d47b90 - sample_corpus_e2e[c86202748e899fcd]::compile_java
[INFO] [stdout]   13:     0x5be958d49b6f - <sample_corpus_e2e[c86202748e899fcd]::fixed_basic_and_stub_samples_compile_and_run::{closure#0} as core[832e9a552fc17241]::ops::function::FnOnce<()>>::call_once
[INFO] [stdout]   14:     0x5be958d4cbbb - test[39766f3d73431624]::__rust_begin_short_backtrace::<core[832e9a552fc17241]::result::Result<(), alloc[3ecab9f82c41dc7d]::string::String>, fn() -> core[832e9a552fc17241]::result::Result<(), alloc[3ecab9f82c41dc7d]::string::String>>
[INFO] [stdout]   15:     0x5be958d5a205 - test[39766f3d73431624]::run_test::{closure#0}
[INFO] [stdout]   16:     0x5be958d54cb4 - std[97b98282bc616a66]::sys::backtrace::__rust_begin_short_backtrace::<test[39766f3d73431624]::run_test::{closure#1}, ()>
[INFO] [stdout]   17:     0x5be958d5d352 - <std[97b98282bc616a66]::thread::lifecycle::spawn_unchecked<test[39766f3d73431624]::run_test::{closure#1}, ()>::{closure#1} as core[832e9a552fc17241]::ops::function::FnOnce<()>>::call_once::{shim:vtable#0}
[INFO] [stdout]   18:     0x5be958dc711f - <std[97b98282bc616a66]::sys::thread::unix::Thread>::new::thread_start
[INFO] [stdout]   19:     0x7f479487307a - <unknown>
[INFO] [stdout]   20:     0x7f4794906534 - clone
[INFO] [stdout]   21:                0x0 - <unknown>
[INFO] [stdout] 
[INFO] [stdout] ---- hybrid_and_invalid_fixed_samples_surface_expected_diagnostics stdout ----
[INFO] [stdout] 
[INFO] [stdout] thread 'hybrid_and_invalid_fixed_samples_surface_expected_diagnostics' (1015) panicked at tests/sample_corpus_e2e.rs:87:10:
[INFO] [stdout] failed to execute javac: Os { code: 2, kind: NotFound, message: "No such file or directory" }
[INFO] [stdout] stack backtrace:
[INFO] [stdout]    0:     0x5be958dc7c01 - <<std[97b98282bc616a66]::sys::backtrace::BacktraceLock>::print::DisplayBacktrace as core[832e9a552fc17241]::fmt::Display>::fmt
[INFO] [stdout]    1:     0x5be958ddbf2a - core[832e9a552fc17241]::fmt::write
[INFO] [stdout]    2:     0x5be958dcc0dc - <alloc[3ecab9f82c41dc7d]::vec::Vec<u8> as std[97b98282bc616a66]::io::Write>::write_fmt
[INFO] [stdout]    3:     0x5be958da52d6 - std[97b98282bc616a66]::panicking::default_hook::{closure#0}
[INFO] [stdout]    4:     0x5be958dbfab9 - std[97b98282bc616a66]::panicking::default_hook
[INFO] [stdout]    5:     0x5be958d59880 - test[39766f3d73431624]::test_main_inner::<test[39766f3d73431624]::test_main_static::{closure#0}>::{closure#0}
[INFO] [stdout]    6:     0x5be958dbfc72 - std[97b98282bc616a66]::panicking::panic_with_hook
[INFO] [stdout]    7:     0x5be958da5382 - std[97b98282bc616a66]::panicking::panic_handler::{closure#0}
[INFO] [stdout]    8:     0x5be958d9ca29 - std[97b98282bc616a66]::sys::backtrace::__rust_end_short_backtrace::<std[97b98282bc616a66]::panicking::panic_handler::{closure#0}, !>
[INFO] [stdout]    9:     0x5be958da5f7d - __rustc[e3d8617bb01b7f69]::rust_begin_unwind
[INFO] [stdout]   10:     0x5be958ddc65c - core[832e9a552fc17241]::panicking::panic_fmt
[INFO] [stdout]   11:     0x5be958ddc432 - core[832e9a552fc17241]::result::unwrap_failed
[INFO] [stdout]   12:     0x5be958d47b90 - sample_corpus_e2e[c86202748e899fcd]::compile_java
[INFO] [stdout]   13:     0x5be958d4bd1e - <sample_corpus_e2e[c86202748e899fcd]::hybrid_and_invalid_fixed_samples_surface_expected_diagnostics::{closure#0} as core[832e9a552fc17241]::ops::function::FnOnce<()>>::call_once
[INFO] [stdout]   14:     0x5be958d4cbbb - test[39766f3d73431624]::__rust_begin_short_backtrace::<core[832e9a552fc17241]::result::Result<(), alloc[3ecab9f82c41dc7d]::string::String>, fn() -> core[832e9a552fc17241]::result::Result<(), alloc[3ecab9f82c41dc7d]::string::String>>
[INFO] [stdout]   15:     0x5be958d5a205 - test[39766f3d73431624]::run_test::{closure#0}
[INFO] [stdout]   16:     0x5be958d54cb4 - std[97b98282bc616a66]::sys::backtrace::__rust_begin_short_backtrace::<test[39766f3d73431624]::run_test::{closure#1}, ()>
[INFO] [stdout]   17:     0x5be958d5d352 - <std[97b98282bc616a66]::thread::lifecycle::spawn_unchecked<test[39766f3d73431624]::run_test::{closure#1}, ()>::{closure#1} as core[832e9a552fc17241]::ops::function::FnOnce<()>>::call_once::{shim:vtable#0}
[INFO] [stdout]   18:     0x5be958dc711f - <std[97b98282bc616a66]::sys::thread::unix::Thread>::new::thread_start
[INFO] [stdout]   19:     0x7f479487307a - <unknown>
[INFO] [stdout]   20:     0x7f4794906534 - clone
[INFO] [stdout]   21:                0x0 - <unknown>
[INFO] [stdout] 
[INFO] [stdout] ---- free_basic_and_business_flow_compile_and_run stdout ----
[INFO] [stdout] 
[INFO] [stdout] thread 'free_basic_and_business_flow_compile_and_run' (1014) panicked at tests/sample_corpus_e2e.rs:87:10:
[INFO] [stdout] failed to execute javac: Os { code: 2, kind: NotFound, message: "No such file or directory" }
[INFO] [stdout] stack backtrace:
[INFO] [stdout]    0:     0x5be958dc7c01 - <<std[97b98282bc616a66]::sys::backtrace::BacktraceLock>::print::DisplayBacktrace as core[832e9a552fc17241]::fmt::Display>::fmt
[INFO] [stdout]    1:     0x5be958ddbf2a - core[832e9a552fc17241]::fmt::write
[INFO] [stdout]    2:     0x5be958dcc0dc - <alloc[3ecab9f82c41dc7d]::vec::Vec<u8> as std[97b98282bc616a66]::io::Write>::write_fmt
[INFO] [stdout]    3:     0x5be958da52d6 - std[97b98282bc616a66]::panicking::default_hook::{closure#0}
[INFO] [stdout]    4:     0x5be958dbfab9 - std[97b98282bc616a66]::panicking::default_hook
[INFO] [stdout]    5:     0x5be958d59880 - test[39766f3d73431624]::test_main_inner::<test[39766f3d73431624]::test_main_static::{closure#0}>::{closure#0}
[INFO] [stdout]    6:     0x5be958dbfc72 - std[97b98282bc616a66]::panicking::panic_with_hook
[INFO] [stdout]    7:     0x5be958da5382 - std[97b98282bc616a66]::panicking::panic_handler::{closure#0}
[INFO] [stdout]    8:     0x5be958d9ca29 - std[97b98282bc616a66]::sys::backtrace::__rust_end_short_backtrace::<std[97b98282bc616a66]::panicking::panic_handler::{closure#0}, !>
[INFO] [stdout]    9:     0x5be958da5f7d - __rustc[e3d8617bb01b7f69]::rust_begin_unwind
[INFO] [stdout]   10:     0x5be958ddc65c - core[832e9a552fc17241]::panicking::panic_fmt
[INFO] [stdout]   11:     0x5be958ddc432 - core[832e9a552fc17241]::result::unwrap_failed
[INFO] [stdout]   12:     0x5be958d47b90 - sample_corpus_e2e[c86202748e899fcd]::compile_java
[INFO] [stdout]   13:     0x5be958d4a808 - <sample_corpus_e2e[c86202748e899fcd]::free_basic_and_business_flow_compile_and_run::{closure#0} as core[832e9a552fc17241]::ops::function::FnOnce<()>>::call_once
[INFO] [stdout]   14:     0x5be958d4cbbb - test[39766f3d73431624]::__rust_begin_short_backtrace::<core[832e9a552fc17241]::result::Result<(), alloc[3ecab9f82c41dc7d]::string::String>, fn() -> core[832e9a552fc17241]::result::Result<(), alloc[3ecab9f82c41dc7d]::string::String>>
[INFO] [stdout]   15:     0x5be958d5a205 - test[39766f3d73431624]::run_test::{closure#0}
[INFO] [stdout]   16:     0x5be958d54cb4 - std[97b98282bc616a66]::sys::backtrace::__rust_begin_short_backtrace::<test[39766f3d73431624]::run_test::{closure#1}, ()>
[INFO] [stdout]   17:     0x5be958d5d352 - <std[97b98282bc616a66]::thread::lifecycle::spawn_unchecked<test[39766f3d73431624]::run_test::{closure#1}, ()>::{closure#1} as core[832e9a552fc17241]::ops::function::FnOnce<()>>::call_once::{shim:vtable#0}
[INFO] [stdout]   18:     0x5be958dc711f - <std[97b98282bc616a66]::sys::thread::unix::Thread>::new::thread_start
[INFO] [stdout]   19:     0x7f479487307a - <unknown>
[INFO] [stdout]   20:     0x7f4794906534 - clone
[INFO] [stdout]   21:                0x0 - <unknown>
[INFO] [stdout] 
[INFO] [stdout] ---- sample_directory_batch_smoke_emits_reports_and_passes_javac stdout ----
[INFO] [stdout] 
[INFO] [stdout] thread 'sample_directory_batch_smoke_emits_reports_and_passes_javac' (1016) panicked at tests/sample_corpus_e2e.rs:324:5:
[INFO] [stdout] batch sample smoke failed
[INFO] [stdout] stderr:
[INFO] [stdout] ng: javac check failed for /tmp/rpg2java-sample-batch-smoke-1012-1788423126266571695/out/BusinessOrderFlow.java with command 'javac': failed to execute command: No such file or directory (os error 2)
[INFO] [stdout] ng: javac check failed for /tmp/rpg2java-sample-batch-smoke-1012-1788423126266571695/out/FixedBasic.java with command 'javac': failed to execute command: No such file or directory (os error 2)
[INFO] [stdout] ng: javac check failed for /tmp/rpg2java-sample-batch-smoke-1012-1788423126266571695/out/FixedStubOps.java with command 'javac': failed to execute command: No such file or directory (os error 2)
[INFO] [stdout] ng: javac check failed for /tmp/rpg2java-sample-batch-smoke-1012-1788423126266571695/out/FreeBasic.java with command 'javac': failed to execute command: No such file or directory (os error 2)
[INFO] [stdout] ng: javac check failed for /tmp/rpg2java-sample-batch-smoke-1012-1788423126266571695/out/FreeWithStubOps.java with command 'javac': failed to execute command: No such file or directory (os error 2)
[INFO] [stdout] ng: javac check failed for /tmp/rpg2java-sample-batch-smoke-1012-1788423126266571695/out/HybridMixed.java with command 'javac': failed to execute command: No such file or directory (os error 2)
[INFO] [stdout] ng: javac check failed for /tmp/rpg2java-sample-batch-smoke-1012-1788423126266571695/out/InvalidFixedAlignment.java with command 'javac': failed to execute command: No such file or directory (os error 2)
[INFO] [stdout] batch complete: success=0 failed=7 output=/tmp/rpg2java-sample-batch-smoke-1012-1788423126266571695/out jobs=1
[INFO] [stdout] error: batch finished with 7 failure(s)
[INFO] [stdout] 
[INFO] [stdout] stack backtrace:
[INFO] [stdout]    0:     0x5be958dc7c01 - <<std[97b98282bc616a66]::sys::backtrace::BacktraceLock>::print::DisplayBacktrace as core[832e9a552fc17241]::fmt::Display>::fmt
[INFO] [stdout]    1:     0x5be958ddbf2a - core[832e9a552fc17241]::fmt::write
[INFO] [stdout]    2:     0x5be958dcc0dc - <alloc[3ecab9f82c41dc7d]::vec::Vec<u8> as std[97b98282bc616a66]::io::Write>::write_fmt
[INFO] [stdout]    3:     0x5be958da52d6 - std[97b98282bc616a66]::panicking::default_hook::{closure#0}
[INFO] [stdout]    4:     0x5be958dbfab9 - std[97b98282bc616a66]::panicking::default_hook
[INFO] [stdout]    5:     0x5be958d59880 - test[39766f3d73431624]::test_main_inner::<test[39766f3d73431624]::test_main_static::{closure#0}>::{closure#0}
[INFO] [stdout]    6:     0x5be958dbfc72 - std[97b98282bc616a66]::panicking::panic_with_hook
[INFO] [stdout]    7:     0x5be958da5382 - std[97b98282bc616a66]::panicking::panic_handler::{closure#0}
[INFO] [stdout]    8:     0x5be958d9ca29 - std[97b98282bc616a66]::sys::backtrace::__rust_end_short_backtrace::<std[97b98282bc616a66]::panicking::panic_handler::{closure#0}, !>
[INFO] [stdout]    9:     0x5be958da5f7d - __rustc[e3d8617bb01b7f69]::rust_begin_unwind
[INFO] [stdout]   10:     0x5be958ddc65c - core[832e9a552fc17241]::panicking::panic_fmt
[INFO] [stdout]   11:     0x5be958d4b86e - <sample_corpus_e2e[c86202748e899fcd]::sample_directory_batch_smoke_emits_reports_and_passes_javac::{closure#0} as core[832e9a552fc17241]::ops::function::FnOnce<()>>::call_once
[INFO] [stdout]   12:     0x5be958d4cbbb - test[39766f3d73431624]::__rust_begin_short_backtrace::<core[832e9a552fc17241]::result::Result<(), alloc[3ecab9f82c41dc7d]::string::String>, fn() -> core[832e9a552fc17241]::result::Result<(), alloc[3ecab9f82c41dc7d]::string::String>>
[INFO] [stdout]   13:     0x5be958d5a205 - test[39766f3d73431624]::run_test::{closure#0}
[INFO] [stdout]   14:     0x5be958d54cb4 - std[97b98282bc616a66]::sys::backtrace::__rust_begin_short_backtrace::<test[39766f3d73431624]::run_test::{closure#1}, ()>
[INFO] [stdout]   15:     0x5be958d5d352 - <std[97b98282bc616a66]::thread::lifecycle::spawn_unchecked<test[39766f3d73431624]::run_test::{closure#1}, ()>::{closure#1} as core[832e9a552fc17241]::ops::function::FnOnce<()>>::call_once::{shim:vtable#0}
[INFO] [stdout]   16:     0x5be958dc711f - <std[97b98282bc616a66]::sys::thread::unix::Thread>::new::thread_start
[INFO] [stdout]   17:     0x7f479487307a - <unknown>
[INFO] [stdout]   18:     0x7f4794906534 - clone
[INFO] [stdout]   19:                0x0 - <unknown>
[INFO] [stdout] 
[INFO] [stdout] 
[INFO] [stdout] failures:
[INFO] [stdout]     fixed_basic_and_stub_samples_compile_and_run
[INFO] [stdout]     free_basic_and_business_flow_compile_and_run
[INFO] [stdout]     hybrid_and_invalid_fixed_samples_surface_expected_diagnostics
[INFO] [stdout]     sample_directory_batch_smoke_emits_reports_and_passes_javac
[INFO] [stdout] 
[INFO] [stdout] test result: FAILED. 0 passed; 4 failed; 0 ignored; 0 measured; 0 filtered out; finished in 0.01s
[INFO] [stdout] 
[INFO] running `Command { std: "docker" "inspect" "4a169bb6a507e808515d7797c758f510e998d81b547f8deafb65a04d00632c92", kill_on_drop: false }`
[INFO] running `Command { std: "docker" "rm" "-f" "4a169bb6a507e808515d7797c758f510e998d81b547f8deafb65a04d00632c92", kill_on_drop: false }`
[INFO] [stdout] 4a169bb6a507e808515d7797c758f510e998d81b547f8deafb65a04d00632c92
