[INFO] cloning repository https://github.com/kodin00/webhookr
[INFO] running `Command { std: "git" "-c" "credential.helper=" "-c" "credential.helper=/workspace/cargo-home/bin/git-credential-null" "clone" "--bare" "https://github.com/kodin00/webhookr" "/workspace/cache/git-repos/https%3A%2F%2Fgithub.com%2Fkodin00%2Fwebhookr", kill_on_drop: false }`
[INFO] [stderr] Cloning into bare repository '/workspace/cache/git-repos/https%3A%2F%2Fgithub.com%2Fkodin00%2Fwebhookr'...
[INFO] running `Command { std: "git" "rev-parse" "HEAD", kill_on_drop: false }`
[INFO] [stdout] fcfd3181e6f9fccc461eba63d2a540f83970aca3
[INFO] testing kodin00/webhookr/fcfd3181e6f9fccc461eba63d2a540f83970aca3 against 1.98.0-beta.8+cargoflags=--release for beta-release-1.99-2
[INFO] running `Command { std: "git" "clone" "/workspace/cache/git-repos/https%3A%2F%2Fgithub.com%2Fkodin00%2Fwebhookr" "/workspace/builds/worker-6-tc1/source", kill_on_drop: false }`
[INFO] [stderr] Cloning into '/workspace/builds/worker-6-tc1/source'...
[INFO] [stderr] done.
[INFO] started tweaking git repo https://github.com/kodin00/webhookr
[INFO] finished tweaking git repo https://github.com/kodin00/webhookr
[INFO] tweaked toml for git repo https://github.com/kodin00/webhookr written to /workspace/builds/worker-6-tc1/source/Cargo.toml
[INFO] validating manifest of git repo https://github.com/kodin00/webhookr on toolchain 1.98.0-beta.8
[INFO] running `Command { std: CARGO_HOME="/workspace/cargo-home" RUSTUP_HOME="/workspace/rustup-home" "/workspace/cargo-home/bin/cargo" "+1.98.0-beta.8" "metadata" "--manifest-path" "Cargo.toml" "--no-deps", kill_on_drop: false }`
[INFO] crate git repo https://github.com/kodin00/webhookr already has a lockfile, it will not be regenerated
[INFO] running `Command { std: CARGO_HOME="/workspace/cargo-home" RUSTUP_HOME="/workspace/rustup-home" "/workspace/cargo-home/bin/cargo" "+1.98.0-beta.8" "fetch" "--manifest-path" "Cargo.toml", kill_on_drop: false }`
[INFO] [stderr]     Updating crates.io index
[INFO] [stderr]  Downloading crates ...
[INFO] [stderr]   Downloaded wasm-bindgen-macro v0.2.127
[INFO] [stderr]   Downloaded wasm-bindgen v0.2.127
[INFO] [stderr]   Downloaded wasm-bindgen-shared v0.2.127
[INFO] [stderr]   Downloaded uuid v1.24.0
[INFO] [stderr]   Downloaded wasm-bindgen-futures v0.4.77
[INFO] [stderr]   Downloaded tokio-macros v2.7.2
[INFO] [stderr]   Downloaded jni-sys-macros v0.4.1
[INFO] [stderr]   Downloaded atomic v0.6.1
[INFO] [stderr]   Downloaded jni-sys v0.4.1
[INFO] [stderr]   Downloaded bytemuck v1.25.2
[INFO] [stderr]   Downloaded strum v0.28.0
[INFO] [stderr]   Downloaded palette_math v0.7.7
[INFO] [stderr]   Downloaded castaway v0.2.4
[INFO] [stderr]   Downloaded instability v0.3.13
[INFO] [stderr]   Downloaded wasm-bindgen-macro-support v0.2.127
[INFO] [stderr]   Downloaded find-msvc-tools v0.1.10
[INFO] [stderr]   Downloaded simdutf8 v0.1.5
[INFO] [stderr]   Downloaded darling_macro v0.24.0
[INFO] [stderr]   Downloaded vtparse v0.6.2
[INFO] [stderr]   Downloaded memmem v0.1.1
[INFO] [stderr]   Downloaded filedescriptor v0.8.3
[INFO] [stderr]   Downloaded wezterm-dynamic-derive v0.1.1
[INFO] [stderr]   Downloaded wezterm-color-types v0.3.0
[INFO] [stderr]   Downloaded wezterm-dynamic v0.2.1
[INFO] [stderr]   Downloaded mac_address v1.1.8
[INFO] [stderr]   Downloaded wezterm-blob-leases v0.1.1
[INFO] [stderr]   Downloaded lab v0.11.0
[INFO] [stderr]   Downloaded phf_codegen v0.11.3
[INFO] [stderr]   Downloaded strum_macros v0.28.0
[INFO] [stderr]   Downloaded unicode-truncate v2.0.1
[INFO] [stderr]   Downloaded palette_derive v0.7.7
[INFO] [stderr]   Downloaded lru v0.18.2
[INFO] [stderr]   Downloaded ratatui-termina v0.1.0
[INFO] [stderr]   Downloaded signal-hook-mio v0.2.5
[INFO] [stderr]   Downloaded ratatui-macros v0.7.2
[INFO] [stderr]   Downloaded crossterm_winapi v0.9.1
[INFO] [stderr]   Downloaded maud_macros v0.27.0
[INFO] [stderr]   Downloaded line-clipping v0.3.8
[INFO] [stderr]   Downloaded indoc v2.0.7
[INFO] [stderr]   Downloaded semver v1.0.28
[INFO] [stderr]   Downloaded ratatui-termwiz v0.1.2
[INFO] [stderr]   Downloaded wezterm-input-types v0.1.0
[INFO] [stderr]   Downloaded csscolorparser v0.6.2
[INFO] [stderr]   Downloaded siphasher v1.0.3
[INFO] [stderr]   Downloaded termios v0.3.3
[INFO] [stderr]   Downloaded pest_derive v2.8.8
[INFO] [stderr]   Downloaded pest_generator v2.8.8
[INFO] [stderr]   Downloaded proc-macro2-diagnostics v0.10.1
[INFO] [stderr]   Downloaded libredox v0.1.19
[INFO] [stderr]   Downloaded kasuari v0.4.12
[INFO] [stderr]   Downloaded ratatui-crossterm v0.1.2
[INFO] [stderr]   Downloaded android_system_properties v0.1.6
[INFO] [stderr]   Downloaded pest_meta v2.8.8
[INFO] [stderr]   Downloaded serde_path_to_error v0.1.20
[INFO] [stderr]   Downloaded js-sys v0.3.104
[INFO] [stderr]   Downloaded jni-macros v0.22.4
[INFO] [stderr]   Downloaded darling v0.24.0
[INFO] [stderr]   Downloaded terminfo v0.9.0
[INFO] [stderr]   Downloaded signal-hook v0.3.18
[INFO] [stderr]   Downloaded maud v0.27.0
[INFO] [stderr]   Downloaded rustls-webpki v0.103.14
[INFO] [stderr]   Downloaded finl_unicode v1.4.0
[INFO] [stderr]   Downloaded ratatui v0.30.2
[INFO] [stderr]   Downloaded rand v0.8.7
[INFO] [stderr]   Downloaded wezterm-bidi v0.2.3
[INFO] [stderr]   Downloaded cc v1.4.2
[INFO] [stderr]   Downloaded unicode-segmentation v1.13.3
[INFO] [stderr]   Downloaded compact_str v0.9.1
[INFO] [stderr]   Downloaded darling_core v0.24.0
[INFO] [stderr]   Downloaded euclid v0.22.14
[INFO] [stderr]   Downloaded fancy-regex v0.11.0
[INFO] [stderr]   Downloaded termina v0.3.3
[INFO] [stderr]   Downloaded pest v2.8.8
[INFO] [stderr]   Downloaded webpki-root-certs v1.0.9
[INFO] [stderr]   Downloaded wasip2 v1.0.4+wasi-0.2.12
[INFO] [stderr]   Downloaded crossterm v0.29.0
[INFO] [stderr]   Downloaded ratatui-core v0.1.2
[INFO] [stderr]   Downloaded aho-corasick v1.1.5
[INFO] [stderr]   Downloaded jni v0.22.4
[INFO] [stderr]   Downloaded portable-atomic v1.15.0
[INFO] [stderr]   Downloaded aws-lc-rs v1.18.0
[INFO] [stderr]   Downloaded ratatui-widgets v0.3.2
[INFO] [stderr]   Downloaded unicode-width v0.2.2
[INFO] [stderr]   Downloaded chrono v0.4.45
[INFO] [stderr]   Downloaded quinn-proto v0.11.16
[INFO] [stderr]   Downloaded time v0.3.55
[INFO] [stderr]   Downloaded palette v0.7.7
[INFO] [stderr]   Downloaded simd_cesu8 v1.2.0
[INFO] [stderr]   Downloaded termwiz v0.23.3
[INFO] [stderr]   Downloaded regex-automata v0.4.18
[INFO] [stderr]   Downloaded web-sys v0.3.104
[INFO] [stderr]   Downloaded deltae v0.3.2
[INFO] [stderr]   Downloaded aws-lc-sys v0.44.0
[INFO] running `Command { std: "docker" "create" "-v" "/var/lib/crater-agent-workspace/builds/worker-6-tc1/source:/opt/rustwide/workdir:ro,Z" "-v" "/var/lib/crater-agent-workspace/builds/worker-6-tc1/target:/opt/rustwide/target:rw,Z" "-v" "/var/lib/crater-agent-workspace/cargo-home:/opt/rustwide/cargo-home:ro,Z" "-v" "/var/lib/crater-agent-workspace/rustup-home:/opt/rustwide/rustup-home:ro,Z" "-m" "1610612736" "--network" "none" "ghcr.io/rust-lang/crates-build-env/linux@sha256:8683fc1fc2eb5c9ac98e0d076ab094b2ffac7f99da555d2b6a2e27f346de2ec7" "sleep" "infinity", kill_on_drop: false }`
[INFO] [stdout] 2e69a83a9f7526bf7333a14181df3746489a26979b784a9bfeed268dd5f625db
[INFO] running `Command { std: "docker" "start" "2e69a83a9f7526bf7333a14181df3746489a26979b784a9bfeed268dd5f625db", kill_on_drop: false }`
[INFO] running `Command { std: "docker" "inspect" "2e69a83a9f7526bf7333a14181df3746489a26979b784a9bfeed268dd5f625db", kill_on_drop: false }`
[INFO] running `Command { std: "docker" "exec" "-e" "SOURCE_DIR=/opt/rustwide/workdir" "-e" "CARGO_HOME=/opt/rustwide/cargo-home" "-e" "RUSTUP_HOME=/opt/rustwide/rustup-home" "-e" "CARGO_TARGET_DIR=/opt/rustwide/target" "-w" "/opt/rustwide/workdir" "--user" "0:0" "2e69a83a9f7526bf7333a14181df3746489a26979b784a9bfeed268dd5f625db" "/opt/rustwide/cargo-home/bin/cargo" "+1.98.0-beta.8" "metadata" "--no-deps" "--format-version=1", kill_on_drop: false }`
[INFO] running `Command { std: "docker" "inspect" "2e69a83a9f7526bf7333a14181df3746489a26979b784a9bfeed268dd5f625db", kill_on_drop: false }`
[INFO] running `Command { std: "docker" "exec" "-e" "SOURCE_DIR=/opt/rustwide/workdir" "-e" "CARGO_HOME=/opt/rustwide/cargo-home" "-e" "RUSTUP_HOME=/opt/rustwide/rustup-home" "-e" "CARGO_TARGET_DIR=/opt/rustwide/target" "-e" "CARGO_INCREMENTAL=0" "-e" "RUST_BACKTRACE=full" "-e" "RUSTFLAGS=--cap-lints=warn" "-e" "RUSTDOCFLAGS=--cap-lints=warn" "-w" "/opt/rustwide/workdir" "--user" "0:0" "2e69a83a9f7526bf7333a14181df3746489a26979b784a9bfeed268dd5f625db" "/opt/rustwide/cargo-home/bin/cargo" "+1.98.0-beta.8" "build" "--frozen" "--message-format=json" "--release", kill_on_drop: false }`
[INFO] [stderr]    Compiling proc-macro2 v1.0.107
[INFO] [stderr]    Compiling quote v1.0.47
[INFO] [stderr]    Compiling unicode-ident v1.0.24
[INFO] [stderr]    Compiling libc v0.2.189
[INFO] [stderr]    Compiling cfg-if v1.0.4
[INFO] [stderr]    Compiling itoa v1.0.18
[INFO] [stderr]    Compiling log v0.4.33
[INFO] [stderr]    Compiling smallvec v1.15.2
[INFO] [stderr]    Compiling stable_deref_trait v1.2.1
[INFO] [stderr]    Compiling parking_lot_core v0.9.12
[INFO] [stderr]    Compiling find-msvc-tools v0.1.10
[INFO] [stderr]    Compiling pin-project-lite v0.2.17
[INFO] [stderr]    Compiling bytes v1.12.1
[INFO] [stderr]    Compiling scopeguard v1.2.0
[INFO] [stderr]    Compiling shlex v2.0.1
[INFO] [stderr]    Compiling lock_api v0.4.14
[INFO] [stderr]    Compiling once_cell v1.21.4
[INFO] [stderr]    Compiling version_check v0.9.5
[INFO] [stderr]    Compiling futures-core v0.3.34
[INFO] [stderr]    Compiling dunce v1.0.5
[INFO] [stderr]    Compiling fs_extra v1.3.0
[INFO] [stderr]    Compiling pkg-config v0.3.33
[INFO] [stderr]    Compiling bitflags v2.13.1
[INFO] [stderr]    Compiling tracing-core v0.1.36
[INFO] [stderr]    Compiling ryu v1.0.23
[INFO] [stderr]    Compiling heck v0.5.0
[INFO] [stderr]    Compiling syn v3.0.3
[INFO] [stderr]    Compiling syn v2.0.119
[INFO] [stderr]    Compiling equivalent v1.0.2
[INFO] [stderr]    Compiling rustversion v1.0.23
[INFO] [stderr]    Compiling allocator-api2 v0.2.21
[INFO] [stderr]    Compiling jobserver v0.1.35
[INFO] [stderr]    Compiling http v1.5.0
[INFO] [stderr]    Compiling cc v1.4.2
[INFO] [stderr]    Compiling writeable v0.6.3
[INFO] [stderr]    Compiling foldhash v0.2.0
[INFO] [stderr]    Compiling litemap v0.8.2
[INFO] [stderr]    Compiling zeroize v1.9.0
[INFO] [stderr]    Compiling futures-sink v0.3.34
[INFO] [stderr]    Compiling errno v0.3.14
[INFO] [stderr]    Compiling mio v1.2.2
[INFO] [stderr]    Compiling socket2 v0.6.5
[INFO] [stderr]    Compiling signal-hook-registry v1.4.8
[INFO] [stderr]    Compiling parking_lot v0.12.5
[INFO] [stderr]    Compiling http-body v1.1.0
[INFO] [stderr]    Compiling aws-lc-rs v1.18.0
[INFO] [stderr]    Compiling cmake v0.1.58
[INFO] [stderr]    Compiling tracing v0.1.44
[INFO] [stderr]    Compiling subtle v2.6.1
[INFO] [stderr]    Compiling strsim v0.11.1
[INFO] [stderr]    Compiling ident_case v1.0.1
[INFO] [stderr]    Compiling thiserror v2.0.20
[INFO] [stderr]    Compiling memchr v2.8.3
[INFO] [stderr]    Compiling serde_core v1.0.229
[INFO] [stderr]    Compiling percent-encoding v2.3.2
[INFO] [stderr]    Compiling icu_normalizer_data v2.2.0
[INFO] [stderr]    Compiling tower-service v0.3.3
[INFO] [stderr]    Compiling utf8_iter v1.0.4
[INFO] [stderr]    Compiling icu_properties_data v2.2.0
[INFO] [stderr]    Compiling rustls-pki-types v1.15.1
[INFO] [stderr]    Compiling generic-array v0.14.7
[INFO] [stderr]    Compiling futures-io v0.3.34
[INFO] [stderr]    Compiling either v1.17.0
[INFO] [stderr]    Compiling httparse v1.10.1
[INFO] [stderr]    Compiling aws-lc-sys v0.44.0
[INFO] [stderr]    Compiling slab v0.4.12
[INFO] [stderr]    Compiling futures-task v0.3.34
[INFO] [stderr]    Compiling itertools v0.14.0
[INFO] [stderr]    Compiling castaway v0.2.4
[INFO] [stderr]    Compiling futures-util v0.3.34
[INFO] [stderr]    Compiling hashbrown v0.17.1
[INFO] [stderr]    Compiling hashbrown v0.16.1
[INFO] [stderr]    Compiling sync_wrapper v1.0.2
[INFO] [stderr]    Compiling unicode-width v0.2.2
[INFO] [stderr]    Compiling darling_core v0.24.0
[INFO] [stderr]    Compiling typenum v1.20.1
[INFO] [stderr]    Compiling signal-hook v0.3.18
[INFO] [stderr]    Compiling synstructure v0.13.2
[INFO] [stderr]    Compiling instability v0.3.13
[INFO] [stderr]    Compiling unicode-segmentation v1.13.3
[INFO] [stderr]    Compiling tower-layer v0.3.3
[INFO] [stderr]    Compiling static_assertions v1.1.0
[INFO] [stderr]    Compiling untrusted v0.9.0
[INFO] [stderr]    Compiling try-lock v0.2.5
[INFO] [stderr]    Compiling rustls v0.23.43
[INFO] [stderr]    Compiling unicode-truncate v2.0.1
[INFO] [stderr]    Compiling displaydoc v0.2.7
[INFO] [stderr]    Compiling tokio-macros v2.7.2
[INFO] [stderr]    Compiling thiserror-impl v2.0.20
[INFO] [stderr]    Compiling want v0.3.1
[INFO] [stderr]    Compiling convert_case v0.10.0
[INFO] [stderr]    Compiling compact_str v0.9.1
[INFO] [stderr]    Compiling tokio v1.53.1
[INFO] [stderr]    Compiling zerofrom-derive v0.1.7
[INFO] [stderr]    Compiling yoke-derive v0.8.2
[INFO] [stderr]    Compiling zerovec-derive v0.11.3
[INFO] [stderr]    Compiling strum_macros v0.28.0
[INFO] [stderr]    Compiling kasuari v0.4.12
[INFO] [stderr]    Compiling lru v0.18.2
[INFO] [stderr]    Compiling zerofrom v0.1.8
[INFO] [stderr]    Compiling yoke v0.8.3
[INFO] [stderr]    Compiling zerovec v0.11.6
[INFO] [stderr]    Compiling zerotrie v0.2.4
[INFO] [stderr]    Compiling form_urlencoded v1.2.2
[INFO] [stderr]    Compiling futures-channel v0.3.34
[INFO] [stderr]    Compiling httpdate v1.0.3
[INFO] [stderr]    Compiling darling_macro v0.24.0
[INFO] [stderr]    Compiling zmij v1.0.23
[INFO] [stderr]    Compiling serde v1.0.229
[INFO] [stderr]    Compiling critical-section v1.2.0
[INFO] [stderr]    Compiling darling v0.24.0
[INFO] [stderr]    Compiling indoc v2.0.7
[INFO] [stderr]    Compiling atomic-waker v1.1.2
[INFO] [stderr]    Compiling rustix v1.1.4
[INFO] [stderr]    Compiling derive_more-impl v2.1.1
[INFO] [stderr]    Compiling tinystr v0.8.3
[INFO] [stderr]    Compiling potential_utf v0.1.5
[INFO] [stderr]    Compiling icu_collections v2.2.0
[INFO] [stderr]    Compiling icu_locale_core v2.2.0
[INFO] [stderr]    Compiling serde_derive v1.0.229
[INFO] [stderr]    Compiling http-body-util v0.1.5
[INFO] [stderr]    Compiling proc-macro2-diagnostics v0.10.1
[INFO] [stderr]    Compiling autocfg v1.5.1
[INFO] [stderr]    Compiling strum v0.28.0
[INFO] [stderr]    Compiling powerfmt v0.2.0
[INFO] [stderr]    Compiling ipnet v2.12.1
[INFO] [stderr]    Compiling ratatui-core v0.1.2
[INFO] [stderr]    Compiling num_threads v0.1.7
[INFO] [stderr]    Compiling litrs v1.0.0
[INFO] [stderr]    Compiling base64 v0.22.1
[INFO] [stderr]    Compiling icu_provider v2.2.0
[INFO] [stderr]    Compiling linux-raw-sys v0.12.1
[INFO] [stderr]    Compiling utf8parse v0.2.2
[INFO] [stderr]    Compiling time-core v0.1.9
[INFO] [stderr]    Compiling icu_properties v2.2.0
[INFO] [stderr]    Compiling icu_normalizer v2.2.0
[INFO] [stderr]    Compiling num-conv v0.2.2
[INFO] [stderr]    Compiling deranged v0.5.8
[INFO] [stderr]    Compiling serde_json v1.0.151
[INFO] [stderr]    Compiling anstyle-parse v1.0.0
[INFO] [stderr]    Compiling document-features v0.2.12
[INFO] [stderr]    Compiling idna_adapter v1.2.2
[INFO] [stderr]    Compiling idna v1.1.0
[INFO] [stderr]    Compiling num-traits v0.2.19
[INFO] [stderr]    Compiling derive_more v2.1.1
[INFO] [stderr]    Compiling signal-hook-mio v0.2.5
[INFO] [stderr]    Compiling crypto-common v0.1.7
[INFO] [stderr]    Compiling block-buffer v0.10.4
[INFO] [stderr]    Compiling time v0.3.55
[INFO] [stderr]    Compiling line-clipping v0.3.8
[INFO] [stderr]    Compiling openssl-probe v0.2.1
[INFO] [stderr]    Compiling hyper v1.11.0
[INFO] [stderr]    Compiling tower v0.5.3
[INFO] [stderr]    Compiling colorchoice v1.0.5
[INFO] [stderr]    Compiling getrandom v0.4.3
[INFO] [stderr]    Compiling is_terminal_polyfill v1.70.2
[INFO] [stderr]    Compiling mime v0.3.17
[INFO] [stderr]    Compiling anstyle-query v1.1.5
[INFO] [stderr]    Compiling anstyle v1.0.14
[INFO] [stderr]    Compiling ratatui-widgets v0.3.2
[INFO] [stderr]    Compiling serde_urlencoded v0.7.1
[INFO] [stderr]    Compiling anstream v1.0.0
[INFO] [stderr]    Compiling axum-core v0.5.6
[INFO] [stderr]    Compiling url v2.5.8
[INFO] [stderr]    Compiling rustls-native-certs v0.8.4
[INFO] [stderr]    Compiling digest v0.10.7
[INFO] [stderr]    Compiling hyper-util v0.1.20
[INFO] [stderr]    Compiling crossterm v0.29.0
[INFO] [stderr]    Compiling anyhow v1.0.104
[INFO] [stderr]    Compiling clap_lex v1.1.0
[INFO] [stderr]    Compiling option-ext v0.2.0
[INFO] [stderr]    Compiling clap_builder v4.6.6
[INFO] [stderr]    Compiling dirs-sys v0.4.1
[INFO] [stderr]    Compiling ratatui-crossterm v0.1.2
[INFO] [stderr]    Compiling maud_macros v0.27.0
[INFO] [stderr]    Compiling ratatui-macros v0.7.2
[INFO] [stderr]    Compiling tower-http v0.6.11
[INFO] [stderr]    Compiling clap_derive v4.6.4
[INFO] [stderr]    Compiling serde_path_to_error v0.1.20
[INFO] [stderr]    Compiling cpufeatures v0.2.17
[INFO] [stderr]    Compiling matchit v0.8.4
[INFO] [stderr]    Compiling iana-time-zone v0.1.65
[INFO] [stderr]    Compiling maud v0.27.0
[INFO] [stderr]    Compiling sha2 v0.10.9
[INFO] [stderr]    Compiling uuid v1.24.0
[INFO] [stderr]    Compiling chrono v0.4.45
[INFO] [stderr]    Compiling axum v0.8.9
[INFO] [stderr]    Compiling ratatui v0.30.2
[INFO] [stderr]    Compiling dirs v5.0.1
[INFO] [stderr]    Compiling hmac v0.12.1
[INFO] [stderr]    Compiling hex v0.4.3
[INFO] [stderr]    Compiling clap v4.6.6
[INFO] [stderr]    Compiling rustls-webpki v0.103.14
[INFO] [stderr]    Compiling tokio-rustls v0.26.4
[INFO] [stderr]    Compiling rustls-platform-verifier v0.7.0
[INFO] [stderr]    Compiling hyper-rustls v0.27.9
[INFO] [stderr]    Compiling reqwest v0.13.4
[INFO] [stderr]    Compiling webhookr v0.2.0 (/opt/rustwide/workdir)
[INFO] [stderr]     Finished `release` profile [optimized] target(s) in 5m 27s
[INFO] running `Command { std: "docker" "inspect" "2e69a83a9f7526bf7333a14181df3746489a26979b784a9bfeed268dd5f625db", kill_on_drop: false }`
[INFO] running `Command { std: "docker" "exec" "-e" "SOURCE_DIR=/opt/rustwide/workdir" "-e" "CARGO_HOME=/opt/rustwide/cargo-home" "-e" "RUSTUP_HOME=/opt/rustwide/rustup-home" "-e" "CARGO_TARGET_DIR=/opt/rustwide/target" "-e" "CARGO_INCREMENTAL=0" "-e" "RUST_BACKTRACE=full" "-e" "RUSTFLAGS=--cap-lints=warn" "-e" "RUSTDOCFLAGS=--cap-lints=warn" "-w" "/opt/rustwide/workdir" "--user" "0:0" "2e69a83a9f7526bf7333a14181df3746489a26979b784a9bfeed268dd5f625db" "/opt/rustwide/cargo-home/bin/cargo" "+1.98.0-beta.8" "test" "--frozen" "--no-run" "--message-format=json" "--release", kill_on_drop: false }`
[INFO] [stderr]    Compiling webhookr v0.2.0 (/opt/rustwide/workdir)
[INFO] [stderr]     Finished `release` profile [optimized] target(s) in 1m 06s
[INFO] running `Command { std: "docker" "inspect" "2e69a83a9f7526bf7333a14181df3746489a26979b784a9bfeed268dd5f625db", kill_on_drop: false }`
[INFO] running `Command { std: "docker" "exec" "-e" "SOURCE_DIR=/opt/rustwide/workdir" "-e" "CARGO_HOME=/opt/rustwide/cargo-home" "-e" "RUSTUP_HOME=/opt/rustwide/rustup-home" "-e" "CARGO_TARGET_DIR=/opt/rustwide/target" "-e" "CARGO_INCREMENTAL=0" "-e" "RUST_BACKTRACE=full" "-e" "RUSTFLAGS=--cap-lints=warn" "-e" "RUSTDOCFLAGS=--cap-lints=warn" "-w" "/opt/rustwide/workdir" "--user" "0:0" "2e69a83a9f7526bf7333a14181df3746489a26979b784a9bfeed268dd5f625db" "/opt/rustwide/cargo-home/bin/cargo" "+1.98.0-beta.8" "test" "--frozen" "--release", kill_on_drop: false }`
[INFO] [stderr]     Finished `release` profile [optimized] target(s) in 0.42s
[INFO] [stderr]      Running unittests src/main.rs (/opt/rustwide/target/release/deps/webhookr-3997319e9d4507ad)
[INFO] [stdout] 
[INFO] [stdout] running 55 tests
[INFO] [stdout] test cloudflare::tests::derives_runtime_values ... ok
[INFO] [stdout] test config::tests::clone_target_may_not_exist_yet ... ok
[INFO] [stdout] test config::tests::details_links_are_only_built_for_a_reachable_admin_ui ... ok
[INFO] [stdout] test config::tests::old_config_deserializes_with_deployment_defaults ... ok
[INFO] [stdout] test config::tests::status_reporting_never_blocks_a_deploy ... ok
[INFO] [stdout] test config::tests::status_context_must_be_a_short_single_line ... ok
[INFO] [stdout] test config::tests::git_arguments_cannot_be_read_as_flags ... ok
[INFO] [stdout] test config::tests::status_token_and_context_fall_back ... ok
[INFO] [stdout] test config::tests::web_ui_is_off_by_default ... ok
[INFO] [stdout] test cloudflare::tests::hostnames_are_normalized_and_validated ... ok
[INFO] [stdout] test config::tests::web_port_may_not_collide_with_the_webhook_port ... ok
[INFO] [stdout] test config::tests::telegram_notifications_parse_partially_and_default_off ... ok
[INFO] [stdout] test config::tests::telegram_problems_are_advisory_never_blocking ... ok
[INFO] [stdout] test config::tests::compose_file_cannot_escape_checkout ... ok
[INFO] [stdout] test executor::tests::durations_read_as_durations ... ok
[INFO] [stdout] test github::tests::a_token_in_the_remote_is_discarded_not_carried ... ok
[INFO] [stdout] test executor::tests::summary_line_skips_step_headers_and_run_banner ... ok
[INFO] [stdout] test executor::tests::read_tail_starts_on_a_line_boundary ... ok
[INFO] [stdout] test github::tests::api_errors_quote_only_the_message ... ok
[INFO] [stdout] test github::tests::descriptions_are_one_short_clean_line ... ok
[INFO] [stdout] test github::tests::api_base_splits_dotcom_from_enterprise ... ok
[INFO] [stdout] test github::tests::finds_the_pushed_commit ... ok
[INFO] [stdout] test github::tests::nothing_is_reported_for_a_deleted_branch_or_a_non_push ... ok
[INFO] [stdout] test github::tests::only_a_push_to_the_deployed_branch_names_its_commit ... ok
[INFO] [stdout] test github::tests::parses_every_remote_shape_git_accepts ... ok
[INFO] [stdout] test github::tests::remotes_with_nowhere_to_report_to_are_rejected ... ok
[INFO] [stdout] test github::tests::the_payload_names_the_repository_it_came_from ... ok
[INFO] [stdout] test telegram::tests::messages_fit_telegrams_limit_and_never_split_characters ... ok
[INFO] [stdout] test telegram::tests::chat_ids_serialize_as_numbers_or_names ... ok
[INFO] [stdout] test telegram::tests::messages_name_the_run_project_and_commit ... ok
[INFO] [stdout] test telegram::tests::the_debug_impl_never_carries_the_token ... ok
[INFO] [stdout] test telegram::tests::transport_errors_are_redacted ... ok
[INFO] [stderr] hint: Using 'master' as the name for the initial branch. This default branch name
[INFO] [stderr] hint: will change to "main" in Git 3.0. To configure the initial branch name
[INFO] [stderr] hint: to use in all of your new repositories, which will suppress this warning,
[INFO] [stderr] hint: call:
[INFO] [stderr] hint:
[INFO] [stderr] hint: 	git config --global init.defaultBranch <name>
[INFO] [stderr] hint:
[INFO] [stderr] hint: Names commonly chosen instead of 'master' are 'main', 'trunk' and
[INFO] [stderr] hint: 'development'. The just-created branch can be renamed via this command:
[INFO] [stderr] hint:
[INFO] [stderr] hint: 	git branch -m <name>
[INFO] [stderr] hint:
[INFO] [stderr] hint: Disable this message with "git config set advice.defaultBranchName false"
[INFO] [stdout] Initialized empty Git repository in /tmp/webhookr-executor-9c5622cd8448401f8f600d39951e566f/remote.git/
[INFO] [stdout] Initialized empty Git repository in /tmp/webhookr-executor-9c5622cd8448401f8f600d39951e566f/seed/.git/
[INFO] [stdout] [main (root-commit) 74a1e0e] initial
[INFO] [stdout]  1 file changed, 1 insertion(+)
[INFO] [stdout]  create mode 100644 version.txt
[INFO] [stdout] test github::tests::a_rejected_status_explains_itself_without_the_token ... ok
[INFO] [stdout] test github::tests::sends_the_request_the_statuses_api_expects ... ok
[INFO] [stdout] test tui::tests::menu_marks_are_unique_ascii ... ok
[INFO] [stdout] test telegram::tests::sends_the_request_the_sendmessage_api_expects ... ok
[INFO] [stdout] test update::tests::finds_the_checksum_for_an_asset ... ok
[INFO] [stdout] test update::tests::an_unwritable_install_dir_explains_itself ... FAILED
[INFO] [stdout] test telegram::tests::transport_errors_do_not_leak_the_token ... ok
[INFO] [stdout] test update::tests::a_local_build_never_matches_a_release ... ok
[INFO] [stdout] test update::tests::the_download_url_points_at_the_rolling_release ... ok
[INFO] [stdout] test update::tests::reads_the_published_version_asset ... ok
[INFO] [stdout] test web::forms::tests::a_stored_status_token_survives_an_edit_unless_cleared ... ok
[INFO] [stdout] test web::forms::tests::derives_slug_and_secret_on_create ... ok
[INFO] [stdout] test telegram::tests::a_rejected_message_explains_itself_without_the_token ... ok
[INFO] [stdout] test web::forms::tests::edit_keeps_id_and_secret ... ok
[INFO] [stdout] test update::tests::the_running_build_identifies_itself ... ok
[INFO] [stdout] test web::forms::tests::invalid_input_is_rejected ... ok
[INFO] [stdout] test update::tests::only_published_platforms_can_self_update ... ok
[INFO] [stdout] test web::forms::tests::round_trips_through_from_project ... ok
[INFO] [stdout] test web::routes::settings::tests::a_stored_bot_token_survives_a_save_unless_cleared ... ok
[INFO] [stdout] test update::tests::swaps_the_binary_by_rename_and_makes_it_executable ... ok
[INFO] [stdout] branch 'main' set up to track 'origin/main'.
[INFO] [stderr] To /tmp/webhookr-executor-9c5622cd8448401f8f600d39951e566f/remote.git
[INFO] [stderr]  * [new branch]      main -> main
[INFO] [stdout] [main 3eb9a1d] update
[INFO] [stdout]  1 file changed, 1 insertion(+), 1 deletion(-)
[INFO] [stderr] To /tmp/webhookr-executor-9c5622cd8448401f8f600d39951e566f/remote.git
[INFO] [stderr]    74a1e0e..3eb9a1d  main -> main
[INFO] [stdout] test executor::tests::clones_missing_checkout_and_fast_forwards_existing_checkout ... ok
[INFO] [stdout] test executor::tests::a_dead_github_does_not_fail_the_deploy ... ok
[INFO] [stdout] test executor::tests::a_dead_telegram_does_not_fail_the_deploy ... ok
[INFO] [stdout] 
[INFO] [stdout] failures:
[INFO] [stdout] 
[INFO] [stdout] ---- update::tests::an_unwritable_install_dir_explains_itself stdout ----
[INFO] [stdout] 
[INFO] [stdout] thread 'update::tests::an_unwritable_install_dir_explains_itself' (4161) panicked at src/update.rs:394:14:
[INFO] [stdout] a read-only directory cannot be written to: ()
[INFO] [stdout] stack backtrace:
[INFO] [stdout]    0:     0x5e4dec328f85 - <unknown>
[INFO] [stdout]    1:     0x5e4dec1dc71a - <unknown>
[INFO] [stdout]    2:     0x5e4dec3285fb - <unknown>
[INFO] [stdout]    3:     0x5e4dec3280ff - <unknown>
[INFO] [stdout]    4:     0x5e4dec327d2a - <unknown>
[INFO] [stdout]    5:     0x5e4dec327891 - <unknown>
[INFO] [stdout]    6:     0x5e4dec3503f1 - <unknown>
[INFO] [stdout]    7:     0x5e4dec3503a9 - <unknown>
[INFO] [stdout]    8:     0x5e4dec3508ac - <unknown>
[INFO] [stdout]    9:     0x5e4dec1dc5ab - <unknown>
[INFO] [stdout]   10:     0x5e4dec1e0c91 - <unknown>
[INFO] [stdout]   11:     0x5e4dec430ae0 - <unknown>
[INFO] [stdout]   12:     0x5e4dec36e94b - <unknown>
[INFO] [stdout]   13:     0x5e4dec36a511 - <unknown>
[INFO] [stdout]   14:     0x5e4dec369c5c - <unknown>
[INFO] [stdout]   15:     0x5e4dec38431c - <unknown>
[INFO] [stdout]   16:     0x5e4dec351d79 - <unknown>
[INFO] [stdout]   17:     0x76c35c93a07a - <unknown>
[INFO] [stdout]   18:     0x76c35c9cd534 - clone
[INFO] [stdout]   19:                0x0 - <unknown>
[INFO] [stdout] 
[INFO] [stdout] 
[INFO] [stdout] failures:
[INFO] [stdout]     update::tests::an_unwritable_install_dir_explains_itself
[INFO] [stdout] 
[INFO] [stdout] test result: FAILED. 54 passed; 1 failed; 0 ignored; 0 measured; 0 filtered out; finished in 1.14s
[INFO] [stdout] 
[INFO] [stderr] error: test failed, to rerun pass `--bin webhookr`
[INFO] running `Command { std: "docker" "inspect" "2e69a83a9f7526bf7333a14181df3746489a26979b784a9bfeed268dd5f625db", kill_on_drop: false }`
[INFO] running `Command { std: "docker" "rm" "-f" "2e69a83a9f7526bf7333a14181df3746489a26979b784a9bfeed268dd5f625db", kill_on_drop: false }`
[INFO] [stdout] 2e69a83a9f7526bf7333a14181df3746489a26979b784a9bfeed268dd5f625db
