[INFO] cloning repository https://github.com/knightmax/g-p-source
[INFO] running `Command { std: "git" "-c" "credential.helper=" "-c" "credential.helper=/workspace/cargo-home/bin/git-credential-null" "clone" "--bare" "https://github.com/knightmax/g-p-source" "/workspace/cache/git-repos/https%3A%2F%2Fgithub.com%2Fknightmax%2Fg-p-source", kill_on_drop: false }`
[INFO] [stderr] Cloning into bare repository '/workspace/cache/git-repos/https%3A%2F%2Fgithub.com%2Fknightmax%2Fg-p-source'...
[INFO] running `Command { std: "git" "rev-parse" "HEAD", kill_on_drop: false }`
[INFO] [stdout] a6cb805ae400fa5feefaf3344db23ca7eebfc791
[INFO] testing knightmax/g-p-source against 1.98.0-beta.8+cargoflags=--release for beta-release-1.99-2
[INFO] running `Command { std: "git" "clone" "/workspace/cache/git-repos/https%3A%2F%2Fgithub.com%2Fknightmax%2Fg-p-source" "/workspace/builds/worker-3-tc1/source", kill_on_drop: false }`
[INFO] [stderr] Cloning into '/workspace/builds/worker-3-tc1/source'...
[INFO] [stderr] done.
[INFO] started tweaking git repo https://github.com/knightmax/g-p-source
[INFO] finished tweaking git repo https://github.com/knightmax/g-p-source
[INFO] tweaked toml for git repo https://github.com/knightmax/g-p-source written to /workspace/builds/worker-3-tc1/source/Cargo.toml
[INFO] validating manifest of git repo https://github.com/knightmax/g-p-source on toolchain 1.98.0-beta.8
[INFO] running `Command { std: CARGO_HOME="/workspace/cargo-home" RUSTUP_HOME="/workspace/rustup-home" "/workspace/cargo-home/bin/cargo" "+1.98.0-beta.8" "metadata" "--manifest-path" "Cargo.toml" "--no-deps", kill_on_drop: false }`
[INFO] crate git repo https://github.com/knightmax/g-p-source already has a lockfile, it will not be regenerated
[INFO] running `Command { std: CARGO_HOME="/workspace/cargo-home" RUSTUP_HOME="/workspace/rustup-home" "/workspace/cargo-home/bin/cargo" "+1.98.0-beta.8" "fetch" "--manifest-path" "Cargo.toml", kill_on_drop: false }`
[INFO] [stderr]     Updating crates.io index
[INFO] [stderr]  Downloading crates ...
[INFO] [stderr]   Downloaded file-id v0.2.3
[INFO] [stderr]   Downloaded libredox v0.1.15
[INFO] [stderr]   Downloaded jsonrpsee-types v0.24.10
[INFO] [stderr]   Downloaded route-recognizer v0.3.1
[INFO] [stderr]   Downloaded jsonrpsee v0.24.10
[INFO] [stderr]   Downloaded jsonrpsee-http-client v0.24.10
[INFO] [stderr]   Downloaded notify-debouncer-full v0.3.2
[INFO] [stderr]   Downloaded kqueue-sys v1.0.4
[INFO] [stderr]   Downloaded redox_syscall v0.7.3
[INFO] [stderr]   Downloaded toml_datetime v1.1.0+spec-1.1.0
[INFO] [stderr]   Downloaded jsonrpsee-proc-macros v0.24.10
[INFO] [stderr]   Downloaded soketto v0.8.1
[INFO] [stderr]   Downloaded jsonrpsee-core v0.24.10
[INFO] [stderr]   Downloaded jsonrpsee-server v0.24.10
[INFO] [stderr]   Downloaded toml_edit v0.25.8+spec-1.1.0
[INFO] [stderr]   Downloaded rustls-webpki v0.103.10
[INFO] [stderr]   Downloaded cc v1.2.59
[INFO] [stderr]   Downloaded tree-sitter-python v0.25.0
[INFO] [stderr]   Downloaded tree-sitter-java v0.23.5
[INFO] [stderr]   Downloaded indexmap v2.13.1
[INFO] [stderr]   Downloaded blake3 v1.8.4
[INFO] [stderr]   Downloaded tree-sitter-rust v0.24.2
[INFO] [stderr]   Downloaded rustls v0.23.37
[INFO] [stderr]   Downloaded sled v0.34.7
[INFO] [stderr]   Downloaded libc v0.2.184
[INFO] [stderr]   Downloaded tree-sitter-typescript v0.23.2
[INFO] [stderr]   Downloaded tokio v1.51.0
[INFO] [stderr]   Downloaded tree-sitter-c-sharp v0.23.1
[INFO] running `Command { std: "docker" "create" "-v" "/var/lib/crater-agent-workspace/builds/worker-3-tc1/source:/opt/rustwide/workdir:ro,Z" "-v" "/var/lib/crater-agent-workspace/builds/worker-3-tc1/target:/opt/rustwide/target:rw,Z" "-v" "/var/lib/crater-agent-workspace/cargo-home:/opt/rustwide/cargo-home:ro,Z" "-v" "/var/lib/crater-agent-workspace/rustup-home:/opt/rustwide/rustup-home:ro,Z" "-m" "1610612736" "--network" "none" "ghcr.io/rust-lang/crates-build-env/linux@sha256:8683fc1fc2eb5c9ac98e0d076ab094b2ffac7f99da555d2b6a2e27f346de2ec7" "sleep" "infinity", kill_on_drop: false }`
[INFO] [stdout] ec6cbc570b0762eefc5f26c5b0f5748ad2a0525bdd001c1273e60a017eebec0c
[INFO] running `Command { std: "docker" "start" "ec6cbc570b0762eefc5f26c5b0f5748ad2a0525bdd001c1273e60a017eebec0c", kill_on_drop: false }`
[INFO] running `Command { std: "docker" "inspect" "ec6cbc570b0762eefc5f26c5b0f5748ad2a0525bdd001c1273e60a017eebec0c", kill_on_drop: false }`
[INFO] running `Command { std: "docker" "exec" "-e" "SOURCE_DIR=/opt/rustwide/workdir" "-e" "CARGO_HOME=/opt/rustwide/cargo-home" "-e" "RUSTUP_HOME=/opt/rustwide/rustup-home" "-e" "CARGO_TARGET_DIR=/opt/rustwide/target" "-w" "/opt/rustwide/workdir" "--user" "0:0" "ec6cbc570b0762eefc5f26c5b0f5748ad2a0525bdd001c1273e60a017eebec0c" "/opt/rustwide/cargo-home/bin/cargo" "+1.98.0-beta.8" "metadata" "--no-deps" "--format-version=1", kill_on_drop: false }`
[INFO] running `Command { std: "docker" "inspect" "ec6cbc570b0762eefc5f26c5b0f5748ad2a0525bdd001c1273e60a017eebec0c", kill_on_drop: false }`
[INFO] running `Command { std: "docker" "exec" "-e" "SOURCE_DIR=/opt/rustwide/workdir" "-e" "CARGO_HOME=/opt/rustwide/cargo-home" "-e" "RUSTUP_HOME=/opt/rustwide/rustup-home" "-e" "CARGO_TARGET_DIR=/opt/rustwide/target" "-e" "CARGO_INCREMENTAL=0" "-e" "RUST_BACKTRACE=full" "-e" "RUSTFLAGS=--cap-lints=warn" "-e" "RUSTDOCFLAGS=--cap-lints=warn" "-w" "/opt/rustwide/workdir" "--user" "0:0" "ec6cbc570b0762eefc5f26c5b0f5748ad2a0525bdd001c1273e60a017eebec0c" "/opt/rustwide/cargo-home/bin/cargo" "+1.98.0-beta.8" "build" "--frozen" "--message-format=json" "--release", kill_on_drop: false }`
[INFO] [stderr]    Compiling libc v0.2.184
[INFO] [stderr]    Compiling futures-core v0.3.32
[INFO] [stderr]    Compiling cc v1.2.59
[INFO] [stderr]    Compiling futures-io v0.3.32
[INFO] [stderr]    Compiling tree-sitter-language v0.1.7
[INFO] [stderr]    Compiling futures-task v0.3.32
[INFO] [stderr]    Compiling hashbrown v0.16.1
[INFO] [stderr]    Compiling rustls-pki-types v1.14.0
[INFO] [stderr]    Compiling tracing v0.1.44
[INFO] [stderr]    Compiling ppv-lite86 v0.2.21
[INFO] [stderr]    Compiling thiserror v1.0.69
[INFO] [stderr]    Compiling serde_json v1.0.149
[INFO] [stderr]    Compiling rustls v0.23.37
[INFO] [stderr]    Compiling serde v1.0.228
[INFO] [stderr]    Compiling thiserror-impl v1.0.69
[INFO] [stderr]    Compiling futures-channel v0.3.32
[INFO] [stderr]    Compiling serde_core v1.0.228
[INFO] [stderr]    Compiling crypto-common v0.1.7
[INFO] [stderr]    Compiling pin-project-internal v1.1.11
[INFO] [stderr]    Compiling zmij v1.0.21
[INFO] [stderr]    Compiling regex-syntax v0.8.10
[INFO] [stderr]    Compiling winnow v1.0.0
[INFO] [stderr]    Compiling digest v0.10.7
[INFO] [stderr]    Compiling futures-util v0.3.32
[INFO] [stderr]    Compiling idna_adapter v1.2.1
[INFO] [stderr]    Compiling http-body-util v0.1.3
[INFO] [stderr]    Compiling async-trait v0.1.89
[INFO] [stderr]    Compiling rustc-hash v2.1.2
[INFO] [stderr]    Compiling indexmap v2.13.1
[INFO] [stderr]    Compiling openssl-probe v0.2.1
[INFO] [stderr]    Compiling toml_datetime v1.1.0+spec-1.1.0
[INFO] [stderr]    Compiling parking_lot_core v0.8.6
[INFO] [stderr]    Compiling memchr v2.8.0
[INFO] [stderr]    Compiling itoa v1.0.18
[INFO] [stderr]    Compiling sha1 v0.10.6
[INFO] [stderr]    Compiling rustls-native-certs v0.8.3
[INFO] [stderr]    Compiling idna v1.1.0
[INFO] [stderr]    Compiling getrandom v0.2.17
[INFO] [stderr]    Compiling parking_lot_core v0.9.12
[INFO] [stderr]    Compiling errno v0.3.14
[INFO] [stderr]    Compiling signal-hook-registry v1.4.8
[INFO] [stderr]    Compiling mio v1.2.0
[INFO] [stderr]    Compiling socket2 v0.6.3
[INFO] [stderr]    Compiling rand_core v0.6.4
[INFO] [stderr]    Compiling parking_lot v0.12.5
[INFO] [stderr]    Compiling ring v0.17.14
[INFO] [stderr]    Compiling rand_chacha v0.3.1
[INFO] [stderr]    Compiling toml_parser v1.1.2+spec-1.1.0
[INFO] [stderr]    Compiling jsonrpsee-types v0.24.10
[INFO] [stderr]    Compiling pin-project v1.1.11
[INFO] [stderr]    Compiling inotify-sys v0.1.5
[INFO] [stderr]    Compiling instant v0.1.13
[INFO] [stderr]    Compiling same-file v1.0.6
[INFO] [stderr]    Compiling inotify v0.9.6
[INFO] [stderr]    Compiling tokio v1.51.0
[INFO] [stderr]    Compiling rand v0.8.5
[INFO] [stderr]    Compiling walkdir v2.5.0
[INFO] [stderr]    Compiling toml_edit v0.25.8+spec-1.1.0
[INFO] [stderr]    Compiling url v2.5.8
[INFO] [stderr]    Compiling tree-sitter-typescript v0.23.2
[INFO] [stderr]    Compiling tree-sitter-c-sharp v0.23.1
[INFO] [stderr]    Compiling tree-sitter-python v0.25.0
[INFO] [stderr]    Compiling tree-sitter-rust v0.24.2
[INFO] [stderr]    Compiling tree-sitter-java v0.23.5
[INFO] [stderr]    Compiling blake3 v1.8.4
[INFO] [stderr]    Compiling filetime v0.2.27
[INFO] [stderr]    Compiling mio v0.8.11
[INFO] [stderr]    Compiling crossbeam-channel v0.5.15
[INFO] [stderr]    Compiling byteorder v1.5.0
[INFO] [stderr]    Compiling route-recognizer v0.3.1
[INFO] [stderr]    Compiling dirs-sys v0.4.1
[INFO] [stderr]    Compiling proc-macro-crate v3.5.0
[INFO] [stderr]    Compiling regex-automata v0.4.14
[INFO] [stderr]    Compiling fxhash v0.2.1
[INFO] [stderr]    Compiling notify v6.1.1
[INFO] [stderr]    Compiling jsonrpsee-proc-macros v0.24.10
[INFO] [stderr]    Compiling parking_lot v0.11.2
[INFO] [stderr]    Compiling fs2 v0.4.3
[INFO] [stderr]    Compiling clap_derive v4.6.0
[INFO] [stderr]    Compiling crossbeam-epoch v0.9.18
[INFO] [stderr]    Compiling constant_time_eq v0.4.2
[INFO] [stderr]    Compiling tower v0.4.13
[INFO] [stderr]    Compiling futures v0.3.32
[INFO] [stderr]    Compiling tree-sitter v0.25.10
[INFO] [stderr]    Compiling soketto v0.8.1
[INFO] [stderr]    Compiling arrayref v0.3.9
[INFO] [stderr]    Compiling streaming-iterator v0.1.9
[INFO] [stderr]    Compiling file-id v0.2.3
[INFO] [stderr]    Compiling arrayvec v0.7.6
[INFO] [stderr]    Compiling bitflags v2.11.0
[INFO] [stderr]    Compiling tower-http v0.6.8
[INFO] [stderr]    Compiling notify-debouncer-full v0.3.2
[INFO] [stderr]    Compiling sled v0.34.7
[INFO] [stderr]    Compiling dirs v5.0.1
[INFO] [stderr]    Compiling num_cpus v1.17.0
[INFO] [stderr]    Compiling clap v4.6.0
[INFO] [stderr]    Compiling bincode v1.3.3
[INFO] [stderr]    Compiling tower v0.5.3
[INFO] [stderr]    Compiling regex v1.12.3
[INFO] [stderr]    Compiling matchers v0.2.0
[INFO] [stderr]    Compiling tracing-subscriber v0.3.23
[INFO] [stderr]    Compiling tokio-util v0.7.18
[INFO] [stderr]    Compiling jsonrpsee-core v0.24.10
[INFO] [stderr]    Compiling h2 v0.4.13
[INFO] [stderr]    Compiling tokio-stream v0.1.18
[INFO] [stderr]    Compiling rustls-webpki v0.103.10
[INFO] [stderr]    Compiling hyper v1.9.0
[INFO] [stderr]    Compiling hyper-util v0.1.20
[INFO] [stderr]    Compiling tokio-rustls v0.26.4
[INFO] [stderr]    Compiling hyper-rustls v0.27.7
[INFO] [stderr]    Compiling jsonrpsee-server v0.24.10
[INFO] [stderr]    Compiling rustls-platform-verifier v0.5.3
[INFO] [stderr]    Compiling jsonrpsee-http-client v0.24.10
[INFO] [stderr]    Compiling jsonrpsee v0.24.10
[INFO] [stderr]    Compiling g-p-source v0.3.0 (/opt/rustwide/workdir)
[INFO] [stderr]     Finished `release` profile [optimized] target(s) in 2m 52s
[INFO] running `Command { std: "docker" "inspect" "ec6cbc570b0762eefc5f26c5b0f5748ad2a0525bdd001c1273e60a017eebec0c", kill_on_drop: false }`
[INFO] running `Command { std: "docker" "exec" "-e" "SOURCE_DIR=/opt/rustwide/workdir" "-e" "CARGO_HOME=/opt/rustwide/cargo-home" "-e" "RUSTUP_HOME=/opt/rustwide/rustup-home" "-e" "CARGO_TARGET_DIR=/opt/rustwide/target" "-e" "CARGO_INCREMENTAL=0" "-e" "RUST_BACKTRACE=full" "-e" "RUSTFLAGS=--cap-lints=warn" "-e" "RUSTDOCFLAGS=--cap-lints=warn" "-w" "/opt/rustwide/workdir" "--user" "0:0" "ec6cbc570b0762eefc5f26c5b0f5748ad2a0525bdd001c1273e60a017eebec0c" "/opt/rustwide/cargo-home/bin/cargo" "+1.98.0-beta.8" "test" "--frozen" "--no-run" "--message-format=json" "--release", kill_on_drop: false }`
[INFO] [stderr]    Compiling bitflags v2.11.0
[INFO] [stderr]    Compiling getrandom v0.4.2
[INFO] [stderr]    Compiling tower-http v0.6.8
[INFO] [stderr]    Compiling rustix v1.1.4
[INFO] [stderr]    Compiling g-p-source v0.3.0 (/opt/rustwide/workdir)
[INFO] [stderr]    Compiling tempfile v3.27.0
[INFO] [stderr]     Finished `release` profile [optimized] target(s) in 1m 05s
[INFO] running `Command { std: "docker" "inspect" "ec6cbc570b0762eefc5f26c5b0f5748ad2a0525bdd001c1273e60a017eebec0c", kill_on_drop: false }`
[INFO] running `Command { std: "docker" "exec" "-e" "SOURCE_DIR=/opt/rustwide/workdir" "-e" "CARGO_HOME=/opt/rustwide/cargo-home" "-e" "RUSTUP_HOME=/opt/rustwide/rustup-home" "-e" "CARGO_TARGET_DIR=/opt/rustwide/target" "-e" "CARGO_INCREMENTAL=0" "-e" "RUST_BACKTRACE=full" "-e" "RUSTFLAGS=--cap-lints=warn" "-e" "RUSTDOCFLAGS=--cap-lints=warn" "-w" "/opt/rustwide/workdir" "--user" "0:0" "ec6cbc570b0762eefc5f26c5b0f5748ad2a0525bdd001c1273e60a017eebec0c" "/opt/rustwide/cargo-home/bin/cargo" "+1.98.0-beta.8" "test" "--frozen" "--release", kill_on_drop: false }`
[INFO] [stderr]     Finished `release` profile [optimized] target(s) in 0.31s
[INFO] [stderr]      Running unittests src/lib.rs (/opt/rustwide/target/release/deps/g_p_source-83ecf77b78790440)
[INFO] [stdout] 
[INFO] [stdout] running 5 tests
[INFO] [stdout] test sensitive::tests::allows_normal_files ... ok
[INFO] [stdout] test sensitive::tests::detects_key_files ... ok
[INFO] [stdout] test sensitive::tests::detects_credential_files ... ok
[INFO] [stdout] test sensitive::tests::detects_env_files ... ok
[INFO] [stdout] test sensitive::tests::detects_ssh_keys ... ok
[INFO] [stdout] 
[INFO] [stdout] test result: ok. 5 passed; 0 failed; 0 ignored; 0 measured; 0 filtered out; finished in 0.00s
[INFO] [stdout] 
[INFO] [stderr]      Running unittests src/main.rs (/opt/rustwide/target/release/deps/gpsource-c00de9ed1f94b794)
[INFO] [stdout] 
[INFO] [stdout] running 5 tests
[INFO] [stdout] test sensitive::tests::allows_normal_files ... ok
[INFO] [stdout] test sensitive::tests::detects_credential_files ... ok
[INFO] [stdout] test sensitive::tests::detects_key_files ... ok
[INFO] [stdout] test sensitive::tests::detects_ssh_keys ... ok
[INFO] [stdout] test sensitive::tests::detects_env_files ... ok
[INFO] [stdout] 
[INFO] [stdout] test result: ok. 5 passed; 0 failed; 0 ignored; 0 measured; 0 filtered out; finished in 0.09s
[INFO] [stdout] 
[INFO] [stderr]      Running tests/benchmarks.rs (/opt/rustwide/target/release/deps/benchmarks-4936bfb51c0773d9)
[INFO] [stdout] 
[INFO] [stdout] running 2 tests
[INFO] [stdout] test tests::bench_symbols_in_file_latency ... ok
[INFO] [stdout] test tests::bench_locate_query_latency has been running for over 60 seconds
[INFO] [stdout] test tests::bench_locate_query_latency ... FAILED
[INFO] [stdout] 
[INFO] [stdout] failures:
[INFO] [stdout] 
[INFO] [stdout] ---- tests::bench_locate_query_latency stdout ----
[INFO] [stdout] locate(pkg.module.Symbol0            ) avg = 3.899µs (total 389.94µs / 100 iterations)
[INFO] [stdout] locate(pkg.module.Symbol250000       ) avg = 1.56µs (total 156.05µs / 100 iterations)
[INFO] [stdout] locate(pkg.module.Symbol499999       ) avg = 833ns (total 83.33µs / 100 iterations)
[INFO] [stdout] locate(nonexistent                   ) avg = 419.76243ms (total 41.97624305s / 100 iterations)
[INFO] [stdout] 
[INFO] [stdout] thread 'tests::bench_locate_query_latency' (3194) panicked at tests/benchmarks.rs:69:13:
[INFO] [stdout] locate query too slow: 419.76243ms
[INFO] [stdout] stack backtrace:
[INFO] [stdout]    0:     0x5cb30ef5e5d1 - <<std[97b98282bc616a66]::sys::backtrace::BacktraceLock>::print::DisplayBacktrace as core[832e9a552fc17241]::fmt::Display>::fmt
[INFO] [stdout]    1:     0x5cb30ef74a9a - core[832e9a552fc17241]::fmt::write
[INFO] [stdout]    2:     0x5cb30ef6346c - <alloc[3ecab9f82c41dc7d]::vec::Vec<u8> as std[97b98282bc616a66]::io::Write>::write_fmt
[INFO] [stdout]    3:     0x5cb30ef39eb6 - std[97b98282bc616a66]::panicking::default_hook::{closure#0}
[INFO] [stdout]    4:     0x5cb30ef55549 - std[97b98282bc616a66]::panicking::default_hook
[INFO] [stdout]    5:     0x5cb30ee4dd20 - test[39766f3d73431624]::test_main_inner::<test[39766f3d73431624]::test_main_static::{closure#0}>::{closure#0}
[INFO] [stdout]    6:     0x5cb30ef55702 - std[97b98282bc616a66]::panicking::panic_with_hook
[INFO] [stdout]    7:     0x5cb30ef39f62 - std[97b98282bc616a66]::panicking::panic_handler::{closure#0}
[INFO] [stdout]    8:     0x5cb30ef310c9 - std[97b98282bc616a66]::sys::backtrace::__rust_end_short_backtrace::<std[97b98282bc616a66]::panicking::panic_handler::{closure#0}, !>
[INFO] [stdout]    9:     0x5cb30ef3ad5d - __rustc[e3d8617bb01b7f69]::rust_begin_unwind
[INFO] [stdout]   10:     0x5cb30ef751cc - core[832e9a552fc17241]::panicking::panic_fmt
[INFO] [stdout]   11:     0x5cb30ee3dfdc - benchmarks[b68c709cb5a9f30a]::tests::bench_locate_query_latency
[INFO] [stdout]   12:     0x5cb30ee3c4c9 - <benchmarks[b68c709cb5a9f30a]::tests::bench_locate_query_latency::{closure#0} as core[832e9a552fc17241]::ops::function::FnOnce<()>>::call_once
[INFO] [stdout]   13:     0x5cb30ee4105b - test[39766f3d73431624]::__rust_begin_short_backtrace::<core[832e9a552fc17241]::result::Result<(), alloc[3ecab9f82c41dc7d]::string::String>, fn() -> core[832e9a552fc17241]::result::Result<(), alloc[3ecab9f82c41dc7d]::string::String>>
[INFO] [stdout]   14:     0x5cb30ee4e6a5 - test[39766f3d73431624]::run_test::{closure#0}
[INFO] [stdout]   15:     0x5cb30ee49154 - std[97b98282bc616a66]::sys::backtrace::__rust_begin_short_backtrace::<test[39766f3d73431624]::run_test::{closure#1}, ()>
[INFO] [stdout]   16:     0x5cb30ee517f2 - <std[97b98282bc616a66]::thread::lifecycle::spawn_unchecked<test[39766f3d73431624]::run_test::{closure#1}, ()>::{closure#1} as core[832e9a552fc17241]::ops::function::FnOnce<()>>::call_once::{shim:vtable#0}
[INFO] [stdout]   17:     0x5cb30ef5dd7f - <std[97b98282bc616a66]::sys::thread::unix::Thread>::new::thread_start
[INFO] [stdout]   18:     0x77f42499e07a - <unknown>
[INFO] [stdout]   19:     0x77f424a31534 - clone
[INFO] [stdout]   20:                0x0 - <unknown>
[INFO] [stdout] 
[INFO] [stdout] 
[INFO] [stdout] failures:
[INFO] [stdout]     tests::bench_locate_query_latency
[INFO] [stdout] 
[INFO] [stdout] test result: FAILED. 1 passed; 1 failed; 0 ignored; 0 measured; 0 filtered out; finished in 61.41s
[INFO] [stdout] 
[INFO] [stderr] error: test failed, to rerun pass `--test benchmarks`
[INFO] running `Command { std: "docker" "inspect" "ec6cbc570b0762eefc5f26c5b0f5748ad2a0525bdd001c1273e60a017eebec0c", kill_on_drop: false }`
[INFO] running `Command { std: "docker" "rm" "-f" "ec6cbc570b0762eefc5f26c5b0f5748ad2a0525bdd001c1273e60a017eebec0c", kill_on_drop: false }`
[INFO] [stdout] ec6cbc570b0762eefc5f26c5b0f5748ad2a0525bdd001c1273e60a017eebec0c
