[INFO] cloning repository https://github.com/kmind-git/fix-cli
[INFO] running `Command { std: "git" "-c" "credential.helper=" "-c" "credential.helper=/workspace/cargo-home/bin/git-credential-null" "clone" "--bare" "https://github.com/kmind-git/fix-cli" "/workspace/cache/git-repos/https%3A%2F%2Fgithub.com%2Fkmind-git%2Ffix-cli", kill_on_drop: false }`
[INFO] [stderr] Cloning into bare repository '/workspace/cache/git-repos/https%3A%2F%2Fgithub.com%2Fkmind-git%2Ffix-cli'...
[INFO] running `Command { std: "git" "rev-parse" "HEAD", kill_on_drop: false }`
[INFO] [stdout] 17ff2f55b3826df8f5c11fa32ebaf6db3f913cb3
[INFO] testing kmind-git/fix-cli against 1.99.0-beta.1+cargoflags=--release for beta-release-1.99-2
[INFO] running `Command { std: "git" "clone" "/workspace/cache/git-repos/https%3A%2F%2Fgithub.com%2Fkmind-git%2Ffix-cli" "/workspace/builds/worker-5-tc2/source", kill_on_drop: false }`
[INFO] [stderr] Cloning into '/workspace/builds/worker-5-tc2/source'...
[INFO] [stderr] done.
[INFO] removed /workspace/builds/worker-5-tc2/source/rust-toolchain.toml
[INFO] started tweaking git repo https://github.com/kmind-git/fix-cli
[INFO] finished tweaking git repo https://github.com/kmind-git/fix-cli
[INFO] tweaked toml for git repo https://github.com/kmind-git/fix-cli written to /workspace/builds/worker-5-tc2/source/Cargo.toml
[INFO] validating manifest of git repo https://github.com/kmind-git/fix-cli on toolchain 1.99.0-beta.1
[INFO] running `Command { std: CARGO_HOME="/workspace/cargo-home" RUSTUP_HOME="/workspace/rustup-home" "/workspace/cargo-home/bin/cargo" "+1.99.0-beta.1" "metadata" "--manifest-path" "Cargo.toml" "--no-deps", kill_on_drop: false }`
[INFO] crate git repo https://github.com/kmind-git/fix-cli already has a lockfile, it will not be regenerated
[INFO] running `Command { std: CARGO_HOME="/workspace/cargo-home" RUSTUP_HOME="/workspace/rustup-home" "/workspace/cargo-home/bin/cargo" "+1.99.0-beta.1" "fetch" "--manifest-path" "Cargo.toml", kill_on_drop: false }`
[INFO] running `Command { std: "docker" "create" "-v" "/var/lib/crater-agent-workspace/builds/worker-5-tc2/source:/opt/rustwide/workdir:ro,Z" "-v" "/var/lib/crater-agent-workspace/builds/worker-5-tc2/target:/opt/rustwide/target:rw,Z" "-v" "/var/lib/crater-agent-workspace/cargo-home:/opt/rustwide/cargo-home:ro,Z" "-v" "/var/lib/crater-agent-workspace/rustup-home:/opt/rustwide/rustup-home:ro,Z" "-m" "1610612736" "--network" "none" "ghcr.io/rust-lang/crates-build-env/linux@sha256:8683fc1fc2eb5c9ac98e0d076ab094b2ffac7f99da555d2b6a2e27f346de2ec7" "sleep" "infinity", kill_on_drop: false }`
[INFO] [stdout] b69d08584897f9e2f8f4603f397b8ffd404f8983096b0c82fd7ca7acfbfa7f95
[INFO] running `Command { std: "docker" "start" "b69d08584897f9e2f8f4603f397b8ffd404f8983096b0c82fd7ca7acfbfa7f95", kill_on_drop: false }`
[INFO] running `Command { std: "docker" "inspect" "b69d08584897f9e2f8f4603f397b8ffd404f8983096b0c82fd7ca7acfbfa7f95", kill_on_drop: false }`
[INFO] running `Command { std: "docker" "exec" "-e" "SOURCE_DIR=/opt/rustwide/workdir" "-e" "CARGO_HOME=/opt/rustwide/cargo-home" "-e" "RUSTUP_HOME=/opt/rustwide/rustup-home" "-e" "CARGO_TARGET_DIR=/opt/rustwide/target" "-w" "/opt/rustwide/workdir" "--user" "0:0" "b69d08584897f9e2f8f4603f397b8ffd404f8983096b0c82fd7ca7acfbfa7f95" "/opt/rustwide/cargo-home/bin/cargo" "+1.99.0-beta.1" "metadata" "--no-deps" "--format-version=1", kill_on_drop: false }`
[INFO] running `Command { std: "docker" "inspect" "b69d08584897f9e2f8f4603f397b8ffd404f8983096b0c82fd7ca7acfbfa7f95", kill_on_drop: false }`
[INFO] running `Command { std: "docker" "exec" "-e" "SOURCE_DIR=/opt/rustwide/workdir" "-e" "CARGO_HOME=/opt/rustwide/cargo-home" "-e" "RUSTUP_HOME=/opt/rustwide/rustup-home" "-e" "CARGO_TARGET_DIR=/opt/rustwide/target" "-e" "CARGO_INCREMENTAL=0" "-e" "RUST_BACKTRACE=full" "-e" "RUSTFLAGS=--cap-lints=warn" "-e" "RUSTDOCFLAGS=--cap-lints=warn" "-w" "/opt/rustwide/workdir" "--user" "0:0" "b69d08584897f9e2f8f4603f397b8ffd404f8983096b0c82fd7ca7acfbfa7f95" "/opt/rustwide/cargo-home/bin/cargo" "+1.99.0-beta.1" "build" "--frozen" "--message-format=json" "--release", kill_on_drop: false }`
[INFO] [stderr]    Compiling proc-macro2 v1.0.107
[INFO] [stderr]    Compiling quote v1.0.47
[INFO] [stderr]    Compiling serde_core v1.0.229
[INFO] [stderr]    Compiling serde v1.0.229
[INFO] [stderr]    Compiling thiserror v2.0.19
[INFO] [stderr]    Compiling typenum v1.20.1
[INFO] [stderr]    Compiling libc v0.2.189
[INFO] [stderr]    Compiling zmij v1.0.23
[INFO] [stderr]    Compiling bytes v1.12.1
[INFO] [stderr]    Compiling serde_json v1.0.151
[INFO] [stderr]    Compiling memchr v2.8.3
[INFO] [stderr]    Compiling itoa v1.0.18
[INFO] [stderr]    Compiling subtle v2.6.1
[INFO] [stderr]    Compiling redb v4.1.0
[INFO] [stderr]    Compiling pin-project-lite v0.2.17
[INFO] [stderr]    Compiling clap_builder v4.6.2
[INFO] [stderr]    Compiling num-conv v0.2.2
[INFO] [stderr]    Compiling deranged v0.5.8
[INFO] [stderr]    Compiling autocfg v1.5.1
[INFO] [stderr]    Compiling time-core v0.1.9
[INFO] [stderr]    Compiling powerfmt v0.2.0
[INFO] [stderr]    Compiling ref-cast v1.0.26
[INFO] [stderr]    Compiling rust_decimal v1.42.1
[INFO] [stderr]    Compiling arrayvec v0.7.8
[INFO] [stderr]    Compiling dyn-clone v1.0.20
[INFO] [stderr]    Compiling winnow v1.0.4
[INFO] [stderr]    Compiling winnow v0.7.15
[INFO] [stderr]    Compiling toml_writer v1.1.2+spec-1.1.0
[INFO] [stderr]    Compiling num-traits v0.2.19
[INFO] [stderr]    Compiling toml_parser v1.1.2+spec-1.1.0
[INFO] [stderr]    Compiling quick-xml v0.38.4
[INFO] [stderr]    Compiling syn v3.0.3
[INFO] [stderr]    Compiling syn v2.0.119
[INFO] [stderr]    Compiling generic-array v0.14.7
[INFO] [stderr]    Compiling errno v0.3.14
[INFO] [stderr]    Compiling mio v1.2.2
[INFO] [stderr]    Compiling socket2 v0.6.5
[INFO] [stderr]    Compiling signal-hook-registry v1.4.8
[INFO] [stderr]    Compiling time v0.3.54
[INFO] [stderr]    Compiling block-buffer v0.10.4
[INFO] [stderr]    Compiling crypto-common v0.1.7
[INFO] [stderr]    Compiling digest v0.10.7
[INFO] [stderr]    Compiling sha2 v0.10.9
[INFO] [stderr]    Compiling hmac v0.12.1
[INFO] [stderr]    Compiling serde_derive_internals v0.29.1
[INFO] [stderr]    Compiling serde_spanned v1.1.1
[INFO] [stderr]    Compiling toml_datetime v0.7.5+spec-1.1.0
[INFO] [stderr]    Compiling serde_derive v1.0.229
[INFO] [stderr]    Compiling thiserror-impl v2.0.19
[INFO] [stderr]    Compiling clap_derive v4.6.4
[INFO] [stderr]    Compiling ref-cast-impl v1.0.26
[INFO] [stderr]    Compiling toml v0.9.12+spec-1.1.0
[INFO] [stderr]    Compiling tokio-macros v2.7.1
[INFO] [stderr]    Compiling tokio v1.53.1
[INFO] [stderr]    Compiling schemars_derive v1.2.1
[INFO] [stderr]    Compiling clap v4.6.4
[INFO] [stderr]    Compiling fix-protocol v0.1.0 (/opt/rustwide/workdir/crates/fix-protocol)
[INFO] [stderr]    Compiling schemars v1.2.1
[INFO] [stderr]    Compiling fix-fuzz v0.1.0 (/opt/rustwide/workdir/crates/fix-fuzz)
[INFO] [stderr]    Compiling fixdictc v0.1.0 (/opt/rustwide/workdir/crates/fixdictc)
[INFO] [stderr]    Compiling fix-store v0.1.0 (/opt/rustwide/workdir/crates/fix-store)
[INFO] [stderr]    Compiling fix-ipc v0.1.0 (/opt/rustwide/workdir/crates/fix-ipc)
[INFO] [stderr]    Compiling fix-session v0.1.0 (/opt/rustwide/workdir/crates/fix-session)
[INFO] [stderr]    Compiling fix-control v0.1.0 (/opt/rustwide/workdir/crates/fix-control)
[INFO] [stderr]    Compiling fix-mock v0.1.0 (/opt/rustwide/workdir/crates/fix-mock)
[INFO] [stderr]    Compiling fixd v0.1.0 (/opt/rustwide/workdir/crates/fixd)
[INFO] [stderr]    Compiling fixctl v0.1.0 (/opt/rustwide/workdir/crates/fixctl)
[INFO] [stderr]     Finished `release` profile [optimized] target(s) in 1m 19s
[INFO] running `Command { std: "docker" "inspect" "b69d08584897f9e2f8f4603f397b8ffd404f8983096b0c82fd7ca7acfbfa7f95", kill_on_drop: false }`
[INFO] running `Command { std: "docker" "exec" "-e" "SOURCE_DIR=/opt/rustwide/workdir" "-e" "CARGO_HOME=/opt/rustwide/cargo-home" "-e" "RUSTUP_HOME=/opt/rustwide/rustup-home" "-e" "CARGO_TARGET_DIR=/opt/rustwide/target" "-e" "CARGO_INCREMENTAL=0" "-e" "RUST_BACKTRACE=full" "-e" "RUSTFLAGS=--cap-lints=warn" "-e" "RUSTDOCFLAGS=--cap-lints=warn" "-w" "/opt/rustwide/workdir" "--user" "0:0" "b69d08584897f9e2f8f4603f397b8ffd404f8983096b0c82fd7ca7acfbfa7f95" "/opt/rustwide/cargo-home/bin/cargo" "+1.99.0-beta.1" "test" "--frozen" "--no-run" "--message-format=json" "--release", kill_on_drop: false }`
[INFO] [stderr]    Compiling fix-protocol v0.1.0 (/opt/rustwide/workdir/crates/fix-protocol)
[INFO] [stderr]    Compiling fix-ipc v0.1.0 (/opt/rustwide/workdir/crates/fix-ipc)
[INFO] [stderr]    Compiling fix-fuzz v0.1.0 (/opt/rustwide/workdir/crates/fix-fuzz)
[INFO] [stderr]    Compiling fixdictc v0.1.0 (/opt/rustwide/workdir/crates/fixdictc)
[INFO] [stderr]    Compiling fix-store v0.1.0 (/opt/rustwide/workdir/crates/fix-store)
[INFO] [stderr]    Compiling fix-session v0.1.0 (/opt/rustwide/workdir/crates/fix-session)
[INFO] [stderr]    Compiling fix-control v0.1.0 (/opt/rustwide/workdir/crates/fix-control)
[INFO] [stderr]    Compiling fixd v0.1.0 (/opt/rustwide/workdir/crates/fixd)
[INFO] [stderr]    Compiling fix-mock v0.1.0 (/opt/rustwide/workdir/crates/fix-mock)
[INFO] [stderr]    Compiling fixctl v0.1.0 (/opt/rustwide/workdir/crates/fixctl)
[INFO] [stderr]     Finished `release` profile [optimized] target(s) in 43.13s
[INFO] running `Command { std: "docker" "inspect" "b69d08584897f9e2f8f4603f397b8ffd404f8983096b0c82fd7ca7acfbfa7f95", kill_on_drop: false }`
[INFO] running `Command { std: "docker" "exec" "-e" "SOURCE_DIR=/opt/rustwide/workdir" "-e" "CARGO_HOME=/opt/rustwide/cargo-home" "-e" "RUSTUP_HOME=/opt/rustwide/rustup-home" "-e" "CARGO_TARGET_DIR=/opt/rustwide/target" "-e" "CARGO_INCREMENTAL=0" "-e" "RUST_BACKTRACE=full" "-e" "RUSTFLAGS=--cap-lints=warn" "-e" "RUSTDOCFLAGS=--cap-lints=warn" "-w" "/opt/rustwide/workdir" "--user" "0:0" "b69d08584897f9e2f8f4603f397b8ffd404f8983096b0c82fd7ca7acfbfa7f95" "/opt/rustwide/cargo-home/bin/cargo" "+1.99.0-beta.1" "test" "--frozen" "--release", kill_on_drop: false }`
[INFO] [stderr]     Finished `release` profile [optimized] target(s) in 0.11s
[INFO] [stderr]      Running unittests src/lib.rs (/opt/rustwide/target/release/deps/fix_control-4111781291d4ed1a)
[INFO] [stdout] 
[INFO] [stderr]      Running tests/command_planner.rs (/opt/rustwide/target/release/deps/command_planner-f3d72489e7ba4ada)
[INFO] [stdout] running 0 tests
[INFO] [stderr]      Running tests/dynamic_session.rs (/opt/rustwide/target/release/deps/dynamic_session-46d6db68f66ed332)
[INFO] [stdout] 
[INFO] [stdout] test result: ok. 0 passed; 0 failed; 0 ignored; 0 measured; 0 filtered out; finished in 0.00s
[INFO] [stdout] 
[INFO] [stdout] 
[INFO] [stdout] running 5 tests
[INFO] [stdout] test dry_run_logout_cannot_mutate_the_session ... ok
[INFO] [stdout] test live_runtime_still_rejects_unimplemented_capability_proofs ... ok
[INFO] [stdout] test certification_runtime_rejects_live_execution ... ok
[INFO] [stdout] test dry_run_new_order_is_policy_checked_and_mapped_to_a_d_message ... ok
[INFO] [stdout] test market_orders_fail_closed_even_if_a_legacy_policy_flag_is_true ... ok
[INFO] [stdout] 
[INFO] [stdout] test result: ok. 5 passed; 0 failed; 0 ignored; 0 measured; 0 filtered out; finished in 0.02s
[INFO] [stdout] 
[INFO] [stdout] 
[INFO] [stdout] running 2 tests
[INFO] [stdout] test dynamic_control_service_reports_disconnected_while_reconnect_is_pending ... ok
[INFO] [stdout] test persisted_idempotency_is_available_while_the_session_slot_is_disconnected ... ok
[INFO] [stdout] 
[INFO] [stdout] test result: ok. 2 passed; 0 failed; 0 ignored; 0 measured; 0 filtered out; finished in 0.02s
[INFO] [stdout] 
[INFO] [stderr]      Running tests/rate_limit.rs (/opt/rustwide/target/release/deps/rate_limit-c4002fc857142f85)
[INFO] [stdout] 
[INFO] [stdout] running 2 tests
[INFO] [stdout] test a_not_established_submit_releases_its_rate_reservation ... ok
[INFO] [stdout] test certification_orders_are_rejected_when_the_policy_rate_is_exhausted ... ok
[INFO] [stdout] 
[INFO] [stdout] test result: ok. 2 passed; 0 failed; 0 ignored; 0 measured; 0 filtered out; finished in 1.07s
[INFO] [stdout] 
[INFO] [stderr]      Running unittests src/lib.rs (/opt/rustwide/target/release/deps/fix_fuzz-36de9f8115d54c36)
[INFO] [stdout] 
[INFO] [stdout] running 1 test
[INFO] [stdout] test tests::deterministic_campaign_completes_without_a_panic ... ok
[INFO] [stdout] 
[INFO] [stdout] test result: ok. 1 passed; 0 failed; 0 ignored; 0 measured; 0 filtered out; finished in 0.00s
[INFO] [stdout] 
[INFO] [stderr]      Running unittests src/main.rs (/opt/rustwide/target/release/deps/fix_fuzz-d5aff291e27a3a51)
[INFO] [stdout] 
[INFO] [stderr]      Running unittests src/lib.rs (/opt/rustwide/target/release/deps/fix_ipc-4484b75bd87e72a5)
[INFO] [stdout] running 0 tests
[INFO] [stdout] 
[INFO] [stdout] test result: ok. 0 passed; 0 failed; 0 ignored; 0 measured; 0 filtered out; finished in 0.00s
[INFO] [stdout] 
[INFO] [stdout] 
[INFO] [stdout] running 0 tests
[INFO] [stdout] 
[INFO] [stdout] test result: ok. 0 passed; 0 failed; 0 ignored; 0 measured; 0 filtered out; finished in 0.00s
[INFO] [stdout] 
[INFO] [stderr]      Running tests/json_frame.rs (/opt/rustwide/target/release/deps/json_frame-76fef7aac855db80)
[INFO] [stdout] 
[INFO] [stdout] running 1 test
[INFO] [stdout] test json_frame_round_trips_over_a_fragmentable_stream ... ok
[INFO] [stdout] 
[INFO] [stdout] test result: ok. 1 passed; 0 failed; 0 ignored; 0 measured; 0 filtered out; finished in 0.00s
[INFO] [stdout] 
[INFO] [stderr]      Running tests/local_transport.rs (/opt/rustwide/target/release/deps/local_transport-9b3d3e6d76766050)
[INFO] [stdout] 
[INFO] [stdout] running 1 test
[INFO] [stdout] test local_transport_round_trips_a_framed_request_and_response ... ok
[INFO] [stdout] 
[INFO] [stdout] test result: ok. 1 passed; 0 failed; 0 ignored; 0 measured; 0 filtered out; finished in 0.00s
[INFO] [stdout] 
[INFO] [stderr]      Running unittests src/lib.rs (/opt/rustwide/target/release/deps/fix_mock-15f0627aa983753c)
[INFO] [stdout] 
[INFO] [stdout] running 0 tests
[INFO] [stdout] 
[INFO] [stdout] test result: ok. 0 passed; 0 failed; 0 ignored; 0 measured; 0 filtered out; finished in 0.00s
[INFO] [stdout] 
[INFO] [stderr]      Running unittests src/main.rs (/opt/rustwide/target/release/deps/fix_mock-a5006497387cac83)
[INFO] [stdout] 
[INFO] [stdout] running 0 tests
[INFO] [stdout] 
[INFO] [stdout] test result: ok. 0 passed; 0 failed; 0 ignored; 0 measured; 0 filtered out; finished in 0.00s
[INFO] [stdout] 
[INFO] [stderr]      Running tests/mock_session.rs (/opt/rustwide/target/release/deps/mock_session-c2404277105a90a3)
[INFO] [stdout] 
[INFO] [stdout] running 1 test
[INFO] [stdout] test mock_logs_on_and_acknowledges_a_new_order_with_execution_report ... ok
[INFO] [stdout] 
[INFO] [stdout] test result: ok. 1 passed; 0 failed; 0 ignored; 0 measured; 0 filtered out; finished in 0.00s
[INFO] [stdout] 
[INFO] [stderr]      Running unittests src/lib.rs (/opt/rustwide/target/release/deps/fix_protocol-afe82237144335c1)
[INFO] [stdout] 
[INFO] [stdout] running 0 tests
[INFO] [stdout] 
[INFO] [stdout] test result: ok. 0 passed; 0 failed; 0 ignored; 0 measured; 0 filtered out; finished in 0.00s
[INFO] [stdout] 
[INFO] [stderr]      Running tests/frame_decoder.rs (/opt/rustwide/target/release/deps/frame_decoder-2551def7c25dc803)
[INFO] [stdout] 
[INFO] [stdout] running 3 tests
[INFO] [stdout] test decoder_rejects_an_unbounded_unterminated_header ... ok
[INFO] [stdout] test decoder_returns_every_frame_from_a_sticky_packet ... ok
[INFO] [stdout] test decoder_returns_a_complete_fix_frame ... ok
[INFO] [stderr]      Running tests/message_codec.rs (/opt/rustwide/target/release/deps/message_codec-760fce9a17708b8f)
[INFO] [stdout] 
[INFO] [stdout] test result: ok. 3 passed; 0 failed; 0 ignored; 0 measured; 0 filtered out; finished in 0.00s
[INFO] [stdout] 
[INFO] [stdout] 
[INFO] [stdout] running 4 tests
[INFO] [stdout] test dictionary_materializes_repeating_group_entries_without_losing_duplicate_tags ... ok
[INFO] [stdout] test encoder_calculates_body_length_and_checksum ... ok
[INFO] [stdout] test dictionary_rejects_a_group_count_larger_than_the_remaining_message ... ok
[INFO] [stdout] test parser_uses_the_length_field_for_data_containing_soh ... ok
[INFO] [stdout] 
[INFO] [stdout] test result: ok. 4 passed; 0 failed; 0 ignored; 0 measured; 0 filtered out; finished in 0.00s
[INFO] [stdout] 
[INFO] [stderr]      Running tests/properties.rs (/opt/rustwide/target/release/deps/properties-91238c4132a8cdeb)
[INFO] [stdout] 
[INFO] [stdout] running 2 tests
[INFO] [stdout] test property_encoded_messages_round_trip_under_arbitrary_fragmentation ... ok
[INFO] [stdout] test property_decoder_never_panics_on_arbitrary_bounded_input ... ok
[INFO] [stdout] 
[INFO] [stdout] test result: ok. 2 passed; 0 failed; 0 ignored; 0 measured; 0 filtered out; finished in 0.03s
[INFO] [stdout] 
[INFO] [stderr]      Running unittests src/lib.rs (/opt/rustwide/target/release/deps/fix_session-a8c3d50225f5e5b4)
[INFO] [stdout] 
[INFO] [stdout] running 0 tests
[INFO] [stdout] 
[INFO] [stdout] test result: ok. 0 passed; 0 failed; 0 ignored; 0 measured; 0 filtered out; finished in 0.00s
[INFO] [stdout] 
[INFO] [stderr]      Running tests/credentials.rs (/opt/rustwide/target/release/deps/credentials-1185ba1b29f7876f)
[INFO] [stdout] 
[INFO] [stdout] running 1 test
[INFO] [stdout] test logon_credentials_are_sent_but_redacted_from_the_replay_journal ... ok
[INFO] [stdout] 
[INFO] [stderr]      Running tests/fault_injection.rs (/opt/rustwide/target/release/deps/fault_injection-c95aaa5ac13edbbe)
[INFO] [stdout] test result: ok. 1 passed; 0 failed; 0 ignored; 0 measured; 0 filtered out; finished in 0.02s
[INFO] [stdout] 
[INFO] [stdout] 
[INFO] [stdout] running 2 tests
[INFO] [stdout] test injected_journal_failure_prevents_any_application_socket_write ... ok
[INFO] [stderr]      Running tests/security_boundaries.rs (/opt/rustwide/target/release/deps/security_boundaries-4dd1f826e1308e0e)
[INFO] [stdout] test injected_replay_journal_failure_prevents_replay_socket_write ... ok
[INFO] [stdout] 
[INFO] [stdout] test result: ok. 2 passed; 0 failed; 0 ignored; 0 measured; 0 filtered out; finished in 0.01s
[INFO] [stdout] 
[INFO] [stdout] 
[INFO] [stdout] running 3 tests
[INFO] [stdout] test invalid_logon_heartbeat_is_rejected_before_inbound_commit ... ok
[INFO] [stdout] test invalid_resend_range_is_rejected_before_inbound_commit ... ok
[INFO] [stderr]      Running tests/session_actor.rs (/opt/rustwide/target/release/deps/session_actor-91f856c0d1538f32)
[INFO] [stdout] test inbound_sensitive_fields_are_rejected_before_persistence ... ok
[INFO] [stdout] 
[INFO] [stdout] test result: ok. 3 passed; 0 failed; 0 ignored; 0 measured; 0 filtered out; finished in 0.01s
[INFO] [stdout] 
[INFO] [stdout] 
[INFO] [stdout] running 14 tests
[INFO] [stdout] test a_gap_fill_discards_buffered_sequences_below_new_seq_no ... ok
[INFO] [stdout] test a_high_sequence_is_buffered_then_drained_after_a_gap_fill ... ok
[INFO] [stdout] test a_low_sequence_possdup_is_verified_against_the_committed_original ... ok
[INFO] [stdout] test configured_dictionary_blocks_an_unknown_inbound_message_type ... ok
[INFO] [stdout] test a_buffered_gap_fill_discards_messages_it_skips_during_drain ... ok
[INFO] [stdout] test inbound_test_request_is_committed_then_answered_with_matching_heartbeat ... ok
[INFO] [stdout] test initiator_journals_and_sends_logon_using_the_recovered_sequence ... ok
[INFO] [stdout] test matching_inbound_logon_is_committed_before_the_session_becomes_established ... ok
[INFO] [stdout] test explicit_logout_transitions_to_logout_sent_and_accepts_peer_response ... ok
[INFO] [stdout] test resend_of_admin_only_range_uses_sequence_reset_gap_fill ... ok
[INFO] [stdout] test application_submit_is_idempotent_and_replays_with_possdup_on_request ... ok
[INFO] [stdout] test established_session_sends_heartbeat_after_outbound_inactivity ... ok
[INFO] [stdout] test inbound_silence_sends_test_request_and_matching_heartbeat_clears_it ... ok
[INFO] [stdout] test test_request_timeout_sends_logout_before_the_session_blocks ... ok
[INFO] [stdout] 
[INFO] [stdout] test result: ok. 14 passed; 0 failed; 0 ignored; 0 measured; 0 filtered out; finished in 4.02s
[INFO] [stdout] 
[INFO] [stderr]      Running unittests src/lib.rs (/opt/rustwide/target/release/deps/fix_store-0d624ffbba6b9897)
[INFO] [stdout] 
[INFO] [stdout] running 0 tests
[INFO] [stdout] 
[INFO] [stdout] test result: ok. 0 passed; 0 failed; 0 ignored; 0 measured; 0 filtered out; finished in 0.00s
[INFO] [stdout] 
[INFO] [stderr]      Running tests/store_contract.rs (/opt/rustwide/target/release/deps/store_contract-0530282ee074fc73)
[INFO] [stdout] 
[INFO] [stdout] running 8 tests
[INFO] [stdout] test inbound_commit_advances_next_in_and_persists_the_agent_event ... ok
[INFO] [stdout] test marking_a_socket_write_updates_the_persisted_command_phase ... ok
[INFO] [stdout] test outbound_commit_atomically_advances_sequence_and_is_idempotent ... ok
[INFO] [stdout] test resend_transmission_is_durably_journaled_before_it_is_marked_written ... ok
[INFO] [stdout] test redb_store_recovers_the_same_sequence_and_idempotency_record_after_reopen ... FAILED
[INFO] [stdout] test store_worker_exposes_the_same_contract_without_blocking_the_runtime ... ok
[INFO] [stdout] test redb_store_rejects_an_audit_chain_opened_with_the_wrong_key ... FAILED
[INFO] [stdout] test redb_reopens_a_journaled_resend_transmission ... FAILED
[INFO] [stdout] 
[INFO] [stdout] failures:
[INFO] [stdout] 
[INFO] [stdout] ---- redb_store_recovers_the_same_sequence_and_idempotency_record_after_reopen stdout ----
[INFO] [stdout] 
[INFO] [stdout] thread 'redb_store_recovers_the_same_sequence_and_idempotency_record_after_reopen' (3068) panicked at crates/fix-store/tests/store_contract.rs:125:10:
[INFO] [stdout] create test database parent: Os { code: 30, kind: ReadOnlyFilesystem, message: "Read-only file system" }
[INFO] [stdout] stack backtrace:
[INFO] [stdout]    0:     0x5643050c58c1 - <<std[104cf6e2632825ea]::sys::backtrace::BacktraceLock>::print::DisplayBacktrace as core[7c831bd917ebf35f]::fmt::Display>::fmt
[INFO] [stdout]    1:     0x5643050da7ea - core[7c831bd917ebf35f]::fmt::write
[INFO] [stdout]    2:     0x5643050c9efc - <alloc[2fdc3f7464fcf288]::vec::Vec<u8> as core[7c831bd917ebf35f]::io::write::Write>::write_fmt
[INFO] [stdout]    3:     0x5643050a0326 - std[104cf6e2632825ea]::panicking::default_hook::{closure#0}
[INFO] [stdout]    4:     0x5643050bd7a9 - std[104cf6e2632825ea]::panicking::default_hook
[INFO] [stdout]    5:     0x564304f79290 - test[73009c9f9aebf890]::test_main_inner::<test[73009c9f9aebf890]::test_main_static::{closure#0}>::{closure#0}
[INFO] [stdout]    6:     0x5643050bd962 - std[104cf6e2632825ea]::panicking::panic_with_hook
[INFO] [stdout]    7:     0x5643050a03d2 - std[104cf6e2632825ea]::panicking::panic_handler::{closure#0}
[INFO] [stdout]    8:     0x564305098c59 - std[104cf6e2632825ea]::sys::backtrace::__rust_end_short_backtrace::<std[104cf6e2632825ea]::panicking::panic_handler::{closure#0}, !>
[INFO] [stdout]    9:     0x5643050a0fcd - __rustc[b0d56fa5b193ad05]::rust_begin_unwind
[INFO] [stdout]   10:     0x5643050daf4c - core[7c831bd917ebf35f]::panicking::panic_fmt
[INFO] [stdout]   11:     0x5643050dad22 - core[7c831bd917ebf35f]::result::unwrap_failed
[INFO] [stdout]   12:     0x564304f5e9fd - <store_contract[944262b9f9031059]::redb_store_recovers_the_same_sequence_and_idempotency_record_after_reopen::{closure#0} as core[7c831bd917ebf35f]::ops::function::FnOnce<()>>::call_once
[INFO] [stdout]   13:     0x564304f6c57b - test[73009c9f9aebf890]::__rust_begin_short_backtrace::<core[7c831bd917ebf35f]::result::Result<(), alloc[2fdc3f7464fcf288]::string::String>, fn() -> core[7c831bd917ebf35f]::result::Result<(), alloc[2fdc3f7464fcf288]::string::String>>
[INFO] [stdout]   14:     0x564304f79be5 - test[73009c9f9aebf890]::run_test::{closure#0}
[INFO] [stdout]   15:     0x564304f72fa4 - std[104cf6e2632825ea]::sys::backtrace::__rust_begin_short_backtrace::<test[73009c9f9aebf890]::run_test::{closure#1}, ()>
[INFO] [stdout]   16:     0x564304f7cd42 - <std[104cf6e2632825ea]::thread::lifecycle::spawn_unchecked<test[73009c9f9aebf890]::run_test::{closure#1}, ()>::{closure#1} as core[7c831bd917ebf35f]::ops::function::FnOnce<()>>::call_once::{shim:vtable#0}
[INFO] [stdout]   17:     0x5643050c50b9 - <std[104cf6e2632825ea]::sys::thread::unix::Thread>::new::thread_start
[INFO] [stdout]   18:     0x751b3835e07a - <unknown>
[INFO] [stdout]   19:     0x751b383f1534 - clone
[INFO] [stdout]   20:                0x0 - <unknown>
[INFO] [stdout] 
[INFO] [stdout] ---- redb_store_rejects_an_audit_chain_opened_with_the_wrong_key stdout ----
[INFO] [stdout] 
[INFO] [stdout] thread 'redb_store_rejects_an_audit_chain_opened_with_the_wrong_key' (3069) panicked at crates/fix-store/tests/store_contract.rs:156:10:
[INFO] [stdout] create test database parent: Os { code: 30, kind: ReadOnlyFilesystem, message: "Read-only file system" }
[INFO] [stdout] stack backtrace:
[INFO] [stdout]    0:     0x5643050c58c1 - <<std[104cf6e2632825ea]::sys::backtrace::BacktraceLock>::print::DisplayBacktrace as core[7c831bd917ebf35f]::fmt::Display>::fmt
[INFO] [stdout]    1:     0x5643050da7ea - core[7c831bd917ebf35f]::fmt::write
[INFO] [stdout]    2:     0x5643050c9efc - <alloc[2fdc3f7464fcf288]::vec::Vec<u8> as core[7c831bd917ebf35f]::io::write::Write>::write_fmt
[INFO] [stdout]    3:     0x5643050a0326 - std[104cf6e2632825ea]::panicking::default_hook::{closure#0}
[INFO] [stdout]    4:     0x5643050bd7a9 - std[104cf6e2632825ea]::panicking::default_hook
[INFO] [stdout]    5:     0x564304f79290 - test[73009c9f9aebf890]::test_main_inner::<test[73009c9f9aebf890]::test_main_static::{closure#0}>::{closure#0}
[INFO] [stdout]    6:     0x5643050bd962 - std[104cf6e2632825ea]::panicking::panic_with_hook
[INFO] [stdout]    7:     0x5643050a03d2 - std[104cf6e2632825ea]::panicking::panic_handler::{closure#0}
[INFO] [stdout]    8:     0x564305098c59 - std[104cf6e2632825ea]::sys::backtrace::__rust_end_short_backtrace::<std[104cf6e2632825ea]::panicking::panic_handler::{closure#0}, !>
[INFO] [stdout]    9:     0x5643050a0fcd - __rustc[b0d56fa5b193ad05]::rust_begin_unwind
[INFO] [stdout]   10:     0x5643050daf4c - core[7c831bd917ebf35f]::panicking::panic_fmt
[INFO] [stdout]   11:     0x5643050dad22 - core[7c831bd917ebf35f]::result::unwrap_failed
[INFO] [stdout]   12:     0x564304f5c965 - <store_contract[944262b9f9031059]::redb_store_rejects_an_audit_chain_opened_with_the_wrong_key::{closure#0} as core[7c831bd917ebf35f]::ops::function::FnOnce<()>>::call_once
[INFO] [stdout]   13:     0x564304f6c57b - test[73009c9f9aebf890]::__rust_begin_short_backtrace::<core[7c831bd917ebf35f]::result::Result<(), alloc[2fdc3f7464fcf288]::string::String>, fn() -> core[7c831bd917ebf35f]::result::Result<(), alloc[2fdc3f7464fcf288]::string::String>>
[INFO] [stdout]   14:     0x564304f79be5 - test[73009c9f9aebf890]::run_test::{closure#0}
[INFO] [stdout]   15:     0x564304f72fa4 - std[104cf6e2632825ea]::sys::backtrace::__rust_begin_short_backtrace::<test[73009c9f9aebf890]::run_test::{closure#1}, ()>
[INFO] [stdout]   16:     0x564304f7cd42 - <std[104cf6e2632825ea]::thread::lifecycle::spawn_unchecked<test[73009c9f9aebf890]::run_test::{closure#1}, ()>::{closure#1} as core[7c831bd917ebf35f]::ops::function::FnOnce<()>>::call_once::{shim:vtable#0}
[INFO] [stdout]   17:     0x5643050c50b9 - <std[104cf6e2632825ea]::sys::thread::unix::Thread>::new::thread_start
[INFO] [stdout]   18:     0x751b3835e07a - <unknown>
[INFO] [stdout]   19:     0x751b383f1534 - clone
[INFO] [stdout]   20:                0x0 - <unknown>
[INFO] [stdout] 
[INFO] [stdout] ---- redb_reopens_a_journaled_resend_transmission stdout ----
[INFO] [stdout] 
[INFO] [stdout] thread 'redb_reopens_a_journaled_resend_transmission' (3067) panicked at crates/fix-store/tests/store_contract.rs:181:10:
[INFO] [stdout] create test database parent: Os { code: 30, kind: ReadOnlyFilesystem, message: "Read-only file system" }
[INFO] [stdout] stack backtrace:
[INFO] [stdout]    0:     0x5643050c58c1 - <<std[104cf6e2632825ea]::sys::backtrace::BacktraceLock>::print::DisplayBacktrace as core[7c831bd917ebf35f]::fmt::Display>::fmt
[INFO] [stdout]    1:     0x5643050da7ea - core[7c831bd917ebf35f]::fmt::write
[INFO] [stdout]    2:     0x5643050c9efc - <alloc[2fdc3f7464fcf288]::vec::Vec<u8> as core[7c831bd917ebf35f]::io::write::Write>::write_fmt
[INFO] [stdout]    3:     0x5643050a0326 - std[104cf6e2632825ea]::panicking::default_hook::{closure#0}
[INFO] [stdout]    4:     0x5643050bd7a9 - std[104cf6e2632825ea]::panicking::default_hook
[INFO] [stdout]    5:     0x564304f79290 - test[73009c9f9aebf890]::test_main_inner::<test[73009c9f9aebf890]::test_main_static::{closure#0}>::{closure#0}
[INFO] [stdout]    6:     0x5643050bd962 - std[104cf6e2632825ea]::panicking::panic_with_hook
[INFO] [stdout]    7:     0x5643050a03d2 - std[104cf6e2632825ea]::panicking::panic_handler::{closure#0}
[INFO] [stdout]    8:     0x564305098c59 - std[104cf6e2632825ea]::sys::backtrace::__rust_end_short_backtrace::<std[104cf6e2632825ea]::panicking::panic_handler::{closure#0}, !>
[INFO] [stdout]    9:     0x5643050a0fcd - __rustc[b0d56fa5b193ad05]::rust_begin_unwind
[INFO] [stdout]   10:     0x5643050daf4c - core[7c831bd917ebf35f]::panicking::panic_fmt
[INFO] [stdout]   11:     0x5643050dad22 - core[7c831bd917ebf35f]::result::unwrap_failed
[INFO] [stdout]   12:     0x564304f5bf8b - <store_contract[944262b9f9031059]::redb_reopens_a_journaled_resend_transmission::{closure#0} as core[7c831bd917ebf35f]::ops::function::FnOnce<()>>::call_once
[INFO] [stdout]   13:     0x564304f6c57b - test[73009c9f9aebf890]::__rust_begin_short_backtrace::<core[7c831bd917ebf35f]::result::Result<(), alloc[2fdc3f7464fcf288]::string::String>, fn() -> core[7c831bd917ebf35f]::result::Result<(), alloc[2fdc3f7464fcf288]::string::String>>
[INFO] [stdout]   14:     0x564304f79be5 - test[73009c9f9aebf890]::run_test::{closure#0}
[INFO] [stdout]   15:     0x564304f72fa4 - std[104cf6e2632825ea]::sys::backtrace::__rust_begin_short_backtrace::<test[73009c9f9aebf890]::run_test::{closure#1}, ()>
[INFO] [stdout]   16:     0x564304f7cd42 - <std[104cf6e2632825ea]::thread::lifecycle::spawn_unchecked<test[73009c9f9aebf890]::run_test::{closure#1}, ()>::{closure#1} as core[7c831bd917ebf35f]::ops::function::FnOnce<()>>::call_once::{shim:vtable#0}
[INFO] [stdout]   17:     0x5643050c50b9 - <std[104cf6e2632825ea]::sys::thread::unix::Thread>::new::thread_start
[INFO] [stdout]   18:     0x751b3835e07a - <unknown>
[INFO] [stdout]   19:     0x751b383f1534 - clone
[INFO] [stdout]   20:                0x0 - <unknown>
[INFO] [stdout] 
[INFO] [stdout] 
[INFO] [stdout] failures:
[INFO] [stdout]     redb_reopens_a_journaled_resend_transmission
[INFO] [stdout]     redb_store_recovers_the_same_sequence_and_idempotency_record_after_reopen
[INFO] [stdout]     redb_store_rejects_an_audit_chain_opened_with_the_wrong_key
[INFO] [stdout] 
[INFO] [stdout] test result: FAILED. 5 passed; 3 failed; 0 ignored; 0 measured; 0 filtered out; finished in 0.06s
[INFO] [stdout] 
[INFO] [stderr] error: test failed, to rerun pass `-p fix-store --test store_contract`
[INFO] running `Command { std: "docker" "inspect" "b69d08584897f9e2f8f4603f397b8ffd404f8983096b0c82fd7ca7acfbfa7f95", kill_on_drop: false }`
[INFO] running `Command { std: "docker" "rm" "-f" "b69d08584897f9e2f8f4603f397b8ffd404f8983096b0c82fd7ca7acfbfa7f95", kill_on_drop: false }`
[INFO] [stdout] b69d08584897f9e2f8f4603f397b8ffd404f8983096b0c82fd7ca7acfbfa7f95
