[INFO] cloning repository https://github.com/khammersmith17/nldb
[INFO] running `Command { std: "git" "-c" "credential.helper=" "-c" "credential.helper=/workspace/cargo-home/bin/git-credential-null" "clone" "--bare" "https://github.com/khammersmith17/nldb" "/workspace/cache/git-repos/https%3A%2F%2Fgithub.com%2Fkhammersmith17%2Fnldb", kill_on_drop: false }`
[INFO] [stderr] Cloning into bare repository '/workspace/cache/git-repos/https%3A%2F%2Fgithub.com%2Fkhammersmith17%2Fnldb'...
[INFO] running `Command { std: "git" "rev-parse" "HEAD", kill_on_drop: false }`
[INFO] [stdout] 2766aac6ddd612b948564c9703a650f7b5194db5
[INFO] testing khammersmith17/nldb against 1.98.0-beta.8+cargoflags=--release for beta-release-1.99-2
[INFO] running `Command { std: "git" "clone" "/workspace/cache/git-repos/https%3A%2F%2Fgithub.com%2Fkhammersmith17%2Fnldb" "/workspace/builds/worker-2-tc1/source", kill_on_drop: false }`
[INFO] [stderr] Cloning into '/workspace/builds/worker-2-tc1/source'...
[INFO] [stderr] done.
[INFO] started tweaking git repo https://github.com/khammersmith17/nldb
[INFO] finished tweaking git repo https://github.com/khammersmith17/nldb
[INFO] tweaked toml for git repo https://github.com/khammersmith17/nldb written to /workspace/builds/worker-2-tc1/source/Cargo.toml
[INFO] validating manifest of git repo https://github.com/khammersmith17/nldb on toolchain 1.98.0-beta.8
[INFO] running `Command { std: CARGO_HOME="/workspace/cargo-home" RUSTUP_HOME="/workspace/rustup-home" "/workspace/cargo-home/bin/cargo" "+1.98.0-beta.8" "metadata" "--manifest-path" "Cargo.toml" "--no-deps", kill_on_drop: false }`
[INFO] crate git repo https://github.com/khammersmith17/nldb already has a lockfile, it will not be regenerated
[INFO] running `Command { std: CARGO_HOME="/workspace/cargo-home" RUSTUP_HOME="/workspace/rustup-home" "/workspace/cargo-home/bin/cargo" "+1.98.0-beta.8" "fetch" "--manifest-path" "Cargo.toml", kill_on_drop: false }`
[INFO] [stderr]     Updating crates.io index
[INFO] [stderr]  Downloading crates ...
[INFO] [stderr]   Downloaded yaml_serde v0.10.4
[INFO] [stderr]   Downloaded uuid v1.23.3
[INFO] [stderr]   Downloaded libyaml-rs v0.3.0
[INFO] [stderr]   Downloaded wasm-bindgen-shared v0.2.125
[INFO] [stderr]   Downloaded wasm-bindgen-macro v0.2.125
[INFO] [stderr]   Downloaded dash_cache v0.1.3
[INFO] [stderr]   Downloaded memmap2 v0.9.10
[INFO] [stderr]   Downloaded wasm-bindgen v0.2.125
[INFO] [stderr]   Downloaded zerocopy-derive v0.8.52
[INFO] [stderr]   Downloaded wasm-bindgen-macro-support v0.2.125
[INFO] [stderr]   Downloaded js-sys v0.3.102
[INFO] [stderr]   Downloaded zerocopy v0.8.52
[INFO] running `Command { std: "docker" "create" "-v" "/var/lib/crater-agent-workspace/builds/worker-2-tc1/source:/opt/rustwide/workdir:ro,Z" "-v" "/var/lib/crater-agent-workspace/builds/worker-2-tc1/target:/opt/rustwide/target:rw,Z" "-v" "/var/lib/crater-agent-workspace/cargo-home:/opt/rustwide/cargo-home:ro,Z" "-v" "/var/lib/crater-agent-workspace/rustup-home:/opt/rustwide/rustup-home:ro,Z" "-m" "1610612736" "--network" "none" "ghcr.io/rust-lang/crates-build-env/linux@sha256:8683fc1fc2eb5c9ac98e0d076ab094b2ffac7f99da555d2b6a2e27f346de2ec7" "sleep" "infinity", kill_on_drop: false }`
[INFO] [stdout] eba16bcd2867d81762ee20f0ed3d72be4b6cd12b15e97ed2d8243ec2f72ff2cd
[INFO] running `Command { std: "docker" "start" "eba16bcd2867d81762ee20f0ed3d72be4b6cd12b15e97ed2d8243ec2f72ff2cd", kill_on_drop: false }`
[INFO] running `Command { std: "docker" "inspect" "eba16bcd2867d81762ee20f0ed3d72be4b6cd12b15e97ed2d8243ec2f72ff2cd", kill_on_drop: false }`
[INFO] running `Command { std: "docker" "exec" "-e" "SOURCE_DIR=/opt/rustwide/workdir" "-e" "CARGO_HOME=/opt/rustwide/cargo-home" "-e" "RUSTUP_HOME=/opt/rustwide/rustup-home" "-e" "CARGO_TARGET_DIR=/opt/rustwide/target" "-w" "/opt/rustwide/workdir" "--user" "0:0" "eba16bcd2867d81762ee20f0ed3d72be4b6cd12b15e97ed2d8243ec2f72ff2cd" "/opt/rustwide/cargo-home/bin/cargo" "+1.98.0-beta.8" "metadata" "--no-deps" "--format-version=1", kill_on_drop: false }`
[INFO] running `Command { std: "docker" "inspect" "eba16bcd2867d81762ee20f0ed3d72be4b6cd12b15e97ed2d8243ec2f72ff2cd", kill_on_drop: false }`
[INFO] running `Command { std: "docker" "exec" "-e" "SOURCE_DIR=/opt/rustwide/workdir" "-e" "CARGO_HOME=/opt/rustwide/cargo-home" "-e" "RUSTUP_HOME=/opt/rustwide/rustup-home" "-e" "CARGO_TARGET_DIR=/opt/rustwide/target" "-e" "CARGO_INCREMENTAL=0" "-e" "RUST_BACKTRACE=full" "-e" "RUSTFLAGS=--cap-lints=warn" "-e" "RUSTDOCFLAGS=--cap-lints=warn" "-w" "/opt/rustwide/workdir" "--user" "0:0" "eba16bcd2867d81762ee20f0ed3d72be4b6cd12b15e97ed2d8243ec2f72ff2cd" "/opt/rustwide/cargo-home/bin/cargo" "+1.98.0-beta.8" "build" "--frozen" "--message-format=json" "--release", kill_on_drop: false }`
[INFO] [stderr]    Compiling proc-macro2 v1.0.106
[INFO] [stderr]    Compiling quote v1.0.45
[INFO] [stderr]    Compiling libc v0.2.186
[INFO] [stderr]    Compiling crossbeam-utils v0.8.22
[INFO] [stderr]    Compiling pin-project-lite v0.2.17
[INFO] [stderr]    Compiling futures-core v0.3.32
[INFO] [stderr]    Compiling futures-sink v0.3.32
[INFO] [stderr]    Compiling parking_lot_core v0.9.12
[INFO] [stderr]    Compiling crossbeam-epoch v0.9.20
[INFO] [stderr]    Compiling scopeguard v1.2.0
[INFO] [stderr]    Compiling version_check v0.9.5
[INFO] [stderr]    Compiling serde_core v1.0.228
[INFO] [stderr]    Compiling zerocopy v0.8.52
[INFO] [stderr]    Compiling getrandom v0.3.4
[INFO] [stderr]    Compiling memchr v2.8.2
[INFO] [stderr]    Compiling slab v0.4.12
[INFO] [stderr]    Compiling crossbeam-deque v0.8.7
[INFO] [stderr]    Compiling futures-io v0.3.32
[INFO] [stderr]    Compiling smallvec v1.15.1
[INFO] [stderr]    Compiling futures-channel v0.3.32
[INFO] [stderr]    Compiling futures-task v0.3.32
[INFO] [stderr]    Compiling lock_api v0.4.14
[INFO] [stderr]    Compiling thiserror v2.0.18
[INFO] [stderr]    Compiling rayon-core v1.13.0
[INFO] [stderr]    Compiling serde v1.0.228
[INFO] [stderr]    Compiling hashbrown v0.17.1
[INFO] [stderr]    Compiling bytes v1.12.1
[INFO] [stderr]    Compiling once_cell v1.21.4
[INFO] [stderr]    Compiling equivalent v1.0.2
[INFO] [stderr]    Compiling libyaml-rs v0.3.0
[INFO] [stderr]    Compiling either v1.16.0
[INFO] [stderr]    Compiling ahash v0.8.12
[INFO] [stderr]    Compiling ryu v1.0.23
[INFO] [stderr]    Compiling same-file v1.0.6
[INFO] [stderr]    Compiling uuid v1.23.3
[INFO] [stderr]    Compiling walkdir v2.5.0
[INFO] [stderr]    Compiling indexmap v2.14.0
[INFO] [stderr]    Compiling syn v2.0.117
[INFO] [stderr]    Compiling errno v0.3.14
[INFO] [stderr]    Compiling mio v1.2.0
[INFO] [stderr]    Compiling socket2 v0.6.3
[INFO] [stderr]    Compiling num_cpus v1.17.0
[INFO] [stderr]    Compiling memmap2 v0.9.10
[INFO] [stderr]    Compiling signal-hook-registry v1.4.8
[INFO] [stderr]    Compiling parking_lot v0.12.5
[INFO] [stderr]    Compiling rayon v1.12.0
[INFO] [stderr]    Compiling futures-macro v0.3.32
[INFO] [stderr]    Compiling thiserror-impl v2.0.18
[INFO] [stderr]    Compiling tokio-macros v2.7.0
[INFO] [stderr]    Compiling serde_derive v1.0.228
[INFO] [stderr]    Compiling tokio v1.52.3
[INFO] [stderr]    Compiling futures-util v0.3.32
[INFO] [stderr]    Compiling yaml_serde v0.10.4
[INFO] [stderr]    Compiling futures-executor v0.3.32
[INFO] [stderr]    Compiling futures v0.3.32
[INFO] [stderr]    Compiling dash_cache v0.1.3
[INFO] [stderr]    Compiling nldb v0.1.0 (/opt/rustwide/workdir)
[INFO] [stderr]     Finished `release` profile [optimized] target(s) in 41.73s
[INFO] running `Command { std: "docker" "inspect" "eba16bcd2867d81762ee20f0ed3d72be4b6cd12b15e97ed2d8243ec2f72ff2cd", kill_on_drop: false }`
[INFO] running `Command { std: "docker" "exec" "-e" "SOURCE_DIR=/opt/rustwide/workdir" "-e" "CARGO_HOME=/opt/rustwide/cargo-home" "-e" "RUSTUP_HOME=/opt/rustwide/rustup-home" "-e" "CARGO_TARGET_DIR=/opt/rustwide/target" "-e" "CARGO_INCREMENTAL=0" "-e" "RUST_BACKTRACE=full" "-e" "RUSTFLAGS=--cap-lints=warn" "-e" "RUSTDOCFLAGS=--cap-lints=warn" "-w" "/opt/rustwide/workdir" "--user" "0:0" "eba16bcd2867d81762ee20f0ed3d72be4b6cd12b15e97ed2d8243ec2f72ff2cd" "/opt/rustwide/cargo-home/bin/cargo" "+1.98.0-beta.8" "test" "--frozen" "--no-run" "--message-format=json" "--release", kill_on_drop: false }`
[INFO] [stderr]    Compiling nldb v0.1.0 (/opt/rustwide/workdir)
[INFO] [stderr]     Finished `release` profile [optimized] target(s) in 5.63s
[INFO] running `Command { std: "docker" "inspect" "eba16bcd2867d81762ee20f0ed3d72be4b6cd12b15e97ed2d8243ec2f72ff2cd", kill_on_drop: false }`
[INFO] running `Command { std: "docker" "exec" "-e" "SOURCE_DIR=/opt/rustwide/workdir" "-e" "CARGO_HOME=/opt/rustwide/cargo-home" "-e" "RUSTUP_HOME=/opt/rustwide/rustup-home" "-e" "CARGO_TARGET_DIR=/opt/rustwide/target" "-e" "CARGO_INCREMENTAL=0" "-e" "RUST_BACKTRACE=full" "-e" "RUSTFLAGS=--cap-lints=warn" "-e" "RUSTDOCFLAGS=--cap-lints=warn" "-w" "/opt/rustwide/workdir" "--user" "0:0" "eba16bcd2867d81762ee20f0ed3d72be4b6cd12b15e97ed2d8243ec2f72ff2cd" "/opt/rustwide/cargo-home/bin/cargo" "+1.98.0-beta.8" "test" "--frozen" "--release", kill_on_drop: false }`
[INFO] [stderr]     Finished `release` profile [optimized] target(s) in 0.12s
[INFO] [stdout] 
[INFO] [stderr]      Running unittests src/main.rs (/opt/rustwide/target/release/deps/nldb-f93b3e0694a09cba)
[INFO] [stdout] running 90 tests
[INFO] [stdout] test disk::tests::insert_record_roundtrip ... ok
[INFO] [stdout] test disk::tests::insert_record_large_key_and_data ... ok
[INFO] [stdout] test disk::tests::insert_record_empty_data ... ok
[INFO] [stdout] test disk::tests::tombstone_record_roundtrip ... ok
[INFO] [stdout] test compaction::tests::test_tombstone_dropped_from_output ... FAILED
[INFO] [stdout] test disk::tests::multiple_records_sequential_decode ... ok
[INFO] [stdout] test memtable::immutable::tests::test_empty_returns_none ... ok
[INFO] [stdout] test compaction::tests::test_output_keys_are_sorted ... FAILED
[INFO] [stdout] test disk::tests::invalid_header_returns_none ... ok
[INFO] [stdout] test compaction::tests::test_disjoint_keys_all_present ... FAILED
[INFO] [stdout] test compaction::tests::test_tombstone_hides_older_data ... FAILED
[INFO] [stdout] test compaction::tests::test_newer_table_wins_on_duplicate_key ... FAILED
[INFO] [stdout] test memtable::inner::tests::test_all_keys_retrievable ... FAILED
[INFO] [stdout] test memtable::tests::test_delete_writes_tombstone ... FAILED
[INFO] [stdout] test memtable::inner::tests::test_case1_uncle_red ... FAILED
[INFO] [stdout] test memtable::immutable::tests::test_newest_wins ... FAILED
[INFO] [stdout] test memtable::immutable::tests::test_insert_and_get ... FAILED
[INFO] [stdout] test memtable::inner::tests::test_case3_left_left ... FAILED
[INFO] [stdout] test memtable::inner::tests::test_get_after_insert ... FAILED
[INFO] [stdout] test memtable::inner::tests::test_invariants_many_inserts ... FAILED
[INFO] [stdout] test memtable::tests::test_get_missing_returns_none ... FAILED
[INFO] [stdout] test parser::tests::test_command_only_no_space_errors ... ok
[INFO] [stdout] test memtable::tests::test_rotate_fresh_table_is_empty ... FAILED
[INFO] [stdout] test memtable::inner::tests::test_case2_case3_left_right ... FAILED
[INFO] [stdout] test memtable::inner::tests::test_case2_case3_right_left ... FAILED
[INFO] [stdout] test memtable::immutable::tests::test_tombstone_hides_older_data ... FAILED
[INFO] [stdout] test memtable::inner::tests::test_case3_right_right ... FAILED
[INFO] [stdout] test memtable::tests::test_insert_and_get ... FAILED
[INFO] [stdout] test memtable::tests::test_insert_overwrites_existing ... FAILED
[INFO] [stdout] test memtable::inner::tests::test_duplicate_key_updates_value ... FAILED
[INFO] [stdout] test parser::tests::test_delete_simple ... ok
[INFO] [stdout] test parser::tests::test_empty_key_errors ... ok
[INFO] [stdout] test memtable::tests::test_new_from_wal_recovers_data ... FAILED
[INFO] [stdout] test memtable::immutable::tests::test_pop_removes_oldest ... FAILED
[INFO] [stdout] test memtable::tests::test_rotate_returns_old_table ... FAILED
[INFO] [stdout] test parser::tests::test_empty_payload_errors ... ok
[INFO] [stdout] test memtable::tests::test_table_full_error ... FAILED
[INFO] [stdout] test parser::tests::test_get_case_insensitive_command ... ok
[INFO] [stdout] test parser::tests::test_get_key_len_exceeds_buffer_errors ... ok
[INFO] [stdout] test parser::tests::test_get_multibyte_key_varint ... ok
[INFO] [stdout] test parser::tests::test_get_key_with_spaces ... ok
[INFO] [stdout] test parser::tests::test_get_simple ... ok
[INFO] [stdout] test parser::tests::test_insert_binary_value ... ok
[INFO] [stdout] test parser::tests::test_insert_simple ... ok
[INFO] [stdout] test parser::tests::test_insert_value_len_exceeds_buffer_errors ... ok
[INFO] [stdout] test parser::tests::test_insert_value_with_spaces ... ok
[INFO] [stdout] test parser::tests::test_unknown_command_errors ... ok
[INFO] [stdout] test parser::varint_tests::test_all_continuation_bytes_errors ... ok
[INFO] [stdout] test parser::varint_tests::test_at_offset ... ok
[INFO] [stdout] test parser::varint_tests::test_empty_buffer_errors ... ok
[INFO] [stdout] test parser::varint_tests::test_max_single_byte ... ok
[INFO] [stdout] test parser::varint_tests::test_offset_at_end_errors ... ok
[INFO] [stdout] test parser::varint_tests::test_single_byte ... ok
[INFO] [stdout] test parser::varint_tests::test_two_byte ... ok
[INFO] [stdout] test parser::varint_tests::test_zero ... ok
[INFO] [stdout] test restart::tests::test_both_wal_and_sstable_detected ... FAILED
[INFO] [stdout] test restart::tests::test_empty_directory_returns_no_files ... FAILED
[INFO] [stdout] test restart::tests::test_non_wal_log_files_ignored ... FAILED
[INFO] [stdout] test restart::tests::test_sstable_files_detected ... FAILED
[INFO] [stdout] test restart::tests::test_wal_file_detected ... FAILED
[INFO] [stdout] test restart::tests::test_multiple_wals_sorted_oldest_first ... FAILED
[INFO] [stdout] test restart::tests::test_sstables_sorted_newest_first ... FAILED
[INFO] [stdout] test util::tests::decode_at_offset ... ok
[INFO] [stdout] test util::tests::decode_single_byte ... ok
[INFO] [stdout] test util::tests::decode_zero ... ok
[INFO] [stdout] test restart::tests::test_non_database_files_ignored ... FAILED
[INFO] [stdout] test restart::worker::tests::test_empty_wal_produces_empty_table ... FAILED
[INFO] [stdout] test util::tests::encode_decode_roundtrip ... ok
[INFO] [stdout] test util::tests::decode_two_byte ... ok
[INFO] [stdout] test util::tests::encode_large_value ... ok
[INFO] [stdout] test restart::worker::tests::test_single_wal_data_recovered ... FAILED
[INFO] [stdout] test util::tests::encode_max_single_byte ... ok
[INFO] [stdout] test util::tests::encode_single_byte_value ... ok
[INFO] [stdout] test util::tests::encode_two_byte_boundary ... ok
[INFO] [stdout] test restart::worker::tests::test_tables_are_independent ... FAILED
[INFO] [stdout] test restart::worker::tests::test_multiple_wals_all_loaded ... FAILED
[INFO] [stdout] test sstable::tests::roundtrip_search ... FAILED
[INFO] [stdout] test util::tests::get_be_array8_reads_correct_slice ... ok
[INFO] [stdout] test util::tests::test_varint_size_from_len ... ok
[INFO] [stdout] test restart::worker::tests::test_order_preserved ... FAILED
[INFO] [stdout] test util::tests::get_be_array2_converts_correctly ... ok
[INFO] [stdout] test wal::tests::test_buffer_not_written_before_flush ... FAILED
[INFO] [stdout] test wal::tests::test_data_record_roundtrip ... FAILED
[INFO] [stdout] test wal::tests::test_mixed_data_and_tombstones ... FAILED
[INFO] [stdout] test wal::tests::test_size_based_flush_trigger ... FAILED
[INFO] [stdout] test wal::tests::test_tombstone_roundtrip ... FAILED
[INFO] [stdout] test wal::tests::test_multiple_records_in_order ... FAILED
[INFO] [stdout] test memtable::inner::tests::test_root_is_black ... FAILED
[INFO] [stdout] test util::tests::encode_zero ... ok
[INFO] [stdout] test memtable::tests::test_delete_nonexistent_key_writes_tombstone ... FAILED
[INFO] [stdout] 
[INFO] [stdout] failures:
[INFO] [stdout] 
[INFO] [stdout] ---- compaction::tests::test_tombstone_dropped_from_output stdout ----
[INFO] [stdout] 
[INFO] [stdout] thread 'compaction::tests::test_tombstone_dropped_from_output' (1428) panicked at src/memtable/inner.rs:576:51:
[INFO] [stdout] called `Result::unwrap()` on an `Err` value: Os { code: 30, kind: ReadOnlyFilesystem, message: "Read-only file system" }
[INFO] [stdout] stack backtrace:
[INFO] [stdout]    0:     0x631e372baf31 - <<std[97b98282bc616a66]::sys::backtrace::BacktraceLock>::print::DisplayBacktrace as core[832e9a552fc17241]::fmt::Display>::fmt
[INFO] [stdout]    1:     0x631e372cf96a - core[832e9a552fc17241]::fmt::write
[INFO] [stdout]    2:     0x631e372bf8fc - <alloc[3ecab9f82c41dc7d]::vec::Vec<u8> as std[97b98282bc616a66]::io::Write>::write_fmt
[INFO] [stdout]    3:     0x631e372974d6 - std[97b98282bc616a66]::panicking::default_hook::{closure#0}
[INFO] [stdout]    4:     0x631e372b2389 - std[97b98282bc616a66]::panicking::default_hook
[INFO] [stdout]    5:     0x631e3721ba90 - test[39766f3d73431624]::test_main_inner::<test[39766f3d73431624]::test_main_static::{closure#0}>::{closure#0}
[INFO] [stdout]    6:     0x631e372b26b2 - std[97b98282bc616a66]::panicking::panic_with_hook
[INFO] [stdout]    7:     0x631e37297582 - std[97b98282bc616a66]::panicking::panic_handler::{closure#0}
[INFO] [stdout]    8:     0x631e3728ed19 - std[97b98282bc616a66]::sys::backtrace::__rust_end_short_backtrace::<std[97b98282bc616a66]::panicking::panic_handler::{closure#0}, !>
[INFO] [stdout]    9:     0x631e3729817d - __rustc[e3d8617bb01b7f69]::rust_begin_unwind
[INFO] [stdout]   10:     0x631e372d00cc - core[832e9a552fc17241]::panicking::panic_fmt
[INFO] [stdout]   11:     0x631e372cfea2 - core[832e9a552fc17241]::result::unwrap_failed
[INFO] [stdout]   12:     0x631e371de0da - <nldb[ee6ac753e048d6bc]::memtable::inner::MemtableInner>::new_for_test
[INFO] [stdout]   13:     0x631e371f1196 - nldb[ee6ac753e048d6bc]::compaction::tests::make_sstable::{closure#0}
[INFO] [stdout]   14:     0x631e371f43ef - nldb[ee6ac753e048d6bc]::compaction::tests::test_tombstone_dropped_from_output::{closure#0}
[INFO] [stdout]   15:     0x631e3720c133 - <tokio[274d9ba6f4b762ee]::runtime::scheduler::current_thread::Context>::enter::<core[832e9a552fc17241]::task::poll::Poll<()>, <tokio[274d9ba6f4b762ee]::runtime::scheduler::current_thread::CoreGuard>::block_on<core[832e9a552fc17241]::pin::Pin<&mut core[832e9a552fc17241]::pin::Pin<&mut dyn core[832e9a552fc17241]::future::future::Future<Output = ()>>>>::{closure#0}::{closure#0}>
[INFO] [stdout]   16:     0x631e371ef98c - <tokio[274d9ba6f4b762ee]::runtime::context::scoped::Scoped<tokio[274d9ba6f4b762ee]::runtime::scheduler::Context>>::set::<<tokio[274d9ba6f4b762ee]::runtime::scheduler::current_thread::CoreGuard>::enter<<tokio[274d9ba6f4b762ee]::runtime::scheduler::current_thread::CoreGuard>::block_on<core[832e9a552fc17241]::pin::Pin<&mut core[832e9a552fc17241]::pin::Pin<&mut dyn core[832e9a552fc17241]::future::future::Future<Output = ()>>>>::{closure#0}, core[832e9a552fc17241]::option::Option<()>>::{closure#0}, (alloc[3ecab9f82c41dc7d]::boxed::Box<tokio[274d9ba6f4b762ee]::runtime::scheduler::current_thread::Core>, core[832e9a552fc17241]::option::Option<()>)>
[INFO] [stdout]   17:     0x631e3720bdb5 - <tokio[274d9ba6f4b762ee]::runtime::scheduler::current_thread::CurrentThread>::block_on::<core[832e9a552fc17241]::pin::Pin<&mut dyn core[832e9a552fc17241]::future::future::Future<Output = ()>>>
[INFO] [stdout]   18:     0x631e371f9982 - <tokio[274d9ba6f4b762ee]::runtime::runtime::Runtime>::block_on::<core[832e9a552fc17241]::pin::Pin<&mut dyn core[832e9a552fc17241]::future::future::Future<Output = ()>>>
[INFO] [stdout]   19:     0x631e371f59bb - nldb[ee6ac753e048d6bc]::compaction::tests::test_tombstone_dropped_from_output
[INFO] [stdout]   20:     0x631e371ee349 - <nldb[ee6ac753e048d6bc]::compaction::tests::test_tombstone_dropped_from_output::{closure#0} as core[832e9a552fc17241]::ops::function::FnOnce<()>>::call_once
[INFO] [stdout]   21:     0x631e3720edcb - test[39766f3d73431624]::__rust_begin_short_backtrace::<core[832e9a552fc17241]::result::Result<(), alloc[3ecab9f82c41dc7d]::string::String>, fn() -> core[832e9a552fc17241]::result::Result<(), alloc[3ecab9f82c41dc7d]::string::String>>
[INFO] [stdout]   22:     0x631e3721c415 - test[39766f3d73431624]::run_test::{closure#0}
[INFO] [stdout]   23:     0x631e37216ec4 - std[97b98282bc616a66]::sys::backtrace::__rust_begin_short_backtrace::<test[39766f3d73431624]::run_test::{closure#1}, ()>
[INFO] [stdout]   24:     0x631e3721f562 - <std[97b98282bc616a66]::thread::lifecycle::spawn_unchecked<test[39766f3d73431624]::run_test::{closure#1}, ()>::{closure#1} as core[832e9a552fc17241]::ops::function::FnOnce<()>>::call_once::{shim:vtable#0}
[INFO] [stdout]   25:     0x631e372ba7af - <std[97b98282bc616a66]::sys::thread::unix::Thread>::new::thread_start
[INFO] [stdout]   26:     0x79c9eacad07a - <unknown>
[INFO] [stdout]   27:     0x79c9ead40534 - clone
[INFO] [stdout]   28:                0x0 - <unknown>
[INFO] [stdout] 
[INFO] [stdout] ---- compaction::tests::test_output_keys_are_sorted stdout ----
[INFO] [stdout] 
[INFO] [stdout] thread 'compaction::tests::test_output_keys_are_sorted' (1427) panicked at src/memtable/inner.rs:576:51:
[INFO] [stdout] called `Result::unwrap()` on an `Err` value: Os { code: 30, kind: ReadOnlyFilesystem, message: "Read-only file system" }
[INFO] [stdout] stack backtrace:
[INFO] [stdout]    0:     0x631e372baf31 - <<std[97b98282bc616a66]::sys::backtrace::BacktraceLock>::print::DisplayBacktrace as core[832e9a552fc17241]::fmt::Display>::fmt
[INFO] [stdout]    1:     0x631e372cf96a - core[832e9a552fc17241]::fmt::write
[INFO] [stdout]    2:     0x631e372bf8fc - <alloc[3ecab9f82c41dc7d]::vec::Vec<u8> as std[97b98282bc616a66]::io::Write>::write_fmt
[INFO] [stdout]    3:     0x631e372974d6 - std[97b98282bc616a66]::panicking::default_hook::{closure#0}
[INFO] [stdout]    4:     0x631e372b2389 - std[97b98282bc616a66]::panicking::default_hook
[INFO] [stdout]    5:     0x631e3721ba90 - test[39766f3d73431624]::test_main_inner::<test[39766f3d73431624]::test_main_static::{closure#0}>::{closure#0}
[INFO] [stdout]    6:     0x631e372b26b2 - std[97b98282bc616a66]::panicking::panic_with_hook
[INFO] [stdout]    7:     0x631e37297582 - std[97b98282bc616a66]::panicking::panic_handler::{closure#0}
[INFO] [stdout]    8:     0x631e3728ed19 - std[97b98282bc616a66]::sys::backtrace::__rust_end_short_backtrace::<std[97b98282bc616a66]::panicking::panic_handler::{closure#0}, !>
[INFO] [stdout]    9:     0x631e3729817d - __rustc[e3d8617bb01b7f69]::rust_begin_unwind
[INFO] [stdout]   10:     0x631e372d00cc - core[832e9a552fc17241]::panicking::panic_fmt
[INFO] [stdout]   11:     0x631e372cfea2 - core[832e9a552fc17241]::result::unwrap_failed
[INFO] [stdout]   12:     0x631e371de0da - <nldb[ee6ac753e048d6bc]::memtable::inner::MemtableInner>::new_for_test
[INFO] [stdout]   13:     0x631e371f1196 - nldb[ee6ac753e048d6bc]::compaction::tests::make_sstable::{closure#0}
[INFO] [stdout]   14:     0x631e371f22c8 - nldb[ee6ac753e048d6bc]::compaction::tests::test_output_keys_are_sorted::{closure#0}
[INFO] [stdout]   15:     0x631e3720c133 - <tokio[274d9ba6f4b762ee]::runtime::scheduler::current_thread::Context>::enter::<core[832e9a552fc17241]::task::poll::Poll<()>, <tokio[274d9ba6f4b762ee]::runtime::scheduler::current_thread::CoreGuard>::block_on<core[832e9a552fc17241]::pin::Pin<&mut core[832e9a552fc17241]::pin::Pin<&mut dyn core[832e9a552fc17241]::future::future::Future<Output = ()>>>>::{closure#0}::{closure#0}>
[INFO] [stdout]   16:     0x631e371ef98c - <tokio[274d9ba6f4b762ee]::runtime::context::scoped::Scoped<tokio[274d9ba6f4b762ee]::runtime::scheduler::Context>>::set::<<tokio[274d9ba6f4b762ee]::runtime::scheduler::current_thread::CoreGuard>::enter<<tokio[274d9ba6f4b762ee]::runtime::scheduler::current_thread::CoreGuard>::block_on<core[832e9a552fc17241]::pin::Pin<&mut core[832e9a552fc17241]::pin::Pin<&mut dyn core[832e9a552fc17241]::future::future::Future<Output = ()>>>>::{closure#0}, core[832e9a552fc17241]::option::Option<()>>::{closure#0}, (alloc[3ecab9f82c41dc7d]::boxed::Box<tokio[274d9ba6f4b762ee]::runtime::scheduler::current_thread::Core>, core[832e9a552fc17241]::option::Option<()>)>
[INFO] [stdout]   17:     0x631e3720bdb5 - <tokio[274d9ba6f4b762ee]::runtime::scheduler::current_thread::CurrentThread>::block_on::<core[832e9a552fc17241]::pin::Pin<&mut dyn core[832e9a552fc17241]::future::future::Future<Output = ()>>>
[INFO] [stdout]   18:     0x631e371f9982 - <tokio[274d9ba6f4b762ee]::runtime::runtime::Runtime>::block_on::<core[832e9a552fc17241]::pin::Pin<&mut dyn core[832e9a552fc17241]::future::future::Future<Output = ()>>>
[INFO] [stdout]   19:     0x631e371f55cb - nldb[ee6ac753e048d6bc]::compaction::tests::test_output_keys_are_sorted
[INFO] [stdout]   20:     0x631e371ee2e9 - <nldb[ee6ac753e048d6bc]::compaction::tests::test_output_keys_are_sorted::{closure#0} as core[832e9a552fc17241]::ops::function::FnOnce<()>>::call_once
[INFO] [stdout]   21:     0x631e3720edcb - test[39766f3d73431624]::__rust_begin_short_backtrace::<core[832e9a552fc17241]::result::Result<(), alloc[3ecab9f82c41dc7d]::string::String>, fn() -> core[832e9a552fc17241]::result::Result<(), alloc[3ecab9f82c41dc7d]::string::String>>
[INFO] [stdout]   22:     0x631e3721c415 - test[39766f3d73431624]::run_test::{closure#0}
[INFO] [stdout]   23:     0x631e37216ec4 - std[97b98282bc616a66]::sys::backtrace::__rust_begin_short_backtrace::<test[39766f3d73431624]::run_test::{closure#1}, ()>
[INFO] [stdout]   24:     0x631e3721f562 - <std[97b98282bc616a66]::thread::lifecycle::spawn_unchecked<test[39766f3d73431624]::run_test::{closure#1}, ()>::{closure#1} as core[832e9a552fc17241]::ops::function::FnOnce<()>>::call_once::{shim:vtable#0}
[INFO] [stdout]   25:     0x631e372ba7af - <std[97b98282bc616a66]::sys::thread::unix::Thread>::new::thread_start
[INFO] [stdout]   26:     0x79c9eacad07a - <unknown>
[INFO] [stdout]   27:     0x79c9ead40534 - clone
[INFO] [stdout]   28:                0x0 - <unknown>
[INFO] [stdout] 
[INFO] [stdout] ---- compaction::tests::test_disjoint_keys_all_present stdout ----
[INFO] [stdout] 
[INFO] [stdout] thread 'compaction::tests::test_disjoint_keys_all_present' (1425) panicked at src/memtable/inner.rs:576:51:
[INFO] [stdout] called `Result::unwrap()` on an `Err` value: Os { code: 30, kind: ReadOnlyFilesystem, message: "Read-only file system" }
[INFO] [stdout] stack backtrace:
[INFO] [stdout]    0:     0x631e372baf31 - <<std[97b98282bc616a66]::sys::backtrace::BacktraceLock>::print::DisplayBacktrace as core[832e9a552fc17241]::fmt::Display>::fmt
[INFO] [stdout]    1:     0x631e372cf96a - core[832e9a552fc17241]::fmt::write
[INFO] [stdout]    2:     0x631e372bf8fc - <alloc[3ecab9f82c41dc7d]::vec::Vec<u8> as std[97b98282bc616a66]::io::Write>::write_fmt
[INFO] [stdout]    3:     0x631e372974d6 - std[97b98282bc616a66]::panicking::default_hook::{closure#0}
[INFO] [stdout]    4:     0x631e372b2389 - std[97b98282bc616a66]::panicking::default_hook
[INFO] [stdout]    5:     0x631e3721ba90 - test[39766f3d73431624]::test_main_inner::<test[39766f3d73431624]::test_main_static::{closure#0}>::{closure#0}
[INFO] [stdout]    6:     0x631e372b26b2 - std[97b98282bc616a66]::panicking::panic_with_hook
[INFO] [stdout]    7:     0x631e37297582 - std[97b98282bc616a66]::panicking::panic_handler::{closure#0}
[INFO] [stdout]    8:     0x631e3728ed19 - std[97b98282bc616a66]::sys::backtrace::__rust_end_short_backtrace::<std[97b98282bc616a66]::panicking::panic_handler::{closure#0}, !>
[INFO] [stdout]    9:     0x631e3729817d - __rustc[e3d8617bb01b7f69]::rust_begin_unwind
[INFO] [stdout]   10:     0x631e372d00cc - core[832e9a552fc17241]::panicking::panic_fmt
[INFO] [stdout]   11:     0x631e372cfea2 - core[832e9a552fc17241]::result::unwrap_failed
[INFO] [stdout]   12:     0x631e371de0da - <nldb[ee6ac753e048d6bc]::memtable::inner::MemtableInner>::new_for_test
[INFO] [stdout]   13:     0x631e371f1196 - nldb[ee6ac753e048d6bc]::compaction::tests::make_sstable::{closure#0}
[INFO] [stdout]   14:     0x631e371f2cda - nldb[ee6ac753e048d6bc]::compaction::tests::test_disjoint_keys_all_present::{closure#0}
[INFO] [stdout]   15:     0x631e3720c133 - <tokio[274d9ba6f4b762ee]::runtime::scheduler::current_thread::Context>::enter::<core[832e9a552fc17241]::task::poll::Poll<()>, <tokio[274d9ba6f4b762ee]::runtime::scheduler::current_thread::CoreGuard>::block_on<core[832e9a552fc17241]::pin::Pin<&mut core[832e9a552fc17241]::pin::Pin<&mut dyn core[832e9a552fc17241]::future::future::Future<Output = ()>>>>::{closure#0}::{closure#0}>
[INFO] [stdout]   16:     0x631e371ef98c - <tokio[274d9ba6f4b762ee]::runtime::context::scoped::Scoped<tokio[274d9ba6f4b762ee]::runtime::scheduler::Context>>::set::<<tokio[274d9ba6f4b762ee]::runtime::scheduler::current_thread::CoreGuard>::enter<<tokio[274d9ba6f4b762ee]::runtime::scheduler::current_thread::CoreGuard>::block_on<core[832e9a552fc17241]::pin::Pin<&mut core[832e9a552fc17241]::pin::Pin<&mut dyn core[832e9a552fc17241]::future::future::Future<Output = ()>>>>::{closure#0}, core[832e9a552fc17241]::option::Option<()>>::{closure#0}, (alloc[3ecab9f82c41dc7d]::boxed::Box<tokio[274d9ba6f4b762ee]::runtime::scheduler::current_thread::Core>, core[832e9a552fc17241]::option::Option<()>)>
[INFO] [stdout]   17:     0x631e3720bdb5 - <tokio[274d9ba6f4b762ee]::runtime::scheduler::current_thread::CurrentThread>::block_on::<core[832e9a552fc17241]::pin::Pin<&mut dyn core[832e9a552fc17241]::future::future::Future<Output = ()>>>
[INFO] [stdout]   18:     0x631e371f9982 - <tokio[274d9ba6f4b762ee]::runtime::runtime::Runtime>::block_on::<core[832e9a552fc17241]::pin::Pin<&mut dyn core[832e9a552fc17241]::future::future::Future<Output = ()>>>
[INFO] [stdout]   19:     0x631e371f571b - nldb[ee6ac753e048d6bc]::compaction::tests::test_disjoint_keys_all_present
[INFO] [stdout]   20:     0x631e371ee309 - <nldb[ee6ac753e048d6bc]::compaction::tests::test_disjoint_keys_all_present::{closure#0} as core[832e9a552fc17241]::ops::function::FnOnce<()>>::call_once
[INFO] [stdout]   21:     0x631e3720edcb - test[39766f3d73431624]::__rust_begin_short_backtrace::<core[832e9a552fc17241]::result::Result<(), alloc[3ecab9f82c41dc7d]::string::String>, fn() -> core[832e9a552fc17241]::result::Result<(), alloc[3ecab9f82c41dc7d]::string::String>>
[INFO] [stdout]   22:     0x631e3721c415 - test[39766f3d73431624]::run_test::{closure#0}
[INFO] [stdout]   23:     0x631e37216ec4 - std[97b98282bc616a66]::sys::backtrace::__rust_begin_short_backtrace::<test[39766f3d73431624]::run_test::{closure#1}, ()>
[INFO] [stdout]   24:     0x631e3721f562 - <std[97b98282bc616a66]::thread::lifecycle::spawn_unchecked<test[39766f3d73431624]::run_test::{closure#1}, ()>::{closure#1} as core[832e9a552fc17241]::ops::function::FnOnce<()>>::call_once::{shim:vtable#0}
[INFO] [stdout]   25:     0x631e372ba7af - <std[97b98282bc616a66]::sys::thread::unix::Thread>::new::thread_start
[INFO] [stdout]   26:     0x79c9eacad07a - <unknown>
[INFO] [stdout]   27:     0x79c9ead40534 - clone
[INFO] [stdout]   28:                0x0 - <unknown>
[INFO] [stdout] 
[INFO] [stdout] ---- compaction::tests::test_tombstone_hides_older_data stdout ----
[INFO] [stdout] 
[INFO] [stdout] thread 'compaction::tests::test_tombstone_hides_older_data' (1429) panicked at src/memtable/inner.rs:576:51:
[INFO] [stdout] called `Result::unwrap()` on an `Err` value: Os { code: 30, kind: ReadOnlyFilesystem, message: "Read-only file system" }
[INFO] [stdout] stack backtrace:
[INFO] [stdout]    0:     0x631e372baf31 - <<std[97b98282bc616a66]::sys::backtrace::BacktraceLock>::print::DisplayBacktrace as core[832e9a552fc17241]::fmt::Display>::fmt
[INFO] [stdout]    1:     0x631e372cf96a - core[832e9a552fc17241]::fmt::write
[INFO] [stdout]    2:     0x631e372bf8fc - <alloc[3ecab9f82c41dc7d]::vec::Vec<u8> as std[97b98282bc616a66]::io::Write>::write_fmt
[INFO] [stdout]    3:     0x631e372974d6 - std[97b98282bc616a66]::panicking::default_hook::{closure#0}
[INFO] [stdout]    4:     0x631e372b2389 - std[97b98282bc616a66]::panicking::default_hook
[INFO] [stdout]    5:     0x631e3721ba90 - test[39766f3d73431624]::test_main_inner::<test[39766f3d73431624]::test_main_static::{closure#0}>::{closure#0}
[INFO] [stdout]    6:     0x631e372b26b2 - std[97b98282bc616a66]::panicking::panic_with_hook
[INFO] [stdout]    7:     0x631e37297582 - std[97b98282bc616a66]::panicking::panic_handler::{closure#0}
[INFO] [stdout]    8:     0x631e3728ed19 - std[97b98282bc616a66]::sys::backtrace::__rust_end_short_backtrace::<std[97b98282bc616a66]::panicking::panic_handler::{closure#0}, !>
[INFO] [stdout]    9:     0x631e3729817d - __rustc[e3d8617bb01b7f69]::rust_begin_unwind
[INFO] [stdout]   10:     0x631e372d00cc - core[832e9a552fc17241]::panicking::panic_fmt
[INFO] [stdout]   11:     0x631e372cfea2 - core[832e9a552fc17241]::result::unwrap_failed
[INFO] [stdout]   12:     0x631e371de0da - <nldb[ee6ac753e048d6bc]::memtable::inner::MemtableInner>::new_for_test
[INFO] [stdout]   13:     0x631e371f1196 - nldb[ee6ac753e048d6bc]::compaction::tests::make_sstable::{closure#0}
[INFO] [stdout]   14:     0x631e371f3ab4 - nldb[ee6ac753e048d6bc]::compaction::tests::test_tombstone_hides_older_data::{closure#0}
[INFO] [stdout]   15:     0x631e3720c133 - <tokio[274d9ba6f4b762ee]::runtime::scheduler::current_thread::Context>::enter::<core[832e9a552fc17241]::task::poll::Poll<()>, <tokio[274d9ba6f4b762ee]::runtime::scheduler::current_thread::CoreGuard>::block_on<core[832e9a552fc17241]::pin::Pin<&mut core[832e9a552fc17241]::pin::Pin<&mut dyn core[832e9a552fc17241]::future::future::Future<Output = ()>>>>::{closure#0}::{closure#0}>
[INFO] [stdout]   16:     0x631e371ef98c - <tokio[274d9ba6f4b762ee]::runtime::context::scoped::Scoped<tokio[274d9ba6f4b762ee]::runtime::scheduler::Context>>::set::<<tokio[274d9ba6f4b762ee]::runtime::scheduler::current_thread::CoreGuard>::enter<<tokio[274d9ba6f4b762ee]::runtime::scheduler::current_thread::CoreGuard>::block_on<core[832e9a552fc17241]::pin::Pin<&mut core[832e9a552fc17241]::pin::Pin<&mut dyn core[832e9a552fc17241]::future::future::Future<Output = ()>>>>::{closure#0}, core[832e9a552fc17241]::option::Option<()>>::{closure#0}, (alloc[3ecab9f82c41dc7d]::boxed::Box<tokio[274d9ba6f4b762ee]::runtime::scheduler::current_thread::Core>, core[832e9a552fc17241]::option::Option<()>)>
[INFO] [stdout]   17:     0x631e3720bdb5 - <tokio[274d9ba6f4b762ee]::runtime::scheduler::current_thread::CurrentThread>::block_on::<core[832e9a552fc17241]::pin::Pin<&mut dyn core[832e9a552fc17241]::future::future::Future<Output = ()>>>
[INFO] [stdout]   18:     0x631e371f9982 - <tokio[274d9ba6f4b762ee]::runtime::runtime::Runtime>::block_on::<core[832e9a552fc17241]::pin::Pin<&mut dyn core[832e9a552fc17241]::future::future::Future<Output = ()>>>
[INFO] [stdout]   19:     0x631e371f586b - nldb[ee6ac753e048d6bc]::compaction::tests::test_tombstone_hides_older_data
[INFO] [stdout]   20:     0x631e371ee329 - <nldb[ee6ac753e048d6bc]::compaction::tests::test_tombstone_hides_older_data::{closure#0} as core[832e9a552fc17241]::ops::function::FnOnce<()>>::call_once
[INFO] [stdout]   21:     0x631e3720edcb - test[39766f3d73431624]::__rust_begin_short_backtrace::<core[832e9a552fc17241]::result::Result<(), alloc[3ecab9f82c41dc7d]::string::String>, fn() -> core[832e9a552fc17241]::result::Result<(), alloc[3ecab9f82c41dc7d]::string::String>>
[INFO] [stdout]   22:     0x631e3721c415 - test[39766f3d73431624]::run_test::{closure#0}
[INFO] [stdout]   23:     0x631e37216ec4 - std[97b98282bc616a66]::sys::backtrace::__rust_begin_short_backtrace::<test[39766f3d73431624]::run_test::{closure#1}, ()>
[INFO] [stdout]   24:     0x631e3721f562 - <std[97b98282bc616a66]::thread::lifecycle::spawn_unchecked<test[39766f3d73431624]::run_test::{closure#1}, ()>::{closure#1} as core[832e9a552fc17241]::ops::function::FnOnce<()>>::call_once::{shim:vtable#0}
[INFO] [stdout]   25:     0x631e372ba7af - <std[97b98282bc616a66]::sys::thread::unix::Thread>::new::thread_start
[INFO] [stdout]   26:     0x79c9eacad07a - <unknown>
[INFO] [stdout]   27:     0x79c9ead40534 - clone
[INFO] [stdout]   28:                0x0 - <unknown>
[INFO] [stdout] 
[INFO] [stdout] ---- compaction::tests::test_newer_table_wins_on_duplicate_key stdout ----
[INFO] [stdout] 
[INFO] [stdout] thread 'compaction::tests::test_newer_table_wins_on_duplicate_key' (1426) panicked at src/memtable/inner.rs:576:51:
[INFO] [stdout] called `Result::unwrap()` on an `Err` value: Os { code: 30, kind: ReadOnlyFilesystem, message: "Read-only file system" }
[INFO] [stdout] stack backtrace:
[INFO] [stdout]    0:     0x631e372baf31 - <<std[97b98282bc616a66]::sys::backtrace::BacktraceLock>::print::DisplayBacktrace as core[832e9a552fc17241]::fmt::Display>::fmt
[INFO] [stdout]    1:     0x631e372cf96a - core[832e9a552fc17241]::fmt::write
[INFO] [stdout]    2:     0x631e372bf8fc - <alloc[3ecab9f82c41dc7d]::vec::Vec<u8> as std[97b98282bc616a66]::io::Write>::write_fmt
[INFO] [stdout]    3:     0x631e372974d6 - std[97b98282bc616a66]::panicking::default_hook::{closure#0}
[INFO] [stdout]    4:     0x631e372b2389 - std[97b98282bc616a66]::panicking::default_hook
[INFO] [stdout]    5:     0x631e3721ba90 - test[39766f3d73431624]::test_main_inner::<test[39766f3d73431624]::test_main_static::{closure#0}>::{closure#0}
[INFO] [stdout]    6:     0x631e372b26b2 - std[97b98282bc616a66]::panicking::panic_with_hook
[INFO] [stdout]    7:     0x631e37297582 - std[97b98282bc616a66]::panicking::panic_handler::{closure#0}
[INFO] [stdout]    8:     0x631e3728ed19 - std[97b98282bc616a66]::sys::backtrace::__rust_end_short_backtrace::<std[97b98282bc616a66]::panicking::panic_handler::{closure#0}, !>
[INFO] [stdout]    9:     0x631e3729817d - __rustc[e3d8617bb01b7f69]::rust_begin_unwind
[INFO] [stdout]   10:     0x631e372d00cc - core[832e9a552fc17241]::panicking::panic_fmt
[INFO] [stdout]   11:     0x631e372cfea2 - core[832e9a552fc17241]::result::unwrap_failed
[INFO] [stdout]   12:     0x631e371de0da - <nldb[ee6ac753e048d6bc]::memtable::inner::MemtableInner>::new_for_test
[INFO] [stdout]   13:     0x631e371f1196 - nldb[ee6ac753e048d6bc]::compaction::tests::make_sstable::{closure#0}
[INFO] [stdout]   14:     0x631e371f4a33 - nldb[ee6ac753e048d6bc]::compaction::tests::test_newer_table_wins_on_duplicate_key::{closure#0}
[INFO] [stdout]   15:     0x631e3720c133 - <tokio[274d9ba6f4b762ee]::runtime::scheduler::current_thread::Context>::enter::<core[832e9a552fc17241]::task::poll::Poll<()>, <tokio[274d9ba6f4b762ee]::runtime::scheduler::current_thread::CoreGuard>::block_on<core[832e9a552fc17241]::pin::Pin<&mut core[832e9a552fc17241]::pin::Pin<&mut dyn core[832e9a552fc17241]::future::future::Future<Output = ()>>>>::{closure#0}::{closure#0}>
[INFO] [stdout]   16:     0x631e371ef98c - <tokio[274d9ba6f4b762ee]::runtime::context::scoped::Scoped<tokio[274d9ba6f4b762ee]::runtime::scheduler::Context>>::set::<<tokio[274d9ba6f4b762ee]::runtime::scheduler::current_thread::CoreGuard>::enter<<tokio[274d9ba6f4b762ee]::runtime::scheduler::current_thread::CoreGuard>::block_on<core[832e9a552fc17241]::pin::Pin<&mut core[832e9a552fc17241]::pin::Pin<&mut dyn core[832e9a552fc17241]::future::future::Future<Output = ()>>>>::{closure#0}, core[832e9a552fc17241]::option::Option<()>>::{closure#0}, (alloc[3ecab9f82c41dc7d]::boxed::Box<tokio[274d9ba6f4b762ee]::runtime::scheduler::current_thread::Core>, core[832e9a552fc17241]::option::Option<()>)>
[INFO] [stdout]   17:     0x631e3720bdb5 - <tokio[274d9ba6f4b762ee]::runtime::scheduler::current_thread::CurrentThread>::block_on::<core[832e9a552fc17241]::pin::Pin<&mut dyn core[832e9a552fc17241]::future::future::Future<Output = ()>>>
[INFO] [stdout]   18:     0x631e371f9982 - <tokio[274d9ba6f4b762ee]::runtime::runtime::Runtime>::block_on::<core[832e9a552fc17241]::pin::Pin<&mut dyn core[832e9a552fc17241]::future::future::Future<Output = ()>>>
[INFO] [stdout]   19:     0x631e371f5b0b - nldb[ee6ac753e048d6bc]::compaction::tests::test_newer_table_wins_on_duplicate_key
[INFO] [stdout]   20:     0x631e371ee369 - <nldb[ee6ac753e048d6bc]::compaction::tests::test_newer_table_wins_on_duplicate_key::{closure#0} as core[832e9a552fc17241]::ops::function::FnOnce<()>>::call_once
[INFO] [stdout]   21:     0x631e3720edcb - test[39766f3d73431624]::__rust_begin_short_backtrace::<core[832e9a552fc17241]::result::Result<(), alloc[3ecab9f82c41dc7d]::string::String>, fn() -> core[832e9a552fc17241]::result::Result<(), alloc[3ecab9f82c41dc7d]::string::String>>
[INFO] [stdout]   22:     0x631e3721c415 - test[39766f3d73431624]::run_test::{closure#0}
[INFO] [stdout]   23:     0x631e37216ec4 - std[97b98282bc616a66]::sys::backtrace::__rust_begin_short_backtrace::<test[39766f3d73431624]::run_test::{closure#1}, ()>
[INFO] [stdout]   24:     0x631e3721f562 - <std[97b98282bc616a66]::thread::lifecycle::spawn_unchecked<test[39766f3d73431624]::run_test::{closure#1}, ()>::{closure#1} as core[832e9a552fc17241]::ops::function::FnOnce<()>>::call_once::{shim:vtable#0}
[INFO] [stdout]   25:     0x631e372ba7af - <std[97b98282bc616a66]::sys::thread::unix::Thread>::new::thread_start
[INFO] [stdout]   26:     0x79c9eacad07a - <unknown>
[INFO] [stdout]   27:     0x79c9ead40534 - clone
[INFO] [stdout]   28:                0x0 - <unknown>
[INFO] [stdout] 
[INFO] [stdout] ---- memtable::inner::tests::test_all_keys_retrievable stdout ----
[INFO] [stdout] 
[INFO] [stdout] thread 'memtable::inner::tests::test_all_keys_retrievable' (1441) panicked at src/memtable/inner.rs:622:46:
[INFO] [stdout] called `Result::unwrap()` on an `Err` value: Os { code: 30, kind: ReadOnlyFilesystem, message: "Read-only file system" }
[INFO] [stdout] stack backtrace:
[INFO] [stdout]    0:     0x631e372baf31 - <<std[97b98282bc616a66]::sys::backtrace::BacktraceLock>::print::DisplayBacktrace as core[832e9a552fc17241]::fmt::Display>::fmt
[INFO] [stdout]    1:     0x631e372cf96a - core[832e9a552fc17241]::fmt::write
[INFO] [stdout]    2:     0x631e372bf8fc - <alloc[3ecab9f82c41dc7d]::vec::Vec<u8> as std[97b98282bc616a66]::io::Write>::write_fmt
[INFO] [stdout]    3:     0x631e372974d6 - std[97b98282bc616a66]::panicking::default_hook::{closure#0}
[INFO] [stdout]    4:     0x631e372b2389 - std[97b98282bc616a66]::panicking::default_hook
[INFO] [stdout]    5:     0x631e3721ba90 - test[39766f3d73431624]::test_main_inner::<test[39766f3d73431624]::test_main_static::{closure#0}>::{closure#0}
[INFO] [stdout]    6:     0x631e372b26b2 - std[97b98282bc616a66]::panicking::panic_with_hook
[INFO] [stdout]    7:     0x631e37297582 - std[97b98282bc616a66]::panicking::panic_handler::{closure#0}
[INFO] [stdout]    8:     0x631e3728ed19 - std[97b98282bc616a66]::sys::backtrace::__rust_end_short_backtrace::<std[97b98282bc616a66]::panicking::panic_handler::{closure#0}, !>
[INFO] [stdout]    9:     0x631e3729817d - __rustc[e3d8617bb01b7f69]::rust_begin_unwind
[INFO] [stdout]   10:     0x631e372d00cc - core[832e9a552fc17241]::panicking::panic_fmt
[INFO] [stdout]   11:     0x631e372cfea2 - core[832e9a552fc17241]::result::unwrap_failed
[INFO] [stdout]   12:     0x631e371f723e - nldb[ee6ac753e048d6bc]::memtable::inner::tests::make_memtable
[INFO] [stdout]   13:     0x631e371f82ee - nldb[ee6ac753e048d6bc]::memtable::inner::tests::test_all_keys_retrievable
[INFO] [stdout]   14:     0x631e371ef789 - <nldb[ee6ac753e048d6bc]::memtable::inner::tests::test_all_keys_retrievable::{closure#0} as core[832e9a552fc17241]::ops::function::FnOnce<()>>::call_once
[INFO] [stdout]   15:     0x631e3720edcb - test[39766f3d73431624]::__rust_begin_short_backtrace::<core[832e9a552fc17241]::result::Result<(), alloc[3ecab9f82c41dc7d]::string::String>, fn() -> core[832e9a552fc17241]::result::Result<(), alloc[3ecab9f82c41dc7d]::string::String>>
[INFO] [stdout]   16:     0x631e3721c415 - test[39766f3d73431624]::run_test::{closure#0}
[INFO] [stdout]   17:     0x631e37216ec4 - std[97b98282bc616a66]::sys::backtrace::__rust_begin_short_backtrace::<test[39766f3d73431624]::run_test::{closure#1}, ()>
[INFO] [stdout]   18:     0x631e3721f562 - <std[97b98282bc616a66]::thread::lifecycle::spawn_unchecked<test[39766f3d73431624]::run_test::{closure#1}, ()>::{closure#1} as core[832e9a552fc17241]::ops::function::FnOnce<()>>::call_once::{shim:vtable#0}
[INFO] [stdout]   19:     0x631e372ba7af - <std[97b98282bc616a66]::sys::thread::unix::Thread>::new::thread_start
[INFO] [stdout]   20:     0x79c9eacad07a - <unknown>
[INFO] [stdout]   21:     0x79c9ead40534 - clone
[INFO] [stdout]   22:                0x0 - <unknown>
[INFO] [stdout] 
[INFO] [stdout] ---- memtable::tests::test_delete_writes_tombstone stdout ----
[INFO] [stdout] 
[INFO] [stdout] thread 'memtable::tests::test_delete_writes_tombstone' (1452) panicked at src/memtable/mod.rs:96:46:
[INFO] [stderr] error: test failed, to rerun pass `--bin nldb`
[INFO] [stdout] called `Result::unwrap()` on an `Err` value: Os { code: 30, kind: ReadOnlyFilesystem, message: "Read-only file system" }
[INFO] [stdout] stack backtrace:
[INFO] [stdout]    0:     0x631e372baf31 - <<std[97b98282bc616a66]::sys::backtrace::BacktraceLock>::print::DisplayBacktrace as core[832e9a552fc17241]::fmt::Display>::fmt
[INFO] [stdout]    1:     0x631e372cf96a - core[832e9a552fc17241]::fmt::write
[INFO] [stdout]    2:     0x631e372bf8fc - <alloc[3ecab9f82c41dc7d]::vec::Vec<u8> as std[97b98282bc616a66]::io::Write>::write_fmt
[INFO] [stdout]    3:     0x631e372974d6 - std[97b98282bc616a66]::panicking::default_hook::{closure#0}
[INFO] [stdout]    4:     0x631e372b2389 - std[97b98282bc616a66]::panicking::default_hook
[INFO] [stdout]    5:     0x631e3721ba90 - test[39766f3d73431624]::test_main_inner::<test[39766f3d73431624]::test_main_static::{closure#0}>::{closure#0}
[INFO] [stdout]    6:     0x631e372b26b2 - std[97b98282bc616a66]::panicking::panic_with_hook
[INFO] [stdout]    7:     0x631e37297582 - std[97b98282bc616a66]::panicking::panic_handler::{closure#0}
[INFO] [stdout]    8:     0x631e3728ed19 - std[97b98282bc616a66]::sys::backtrace::__rust_end_short_backtrace::<std[97b98282bc616a66]::panicking::panic_handler::{closure#0}, !>
[INFO] [stdout]    9:     0x631e3729817d - __rustc[e3d8617bb01b7f69]::rust_begin_unwind
[INFO] [stdout]   10:     0x631e372d00cc - core[832e9a552fc17241]::panicking::panic_fmt
[INFO] [stdout]   11:     0x631e372cfea2 - core[832e9a552fc17241]::result::unwrap_failed
[INFO] [stdout]   12:     0x631e371ee1b5 - nldb[ee6ac753e048d6bc]::memtable::tests::make_memtable
[INFO] [stdout]   13:     0x631e371ea321 - nldb[ee6ac753e048d6bc]::memtable::tests::test_delete_writes_tombstone::{closure#0}
[INFO] [stdout]   14:     0x631e3720c133 - <tokio[274d9ba6f4b762ee]::runtime::scheduler::current_thread::Context>::enter::<core[832e9a552fc17241]::task::poll::Poll<()>, <tokio[274d9ba6f4b762ee]::runtime::scheduler::current_thread::CoreGuard>::block_on<core[832e9a552fc17241]::pin::Pin<&mut core[832e9a552fc17241]::pin::Pin<&mut dyn core[832e9a552fc17241]::future::future::Future<Output = ()>>>>::{closure#0}::{closure#0}>
[INFO] [stdout]   15:     0x631e371ef98c - <tokio[274d9ba6f4b762ee]::runtime::context::scoped::Scoped<tokio[274d9ba6f4b762ee]::runtime::scheduler::Context>>::set::<<tokio[274d9ba6f4b762ee]::runtime::scheduler::current_thread::CoreGuard>::enter<<tokio[274d9ba6f4b762ee]::runtime::scheduler::current_thread::CoreGuard>::block_on<core[832e9a552fc17241]::pin::Pin<&mut core[832e9a552fc17241]::pin::Pin<&mut dyn core[832e9a552fc17241]::future::future::Future<Output = ()>>>>::{closure#0}, core[832e9a552fc17241]::option::Option<()>>::{closure#0}, (alloc[3ecab9f82c41dc7d]::boxed::Box<tokio[274d9ba6f4b762ee]::runtime::scheduler::current_thread::Core>, core[832e9a552fc17241]::option::Option<()>)>
[INFO] [stdout]   16:     0x631e3720bdb5 - <tokio[274d9ba6f4b762ee]::runtime::scheduler::current_thread::CurrentThread>::block_on::<core[832e9a552fc17241]::pin::Pin<&mut dyn core[832e9a552fc17241]::future::future::Future<Output = ()>>>
[INFO] [stdout]   17:     0x631e371f9982 - <tokio[274d9ba6f4b762ee]::runtime::runtime::Runtime>::block_on::<core[832e9a552fc17241]::pin::Pin<&mut dyn core[832e9a552fc17241]::future::future::Future<Output = ()>>>
[INFO] [stdout]   18:     0x631e371eed3e - <nldb[ee6ac753e048d6bc]::memtable::tests::test_delete_writes_tombstone::{closure#0} as core[832e9a552fc17241]::ops::function::FnOnce<()>>::call_once
[INFO] [stdout]   19:     0x631e3720edcb - test[39766f3d73431624]::__rust_begin_short_backtrace::<core[832e9a552fc17241]::result::Result<(), alloc[3ecab9f82c41dc7d]::string::String>, fn() -> core[832e9a552fc17241]::result::Result<(), alloc[3ecab9f82c41dc7d]::string::String>>
[INFO] [stdout]   20:     0x631e3721c415 - test[39766f3d73431624]::run_test::{closure#0}
[INFO] [stdout]   21:     0x631e37216ec4 - std[97b98282bc616a66]::sys::backtrace::__rust_begin_short_backtrace::<test[39766f3d73431624]::run_test::{closure#1}, ()>
[INFO] [stdout]   22:     0x631e3721f562 - <std[97b98282bc616a66]::thread::lifecycle::spawn_unchecked<test[39766f3d73431624]::run_test::{closure#1}, ()>::{closure#1} as core[832e9a552fc17241]::ops::function::FnOnce<()>>::call_once::{shim:vtable#0}
[INFO] [stdout]   23:     0x631e372ba7af - <std[97b98282bc616a66]::sys::thread::unix::Thread>::new::thread_start
[INFO] [stdout]   24:     0x79c9eacad07a - <unknown>
[INFO] [stdout]   25:     0x79c9ead40534 - clone
[INFO] [stdout]   26:                0x0 - <unknown>
[INFO] [stdout] 
[INFO] [stdout] ---- memtable::inner::tests::test_case1_uncle_red stdout ----
[INFO] [stdout] 
[INFO] [stdout] thread 'memtable::inner::tests::test_case1_uncle_red' (1442) panicked at src/memtable/inner.rs:622:46:
[INFO] [stdout] called `Result::unwrap()` on an `Err` value: Os { code: 30, kind: ReadOnlyFilesystem, message: "Read-only file system" }
[INFO] [stdout] stack backtrace:
[INFO] [stdout]    0:     0x631e372baf31 - <<std[97b98282bc616a66]::sys::backtrace::BacktraceLock>::print::DisplayBacktrace as core[832e9a552fc17241]::fmt::Display>::fmt
[INFO] [stdout]    1:     0x631e372cf96a - core[832e9a552fc17241]::fmt::write
[INFO] [stdout]    2:     0x631e372bf8fc - <alloc[3ecab9f82c41dc7d]::vec::Vec<u8> as std[97b98282bc616a66]::io::Write>::write_fmt
[INFO] [stdout]    3:     0x631e372974d6 - std[97b98282bc616a66]::panicking::default_hook::{closure#0}
[INFO] [stdout]    4:     0x631e372b2389 - std[97b98282bc616a66]::panicking::default_hook
[INFO] [stdout]    5:     0x631e3721ba90 - test[39766f3d73431624]::test_main_inner::<test[39766f3d73431624]::test_main_static::{closure#0}>::{closure#0}
[INFO] [stdout]    6:     0x631e372b26b2 - std[97b98282bc616a66]::panicking::panic_with_hook
[INFO] [stdout]    7:     0x631e37297582 - std[97b98282bc616a66]::panicking::panic_handler::{closure#0}
[INFO] [stdout]    8:     0x631e3728ed19 - std[97b98282bc616a66]::sys::backtrace::__rust_end_short_backtrace::<std[97b98282bc616a66]::panicking::panic_handler::{closure#0}, !>
[INFO] [stdout]    9:     0x631e3729817d - __rustc[e3d8617bb01b7f69]::rust_begin_unwind
[INFO] [stdout]   10:     0x631e372d00cc - core[832e9a552fc17241]::panicking::panic_fmt
[INFO] [stdout]   11:     0x631e372cfea2 - core[832e9a552fc17241]::result::unwrap_failed
[INFO] [stdout]   12:     0x631e371f723e - nldb[ee6ac753e048d6bc]::memtable::inner::tests::make_memtable
[INFO] [stdout]   13:     0x631e371f74b5 - nldb[ee6ac753e048d6bc]::memtable::inner::tests::test_case1_uncle_red
[INFO] [stdout]   14:     0x631e371ef709 - <nldb[ee6ac753e048d6bc]::memtable::inner::tests::test_case1_uncle_red::{closure#0} as core[832e9a552fc17241]::ops::function::FnOnce<()>>::call_once
[INFO] [stdout]   15:     0x631e3720edcb - test[39766f3d73431624]::__rust_begin_short_backtrace::<core[832e9a552fc17241]::result::Result<(), alloc[3ecab9f82c41dc7d]::string::String>, fn() -> core[832e9a552fc17241]::result::Result<(), alloc[3ecab9f82c41dc7d]::string::String>>
[INFO] [stdout]   16:     0x631e3721c415 - test[39766f3d73431624]::run_test::{closure#0}
[INFO] [stdout]   17:     0x631e37216ec4 - std[97b98282bc616a66]::sys::backtrace::__rust_begin_short_backtrace::<test[39766f3d73431624]::run_test::{closure#1}, ()>
[INFO] [stdout]   18:     0x631e3721f562 - <std[97b98282bc616a66]::thread::lifecycle::spawn_unchecked<test[39766f3d73431624]::run_test::{closure#1}, ()>::{closure#1} as core[832e9a552fc17241]::ops::function::FnOnce<()>>::call_once::{shim:vtable#0}
[INFO] [stdout]   19:     0x631e372ba7af - <std[97b98282bc616a66]::sys::thread::unix::Thread>::new::thread_start
[INFO] [stdout]   20:     0x79c9eacad07a - <unknown>
[INFO] [stdout]   21:     0x79c9ead40534 - clone
[INFO] [stdout]   22:                0x0 - <unknown>
[INFO] [stdout] 
[INFO] [stdout] ---- memtable::immutable::tests::test_newest_wins stdout ----
[INFO] [stdout] 
[INFO] [stdout] thread 'memtable::immutable::tests::test_newest_wins' (1438) panicked at src/memtable/inner.rs:576:51:
[INFO] [stdout] called `Result::unwrap()` on an `Err` value: Os { code: 30, kind: ReadOnlyFilesystem, message: "Read-only file system" }
[INFO] [stdout] stack backtrace:
[INFO] [stdout]    0:     0x631e372baf31 - <<std[97b98282bc616a66]::sys::backtrace::BacktraceLock>::print::DisplayBacktrace as core[832e9a552fc17241]::fmt::Display>::fmt
[INFO] [stdout]    1:     0x631e372cf96a - core[832e9a552fc17241]::fmt::write
[INFO] [stdout]    2:     0x631e372bf8fc - <alloc[3ecab9f82c41dc7d]::vec::Vec<u8> as std[97b98282bc616a66]::io::Write>::write_fmt
[INFO] [stdout]    3:     0x631e372974d6 - std[97b98282bc616a66]::panicking::default_hook::{closure#0}
[INFO] [stdout]    4:     0x631e372b2389 - std[97b98282bc616a66]::panicking::default_hook
[INFO] [stdout]    5:     0x631e3721ba90 - test[39766f3d73431624]::test_main_inner::<test[39766f3d73431624]::test_main_static::{closure#0}>::{closure#0}
[INFO] [stdout]    6:     0x631e372b26b2 - std[97b98282bc616a66]::panicking::panic_with_hook
[INFO] [stdout]    7:     0x631e37297582 - std[97b98282bc616a66]::panicking::panic_handler::{closure#0}
[INFO] [stdout]    8:     0x631e3728ed19 - std[97b98282bc616a66]::sys::backtrace::__rust_end_short_backtrace::<std[97b98282bc616a66]::panicking::panic_handler::{closure#0}, !>
[INFO] [stdout]    9:     0x631e3729817d - __rustc[e3d8617bb01b7f69]::rust_begin_unwind
[INFO] [stdout]   10:     0x631e372d00cc - core[832e9a552fc17241]::panicking::panic_fmt
[INFO] [stdout]   11:     0x631e372cfea2 - core[832e9a552fc17241]::result::unwrap_failed
[INFO] [stdout]   12:     0x631e371de0da - <nldb[ee6ac753e048d6bc]::memtable::inner::MemtableInner>::new_for_test
[INFO] [stdout]   13:     0x631e371e59b4 - nldb[ee6ac753e048d6bc]::memtable::immutable::tests::make_inner
[INFO] [stdout]   14:     0x631e371e3966 - nldb[ee6ac753e048d6bc]::memtable::immutable::tests::test_newest_wins::{closure#0}
[INFO] [stdout]   15:     0x631e3720c133 - <tokio[274d9ba6f4b762ee]::runtime::scheduler::current_thread::Context>::enter::<core[832e9a552fc17241]::task::poll::Poll<()>, <tokio[274d9ba6f4b762ee]::runtime::scheduler::current_thread::CoreGuard>::block_on<core[832e9a552fc17241]::pin::Pin<&mut core[832e9a552fc17241]::pin::Pin<&mut dyn core[832e9a552fc17241]::future::future::Future<Output = ()>>>>::{closure#0}::{closure#0}>
[INFO] [stdout]   16:     0x631e371ef98c - <tokio[274d9ba6f4b762ee]::runtime::context::scoped::Scoped<tokio[274d9ba6f4b762ee]::runtime::scheduler::Context>>::set::<<tokio[274d9ba6f4b762ee]::runtime::scheduler::current_thread::CoreGuard>::enter<<tokio[274d9ba6f4b762ee]::runtime::scheduler::current_thread::CoreGuard>::block_on<core[832e9a552fc17241]::pin::Pin<&mut core[832e9a552fc17241]::pin::Pin<&mut dyn core[832e9a552fc17241]::future::future::Future<Output = ()>>>>::{closure#0}, core[832e9a552fc17241]::option::Option<()>>::{closure#0}, (alloc[3ecab9f82c41dc7d]::boxed::Box<tokio[274d9ba6f4b762ee]::runtime::scheduler::current_thread::Core>, core[832e9a552fc17241]::option::Option<()>)>
[INFO] [stdout]   17:     0x631e3720bdb5 - <tokio[274d9ba6f4b762ee]::runtime::scheduler::current_thread::CurrentThread>::block_on::<core[832e9a552fc17241]::pin::Pin<&mut dyn core[832e9a552fc17241]::future::future::Future<Output = ()>>>
[INFO] [stdout]   18:     0x631e371f9982 - <tokio[274d9ba6f4b762ee]::runtime::runtime::Runtime>::block_on::<core[832e9a552fc17241]::pin::Pin<&mut dyn core[832e9a552fc17241]::future::future::Future<Output = ()>>>
[INFO] [stdout]   19:     0x631e371e5d2b - nldb[ee6ac753e048d6bc]::memtable::immutable::tests::test_newest_wins
[INFO] [stdout]   20:     0x631e371ef829 - <nldb[ee6ac753e048d6bc]::memtable::immutable::tests::test_newest_wins::{closure#0} as core[832e9a552fc17241]::ops::function::FnOnce<()>>::call_once
[INFO] [stdout]   21:     0x631e3720edcb - test[39766f3d73431624]::__rust_begin_short_backtrace::<core[832e9a552fc17241]::result::Result<(), alloc[3ecab9f82c41dc7d]::string::String>, fn() -> core[832e9a552fc17241]::result::Result<(), alloc[3ecab9f82c41dc7d]::string::String>>
[INFO] [stdout]   22:     0x631e3721c415 - test[39766f3d73431624]::run_test::{closure#0}
[INFO] [stdout]   23:     0x631e37216ec4 - std[97b98282bc616a66]::sys::backtrace::__rust_begin_short_backtrace::<test[39766f3d73431624]::run_test::{closure#1}, ()>
[INFO] [stdout]   24:     0x631e3721f562 - <std[97b98282bc616a66]::thread::lifecycle::spawn_unchecked<test[39766f3d73431624]::run_test::{closure#1}, ()>::{closure#1} as core[832e9a552fc17241]::ops::function::FnOnce<()>>::call_once::{shim:vtable#0}
[INFO] [stdout]   25:     0x631e372ba7af - <std[97b98282bc616a66]::sys::thread::unix::Thread>::new::thread_start
[INFO] [stdout]   26:     0x79c9eacad07a - <unknown>
[INFO] [stdout]   27:     0x79c9ead40534 - clone
[INFO] [stdout]   28:                0x0 - <unknown>
[INFO] [stdout] 
[INFO] [stdout] ---- memtable::immutable::tests::test_insert_and_get stdout ----
[INFO] [stdout] 
[INFO] [stdout] thread 'memtable::immutable::tests::test_insert_and_get' (1437) panicked at src/memtable/inner.rs:576:51:
[INFO] [stdout] called `Result::unwrap()` on an `Err` value: Os { code: 30, kind: ReadOnlyFilesystem, message: "Read-only file system" }
[INFO] [stdout] stack backtrace:
[INFO] [stdout]    0:     0x631e372baf31 - <<std[97b98282bc616a66]::sys::backtrace::BacktraceLock>::print::DisplayBacktrace as core[832e9a552fc17241]::fmt::Display>::fmt
[INFO] [stdout]    1:     0x631e372cf96a - core[832e9a552fc17241]::fmt::write
[INFO] [stdout]    2:     0x631e372bf8fc - <alloc[3ecab9f82c41dc7d]::vec::Vec<u8> as std[97b98282bc616a66]::io::Write>::write_fmt
[INFO] [stdout]    3:     0x631e372974d6 - std[97b98282bc616a66]::panicking::default_hook::{closure#0}
[INFO] [stdout]    4:     0x631e372b2389 - std[97b98282bc616a66]::panicking::default_hook
[INFO] [stdout]    5:     0x631e3721ba90 - test[39766f3d73431624]::test_main_inner::<test[39766f3d73431624]::test_main_static::{closure#0}>::{closure#0}
[INFO] [stdout]    6:     0x631e372b26b2 - std[97b98282bc616a66]::panicking::panic_with_hook
[INFO] [stdout]    7:     0x631e37297582 - std[97b98282bc616a66]::panicking::panic_handler::{closure#0}
[INFO] [stdout]    8:     0x631e3728ed19 - std[97b98282bc616a66]::sys::backtrace::__rust_end_short_backtrace::<std[97b98282bc616a66]::panicking::panic_handler::{closure#0}, !>
[INFO] [stdout]    9:     0x631e3729817d - __rustc[e3d8617bb01b7f69]::rust_begin_unwind
[INFO] [stdout]   10:     0x631e372d00cc - core[832e9a552fc17241]::panicking::panic_fmt
[INFO] [stdout]   11:     0x631e372cfea2 - core[832e9a552fc17241]::result::unwrap_failed
[INFO] [stdout]   12:     0x631e371de0da - <nldb[ee6ac753e048d6bc]::memtable::inner::MemtableInner>::new_for_test
[INFO] [stdout]   13:     0x631e371e59b4 - nldb[ee6ac753e048d6bc]::memtable::immutable::tests::make_inner
[INFO] [stdout]   14:     0x631e371e3fa4 - nldb[ee6ac753e048d6bc]::memtable::immutable::tests::test_insert_and_get::{closure#0}
[INFO] [stdout]   15:     0x631e3720c133 - <tokio[274d9ba6f4b762ee]::runtime::scheduler::current_thread::Context>::enter::<core[832e9a552fc17241]::task::poll::Poll<()>, <tokio[274d9ba6f4b762ee]::runtime::scheduler::current_thread::CoreGuard>::block_on<core[832e9a552fc17241]::pin::Pin<&mut core[832e9a552fc17241]::pin::Pin<&mut dyn core[832e9a552fc17241]::future::future::Future<Output = ()>>>>::{closure#0}::{closure#0}>
[INFO] [stdout]   16:     0x631e371ef98c - <tokio[274d9ba6f4b762ee]::runtime::context::scoped::Scoped<tokio[274d9ba6f4b762ee]::runtime::scheduler::Context>>::set::<<tokio[274d9ba6f4b762ee]::runtime::scheduler::current_thread::CoreGuard>::enter<<tokio[274d9ba6f4b762ee]::runtime::scheduler::current_thread::CoreGuard>::block_on<core[832e9a552fc17241]::pin::Pin<&mut core[832e9a552fc17241]::pin::Pin<&mut dyn core[832e9a552fc17241]::future::future::Future<Output = ()>>>>::{closure#0}, core[832e9a552fc17241]::option::Option<()>>::{closure#0}, (alloc[3ecab9f82c41dc7d]::boxed::Box<tokio[274d9ba6f4b762ee]::runtime::scheduler::current_thread::Core>, core[832e9a552fc17241]::option::Option<()>)>
[INFO] [stdout]   17:     0x631e3720bdb5 - <tokio[274d9ba6f4b762ee]::runtime::scheduler::current_thread::CurrentThread>::block_on::<core[832e9a552fc17241]::pin::Pin<&mut dyn core[832e9a552fc17241]::future::future::Future<Output = ()>>>
[INFO] [stdout]   18:     0x631e371f9982 - <tokio[274d9ba6f4b762ee]::runtime::runtime::Runtime>::block_on::<core[832e9a552fc17241]::pin::Pin<&mut dyn core[832e9a552fc17241]::future::future::Future<Output = ()>>>
[INFO] [stdout]   19:     0x631e371e5e7b - nldb[ee6ac753e048d6bc]::memtable::immutable::tests::test_insert_and_get
[INFO] [stdout]   20:     0x631e371ef849 - <nldb[ee6ac753e048d6bc]::memtable::immutable::tests::test_insert_and_get::{closure#0} as core[832e9a552fc17241]::ops::function::FnOnce<()>>::call_once
[INFO] [stdout]   21:     0x631e3720edcb - test[39766f3d73431624]::__rust_begin_short_backtrace::<core[832e9a552fc17241]::result::Result<(), alloc[3ecab9f82c41dc7d]::string::String>, fn() -> core[832e9a552fc17241]::result::Result<(), alloc[3ecab9f82c41dc7d]::string::String>>
[INFO] [stdout]   22:     0x631e3721c415 - test[39766f3d73431624]::run_test::{closure#0}
[INFO] [stdout]   23:     0x631e37216ec4 - std[97b98282bc616a66]::sys::backtrace::__rust_begin_short_backtrace::<test[39766f3d73431624]::run_test::{closure#1}, ()>
[INFO] [stdout]   24:     0x631e3721f562 - <std[97b98282bc616a66]::thread::lifecycle::spawn_unchecked<test[39766f3d73431624]::run_test::{closure#1}, ()>::{closure#1} as core[832e9a552fc17241]::ops::function::FnOnce<()>>::call_once::{shim:vtable#0}
[INFO] [stdout]   25:     0x631e372ba7af - <std[97b98282bc616a66]::sys::thread::unix::Thread>::new::thread_start
[INFO] [stdout]   26:     0x79c9eacad07a - <unknown>
[INFO] [stdout]   27:     0x79c9ead40534 - clone
[INFO] [stdout]   28:                0x0 - <unknown>
[INFO] [stdout] 
[INFO] [stdout] ---- memtable::inner::tests::test_case3_left_left stdout ----
[INFO] [stdout] 
[INFO] [stdout] thread 'memtable::inner::tests::test_case3_left_left' (1445) panicked at src/memtable/inner.rs:622:46:
[INFO] [stdout] called `Result::unwrap()` on an `Err` value: Os { code: 30, kind: ReadOnlyFilesystem, message: "Read-only file system" }
[INFO] [stdout] stack backtrace:
[INFO] [stdout]    0:     0x631e372baf31 - <<std[97b98282bc616a66]::sys::backtrace::BacktraceLock>::print::DisplayBacktrace as core[832e9a552fc17241]::fmt::Display>::fmt
[INFO] [stdout]    1:     0x631e372cf96a - core[832e9a552fc17241]::fmt::write
[INFO] [stdout]    2:     0x631e372bf8fc - <alloc[3ecab9f82c41dc7d]::vec::Vec<u8> as std[97b98282bc616a66]::io::Write>::write_fmt
[INFO] [stdout]    3:     0x631e372974d6 - std[97b98282bc616a66]::panicking::default_hook::{closure#0}
[INFO] [stdout]    4:     0x631e372b2389 - std[97b98282bc616a66]::panicking::default_hook
[INFO] [stdout]    5:     0x631e3721ba90 - test[39766f3d73431624]::test_main_inner::<test[39766f3d73431624]::test_main_static::{closure#0}>::{closure#0}
[INFO] [stdout]    6:     0x631e372b26b2 - std[97b98282bc616a66]::panicking::panic_with_hook
[INFO] [stdout]    7:     0x631e37297582 - std[97b98282bc616a66]::panicking::panic_handler::{closure#0}
[INFO] [stdout]    8:     0x631e3728ed19 - std[97b98282bc616a66]::sys::backtrace::__rust_end_short_backtrace::<std[97b98282bc616a66]::panicking::panic_handler::{closure#0}, !>
[INFO] [stdout]    9:     0x631e3729817d - __rustc[e3d8617bb01b7f69]::rust_begin_unwind
[INFO] [stdout]   10:     0x631e372d00cc - core[832e9a552fc17241]::panicking::panic_fmt
[INFO] [stdout]   11:     0x631e372cfea2 - core[832e9a552fc17241]::result::unwrap_failed
[INFO] [stdout]   12:     0x631e371f723e - nldb[ee6ac753e048d6bc]::memtable::inner::tests::make_memtable
[INFO] [stdout]   13:     0x631e371f78e5 - nldb[ee6ac753e048d6bc]::memtable::inner::tests::test_case3_left_left
[INFO] [stdout]   14:     0x631e371ef729 - <nldb[ee6ac753e048d6bc]::memtable::inner::tests::test_case3_left_left::{closure#0} as core[832e9a552fc17241]::ops::function::FnOnce<()>>::call_once
[INFO] [stdout]   15:     0x631e3720edcb - test[39766f3d73431624]::__rust_begin_short_backtrace::<core[832e9a552fc17241]::result::Result<(), alloc[3ecab9f82c41dc7d]::string::String>, fn() -> core[832e9a552fc17241]::result::Result<(), alloc[3ecab9f82c41dc7d]::string::String>>
[INFO] [stdout]   16:     0x631e3721c415 - test[39766f3d73431624]::run_test::{closure#0}
[INFO] [stdout]   17:     0x631e37216ec4 - std[97b98282bc616a66]::sys::backtrace::__rust_begin_short_backtrace::<test[39766f3d73431624]::run_test::{closure#1}, ()>
[INFO] [stdout]   18:     0x631e3721f562 - <std[97b98282bc616a66]::thread::lifecycle::spawn_unchecked<test[39766f3d73431624]::run_test::{closure#1}, ()>::{closure#1} as core[832e9a552fc17241]::ops::function::FnOnce<()>>::call_once::{shim:vtable#0}
[INFO] [stdout]   19:     0x631e372ba7af - <std[97b98282bc616a66]::sys::thread::unix::Thread>::new::thread_start
[INFO] [stdout]   20:     0x79c9eacad07a - <unknown>
[INFO] [stdout]   21:     0x79c9ead40534 - clone
[INFO] [stdout]   22:                0x0 - <unknown>
[INFO] [stdout] 
[INFO] [stdout] ---- memtable::inner::tests::test_get_after_insert stdout ----
[INFO] [stdout] 
[INFO] [stdout] thread 'memtable::inner::tests::test_get_after_insert' (1448) panicked at src/memtable/inner.rs:622:46:
[INFO] [stdout] called `Result::unwrap()` on an `Err` value: Os { code: 30, kind: ReadOnlyFilesystem, message: "Read-only file system" }
[INFO] [stdout] stack backtrace:
[INFO] [stdout]    0:     0x631e372baf31 - <<std[97b98282bc616a66]::sys::backtrace::BacktraceLock>::print::DisplayBacktrace as core[832e9a552fc17241]::fmt::Display>::fmt
[INFO] [stdout]    1:     0x631e372cf96a - core[832e9a552fc17241]::fmt::write
[INFO] [stdout]    2:     0x631e372bf8fc - <alloc[3ecab9f82c41dc7d]::vec::Vec<u8> as std[97b98282bc616a66]::io::Write>::write_fmt
[INFO] [stdout]    3:     0x631e372974d6 - std[97b98282bc616a66]::panicking::default_hook::{closure#0}
[INFO] [stdout]    4:     0x631e372b2389 - std[97b98282bc616a66]::panicking::default_hook
[INFO] [stdout]    5:     0x631e3721ba90 - test[39766f3d73431624]::test_main_inner::<test[39766f3d73431624]::test_main_static::{closure#0}>::{closure#0}
[INFO] [stdout]    6:     0x631e372b26b2 - std[97b98282bc616a66]::panicking::panic_with_hook
[INFO] [stdout]    7:     0x631e37297582 - std[97b98282bc616a66]::panicking::panic_handler::{closure#0}
[INFO] [stdout]    8:     0x631e3728ed19 - std[97b98282bc616a66]::sys::backtrace::__rust_end_short_backtrace::<std[97b98282bc616a66]::panicking::panic_handler::{closure#0}, !>
[INFO] [stdout]    9:     0x631e3729817d - __rustc[e3d8617bb01b7f69]::rust_begin_unwind
[INFO] [stdout]   10:     0x631e372d00cc - core[832e9a552fc17241]::panicking::panic_fmt
[INFO] [stdout]   11:     0x631e372cfea2 - core[832e9a552fc17241]::result::unwrap_failed
[INFO] [stdout]   12:     0x631e371f723e - nldb[ee6ac753e048d6bc]::memtable::inner::tests::make_memtable
[INFO] [stdout]   13:     0x631e371f7c59 - nldb[ee6ac753e048d6bc]::memtable::inner::tests::test_get_after_insert
[INFO] [stdout]   14:     0x631e371ef749 - <nldb[ee6ac753e048d6bc]::memtable::inner::tests::test_get_after_insert::{closure#0} as core[832e9a552fc17241]::ops::function::FnOnce<()>>::call_once
[INFO] [stdout]   15:     0x631e3720edcb - test[39766f3d73431624]::__rust_begin_short_backtrace::<core[832e9a552fc17241]::result::Result<(), alloc[3ecab9f82c41dc7d]::string::String>, fn() -> core[832e9a552fc17241]::result::Result<(), alloc[3ecab9f82c41dc7d]::string::String>>
[INFO] [stdout]   16:     0x631e3721c415 - test[39766f3d73431624]::run_test::{closure#0}
[INFO] [stdout]   17:     0x631e37216ec4 - std[97b98282bc616a66]::sys::backtrace::__rust_begin_short_backtrace::<test[39766f3d73431624]::run_test::{closure#1}, ()>
[INFO] [stdout]   18:     0x631e3721f562 - <std[97b98282bc616a66]::thread::lifecycle::spawn_unchecked<test[39766f3d73431624]::run_test::{closure#1}, ()>::{closure#1} as core[832e9a552fc17241]::ops::function::FnOnce<()>>::call_once::{shim:vtable#0}
[INFO] [stdout]   19:     0x631e372ba7af - <std[97b98282bc616a66]::sys::thread::unix::Thread>::new::thread_start
[INFO] [stdout]   20:     0x79c9eacad07a - <unknown>
[INFO] [stdout]   21:     0x79c9ead40534 - clone
[INFO] [stdout]   22:                0x0 - <unknown>
[INFO] [stdout] 
[INFO] [stdout] ---- memtable::inner::tests::test_invariants_many_inserts stdout ----
[INFO] [stdout] 
[INFO] [stdout] thread 'memtable::inner::tests::test_invariants_many_inserts' (1449) panicked at src/memtable/inner.rs:622:46:
[INFO] [stdout] called `Result::unwrap()` on an `Err` value: Os { code: 30, kind: ReadOnlyFilesystem, message: "Read-only file system" }
[INFO] [stdout] stack backtrace:
[INFO] [stdout]    0:     0x631e372baf31 - <<std[97b98282bc616a66]::sys::backtrace::BacktraceLock>::print::DisplayBacktrace as core[832e9a552fc17241]::fmt::Display>::fmt
[INFO] [stdout]    1:     0x631e372cf96a - core[832e9a552fc17241]::fmt::write
[INFO] [stdout]    2:     0x631e372bf8fc - <alloc[3ecab9f82c41dc7d]::vec::Vec<u8> as std[97b98282bc616a66]::io::Write>::write_fmt
[INFO] [stdout]    3:     0x631e372974d6 - std[97b98282bc616a66]::panicking::default_hook::{closure#0}
[INFO] [stdout]    4:     0x631e372b2389 - std[97b98282bc616a66]::panicking::default_hook
[INFO] [stdout]    5:     0x631e3721ba90 - test[39766f3d73431624]::test_main_inner::<test[39766f3d73431624]::test_main_static::{closure#0}>::{closure#0}
[INFO] [stdout]    6:     0x631e372b26b2 - std[97b98282bc616a66]::panicking::panic_with_hook
[INFO] [stdout]    7:     0x631e37297582 - std[97b98282bc616a66]::panicking::panic_handler::{closure#0}
[INFO] [stdout]    8:     0x631e3728ed19 - std[97b98282bc616a66]::sys::backtrace::__rust_end_short_backtrace::<std[97b98282bc616a66]::panicking::panic_handler::{closure#0}, !>
[INFO] [stdout]    9:     0x631e3729817d - __rustc[e3d8617bb01b7f69]::rust_begin_unwind
[INFO] [stdout]   10:     0x631e372d00cc - core[832e9a552fc17241]::panicking::panic_fmt
[INFO] [stdout]   11:     0x631e372cfea2 - core[832e9a552fc17241]::result::unwrap_failed
[INFO] [stdout]   12:     0x631e371f723e - nldb[ee6ac753e048d6bc]::memtable::inner::tests::make_memtable
[INFO] [stdout]   13:     0x631e371f922e - nldb[ee6ac753e048d6bc]::memtable::inner::tests::test_invariants_many_inserts
[INFO] [stdout]   14:     0x631e371ef7e9 - <nldb[ee6ac753e048d6bc]::memtable::inner::tests::test_invariants_many_inserts::{closure#0} as core[832e9a552fc17241]::ops::function::FnOnce<()>>::call_once
[INFO] [stdout]   15:     0x631e3720edcb - test[39766f3d73431624]::__rust_begin_short_backtrace::<core[832e9a552fc17241]::result::Result<(), alloc[3ecab9f82c41dc7d]::string::String>, fn() -> core[832e9a552fc17241]::result::Result<(), alloc[3ecab9f82c41dc7d]::string::String>>
[INFO] [stdout]   16:     0x631e3721c415 - test[39766f3d73431624]::run_test::{closure#0}
[INFO] [stdout]   17:     0x631e37216ec4 - std[97b98282bc616a66]::sys::backtrace::__rust_begin_short_backtrace::<test[39766f3d73431624]::run_test::{closure#1}, ()>
[INFO] [stdout]   18:     0x631e3721f562 - <std[97b98282bc616a66]::thread::lifecycle::spawn_unchecked<test[39766f3d73431624]::run_test::{closure#1}, ()>::{closure#1} as core[832e9a552fc17241]::ops::function::FnOnce<()>>::call_once::{shim:vtable#0}
[INFO] [stdout]   19:     0x631e372ba7af - <std[97b98282bc616a66]::sys::thread::unix::Thread>::new::thread_start
[INFO] [stdout]   20:     0x79c9eacad07a - <unknown>
[INFO] [stdout]   21:     0x79c9ead40534 - clone
[INFO] [stdout]   22:                0x0 - <unknown>
[INFO] [stdout] 
[INFO] [stdout] ---- memtable::tests::test_get_missing_returns_none stdout ----
[INFO] [stdout] 
[INFO] [stdout] thread 'memtable::tests::test_get_missing_returns_none' (1453) panicked at src/memtable/mod.rs:96:46:
[INFO] [stdout] called `Result::unwrap()` on an `Err` value: Os { code: 30, kind: ReadOnlyFilesystem, message: "Read-only file system" }
[INFO] [stdout] stack backtrace:
[INFO] [stdout]    0:     0x631e372baf31 - <<std[97b98282bc616a66]::sys::backtrace::BacktraceLock>::print::DisplayBacktrace as core[832e9a552fc17241]::fmt::Display>::fmt
[INFO] [stdout]    1:     0x631e372cf96a - core[832e9a552fc17241]::fmt::write
[INFO] [stdout]    2:     0x631e372bf8fc - <alloc[3ecab9f82c41dc7d]::vec::Vec<u8> as std[97b98282bc616a66]::io::Write>::write_fmt
[INFO] [stdout]    3:     0x631e372974d6 - std[97b98282bc616a66]::panicking::default_hook::{closure#0}
[INFO] [stdout]    4:     0x631e372b2389 - std[97b98282bc616a66]::panicking::default_hook
[INFO] [stdout]    5:     0x631e3721ba90 - test[39766f3d73431624]::test_main_inner::<test[39766f3d73431624]::test_main_static::{closure#0}>::{closure#0}
[INFO] [stdout]    6:     0x631e372b26b2 - std[97b98282bc616a66]::panicking::panic_with_hook
[INFO] [stdout]    7:     0x631e37297582 - std[97b98282bc616a66]::panicking::panic_handler::{closure#0}
[INFO] [stdout]    8:     0x631e3728ed19 - std[97b98282bc616a66]::sys::backtrace::__rust_end_short_backtrace::<std[97b98282bc616a66]::panicking::panic_handler::{closure#0}, !>
[INFO] [stdout]    9:     0x631e3729817d - __rustc[e3d8617bb01b7f69]::rust_begin_unwind
[INFO] [stdout]   10:     0x631e372d00cc - core[832e9a552fc17241]::panicking::panic_fmt
[INFO] [stdout]   11:     0x631e372cfea2 - core[832e9a552fc17241]::result::unwrap_failed
[INFO] [stdout]   12:     0x631e371ee1b5 - nldb[ee6ac753e048d6bc]::memtable::tests::make_memtable
[INFO] [stdout]   13:     0x631e371ea80f - nldb[ee6ac753e048d6bc]::memtable::tests::test_get_missing_returns_none::{closure#0}
[INFO] [stdout]   14:     0x631e3720c133 - <tokio[274d9ba6f4b762ee]::runtime::scheduler::current_thread::Context>::enter::<core[832e9a552fc17241]::task::poll::Poll<()>, <tokio[274d9ba6f4b762ee]::runtime::scheduler::current_thread::CoreGuard>::block_on<core[832e9a552fc17241]::pin::Pin<&mut core[832e9a552fc17241]::pin::Pin<&mut dyn core[832e9a552fc17241]::future::future::Future<Output = ()>>>>::{closure#0}::{closure#0}>
[INFO] [stdout]   15:     0x631e371ef98c - <tokio[274d9ba6f4b762ee]::runtime::context::scoped::Scoped<tokio[274d9ba6f4b762ee]::runtime::scheduler::Context>>::set::<<tokio[274d9ba6f4b762ee]::runtime::scheduler::current_thread::CoreGuard>::enter<<tokio[274d9ba6f4b762ee]::runtime::scheduler::current_thread::CoreGuard>::block_on<core[832e9a552fc17241]::pin::Pin<&mut core[832e9a552fc17241]::pin::Pin<&mut dyn core[832e9a552fc17241]::future::future::Future<Output = ()>>>>::{closure#0}, core[832e9a552fc17241]::option::Option<()>>::{closure#0}, (alloc[3ecab9f82c41dc7d]::boxed::Box<tokio[274d9ba6f4b762ee]::runtime::scheduler::current_thread::Core>, core[832e9a552fc17241]::option::Option<()>)>
[INFO] [stdout]   16:     0x631e3720bdb5 - <tokio[274d9ba6f4b762ee]::runtime::scheduler::current_thread::CurrentThread>::block_on::<core[832e9a552fc17241]::pin::Pin<&mut dyn core[832e9a552fc17241]::future::future::Future<Output = ()>>>
[INFO] [stdout]   17:     0x631e371f9982 - <tokio[274d9ba6f4b762ee]::runtime::runtime::Runtime>::block_on::<core[832e9a552fc17241]::pin::Pin<&mut dyn core[832e9a552fc17241]::future::future::Future<Output = ()>>>
[INFO] [stdout]   18:     0x631e371eee9e - <nldb[ee6ac753e048d6bc]::memtable::tests::test_get_missing_returns_none::{closure#0} as core[832e9a552fc17241]::ops::function::FnOnce<()>>::call_once
[INFO] [stdout]   19:     0x631e3720edcb - test[39766f3d73431624]::__rust_begin_short_backtrace::<core[832e9a552fc17241]::result::Result<(), alloc[3ecab9f82c41dc7d]::string::String>, fn() -> core[832e9a552fc17241]::result::Result<(), alloc[3ecab9f82c41dc7d]::string::String>>
[INFO] [stdout]   20:     0x631e3721c415 - test[39766f3d73431624]::run_test::{closure#0}
[INFO] [stdout]   21:     0x631e37216ec4 - std[97b98282bc616a66]::sys::backtrace::__rust_begin_short_backtrace::<test[39766f3d73431624]::run_test::{closure#1}, ()>
[INFO] [stdout]   22:     0x631e3721f562 - <std[97b98282bc616a66]::thread::lifecycle::spawn_unchecked<test[39766f3d73431624]::run_test::{closure#1}, ()>::{closure#1} as core[832e9a552fc17241]::ops::function::FnOnce<()>>::call_once::{shim:vtable#0}
[INFO] [stdout]   23:     0x631e372ba7af - <std[97b98282bc616a66]::sys::thread::unix::Thread>::new::thread_start
[INFO] [stdout]   24:     0x79c9eacad07a - <unknown>
[INFO] [stdout]   25:     0x79c9ead40534 - clone
[INFO] [stdout]   26:                0x0 - <unknown>
[INFO] [stdout] 
[INFO] [stdout] ---- memtable::tests::test_rotate_fresh_table_is_empty stdout ----
[INFO] [stdout] 
[INFO] [stdout] thread 'memtable::tests::test_rotate_fresh_table_is_empty' (1457) panicked at src/memtable/mod.rs:96:46:
[INFO] [stdout] called `Result::unwrap()` on an `Err` value: Os { code: 30, kind: ReadOnlyFilesystem, message: "Read-only file system" }
[INFO] [stdout] stack backtrace:
[INFO] [stdout]    0:     0x631e372baf31 - <<std[97b98282bc616a66]::sys::backtrace::BacktraceLock>::print::DisplayBacktrace as core[832e9a552fc17241]::fmt::Display>::fmt
[INFO] [stdout]    1:     0x631e372cf96a - core[832e9a552fc17241]::fmt::write
[INFO] [stdout]    2:     0x631e372bf8fc - <alloc[3ecab9f82c41dc7d]::vec::Vec<u8> as std[97b98282bc616a66]::io::Write>::write_fmt
[INFO] [stdout]    3:     0x631e372974d6 - std[97b98282bc616a66]::panicking::default_hook::{closure#0}
[INFO] [stdout]    4:     0x631e372b2389 - std[97b98282bc616a66]::panicking::default_hook
[INFO] [stdout]    5:     0x631e3721ba90 - test[39766f3d73431624]::test_main_inner::<test[39766f3d73431624]::test_main_static::{closure#0}>::{closure#0}
[INFO] [stdout]    6:     0x631e372b26b2 - std[97b98282bc616a66]::panicking::panic_with_hook
[INFO] [stdout]    7:     0x631e37297582 - std[97b98282bc616a66]::panicking::panic_handler::{closure#0}
[INFO] [stdout]    8:     0x631e3728ed19 - std[97b98282bc616a66]::sys::backtrace::__rust_end_short_backtrace::<std[97b98282bc616a66]::panicking::panic_handler::{closure#0}, !>
[INFO] [stdout]    9:     0x631e3729817d - __rustc[e3d8617bb01b7f69]::rust_begin_unwind
[INFO] [stdout]   10:     0x631e372d00cc - core[832e9a552fc17241]::panicking::panic_fmt
[INFO] [stdout]   11:     0x631e372cfea2 - core[832e9a552fc17241]::result::unwrap_failed
[INFO] [stdout]   12:     0x631e371ee1b5 - nldb[ee6ac753e048d6bc]::memtable::tests::make_memtable
[INFO] [stdout]   13:     0x631e371ec7e5 - nldb[ee6ac753e048d6bc]::memtable::tests::test_rotate_fresh_table_is_empty::{closure#0}
[INFO] [stdout]   14:     0x631e3720c133 - <tokio[274d9ba6f4b762ee]::runtime::scheduler::current_thread::Context>::enter::<core[832e9a552fc17241]::task::poll::Poll<()>, <tokio[274d9ba6f4b762ee]::runtime::scheduler::current_thread::CoreGuard>::block_on<core[832e9a552fc17241]::pin::Pin<&mut core[832e9a552fc17241]::pin::Pin<&mut dyn core[832e9a552fc17241]::future::future::Future<Output = ()>>>>::{closure#0}::{closure#0}>
[INFO] [stdout]   15:     0x631e371ef98c - <tokio[274d9ba6f4b762ee]::runtime::context::scoped::Scoped<tokio[274d9ba6f4b762ee]::runtime::scheduler::Context>>::set::<<tokio[274d9ba6f4b762ee]::runtime::scheduler::current_thread::CoreGuard>::enter<<tokio[274d9ba6f4b762ee]::runtime::scheduler::current_thread::CoreGuard>::block_on<core[832e9a552fc17241]::pin::Pin<&mut core[832e9a552fc17241]::pin::Pin<&mut dyn core[832e9a552fc17241]::future::future::Future<Output = ()>>>>::{closure#0}, core[832e9a552fc17241]::option::Option<()>>::{closure#0}, (alloc[3ecab9f82c41dc7d]::boxed::Box<tokio[274d9ba6f4b762ee]::runtime::scheduler::current_thread::Core>, core[832e9a552fc17241]::option::Option<()>)>
[INFO] [stdout]   16:     0x631e3720bdb5 - <tokio[274d9ba6f4b762ee]::runtime::scheduler::current_thread::CurrentThread>::block_on::<core[832e9a552fc17241]::pin::Pin<&mut dyn core[832e9a552fc17241]::future::future::Future<Output = ()>>>
[INFO] [stdout]   17:     0x631e371f9982 - <tokio[274d9ba6f4b762ee]::runtime::runtime::Runtime>::block_on::<core[832e9a552fc17241]::pin::Pin<&mut dyn core[832e9a552fc17241]::future::future::Future<Output = ()>>>
[INFO] [stdout]   18:     0x631e371ef41e - <nldb[ee6ac753e048d6bc]::memtable::tests::test_rotate_fresh_table_is_empty::{closure#0} as core[832e9a552fc17241]::ops::function::FnOnce<()>>::call_once
[INFO] [stdout]   19:     0x631e3720edcb - test[39766f3d73431624]::__rust_begin_short_backtrace::<core[832e9a552fc17241]::result::Result<(), alloc[3ecab9f82c41dc7d]::string::String>, fn() -> core[832e9a552fc17241]::result::Result<(), alloc[3ecab9f82c41dc7d]::string::String>>
[INFO] [stdout]   20:     0x631e3721c415 - test[39766f3d73431624]::run_test::{closure#0}
[INFO] [stdout]   21:     0x631e37216ec4 - std[97b98282bc616a66]::sys::backtrace::__rust_begin_short_backtrace::<test[39766f3d73431624]::run_test::{closure#1}, ()>
[INFO] [stdout]   22:     0x631e3721f562 - <std[97b98282bc616a66]::thread::lifecycle::spawn_unchecked<test[39766f3d73431624]::run_test::{closure#1}, ()>::{closure#1} as core[832e9a552fc17241]::ops::function::FnOnce<()>>::call_once::{shim:vtable#0}
[INFO] [stdout]   23:     0x631e372ba7af - <std[97b98282bc616a66]::sys::thread::unix::Thread>::new::thread_start
[INFO] [stdout]   24:     0x79c9eacad07a - <unknown>
[INFO] [stdout]   25:     0x79c9ead40534 - clone
[INFO] [stdout]   26:                0x0 - <unknown>
[INFO] [stdout] 
[INFO] [stdout] ---- memtable::inner::tests::test_case2_case3_left_right stdout ----
[INFO] [stdout] 
[INFO] [stdout] thread 'memtable::inner::tests::test_case2_case3_left_right' (1443) panicked at src/memtable/inner.rs:622:46:
[INFO] [stdout] called `Result::unwrap()` on an `Err` value: Os { code: 30, kind: ReadOnlyFilesystem, message: "Read-only file system" }
[INFO] [stdout] stack backtrace:
[INFO] [stdout]    0:     0x631e372baf31 - <<std[97b98282bc616a66]::sys::backtrace::BacktraceLock>::print::DisplayBacktrace as core[832e9a552fc17241]::fmt::Display>::fmt
[INFO] [stdout]    1:     0x631e372cf96a - core[832e9a552fc17241]::fmt::write
[INFO] [stdout]    2:     0x631e372bf8fc - <alloc[3ecab9f82c41dc7d]::vec::Vec<u8> as std[97b98282bc616a66]::io::Write>::write_fmt
[INFO] [stdout]    3:     0x631e372974d6 - std[97b98282bc616a66]::panicking::default_hook::{closure#0}
[INFO] [stdout]    4:     0x631e372b2389 - std[97b98282bc616a66]::panicking::default_hook
[INFO] [stdout]    5:     0x631e3721ba90 - test[39766f3d73431624]::test_main_inner::<test[39766f3d73431624]::test_main_static::{closure#0}>::{closure#0}
[INFO] [stdout]    6:     0x631e372b26b2 - std[97b98282bc616a66]::panicking::panic_with_hook
[INFO] [stdout]    7:     0x631e37297582 - std[97b98282bc616a66]::panicking::panic_handler::{closure#0}
[INFO] [stdout]    8:     0x631e3728ed19 - std[97b98282bc616a66]::sys::backtrace::__rust_end_short_backtrace::<std[97b98282bc616a66]::panicking::panic_handler::{closure#0}, !>
[INFO] [stdout]    9:     0x631e3729817d - __rustc[e3d8617bb01b7f69]::rust_begin_unwind
[INFO] [stdout]   10:     0x631e372d00cc - core[832e9a552fc17241]::panicking::panic_fmt
[INFO] [stdout]   11:     0x631e372cfea2 - core[832e9a552fc17241]::result::unwrap_failed
[INFO] [stdout]   12:     0x631e371f723e - nldb[ee6ac753e048d6bc]::memtable::inner::tests::make_memtable
[INFO] [stdout]   13:     0x631e371f8b45 - nldb[ee6ac753e048d6bc]::memtable::inner::tests::test_case2_case3_left_right
[INFO] [stdout]   14:     0x631e371ef7a9 - <nldb[ee6ac753e048d6bc]::memtable::inner::tests::test_case2_case3_left_right::{closure#0} as core[832e9a552fc17241]::ops::function::FnOnce<()>>::call_once
[INFO] [stdout]   15:     0x631e3720edcb - test[39766f3d73431624]::__rust_begin_short_backtrace::<core[832e9a552fc17241]::result::Result<(), alloc[3ecab9f82c41dc7d]::string::String>, fn() -> core[832e9a552fc17241]::result::Result<(), alloc[3ecab9f82c41dc7d]::string::String>>
[INFO] [stdout]   16:     0x631e3721c415 - test[39766f3d73431624]::run_test::{closure#0}
[INFO] [stdout]   17:     0x631e37216ec4 - std[97b98282bc616a66]::sys::backtrace::__rust_begin_short_backtrace::<test[39766f3d73431624]::run_test::{closure#1}, ()>
[INFO] [stdout]   18:     0x631e3721f562 - <std[97b98282bc616a66]::thread::lifecycle::spawn_unchecked<test[39766f3d73431624]::run_test::{closure#1}, ()>::{closure#1} as core[832e9a552fc17241]::ops::function::FnOnce<()>>::call_once::{shim:vtable#0}
[INFO] [stdout]   19:     0x631e372ba7af - <std[97b98282bc616a66]::sys::thread::unix::Thread>::new::thread_start
[INFO] [stdout]   20:     0x79c9eacad07a - <unknown>
[INFO] [stdout]   21:     0x79c9ead40534 - clone
[INFO] [stdout]   22:                0x0 - <unknown>
[INFO] [stdout] 
[INFO] [stdout] ---- memtable::inner::tests::test_case2_case3_right_left stdout ----
[INFO] [stdout] 
[INFO] [stdout] thread 'memtable::inner::tests::test_case2_case3_right_left' (1444) panicked at src/memtable/inner.rs:622:46:
[INFO] [stdout] called `Result::unwrap()` on an `Err` value: Os { code: 30, kind: ReadOnlyFilesystem, message: "Read-only file system" }
[INFO] [stdout] stack backtrace:
[INFO] [stdout]    0:     0x631e372baf31 - <<std[97b98282bc616a66]::sys::backtrace::BacktraceLock>::print::DisplayBacktrace as core[832e9a552fc17241]::fmt::Display>::fmt
[INFO] [stdout]    1:     0x631e372cf96a - core[832e9a552fc17241]::fmt::write
[INFO] [stdout]    2:     0x631e372bf8fc - <alloc[3ecab9f82c41dc7d]::vec::Vec<u8> as std[97b98282bc616a66]::io::Write>::write_fmt
[INFO] [stdout]    3:     0x631e372974d6 - std[97b98282bc616a66]::panicking::default_hook::{closure#0}
[INFO] [stdout]    4:     0x631e372b2389 - std[97b98282bc616a66]::panicking::default_hook
[INFO] [stdout]    5:     0x631e3721ba90 - test[39766f3d73431624]::test_main_inner::<test[39766f3d73431624]::test_main_static::{closure#0}>::{closure#0}
[INFO] [stdout]    6:     0x631e372b26b2 - std[97b98282bc616a66]::panicking::panic_with_hook
[INFO] [stdout]    7:     0x631e37297582 - std[97b98282bc616a66]::panicking::panic_handler::{closure#0}
[INFO] [stdout]    8:     0x631e3728ed19 - std[97b98282bc616a66]::sys::backtrace::__rust_end_short_backtrace::<std[97b98282bc616a66]::panicking::panic_handler::{closure#0}, !>
[INFO] [stdout]    9:     0x631e3729817d - __rustc[e3d8617bb01b7f69]::rust_begin_unwind
[INFO] [stdout]   10:     0x631e372d00cc - core[832e9a552fc17241]::panicking::panic_fmt
[INFO] [stdout]   11:     0x631e372cfea2 - core[832e9a552fc17241]::result::unwrap_failed
[INFO] [stdout]   12:     0x631e371f723e - nldb[ee6ac753e048d6bc]::memtable::inner::tests::make_memtable
[INFO] [stdout]   13:     0x631e371f8eb5 - nldb[ee6ac753e048d6bc]::memtable::inner::tests::test_case2_case3_right_left
[INFO] [stdout]   14:     0x631e371ef7c9 - <nldb[ee6ac753e048d6bc]::memtable::inner::tests::test_case2_case3_right_left::{closure#0} as core[832e9a552fc17241]::ops::function::FnOnce<()>>::call_once
[INFO] [stdout]   15:     0x631e3720edcb - test[39766f3d73431624]::__rust_begin_short_backtrace::<core[832e9a552fc17241]::result::Result<(), alloc[3ecab9f82c41dc7d]::string::String>, fn() -> core[832e9a552fc17241]::result::Result<(), alloc[3ecab9f82c41dc7d]::string::String>>
[INFO] [stdout]   16:     0x631e3721c415 - test[39766f3d73431624]::run_test::{closure#0}
[INFO] [stdout]   17:     0x631e37216ec4 - std[97b98282bc616a66]::sys::backtrace::__rust_begin_short_backtrace::<test[39766f3d73431624]::run_test::{closure#1}, ()>
[INFO] [stdout]   18:     0x631e3721f562 - <std[97b98282bc616a66]::thread::lifecycle::spawn_unchecked<test[39766f3d73431624]::run_test::{closure#1}, ()>::{closure#1} as core[832e9a552fc17241]::ops::function::FnOnce<()>>::call_once::{shim:vtable#0}
[INFO] [stdout]   19:     0x631e372ba7af - <std[97b98282bc616a66]::sys::thread::unix::Thread>::new::thread_start
[INFO] [stdout]   20:     0x79c9eacad07a - <unknown>
[INFO] [stdout]   21:     0x79c9ead40534 - clone
[INFO] [stdout]   22:                0x0 - <unknown>
[INFO] [stdout] 
[INFO] [stdout] ---- memtable::immutable::tests::test_tombstone_hides_older_data stdout ----
[INFO] [stdout] 
[INFO] [stdout] thread 'memtable::immutable::tests::test_tombstone_hides_older_data' (1440) panicked at src/memtable/inner.rs:576:51:
[INFO] [stdout] called `Result::unwrap()` on an `Err` value: Os { code: 30, kind: ReadOnlyFilesystem, message: "Read-only file system" }
[INFO] [stdout] stack backtrace:
[INFO] [stdout]    0:     0x631e372baf31 - <<std[97b98282bc616a66]::sys::backtrace::BacktraceLock>::print::DisplayBacktrace as core[832e9a552fc17241]::fmt::Display>::fmt
[INFO] [stdout]    1:     0x631e372cf96a - core[832e9a552fc17241]::fmt::write
[INFO] [stdout]    2:     0x631e372bf8fc - <alloc[3ecab9f82c41dc7d]::vec::Vec<u8> as std[97b98282bc616a66]::io::Write>::write_fmt
[INFO] [stdout]    3:     0x631e372974d6 - std[97b98282bc616a66]::panicking::default_hook::{closure#0}
[INFO] [stdout]    4:     0x631e372b2389 - std[97b98282bc616a66]::panicking::default_hook
[INFO] [stdout]    5:     0x631e3721ba90 - test[39766f3d73431624]::test_main_inner::<test[39766f3d73431624]::test_main_static::{closure#0}>::{closure#0}
[INFO] [stdout]    6:     0x631e372b26b2 - std[97b98282bc616a66]::panicking::panic_with_hook
[INFO] [stdout]    7:     0x631e37297582 - std[97b98282bc616a66]::panicking::panic_handler::{closure#0}
[INFO] [stdout]    8:     0x631e3728ed19 - std[97b98282bc616a66]::sys::backtrace::__rust_end_short_backtrace::<std[97b98282bc616a66]::panicking::panic_handler::{closure#0}, !>
[INFO] [stdout]    9:     0x631e3729817d - __rustc[e3d8617bb01b7f69]::rust_begin_unwind
[INFO] [stdout]   10:     0x631e372d00cc - core[832e9a552fc17241]::panicking::panic_fmt
[INFO] [stdout]   11:     0x631e372cfea2 - core[832e9a552fc17241]::result::unwrap_failed
[INFO] [stdout]   12:     0x631e371de0da - <nldb[ee6ac753e048d6bc]::memtable::inner::MemtableInner>::new_for_test
[INFO] [stdout]   13:     0x631e371e59b4 - nldb[ee6ac753e048d6bc]::memtable::immutable::tests::make_inner
[INFO] [stdout]   14:     0x631e371e4fb4 - nldb[ee6ac753e048d6bc]::memtable::immutable::tests::test_tombstone_hides_older_data::{closure#0}
[INFO] [stdout]   15:     0x631e3720c133 - <tokio[274d9ba6f4b762ee]::runtime::scheduler::current_thread::Context>::enter::<core[832e9a552fc17241]::task::poll::Poll<()>, <tokio[274d9ba6f4b762ee]::runtime::scheduler::current_thread::CoreGuard>::block_on<core[832e9a552fc17241]::pin::Pin<&mut core[832e9a552fc17241]::pin::Pin<&mut dyn core[832e9a552fc17241]::future::future::Future<Output = ()>>>>::{closure#0}::{closure#0}>
[INFO] [stdout]   16:     0x631e371ef98c - <tokio[274d9ba6f4b762ee]::runtime::context::scoped::Scoped<tokio[274d9ba6f4b762ee]::runtime::scheduler::Context>>::set::<<tokio[274d9ba6f4b762ee]::runtime::scheduler::current_thread::CoreGuard>::enter<<tokio[274d9ba6f4b762ee]::runtime::scheduler::current_thread::CoreGuard>::block_on<core[832e9a552fc17241]::pin::Pin<&mut core[832e9a552fc17241]::pin::Pin<&mut dyn core[832e9a552fc17241]::future::future::Future<Output = ()>>>>::{closure#0}, core[832e9a552fc17241]::option::Option<()>>::{closure#0}, (alloc[3ecab9f82c41dc7d]::boxed::Box<tokio[274d9ba6f4b762ee]::runtime::scheduler::current_thread::Core>, core[832e9a552fc17241]::option::Option<()>)>
[INFO] [stdout]   17:     0x631e3720bdb5 - <tokio[274d9ba6f4b762ee]::runtime::scheduler::current_thread::CurrentThread>::block_on::<core[832e9a552fc17241]::pin::Pin<&mut dyn core[832e9a552fc17241]::future::future::Future<Output = ()>>>
[INFO] [stdout]   18:     0x631e371f9982 - <tokio[274d9ba6f4b762ee]::runtime::runtime::Runtime>::block_on::<core[832e9a552fc17241]::pin::Pin<&mut dyn core[832e9a552fc17241]::future::future::Future<Output = ()>>>
[INFO] [stdout]   19:     0x631e371e626b - nldb[ee6ac753e048d6bc]::memtable::immutable::tests::test_tombstone_hides_older_data
[INFO] [stdout]   20:     0x631e371ef8a9 - <nldb[ee6ac753e048d6bc]::memtable::immutable::tests::test_tombstone_hides_older_data::{closure#0} as core[832e9a552fc17241]::ops::function::FnOnce<()>>::call_once
[INFO] [stdout]   21:     0x631e3720edcb - test[39766f3d73431624]::__rust_begin_short_backtrace::<core[832e9a552fc17241]::result::Result<(), alloc[3ecab9f82c41dc7d]::string::String>, fn() -> core[832e9a552fc17241]::result::Result<(), alloc[3ecab9f82c41dc7d]::string::String>>
[INFO] [stdout]   22:     0x631e3721c415 - test[39766f3d73431624]::run_test::{closure#0}
[INFO] [stdout]   23:     0x631e37216ec4 - std[97b98282bc616a66]::sys::backtrace::__rust_begin_short_backtrace::<test[39766f3d73431624]::run_test::{closure#1}, ()>
[INFO] [stdout]   24:     0x631e3721f562 - <std[97b98282bc616a66]::thread::lifecycle::spawn_unchecked<test[39766f3d73431624]::run_test::{closure#1}, ()>::{closure#1} as core[832e9a552fc17241]::ops::function::FnOnce<()>>::call_once::{shim:vtable#0}
[INFO] [stdout]   25:     0x631e372ba7af - <std[97b98282bc616a66]::sys::thread::unix::Thread>::new::thread_start
[INFO] [stdout]   26:     0x79c9eacad07a - <unknown>
[INFO] [stdout]   27:     0x79c9ead40534 - clone
[INFO] [stdout]   28:                0x0 - <unknown>
[INFO] [stdout] 
[INFO] [stdout] ---- memtable::inner::tests::test_case3_right_right stdout ----
[INFO] [stdout] 
[INFO] [stdout] thread 'memtable::inner::tests::test_case3_right_right' (1446) panicked at src/memtable/inner.rs:622:46:
[INFO] [stdout] called `Result::unwrap()` on an `Err` value: Os { code: 30, kind: ReadOnlyFilesystem, message: "Read-only file system" }
[INFO] [stdout] stack backtrace:
[INFO] [stdout]    0:     0x631e372baf31 - <<std[97b98282bc616a66]::sys::backtrace::BacktraceLock>::print::DisplayBacktrace as core[832e9a552fc17241]::fmt::Display>::fmt
[INFO] [stdout]    1:     0x631e372cf96a - core[832e9a552fc17241]::fmt::write
[INFO] [stdout]    2:     0x631e372bf8fc - <alloc[3ecab9f82c41dc7d]::vec::Vec<u8> as std[97b98282bc616a66]::io::Write>::write_fmt
[INFO] [stdout]    3:     0x631e372974d6 - std[97b98282bc616a66]::panicking::default_hook::{closure#0}
[INFO] [stdout]    4:     0x631e372b2389 - std[97b98282bc616a66]::panicking::default_hook
[INFO] [stdout]    5:     0x631e3721ba90 - test[39766f3d73431624]::test_main_inner::<test[39766f3d73431624]::test_main_static::{closure#0}>::{closure#0}
[INFO] [stdout]    6:     0x631e372b26b2 - std[97b98282bc616a66]::panicking::panic_with_hook
[INFO] [stdout]    7:     0x631e37297582 - std[97b98282bc616a66]::panicking::panic_handler::{closure#0}
[INFO] [stdout]    8:     0x631e3728ed19 - std[97b98282bc616a66]::sys::backtrace::__rust_end_short_backtrace::<std[97b98282bc616a66]::panicking::panic_handler::{closure#0}, !>
[INFO] [stdout]    9:     0x631e3729817d - __rustc[e3d8617bb01b7f69]::rust_begin_unwind
[INFO] [stdout]   10:     0x631e372d00cc - core[832e9a552fc17241]::panicking::panic_fmt
[INFO] [stdout]   11:     0x631e372cfea2 - core[832e9a552fc17241]::result::unwrap_failed
[INFO] [stdout]   12:     0x631e371f723e - nldb[ee6ac753e048d6bc]::memtable::inner::tests::make_memtable
[INFO] [stdout]   13:     0x631e371f7f75 - nldb[ee6ac753e048d6bc]::memtable::inner::tests::test_case3_right_right
[INFO] [stdout]   14:     0x631e371ef769 - <nldb[ee6ac753e048d6bc]::memtable::inner::tests::test_case3_right_right::{closure#0} as core[832e9a552fc17241]::ops::function::FnOnce<()>>::call_once
[INFO] [stdout]   15:     0x631e3720edcb - test[39766f3d73431624]::__rust_begin_short_backtrace::<core[832e9a552fc17241]::result::Result<(), alloc[3ecab9f82c41dc7d]::string::String>, fn() -> core[832e9a552fc17241]::result::Result<(), alloc[3ecab9f82c41dc7d]::string::String>>
[INFO] [stdout]   16:     0x631e3721c415 - test[39766f3d73431624]::run_test::{closure#0}
[INFO] [stdout]   17:     0x631e37216ec4 - std[97b98282bc616a66]::sys::backtrace::__rust_begin_short_backtrace::<test[39766f3d73431624]::run_test::{closure#1}, ()>
[INFO] [stdout]   18:     0x631e3721f562 - <std[97b98282bc616a66]::thread::lifecycle::spawn_unchecked<test[39766f3d73431624]::run_test::{closure#1}, ()>::{closure#1} as core[832e9a552fc17241]::ops::function::FnOnce<()>>::call_once::{shim:vtable#0}
[INFO] [stdout]   19:     0x631e372ba7af - <std[97b98282bc616a66]::sys::thread::unix::Thread>::new::thread_start
[INFO] [stdout]   20:     0x79c9eacad07a - <unknown>
[INFO] [stdout]   21:     0x79c9ead40534 - clone
[INFO] [stdout]   22:                0x0 - <unknown>
[INFO] [stdout] 
[INFO] [stdout] ---- memtable::tests::test_insert_and_get stdout ----
[INFO] [stdout] 
[INFO] [stdout] thread 'memtable::tests::test_insert_and_get' (1454) panicked at src/memtable/mod.rs:96:46:
[INFO] [stdout] called `Result::unwrap()` on an `Err` value: Os { code: 30, kind: ReadOnlyFilesystem, message: "Read-only file system" }
[INFO] [stdout] stack backtrace:
[INFO] [stdout]    0:     0x631e372baf31 - <<std[97b98282bc616a66]::sys::backtrace::BacktraceLock>::print::DisplayBacktrace as core[832e9a552fc17241]::fmt::Display>::fmt
[INFO] [stdout]    1:     0x631e372cf96a - core[832e9a552fc17241]::fmt::write
[INFO] [stdout]    2:     0x631e372bf8fc - <alloc[3ecab9f82c41dc7d]::vec::Vec<u8> as std[97b98282bc616a66]::io::Write>::write_fmt
[INFO] [stdout]    3:     0x631e372974d6 - std[97b98282bc616a66]::panicking::default_hook::{closure#0}
[INFO] [stdout]    4:     0x631e372b2389 - std[97b98282bc616a66]::panicking::default_hook
[INFO] [stdout]    5:     0x631e3721ba90 - test[39766f3d73431624]::test_main_inner::<test[39766f3d73431624]::test_main_static::{closure#0}>::{closure#0}
[INFO] [stdout]    6:     0x631e372b26b2 - std[97b98282bc616a66]::panicking::panic_with_hook
[INFO] [stdout]    7:     0x631e37297582 - std[97b98282bc616a66]::panicking::panic_handler::{closure#0}
[INFO] [stdout]    8:     0x631e3728ed19 - std[97b98282bc616a66]::sys::backtrace::__rust_end_short_backtrace::<std[97b98282bc616a66]::panicking::panic_handler::{closure#0}, !>
[INFO] [stdout]    9:     0x631e3729817d - __rustc[e3d8617bb01b7f69]::rust_begin_unwind
[INFO] [stdout]   10:     0x631e372d00cc - core[832e9a552fc17241]::panicking::panic_fmt
[INFO] [stdout]   11:     0x631e372cfea2 - core[832e9a552fc17241]::result::unwrap_failed
[INFO] [stdout]   12:     0x631e371ee1b5 - nldb[ee6ac753e048d6bc]::memtable::tests::make_memtable
[INFO] [stdout]   13:     0x631e371e94f1 - nldb[ee6ac753e048d6bc]::memtable::tests::test_insert_and_get::{closure#0}
[INFO] [stdout]   14:     0x631e3720c133 - <tokio[274d9ba6f4b762ee]::runtime::scheduler::current_thread::Context>::enter::<core[832e9a552fc17241]::task::poll::Poll<()>, <tokio[274d9ba6f4b762ee]::runtime::scheduler::current_thread::CoreGuard>::block_on<core[832e9a552fc17241]::pin::Pin<&mut core[832e9a552fc17241]::pin::Pin<&mut dyn core[832e9a552fc17241]::future::future::Future<Output = ()>>>>::{closure#0}::{closure#0}>
[INFO] [stdout]   15:     0x631e371ef98c - <tokio[274d9ba6f4b762ee]::runtime::context::scoped::Scoped<tokio[274d9ba6f4b762ee]::runtime::scheduler::Context>>::set::<<tokio[274d9ba6f4b762ee]::runtime::scheduler::current_thread::CoreGuard>::enter<<tokio[274d9ba6f4b762ee]::runtime::scheduler::current_thread::CoreGuard>::block_on<core[832e9a552fc17241]::pin::Pin<&mut core[832e9a552fc17241]::pin::Pin<&mut dyn core[832e9a552fc17241]::future::future::Future<Output = ()>>>>::{closure#0}, core[832e9a552fc17241]::option::Option<()>>::{closure#0}, (alloc[3ecab9f82c41dc7d]::boxed::Box<tokio[274d9ba6f4b762ee]::runtime::scheduler::current_thread::Core>, core[832e9a552fc17241]::option::Option<()>)>
[INFO] [stdout]   16:     0x631e3720bdb5 - <tokio[274d9ba6f4b762ee]::runtime::scheduler::current_thread::CurrentThread>::block_on::<core[832e9a552fc17241]::pin::Pin<&mut dyn core[832e9a552fc17241]::future::future::Future<Output = ()>>>
[INFO] [stdout]   17:     0x631e371f9982 - <tokio[274d9ba6f4b762ee]::runtime::runtime::Runtime>::block_on::<core[832e9a552fc17241]::pin::Pin<&mut dyn core[832e9a552fc17241]::future::future::Future<Output = ()>>>
[INFO] [stdout]   18:     0x631e371eea7e - <nldb[ee6ac753e048d6bc]::memtable::tests::test_insert_and_get::{closure#0} as core[832e9a552fc17241]::ops::function::FnOnce<()>>::call_once
[INFO] [stdout]   19:     0x631e3720edcb - test[39766f3d73431624]::__rust_begin_short_backtrace::<core[832e9a552fc17241]::result::Result<(), alloc[3ecab9f82c41dc7d]::string::String>, fn() -> core[832e9a552fc17241]::result::Result<(), alloc[3ecab9f82c41dc7d]::string::String>>
[INFO] [stdout]   20:     0x631e3721c415 - test[39766f3d73431624]::run_test::{closure#0}
[INFO] [stdout]   21:     0x631e37216ec4 - std[97b98282bc616a66]::sys::backtrace::__rust_begin_short_backtrace::<test[39766f3d73431624]::run_test::{closure#1}, ()>
[INFO] [stdout]   22:     0x631e3721f562 - <std[97b98282bc616a66]::thread::lifecycle::spawn_unchecked<test[39766f3d73431624]::run_test::{closure#1}, ()>::{closure#1} as core[832e9a552fc17241]::ops::function::FnOnce<()>>::call_once::{shim:vtable#0}
[INFO] [stdout]   23:     0x631e372ba7af - <std[97b98282bc616a66]::sys::thread::unix::Thread>::new::thread_start
[INFO] [stdout]   24:     0x79c9eacad07a - <unknown>
[INFO] [stdout]   25:     0x79c9ead40534 - clone
[INFO] [stdout]   26:                0x0 - <unknown>
[INFO] [stdout] 
[INFO] [stdout] ---- memtable::tests::test_insert_overwrites_existing stdout ----
[INFO] [stdout] 
[INFO] [stdout] thread 'memtable::tests::test_insert_overwrites_existing' (1455) panicked at src/memtable/mod.rs:96:46:
[INFO] [stdout] called `Result::unwrap()` on an `Err` value: Os { code: 30, kind: ReadOnlyFilesystem, message: "Read-only file system" }
[INFO] [stdout] stack backtrace:
[INFO] [stdout]    0:     0x631e372baf31 - <<std[97b98282bc616a66]::sys::backtrace::BacktraceLock>::print::DisplayBacktrace as core[832e9a552fc17241]::fmt::Display>::fmt
[INFO] [stdout]    1:     0x631e372cf96a - core[832e9a552fc17241]::fmt::write
[INFO] [stdout]    2:     0x631e372bf8fc - <alloc[3ecab9f82c41dc7d]::vec::Vec<u8> as std[97b98282bc616a66]::io::Write>::write_fmt
[INFO] [stdout]    3:     0x631e372974d6 - std[97b98282bc616a66]::panicking::default_hook::{closure#0}
[INFO] [stdout]    4:     0x631e372b2389 - std[97b98282bc616a66]::panicking::default_hook
[INFO] [stdout]    5:     0x631e3721ba90 - test[39766f3d73431624]::test_main_inner::<test[39766f3d73431624]::test_main_static::{closure#0}>::{closure#0}
[INFO] [stdout]    6:     0x631e372b26b2 - std[97b98282bc616a66]::panicking::panic_with_hook
[INFO] [stdout]    7:     0x631e37297582 - std[97b98282bc616a66]::panicking::panic_handler::{closure#0}
[INFO] [stdout]    8:     0x631e3728ed19 - std[97b98282bc616a66]::sys::backtrace::__rust_end_short_backtrace::<std[97b98282bc616a66]::panicking::panic_handler::{closure#0}, !>
[INFO] [stdout]    9:     0x631e3729817d - __rustc[e3d8617bb01b7f69]::rust_begin_unwind
[INFO] [stdout]   10:     0x631e372d00cc - core[832e9a552fc17241]::panicking::panic_fmt
[INFO] [stdout]   11:     0x631e372cfea2 - core[832e9a552fc17241]::result::unwrap_failed
[INFO] [stdout]   12:     0x631e371ee1b5 - nldb[ee6ac753e048d6bc]::memtable::tests::make_memtable
[INFO] [stdout]   13:     0x631e371eb531 - nldb[ee6ac753e048d6bc]::memtable::tests::test_insert_overwrites_existing::{closure#0}
[INFO] [stdout]   14:     0x631e3720c133 - <tokio[274d9ba6f4b762ee]::runtime::scheduler::current_thread::Context>::enter::<core[832e9a552fc17241]::task::poll::Poll<()>, <tokio[274d9ba6f4b762ee]::runtime::scheduler::current_thread::CoreGuard>::block_on<core[832e9a552fc17241]::pin::Pin<&mut core[832e9a552fc17241]::pin::Pin<&mut dyn core[832e9a552fc17241]::future::future::Future<Output = ()>>>>::{closure#0}::{closure#0}>
[INFO] [stdout]   15:     0x631e371ef98c - <tokio[274d9ba6f4b762ee]::runtime::context::scoped::Scoped<tokio[274d9ba6f4b762ee]::runtime::scheduler::Context>>::set::<<tokio[274d9ba6f4b762ee]::runtime::scheduler::current_thread::CoreGuard>::enter<<tokio[274d9ba6f4b762ee]::runtime::scheduler::current_thread::CoreGuard>::block_on<core[832e9a552fc17241]::pin::Pin<&mut core[832e9a552fc17241]::pin::Pin<&mut dyn core[832e9a552fc17241]::future::future::Future<Output = ()>>>>::{closure#0}, core[832e9a552fc17241]::option::Option<()>>::{closure#0}, (alloc[3ecab9f82c41dc7d]::boxed::Box<tokio[274d9ba6f4b762ee]::runtime::scheduler::current_thread::Core>, core[832e9a552fc17241]::option::Option<()>)>
[INFO] [stdout]   16:     0x631e3720bdb5 - <tokio[274d9ba6f4b762ee]::runtime::scheduler::current_thread::CurrentThread>::block_on::<core[832e9a552fc17241]::pin::Pin<&mut dyn core[832e9a552fc17241]::future::future::Future<Output = ()>>>
[INFO] [stdout]   17:     0x631e371f9982 - <tokio[274d9ba6f4b762ee]::runtime::runtime::Runtime>::block_on::<core[832e9a552fc17241]::pin::Pin<&mut dyn core[832e9a552fc17241]::future::future::Future<Output = ()>>>
[INFO] [stdout]   18:     0x631e371ef15e - <nldb[ee6ac753e048d6bc]::memtable::tests::test_insert_overwrites_existing::{closure#0} as core[832e9a552fc17241]::ops::function::FnOnce<()>>::call_once
[INFO] [stdout]   19:     0x631e3720edcb - test[39766f3d73431624]::__rust_begin_short_backtrace::<core[832e9a552fc17241]::result::Result<(), alloc[3ecab9f82c41dc7d]::string::String>, fn() -> core[832e9a552fc17241]::result::Result<(), alloc[3ecab9f82c41dc7d]::string::String>>
[INFO] [stdout]   20:     0x631e3721c415 - test[39766f3d73431624]::run_test::{closure#0}
[INFO] [stdout]   21:     0x631e37216ec4 - std[97b98282bc616a66]::sys::backtrace::__rust_begin_short_backtrace::<test[39766f3d73431624]::run_test::{closure#1}, ()>
[INFO] [stdout]   22:     0x631e3721f562 - <std[97b98282bc616a66]::thread::lifecycle::spawn_unchecked<test[39766f3d73431624]::run_test::{closure#1}, ()>::{closure#1} as core[832e9a552fc17241]::ops::function::FnOnce<()>>::call_once::{shim:vtable#0}
[INFO] [stdout]   23:     0x631e372ba7af - <std[97b98282bc616a66]::sys::thread::unix::Thread>::new::thread_start
[INFO] [stdout]   24:     0x79c9eacad07a - <unknown>
[INFO] [stdout]   25:     0x79c9ead40534 - clone
[INFO] [stdout]   26:                0x0 - <unknown>
[INFO] [stdout] 
[INFO] [stdout] ---- memtable::inner::tests::test_duplicate_key_updates_value stdout ----
[INFO] [stdout] 
[INFO] [stdout] thread 'memtable::inner::tests::test_duplicate_key_updates_value' (1447) panicked at src/memtable/inner.rs:622:46:
[INFO] [stdout] called `Result::unwrap()` on an `Err` value: Os { code: 30, kind: ReadOnlyFilesystem, message: "Read-only file system" }
[INFO] [stdout] stack backtrace:
[INFO] [stdout]    0:     0x631e372baf31 - <<std[97b98282bc616a66]::sys::backtrace::BacktraceLock>::print::DisplayBacktrace as core[832e9a552fc17241]::fmt::Display>::fmt
[INFO] [stdout]    1:     0x631e372cf96a - core[832e9a552fc17241]::fmt::write
[INFO] [stdout]    2:     0x631e372bf8fc - <alloc[3ecab9f82c41dc7d]::vec::Vec<u8> as std[97b98282bc616a66]::io::Write>::write_fmt
[INFO] [stdout]    3:     0x631e372974d6 - std[97b98282bc616a66]::panicking::default_hook::{closure#0}
[INFO] [stdout]    4:     0x631e372b2389 - std[97b98282bc616a66]::panicking::default_hook
[INFO] [stdout]    5:     0x631e3721ba90 - test[39766f3d73431624]::test_main_inner::<test[39766f3d73431624]::test_main_static::{closure#0}>::{closure#0}
[INFO] [stdout]    6:     0x631e372b26b2 - std[97b98282bc616a66]::panicking::panic_with_hook
[INFO] [stdout]    7:     0x631e37297582 - std[97b98282bc616a66]::panicking::panic_handler::{closure#0}
[INFO] [stdout]    8:     0x631e3728ed19 - std[97b98282bc616a66]::sys::backtrace::__rust_end_short_backtrace::<std[97b98282bc616a66]::panicking::panic_handler::{closure#0}, !>
[INFO] [stdout]    9:     0x631e3729817d - __rustc[e3d8617bb01b7f69]::rust_begin_unwind
[INFO] [stdout]   10:     0x631e372d00cc - core[832e9a552fc17241]::panicking::panic_fmt
[INFO] [stdout]   11:     0x631e372cfea2 - core[832e9a552fc17241]::result::unwrap_failed
[INFO] [stdout]   12:     0x631e371f723e - nldb[ee6ac753e048d6bc]::memtable::inner::tests::make_memtable
[INFO] [stdout]   13:     0x631e371f94a9 - nldb[ee6ac753e048d6bc]::memtable::inner::tests::test_duplicate_key_updates_value
[INFO] [stdout]   14:     0x631e371ef809 - <nldb[ee6ac753e048d6bc]::memtable::inner::tests::test_duplicate_key_updates_value::{closure#0} as core[832e9a552fc17241]::ops::function::FnOnce<()>>::call_once
[INFO] [stdout]   15:     0x631e3720edcb - test[39766f3d73431624]::__rust_begin_short_backtrace::<core[832e9a552fc17241]::result::Result<(), alloc[3ecab9f82c41dc7d]::string::String>, fn() -> core[832e9a552fc17241]::result::Result<(), alloc[3ecab9f82c41dc7d]::string::String>>
[INFO] [stdout]   16:     0x631e3721c415 - test[39766f3d73431624]::run_test::{closure#0}
[INFO] [stdout]   17:     0x631e37216ec4 - std[97b98282bc616a66]::sys::backtrace::__rust_begin_short_backtrace::<test[39766f3d73431624]::run_test::{closure#1}, ()>
[INFO] [stdout]   18:     0x631e3721f562 - <std[97b98282bc616a66]::thread::lifecycle::spawn_unchecked<test[39766f3d73431624]::run_test::{closure#1}, ()>::{closure#1} as core[832e9a552fc17241]::ops::function::FnOnce<()>>::call_once::{shim:vtable#0}
[INFO] [stdout]   19:     0x631e372ba7af - <std[97b98282bc616a66]::sys::thread::unix::Thread>::new::thread_start
[INFO] [stdout]   20:     0x79c9eacad07a - <unknown>
[INFO] [stdout]   21:     0x79c9ead40534 - clone
[INFO] [stdout]   22:                0x0 - <unknown>
[INFO] [stdout] 
[INFO] [stdout] ---- memtable::tests::test_new_from_wal_recovers_data stdout ----
[INFO] [stdout] 
[INFO] [stdout] thread 'memtable::tests::test_new_from_wal_recovers_data' (1456) panicked at src/memtable/mod.rs:213:50:
[INFO] [stdout] called `Result::unwrap()` on an `Err` value: Os { code: 30, kind: ReadOnlyFilesystem, message: "Read-only file system" }
[INFO] [stdout] stack backtrace:
[INFO] [stdout]    0:     0x631e372baf31 - <<std[97b98282bc616a66]::sys::backtrace::BacktraceLock>::print::DisplayBacktrace as core[832e9a552fc17241]::fmt::Display>::fmt
[INFO] [stdout]    1:     0x631e372cf96a - core[832e9a552fc17241]::fmt::write
[INFO] [stdout]    2:     0x631e372bf8fc - <alloc[3ecab9f82c41dc7d]::vec::Vec<u8> as std[97b98282bc616a66]::io::Write>::write_fmt
[INFO] [stdout]    3:     0x631e372974d6 - std[97b98282bc616a66]::panicking::default_hook::{closure#0}
[INFO] [stdout]    4:     0x631e372b2389 - std[97b98282bc616a66]::panicking::default_hook
[INFO] [stdout]    5:     0x631e3721ba90 - test[39766f3d73431624]::test_main_inner::<test[39766f3d73431624]::test_main_static::{closure#0}>::{closure#0}
[INFO] [stdout]    6:     0x631e372b26b2 - std[97b98282bc616a66]::panicking::panic_with_hook
[INFO] [stdout]    7:     0x631e37297582 - std[97b98282bc616a66]::panicking::panic_handler::{closure#0}
[INFO] [stdout]    8:     0x631e3728ed19 - std[97b98282bc616a66]::sys::backtrace::__rust_end_short_backtrace::<std[97b98282bc616a66]::panicking::panic_handler::{closure#0}, !>
[INFO] [stdout]    9:     0x631e3729817d - __rustc[e3d8617bb01b7f69]::rust_begin_unwind
[INFO] [stdout]   10:     0x631e372d00cc - core[832e9a552fc17241]::panicking::panic_fmt
[INFO] [stdout]   11:     0x631e372cfea2 - core[832e9a552fc17241]::result::unwrap_failed
[INFO] [stdout]   12:     0x631e371ec463 - nldb[ee6ac753e048d6bc]::memtable::tests::test_new_from_wal_recovers_data::{closure#0}
[INFO] [stdout]   13:     0x631e3720c133 - <tokio[274d9ba6f4b762ee]::runtime::scheduler::current_thread::Context>::enter::<core[832e9a552fc17241]::task::poll::Poll<()>, <tokio[274d9ba6f4b762ee]::runtime::scheduler::current_thread::CoreGuard>::block_on<core[832e9a552fc17241]::pin::Pin<&mut core[832e9a552fc17241]::pin::Pin<&mut dyn core[832e9a552fc17241]::future::future::Future<Output = ()>>>>::{closure#0}::{closure#0}>
[INFO] [stdout]   14:     0x631e371ef98c - <tokio[274d9ba6f4b762ee]::runtime::context::scoped::Scoped<tokio[274d9ba6f4b762ee]::runtime::scheduler::Context>>::set::<<tokio[274d9ba6f4b762ee]::runtime::scheduler::current_thread::CoreGuard>::enter<<tokio[274d9ba6f4b762ee]::runtime::scheduler::current_thread::CoreGuard>::block_on<core[832e9a552fc17241]::pin::Pin<&mut core[832e9a552fc17241]::pin::Pin<&mut dyn core[832e9a552fc17241]::future::future::Future<Output = ()>>>>::{closure#0}, core[832e9a552fc17241]::option::Option<()>>::{closure#0}, (alloc[3ecab9f82c41dc7d]::boxed::Box<tokio[274d9ba6f4b762ee]::runtime::scheduler::current_thread::Core>, core[832e9a552fc17241]::option::Option<()>)>
[INFO] [stdout]   15:     0x631e3720bdb5 - <tokio[274d9ba6f4b762ee]::runtime::scheduler::current_thread::CurrentThread>::block_on::<core[832e9a552fc17241]::pin::Pin<&mut dyn core[832e9a552fc17241]::future::future::Future<Output = ()>>>
[INFO] [stdout]   16:     0x631e371f9982 - <tokio[274d9ba6f4b762ee]::runtime::runtime::Runtime>::block_on::<core[832e9a552fc17241]::pin::Pin<&mut dyn core[832e9a552fc17241]::future::future::Future<Output = ()>>>
[INFO] [stdout]   17:     0x631e371ef2be - <nldb[ee6ac753e048d6bc]::memtable::tests::test_new_from_wal_recovers_data::{closure#0} as core[832e9a552fc17241]::ops::function::FnOnce<()>>::call_once
[INFO] [stdout]   18:     0x631e3720edcb - test[39766f3d73431624]::__rust_begin_short_backtrace::<core[832e9a552fc17241]::result::Result<(), alloc[3ecab9f82c41dc7d]::string::String>, fn() -> core[832e9a552fc17241]::result::Result<(), alloc[3ecab9f82c41dc7d]::string::String>>
[INFO] [stdout]   19:     0x631e3721c415 - test[39766f3d73431624]::run_test::{closure#0}
[INFO] [stdout]   20:     0x631e37216ec4 - std[97b98282bc616a66]::sys::backtrace::__rust_begin_short_backtrace::<test[39766f3d73431624]::run_test::{closure#1}, ()>
[INFO] [stdout]   21:     0x631e3721f562 - <std[97b98282bc616a66]::thread::lifecycle::spawn_unchecked<test[39766f3d73431624]::run_test::{closure#1}, ()>::{closure#1} as core[832e9a552fc17241]::ops::function::FnOnce<()>>::call_once::{shim:vtable#0}
[INFO] [stdout]   22:     0x631e372ba7af - <std[97b98282bc616a66]::sys::thread::unix::Thread>::new::thread_start
[INFO] [stdout]   23:     0x79c9eacad07a - <unknown>
[INFO] [stdout]   24:     0x79c9ead40534 - clone
[INFO] [stdout]   25:                0x0 - <unknown>
[INFO] [stdout] 
[INFO] [stdout] ---- memtable::immutable::tests::test_pop_removes_oldest stdout ----
[INFO] [stdout] 
[INFO] [stdout] thread 'memtable::immutable::tests::test_pop_removes_oldest' (1439) panicked at src/memtable/inner.rs:576:51:
[INFO] [stdout] called `Result::unwrap()` on an `Err` value: Os { code: 30, kind: ReadOnlyFilesystem, message: "Read-only file system" }
[INFO] [stdout] stack backtrace:
[INFO] [stdout]    0:     0x631e372baf31 - <<std[97b98282bc616a66]::sys::backtrace::BacktraceLock>::print::DisplayBacktrace as core[832e9a552fc17241]::fmt::Display>::fmt
[INFO] [stdout]    1:     0x631e372cf96a - core[832e9a552fc17241]::fmt::write
[INFO] [stdout]    2:     0x631e372bf8fc - <alloc[3ecab9f82c41dc7d]::vec::Vec<u8> as std[97b98282bc616a66]::io::Write>::write_fmt
[INFO] [stdout]    3:     0x631e372974d6 - std[97b98282bc616a66]::panicking::default_hook::{closure#0}
[INFO] [stdout]    4:     0x631e372b2389 - std[97b98282bc616a66]::panicking::default_hook
[INFO] [stdout]    5:     0x631e3721ba90 - test[39766f3d73431624]::test_main_inner::<test[39766f3d73431624]::test_main_static::{closure#0}>::{closure#0}
[INFO] [stdout]    6:     0x631e372b26b2 - std[97b98282bc616a66]::panicking::panic_with_hook
[INFO] [stdout]    7:     0x631e37297582 - std[97b98282bc616a66]::panicking::panic_handler::{closure#0}
[INFO] [stdout]    8:     0x631e3728ed19 - std[97b98282bc616a66]::sys::backtrace::__rust_end_short_backtrace::<std[97b98282bc616a66]::panicking::panic_handler::{closure#0}, !>
[INFO] [stdout]    9:     0x631e3729817d - __rustc[e3d8617bb01b7f69]::rust_begin_unwind
[INFO] [stdout]   10:     0x631e372d00cc - core[832e9a552fc17241]::panicking::panic_fmt
[INFO] [stdout]   11:     0x631e372cfea2 - core[832e9a552fc17241]::result::unwrap_failed
[INFO] [stdout]   12:     0x631e371de0da - <nldb[ee6ac753e048d6bc]::memtable::inner::MemtableInner>::new_for_test
[INFO] [stdout]   13:     0x631e371e59b4 - nldb[ee6ac753e048d6bc]::memtable::immutable::tests::make_inner
[INFO] [stdout]   14:     0x631e371e46c6 - nldb[ee6ac753e048d6bc]::memtable::immutable::tests::test_pop_removes_oldest::{closure#0}
[INFO] [stdout]   15:     0x631e3720c133 - <tokio[274d9ba6f4b762ee]::runtime::scheduler::current_thread::Context>::enter::<core[832e9a552fc17241]::task::poll::Poll<()>, <tokio[274d9ba6f4b762ee]::runtime::scheduler::current_thread::CoreGuard>::block_on<core[832e9a552fc17241]::pin::Pin<&mut core[832e9a552fc17241]::pin::Pin<&mut dyn core[832e9a552fc17241]::future::future::Future<Output = ()>>>>::{closure#0}::{closure#0}>
[INFO] [stdout]   16:     0x631e371ef98c - <tokio[274d9ba6f4b762ee]::runtime::context::scoped::Scoped<tokio[274d9ba6f4b762ee]::runtime::scheduler::Context>>::set::<<tokio[274d9ba6f4b762ee]::runtime::scheduler::current_thread::CoreGuard>::enter<<tokio[274d9ba6f4b762ee]::runtime::scheduler::current_thread::CoreGuard>::block_on<core[832e9a552fc17241]::pin::Pin<&mut core[832e9a552fc17241]::pin::Pin<&mut dyn core[832e9a552fc17241]::future::future::Future<Output = ()>>>>::{closure#0}, core[832e9a552fc17241]::option::Option<()>>::{closure#0}, (alloc[3ecab9f82c41dc7d]::boxed::Box<tokio[274d9ba6f4b762ee]::runtime::scheduler::current_thread::Core>, core[832e9a552fc17241]::option::Option<()>)>
[INFO] [stdout]   17:     0x631e3720bdb5 - <tokio[274d9ba6f4b762ee]::runtime::scheduler::current_thread::CurrentThread>::block_on::<core[832e9a552fc17241]::pin::Pin<&mut dyn core[832e9a552fc17241]::future::future::Future<Output = ()>>>
[INFO] [stdout]   18:     0x631e371f9982 - <tokio[274d9ba6f4b762ee]::runtime::runtime::Runtime>::block_on::<core[832e9a552fc17241]::pin::Pin<&mut dyn core[832e9a552fc17241]::future::future::Future<Output = ()>>>
[INFO] [stdout]   19:     0x631e371e611b - nldb[ee6ac753e048d6bc]::memtable::immutable::tests::test_pop_removes_oldest
[INFO] [stdout]   20:     0x631e371ef889 - <nldb[ee6ac753e048d6bc]::memtable::immutable::tests::test_pop_removes_oldest::{closure#0} as core[832e9a552fc17241]::ops::function::FnOnce<()>>::call_once
[INFO] [stdout]   21:     0x631e3720edcb - test[39766f3d73431624]::__rust_begin_short_backtrace::<core[832e9a552fc17241]::result::Result<(), alloc[3ecab9f82c41dc7d]::string::String>, fn() -> core[832e9a552fc17241]::result::Result<(), alloc[3ecab9f82c41dc7d]::string::String>>
[INFO] [stdout]   22:     0x631e3721c415 - test[39766f3d73431624]::run_test::{closure#0}
[INFO] [stdout]   23:     0x631e37216ec4 - std[97b98282bc616a66]::sys::backtrace::__rust_begin_short_backtrace::<test[39766f3d73431624]::run_test::{closure#1}, ()>
[INFO] [stdout]   24:     0x631e3721f562 - <std[97b98282bc616a66]::thread::lifecycle::spawn_unchecked<test[39766f3d73431624]::run_test::{closure#1}, ()>::{closure#1} as core[832e9a552fc17241]::ops::function::FnOnce<()>>::call_once::{shim:vtable#0}
[INFO] [stdout]   25:     0x631e372ba7af - <std[97b98282bc616a66]::sys::thread::unix::Thread>::new::thread_start
[INFO] [stdout]   26:     0x79c9eacad07a - <unknown>
[INFO] [stdout]   27:     0x79c9ead40534 - clone
[INFO] [stdout]   28:                0x0 - <unknown>
[INFO] [stdout] 
[INFO] [stdout] ---- memtable::tests::test_rotate_returns_old_table stdout ----
[INFO] [stdout] 
[INFO] [stdout] thread 'memtable::tests::test_rotate_returns_old_table' (1458) panicked at src/memtable/mod.rs:96:46:
[INFO] [stdout] called `Result::unwrap()` on an `Err` value: Os { code: 30, kind: ReadOnlyFilesystem, message: "Read-only file system" }
[INFO] [stdout] stack backtrace:
[INFO] [stdout]    0:     0x631e372baf31 - <<std[97b98282bc616a66]::sys::backtrace::BacktraceLock>::print::DisplayBacktrace as core[832e9a552fc17241]::fmt::Display>::fmt
[INFO] [stdout]    1:     0x631e372cf96a - core[832e9a552fc17241]::fmt::write
[INFO] [stdout]    2:     0x631e372bf8fc - <alloc[3ecab9f82c41dc7d]::vec::Vec<u8> as std[97b98282bc616a66]::io::Write>::write_fmt
[INFO] [stdout]    3:     0x631e372974d6 - std[97b98282bc616a66]::panicking::default_hook::{closure#0}
[INFO] [stdout]    4:     0x631e372b2389 - std[97b98282bc616a66]::panicking::default_hook
[INFO] [stdout]    5:     0x631e3721ba90 - test[39766f3d73431624]::test_main_inner::<test[39766f3d73431624]::test_main_static::{closure#0}>::{closure#0}
[INFO] [stdout]    6:     0x631e372b26b2 - std[97b98282bc616a66]::panicking::panic_with_hook
[INFO] [stdout]    7:     0x631e37297582 - std[97b98282bc616a66]::panicking::panic_handler::{closure#0}
[INFO] [stdout]    8:     0x631e3728ed19 - std[97b98282bc616a66]::sys::backtrace::__rust_end_short_backtrace::<std[97b98282bc616a66]::panicking::panic_handler::{closure#0}, !>
[INFO] [stdout]    9:     0x631e3729817d - __rustc[e3d8617bb01b7f69]::rust_begin_unwind
[INFO] [stdout]   10:     0x631e372d00cc - core[832e9a552fc17241]::panicking::panic_fmt
[INFO] [stdout]   11:     0x631e372cfea2 - core[832e9a552fc17241]::result::unwrap_failed
[INFO] [stdout]   12:     0x631e371ee1b5 - nldb[ee6ac753e048d6bc]::memtable::tests::make_memtable
[INFO] [stdout]   13:     0x631e371eaa75 - nldb[ee6ac753e048d6bc]::memtable::tests::test_rotate_returns_old_table::{closure#0}
[INFO] [stdout]   14:     0x631e3720c133 - <tokio[274d9ba6f4b762ee]::runtime::scheduler::current_thread::Context>::enter::<core[832e9a552fc17241]::task::poll::Poll<()>, <tokio[274d9ba6f4b762ee]::runtime::scheduler::current_thread::CoreGuard>::block_on<core[832e9a552fc17241]::pin::Pin<&mut core[832e9a552fc17241]::pin::Pin<&mut dyn core[832e9a552fc17241]::future::future::Future<Output = ()>>>>::{closure#0}::{closure#0}>
[INFO] [stdout]   15:     0x631e371ef98c - <tokio[274d9ba6f4b762ee]::runtime::context::scoped::Scoped<tokio[274d9ba6f4b762ee]::runtime::scheduler::Context>>::set::<<tokio[274d9ba6f4b762ee]::runtime::scheduler::current_thread::CoreGuard>::enter<<tokio[274d9ba6f4b762ee]::runtime::scheduler::current_thread::CoreGuard>::block_on<core[832e9a552fc17241]::pin::Pin<&mut core[832e9a552fc17241]::pin::Pin<&mut dyn core[832e9a552fc17241]::future::future::Future<Output = ()>>>>::{closure#0}, core[832e9a552fc17241]::option::Option<()>>::{closure#0}, (alloc[3ecab9f82c41dc7d]::boxed::Box<tokio[274d9ba6f4b762ee]::runtime::scheduler::current_thread::Core>, core[832e9a552fc17241]::option::Option<()>)>
[INFO] [stdout]   16:     0x631e3720bdb5 - <tokio[274d9ba6f4b762ee]::runtime::scheduler::current_thread::CurrentThread>::block_on::<core[832e9a552fc17241]::pin::Pin<&mut dyn core[832e9a552fc17241]::future::future::Future<Output = ()>>>
[INFO] [stdout]   17:     0x631e371f9982 - <tokio[274d9ba6f4b762ee]::runtime::runtime::Runtime>::block_on::<core[832e9a552fc17241]::pin::Pin<&mut dyn core[832e9a552fc17241]::future::future::Future<Output = ()>>>
[INFO] [stdout]   18:     0x631e371eeffe - <nldb[ee6ac753e048d6bc]::memtable::tests::test_rotate_returns_old_table::{closure#0} as core[832e9a552fc17241]::ops::function::FnOnce<()>>::call_once
[INFO] [stdout]   19:     0x631e3720edcb - test[39766f3d73431624]::__rust_begin_short_backtrace::<core[832e9a552fc17241]::result::Result<(), alloc[3ecab9f82c41dc7d]::string::String>, fn() -> core[832e9a552fc17241]::result::Result<(), alloc[3ecab9f82c41dc7d]::string::String>>
[INFO] [stdout]   20:     0x631e3721c415 - test[39766f3d73431624]::run_test::{closure#0}
[INFO] [stdout]   21:     0x631e37216ec4 - std[97b98282bc616a66]::sys::backtrace::__rust_begin_short_backtrace::<test[39766f3d73431624]::run_test::{closure#1}, ()>
[INFO] [stdout]   22:     0x631e3721f562 - <std[97b98282bc616a66]::thread::lifecycle::spawn_unchecked<test[39766f3d73431624]::run_test::{closure#1}, ()>::{closure#1} as core[832e9a552fc17241]::ops::function::FnOnce<()>>::call_once::{shim:vtable#0}
[INFO] [stdout]   23:     0x631e372ba7af - <std[97b98282bc616a66]::sys::thread::unix::Thread>::new::thread_start
[INFO] [stdout]   24:     0x79c9eacad07a - <unknown>
[INFO] [stdout]   25:     0x79c9ead40534 - clone
[INFO] [stdout]   26:                0x0 - <unknown>
[INFO] [stdout] 
[INFO] [stdout] ---- memtable::tests::test_table_full_error stdout ----
[INFO] [stdout] 
[INFO] [stdout] thread 'memtable::tests::test_table_full_error' (1459) panicked at src/memtable/mod.rs:181:46:
[INFO] [stdout] called `Result::unwrap()` on an `Err` value: Os { code: 30, kind: ReadOnlyFilesystem, message: "Read-only file system" }
[INFO] [stdout] stack backtrace:
[INFO] [stdout]    0:     0x631e372baf31 - <<std[97b98282bc616a66]::sys::backtrace::BacktraceLock>::print::DisplayBacktrace as core[832e9a552fc17241]::fmt::Display>::fmt
[INFO] [stdout]    1:     0x631e372cf96a - core[832e9a552fc17241]::fmt::write
[INFO] [stdout]    2:     0x631e372bf8fc - <alloc[3ecab9f82c41dc7d]::vec::Vec<u8> as std[97b98282bc616a66]::io::Write>::write_fmt
[INFO] [stdout]    3:     0x631e372974d6 - std[97b98282bc616a66]::panicking::default_hook::{closure#0}
[INFO] [stdout]    4:     0x631e372b2389 - std[97b98282bc616a66]::panicking::default_hook
[INFO] [stdout]    5:     0x631e3721ba90 - test[39766f3d73431624]::test_main_inner::<test[39766f3d73431624]::test_main_static::{closure#0}>::{closure#0}
[INFO] [stdout]    6:     0x631e372b26b2 - std[97b98282bc616a66]::panicking::panic_with_hook
[INFO] [stdout]    7:     0x631e37297582 - std[97b98282bc616a66]::panicking::panic_handler::{closure#0}
[INFO] [stdout]    8:     0x631e3728ed19 - std[97b98282bc616a66]::sys::backtrace::__rust_end_short_backtrace::<std[97b98282bc616a66]::panicking::panic_handler::{closure#0}, !>
[INFO] [stdout]    9:     0x631e3729817d - __rustc[e3d8617bb01b7f69]::rust_begin_unwind
[INFO] [stdout]   10:     0x631e372d00cc - core[832e9a552fc17241]::panicking::panic_fmt
[INFO] [stdout]   11:     0x631e372cfea2 - core[832e9a552fc17241]::result::unwrap_failed
[INFO] [stdout]   12:     0x631e371ea0fe - nldb[ee6ac753e048d6bc]::memtable::tests::test_table_full_error::{closure#0}
[INFO] [stdout]   13:     0x631e3720c133 - <tokio[274d9ba6f4b762ee]::runtime::scheduler::current_thread::Context>::enter::<core[832e9a552fc17241]::task::poll::Poll<()>, <tokio[274d9ba6f4b762ee]::runtime::scheduler::current_thread::CoreGuard>::block_on<core[832e9a552fc17241]::pin::Pin<&mut core[832e9a552fc17241]::pin::Pin<&mut dyn core[832e9a552fc17241]::future::future::Future<Output = ()>>>>::{closure#0}::{closure#0}>
[INFO] [stdout]   14:     0x631e371ef98c - <tokio[274d9ba6f4b762ee]::runtime::context::scoped::Scoped<tokio[274d9ba6f4b762ee]::runtime::scheduler::Context>>::set::<<tokio[274d9ba6f4b762ee]::runtime::scheduler::current_thread::CoreGuard>::enter<<tokio[274d9ba6f4b762ee]::runtime::scheduler::current_thread::CoreGuard>::block_on<core[832e9a552fc17241]::pin::Pin<&mut core[832e9a552fc17241]::pin::Pin<&mut dyn core[832e9a552fc17241]::future::future::Future<Output = ()>>>>::{closure#0}, core[832e9a552fc17241]::option::Option<()>>::{closure#0}, (alloc[3ecab9f82c41dc7d]::boxed::Box<tokio[274d9ba6f4b762ee]::runtime::scheduler::current_thread::Core>, core[832e9a552fc17241]::option::Option<()>)>
[INFO] [stdout]   15:     0x631e3720bdb5 - <tokio[274d9ba6f4b762ee]::runtime::scheduler::current_thread::CurrentThread>::block_on::<core[832e9a552fc17241]::pin::Pin<&mut dyn core[832e9a552fc17241]::future::future::Future<Output = ()>>>
[INFO] [stdout]   16:     0x631e371f9982 - <tokio[274d9ba6f4b762ee]::runtime::runtime::Runtime>::block_on::<core[832e9a552fc17241]::pin::Pin<&mut dyn core[832e9a552fc17241]::future::future::Future<Output = ()>>>
[INFO] [stdout]   17:     0x631e371eebde - <nldb[ee6ac753e048d6bc]::memtable::tests::test_table_full_error::{closure#0} as core[832e9a552fc17241]::ops::function::FnOnce<()>>::call_once
[INFO] [stdout]   18:     0x631e3720edcb - test[39766f3d73431624]::__rust_begin_short_backtrace::<core[832e9a552fc17241]::result::Result<(), alloc[3ecab9f82c41dc7d]::string::String>, fn() -> core[832e9a552fc17241]::result::Result<(), alloc[3ecab9f82c41dc7d]::string::String>>
[INFO] [stdout]   19:     0x631e3721c415 - test[39766f3d73431624]::run_test::{closure#0}
[INFO] [stdout]   20:     0x631e37216ec4 - std[97b98282bc616a66]::sys::backtrace::__rust_begin_short_backtrace::<test[39766f3d73431624]::run_test::{closure#1}, ()>
[INFO] [stdout]   21:     0x631e3721f562 - <std[97b98282bc616a66]::thread::lifecycle::spawn_unchecked<test[39766f3d73431624]::run_test::{closure#1}, ()>::{closure#1} as core[832e9a552fc17241]::ops::function::FnOnce<()>>::call_once::{shim:vtable#0}
[INFO] [stdout]   22:     0x631e372ba7af - <std[97b98282bc616a66]::sys::thread::unix::Thread>::new::thread_start
[INFO] [stdout]   23:     0x79c9eacad07a - <unknown>
[INFO] [stdout]   24:     0x79c9ead40534 - clone
[INFO] [stdout]   25:                0x0 - <unknown>
[INFO] [stdout] 
[INFO] [stdout] ---- restart::tests::test_both_wal_and_sstable_detected stdout ----
[INFO] [stdout] 
[INFO] [stdout] thread 'restart::tests::test_both_wal_and_sstable_detected' (1482) panicked at src/restart/mod.rs:172:39:
[INFO] [stdout] called `Result::unwrap()` on an `Err` value: Os { code: 30, kind: ReadOnlyFilesystem, message: "Read-only file system" }
[INFO] [stdout] stack backtrace:
[INFO] [stdout]    0:     0x631e372baf31 - <<std[97b98282bc616a66]::sys::backtrace::BacktraceLock>::print::DisplayBacktrace as core[832e9a552fc17241]::fmt::Display>::fmt
[INFO] [stdout]    1:     0x631e372cf96a - core[832e9a552fc17241]::fmt::write
[INFO] [stdout]    2:     0x631e372bf8fc - <alloc[3ecab9f82c41dc7d]::vec::Vec<u8> as std[97b98282bc616a66]::io::Write>::write_fmt
[INFO] [stdout]    3:     0x631e372974d6 - std[97b98282bc616a66]::panicking::default_hook::{closure#0}
[INFO] [stdout]    4:     0x631e372b2389 - std[97b98282bc616a66]::panicking::default_hook
[INFO] [stdout]    5:     0x631e3721ba90 - test[39766f3d73431624]::test_main_inner::<test[39766f3d73431624]::test_main_static::{closure#0}>::{closure#0}
[INFO] [stdout]    6:     0x631e372b26b2 - std[97b98282bc616a66]::panicking::panic_with_hook
[INFO] [stdout]    7:     0x631e37297582 - std[97b98282bc616a66]::panicking::panic_handler::{closure#0}
[INFO] [stdout]    8:     0x631e3728ed19 - std[97b98282bc616a66]::sys::backtrace::__rust_end_short_backtrace::<std[97b98282bc616a66]::panicking::panic_handler::{closure#0}, !>
[INFO] [stdout]    9:     0x631e3729817d - __rustc[e3d8617bb01b7f69]::rust_begin_unwind
[INFO] [stdout]   10:     0x631e372d00cc - core[832e9a552fc17241]::panicking::panic_fmt
[INFO] [stdout]   11:     0x631e372cfea2 - core[832e9a552fc17241]::result::unwrap_failed
[INFO] [stdout]   12:     0x631e371dc718 - <nldb[ee6ac753e048d6bc]::restart::tests::TempDir>::new
[INFO] [stdout]   13:     0x631e371df0b8 - nldb[ee6ac753e048d6bc]::restart::tests::test_both_wal_and_sstable_detected
[INFO] [stdout]   14:     0x631e371ee969 - <nldb[ee6ac753e048d6bc]::restart::tests::test_both_wal_and_sstable_detected::{closure#0} as core[832e9a552fc17241]::ops::function::FnOnce<()>>::call_once
[INFO] [stdout]   15:     0x631e3720edcb - test[39766f3d73431624]::__rust_begin_short_backtrace::<core[832e9a552fc17241]::result::Result<(), alloc[3ecab9f82c41dc7d]::string::String>, fn() -> core[832e9a552fc17241]::result::Result<(), alloc[3ecab9f82c41dc7d]::string::String>>
[INFO] [stdout]   16:     0x631e3721c415 - test[39766f3d73431624]::run_test::{closure#0}
[INFO] [stdout]   17:     0x631e37216ec4 - std[97b98282bc616a66]::sys::backtrace::__rust_begin_short_backtrace::<test[39766f3d73431624]::run_test::{closure#1}, ()>
[INFO] [stdout]   18:     0x631e3721f562 - <std[97b98282bc616a66]::thread::lifecycle::spawn_unchecked<test[39766f3d73431624]::run_test::{closure#1}, ()>::{closure#1} as core[832e9a552fc17241]::ops::function::FnOnce<()>>::call_once::{shim:vtable#0}
[INFO] [stdout]   19:     0x631e372ba7af - <std[97b98282bc616a66]::sys::thread::unix::Thread>::new::thread_start
[INFO] [stdout]   20:     0x79c9eacad07a - <unknown>
[INFO] [stdout]   21:     0x79c9ead40534 - clone
[INFO] [stdout]   22:                0x0 - <unknown>
[INFO] [stdout] 
[INFO] [stdout] ---- restart::tests::test_empty_directory_returns_no_files stdout ----
[INFO] [stdout] 
[INFO] [stdout] thread 'restart::tests::test_empty_directory_returns_no_files' (1483) panicked at src/restart/mod.rs:172:39:
[INFO] [stdout] called `Result::unwrap()` on an `Err` value: Os { code: 30, kind: ReadOnlyFilesystem, message: "Read-only file system" }
[INFO] [stdout] stack backtrace:
[INFO] [stdout]    0:     0x631e372baf31 - <<std[97b98282bc616a66]::sys::backtrace::BacktraceLock>::print::DisplayBacktrace as core[832e9a552fc17241]::fmt::Display>::fmt
[INFO] [stdout]    1:     0x631e372cf96a - core[832e9a552fc17241]::fmt::write
[INFO] [stdout]    2:     0x631e372bf8fc - <alloc[3ecab9f82c41dc7d]::vec::Vec<u8> as std[97b98282bc616a66]::io::Write>::write_fmt
[INFO] [stdout]    3:     0x631e372974d6 - std[97b98282bc616a66]::panicking::default_hook::{closure#0}
[INFO] [stdout]    4:     0x631e372b2389 - std[97b98282bc616a66]::panicking::default_hook
[INFO] [stdout]    5:     0x631e3721ba90 - test[39766f3d73431624]::test_main_inner::<test[39766f3d73431624]::test_main_static::{closure#0}>::{closure#0}
[INFO] [stdout]    6:     0x631e372b26b2 - std[97b98282bc616a66]::panicking::panic_with_hook
[INFO] [stdout]    7:     0x631e37297582 - std[97b98282bc616a66]::panicking::panic_handler::{closure#0}
[INFO] [stdout]    8:     0x631e3728ed19 - std[97b98282bc616a66]::sys::backtrace::__rust_end_short_backtrace::<std[97b98282bc616a66]::panicking::panic_handler::{closure#0}, !>
[INFO] [stdout]    9:     0x631e3729817d - __rustc[e3d8617bb01b7f69]::rust_begin_unwind
[INFO] [stdout]   10:     0x631e372d00cc - core[832e9a552fc17241]::panicking::panic_fmt
[INFO] [stdout]   11:     0x631e372cfea2 - core[832e9a552fc17241]::result::unwrap_failed
[INFO] [stdout]   12:     0x631e371dc718 - <nldb[ee6ac753e048d6bc]::restart::tests::TempDir>::new
[INFO] [stdout]   13:     0x631e371df2c6 - nldb[ee6ac753e048d6bc]::restart::tests::test_empty_directory_returns_no_files
[INFO] [stdout]   14:     0x631e371ee989 - <nldb[ee6ac753e048d6bc]::restart::tests::test_empty_directory_returns_no_files::{closure#0} as core[832e9a552fc17241]::ops::function::FnOnce<()>>::call_once
[INFO] [stdout]   15:     0x631e3720edcb - test[39766f3d73431624]::__rust_begin_short_backtrace::<core[832e9a552fc17241]::result::Result<(), alloc[3ecab9f82c41dc7d]::string::String>, fn() -> core[832e9a552fc17241]::result::Result<(), alloc[3ecab9f82c41dc7d]::string::String>>
[INFO] [stdout]   16:     0x631e3721c415 - test[39766f3d73431624]::run_test::{closure#0}
[INFO] [stdout]   17:     0x631e37216ec4 - std[97b98282bc616a66]::sys::backtrace::__rust_begin_short_backtrace::<test[39766f3d73431624]::run_test::{closure#1}, ()>
[INFO] [stdout]   18:     0x631e3721f562 - <std[97b98282bc616a66]::thread::lifecycle::spawn_unchecked<test[39766f3d73431624]::run_test::{closure#1}, ()>::{closure#1} as core[832e9a552fc17241]::ops::function::FnOnce<()>>::call_once::{shim:vtable#0}
[INFO] [stdout]   19:     0x631e372ba7af - <std[97b98282bc616a66]::sys::thread::unix::Thread>::new::thread_start
[INFO] [stdout]   20:     0x79c9eacad07a - <unknown>
[INFO] [stdout]   21:     0x79c9ead40534 - clone
[INFO] [stdout]   22:                0x0 - <unknown>
[INFO] [stdout] 
[INFO] [stdout] ---- restart::tests::test_non_wal_log_files_ignored stdout ----
[INFO] [stdout] 
[INFO] [stdout] thread 'restart::tests::test_non_wal_log_files_ignored' (1486) panicked at src/restart/mod.rs:172:39:
[INFO] [stdout] called `Result::unwrap()` on an `Err` value: Os { code: 30, kind: ReadOnlyFilesystem, message: "Read-only file system" }
[INFO] [stdout] stack backtrace:
[INFO] [stdout]    0:     0x631e372baf31 - <<std[97b98282bc616a66]::sys::backtrace::BacktraceLock>::print::DisplayBacktrace as core[832e9a552fc17241]::fmt::Display>::fmt
[INFO] [stdout]    1:     0x631e372cf96a - core[832e9a552fc17241]::fmt::write
[INFO] [stdout]    2:     0x631e372bf8fc - <alloc[3ecab9f82c41dc7d]::vec::Vec<u8> as std[97b98282bc616a66]::io::Write>::write_fmt
[INFO] [stdout]    3:     0x631e372974d6 - std[97b98282bc616a66]::panicking::default_hook::{closure#0}
[INFO] [stdout]    4:     0x631e372b2389 - std[97b98282bc616a66]::panicking::default_hook
[INFO] [stdout]    5:     0x631e3721ba90 - test[39766f3d73431624]::test_main_inner::<test[39766f3d73431624]::test_main_static::{closure#0}>::{closure#0}
[INFO] [stdout]    6:     0x631e372b26b2 - std[97b98282bc616a66]::panicking::panic_with_hook
[INFO] [stdout]    7:     0x631e37297582 - std[97b98282bc616a66]::panicking::panic_handler::{closure#0}
[INFO] [stdout]    8:     0x631e3728ed19 - std[97b98282bc616a66]::sys::backtrace::__rust_end_short_backtrace::<std[97b98282bc616a66]::panicking::panic_handler::{closure#0}, !>
[INFO] [stdout]    9:     0x631e3729817d - __rustc[e3d8617bb01b7f69]::rust_begin_unwind
[INFO] [stdout]   10:     0x631e372d00cc - core[832e9a552fc17241]::panicking::panic_fmt
[INFO] [stdout]   11:     0x631e372cfea2 - core[832e9a552fc17241]::result::unwrap_failed
[INFO] [stdout]   12:     0x631e371dc718 - <nldb[ee6ac753e048d6bc]::restart::tests::TempDir>::new
[INFO] [stdout]   13:     0x631e371de9c6 - nldb[ee6ac753e048d6bc]::restart::tests::test_non_wal_log_files_ignored
[INFO] [stdout]   14:     0x631e371ee909 - <nldb[ee6ac753e048d6bc]::restart::tests::test_non_wal_log_files_ignored::{closure#0} as core[832e9a552fc17241]::ops::function::FnOnce<()>>::call_once
[INFO] [stdout]   15:     0x631e3720edcb - test[39766f3d73431624]::__rust_begin_short_backtrace::<core[832e9a552fc17241]::result::Result<(), alloc[3ecab9f82c41dc7d]::string::String>, fn() -> core[832e9a552fc17241]::result::Result<(), alloc[3ecab9f82c41dc7d]::string::String>>
[INFO] [stdout]   16:     0x631e3721c415 - test[39766f3d73431624]::run_test::{closure#0}
[INFO] [stdout]   17:     0x631e37216ec4 - std[97b98282bc616a66]::sys::backtrace::__rust_begin_short_backtrace::<test[39766f3d73431624]::run_test::{closure#1}, ()>
[INFO] [stdout]   18:     0x631e3721f562 - <std[97b98282bc616a66]::thread::lifecycle::spawn_unchecked<test[39766f3d73431624]::run_test::{closure#1}, ()>::{closure#1} as core[832e9a552fc17241]::ops::function::FnOnce<()>>::call_once::{shim:vtable#0}
[INFO] [stdout]   19:     0x631e372ba7af - <std[97b98282bc616a66]::sys::thread::unix::Thread>::new::thread_start
[INFO] [stdout]   20:     0x79c9eacad07a - <unknown>
[INFO] [stdout]   21:     0x79c9ead40534 - clone
[INFO] [stdout]   22:                0x0 - <unknown>
[INFO] [stdout] 
[INFO] [stdout] ---- restart::tests::test_sstable_files_detected stdout ----
[INFO] [stdout] 
[INFO] [stdout] thread 'restart::tests::test_sstable_files_detected' (1487) panicked at src/restart/mod.rs:172:39:
[INFO] [stdout] called `Result::unwrap()` on an `Err` value: Os { code: 30, kind: ReadOnlyFilesystem, message: "Read-only file system" }
[INFO] [stdout] stack backtrace:
[INFO] [stdout]    0:     0x631e372baf31 - <<std[97b98282bc616a66]::sys::backtrace::BacktraceLock>::print::DisplayBacktrace as core[832e9a552fc17241]::fmt::Display>::fmt
[INFO] [stdout]    1:     0x631e372cf96a - core[832e9a552fc17241]::fmt::write
[INFO] [stdout]    2:     0x631e372bf8fc - <alloc[3ecab9f82c41dc7d]::vec::Vec<u8> as std[97b98282bc616a66]::io::Write>::write_fmt
[INFO] [stdout]    3:     0x631e372974d6 - std[97b98282bc616a66]::panicking::default_hook::{closure#0}
[INFO] [stdout]    4:     0x631e372b2389 - std[97b98282bc616a66]::panicking::default_hook
[INFO] [stdout]    5:     0x631e3721ba90 - test[39766f3d73431624]::test_main_inner::<test[39766f3d73431624]::test_main_static::{closure#0}>::{closure#0}
[INFO] [stdout]    6:     0x631e372b26b2 - std[97b98282bc616a66]::panicking::panic_with_hook
[INFO] [stdout]    7:     0x631e37297582 - std[97b98282bc616a66]::panicking::panic_handler::{closure#0}
[INFO] [stdout]    8:     0x631e3728ed19 - std[97b98282bc616a66]::sys::backtrace::__rust_end_short_backtrace::<std[97b98282bc616a66]::panicking::panic_handler::{closure#0}, !>
[INFO] [stdout]    9:     0x631e3729817d - __rustc[e3d8617bb01b7f69]::rust_begin_unwind
[INFO] [stdout]   10:     0x631e372d00cc - core[832e9a552fc17241]::panicking::panic_fmt
[INFO] [stdout]   11:     0x631e372cfea2 - core[832e9a552fc17241]::result::unwrap_failed
[INFO] [stdout]   12:     0x631e371dc718 - <nldb[ee6ac753e048d6bc]::restart::tests::TempDir>::new
[INFO] [stdout]   13:     0x631e371de7b6 - nldb[ee6ac753e048d6bc]::restart::tests::test_sstable_files_detected
[INFO] [stdout]   14:     0x631e371ee8e9 - <nldb[ee6ac753e048d6bc]::restart::tests::test_sstable_files_detected::{closure#0} as core[832e9a552fc17241]::ops::function::FnOnce<()>>::call_once
[INFO] [stdout]   15:     0x631e3720edcb - test[39766f3d73431624]::__rust_begin_short_backtrace::<core[832e9a552fc17241]::result::Result<(), alloc[3ecab9f82c41dc7d]::string::String>, fn() -> core[832e9a552fc17241]::result::Result<(), alloc[3ecab9f82c41dc7d]::string::String>>
[INFO] [stdout]   16:     0x631e3721c415 - test[39766f3d73431624]::run_test::{closure#0}
[INFO] [stdout]   17:     0x631e37216ec4 - std[97b98282bc616a66]::sys::backtrace::__rust_begin_short_backtrace::<test[39766f3d73431624]::run_test::{closure#1}, ()>
[INFO] [stdout]   18:     0x631e3721f562 - <std[97b98282bc616a66]::thread::lifecycle::spawn_unchecked<test[39766f3d73431624]::run_test::{closure#1}, ()>::{closure#1} as core[832e9a552fc17241]::ops::function::FnOnce<()>>::call_once::{shim:vtable#0}
[INFO] [stdout]   19:     0x631e372ba7af - <std[97b98282bc616a66]::sys::thread::unix::Thread>::new::thread_start
[INFO] [stdout]   20:     0x79c9eacad07a - <unknown>
[INFO] [stdout]   21:     0x79c9ead40534 - clone
[INFO] [stdout]   22:                0x0 - <unknown>
[INFO] [stdout] 
[INFO] [stdout] ---- restart::tests::test_wal_file_detected stdout ----
[INFO] [stdout] 
[INFO] [stdout] thread 'restart::tests::test_wal_file_detected' (1489) panicked at src/restart/mod.rs:172:39:
[INFO] [stdout] called `Result::unwrap()` on an `Err` value: Os { code: 30, kind: ReadOnlyFilesystem, message: "Read-only file system" }
[INFO] [stdout] stack backtrace:
[INFO] [stdout]    0:     0x631e372baf31 - <<std[97b98282bc616a66]::sys::backtrace::BacktraceLock>::print::DisplayBacktrace as core[832e9a552fc17241]::fmt::Display>::fmt
[INFO] [stdout]    1:     0x631e372cf96a - core[832e9a552fc17241]::fmt::write
[INFO] [stdout]    2:     0x631e372bf8fc - <alloc[3ecab9f82c41dc7d]::vec::Vec<u8> as std[97b98282bc616a66]::io::Write>::write_fmt
[INFO] [stdout]    3:     0x631e372974d6 - std[97b98282bc616a66]::panicking::default_hook::{closure#0}
[INFO] [stdout]    4:     0x631e372b2389 - std[97b98282bc616a66]::panicking::default_hook
[INFO] [stdout]    5:     0x631e3721ba90 - test[39766f3d73431624]::test_main_inner::<test[39766f3d73431624]::test_main_static::{closure#0}>::{closure#0}
[INFO] [stdout]    6:     0x631e372b26b2 - std[97b98282bc616a66]::panicking::panic_with_hook
[INFO] [stdout]    7:     0x631e37297582 - std[97b98282bc616a66]::panicking::panic_handler::{closure#0}
[INFO] [stdout]    8:     0x631e3728ed19 - std[97b98282bc616a66]::sys::backtrace::__rust_end_short_backtrace::<std[97b98282bc616a66]::panicking::panic_handler::{closure#0}, !>
[INFO] [stdout]    9:     0x631e3729817d - __rustc[e3d8617bb01b7f69]::rust_begin_unwind
[INFO] [stdout]   10:     0x631e372d00cc - core[832e9a552fc17241]::panicking::panic_fmt
[INFO] [stdout]   11:     0x631e372cfea2 - core[832e9a552fc17241]::result::unwrap_failed
[INFO] [stdout]   12:     0x631e371dc718 - <nldb[ee6ac753e048d6bc]::restart::tests::TempDir>::new
[INFO] [stdout]   13:     0x631e371de578 - nldb[ee6ac753e048d6bc]::restart::tests::test_wal_file_detected
[INFO] [stdout]   14:     0x631e371ee8c9 - <nldb[ee6ac753e048d6bc]::restart::tests::test_wal_file_detected::{closure#0} as core[832e9a552fc17241]::ops::function::FnOnce<()>>::call_once
[INFO] [stdout]   15:     0x631e3720edcb - test[39766f3d73431624]::__rust_begin_short_backtrace::<core[832e9a552fc17241]::result::Result<(), alloc[3ecab9f82c41dc7d]::string::String>, fn() -> core[832e9a552fc17241]::result::Result<(), alloc[3ecab9f82c41dc7d]::string::String>>
[INFO] [stdout]   16:     0x631e3721c415 - test[39766f3d73431624]::run_test::{closure#0}
[INFO] [stdout]   17:     0x631e37216ec4 - std[97b98282bc616a66]::sys::backtrace::__rust_begin_short_backtrace::<test[39766f3d73431624]::run_test::{closure#1}, ()>
[INFO] [stdout]   18:     0x631e3721f562 - <std[97b98282bc616a66]::thread::lifecycle::spawn_unchecked<test[39766f3d73431624]::run_test::{closure#1}, ()>::{closure#1} as core[832e9a552fc17241]::ops::function::FnOnce<()>>::call_once::{shim:vtable#0}
[INFO] [stdout]   19:     0x631e372ba7af - <std[97b98282bc616a66]::sys::thread::unix::Thread>::new::thread_start
[INFO] [stdout]   20:     0x79c9eacad07a - <unknown>
[INFO] [stdout]   21:     0x79c9ead40534 - clone
[INFO] [stdout]   22:                0x0 - <unknown>
[INFO] [stdout] 
[INFO] [stdout] ---- restart::tests::test_multiple_wals_sorted_oldest_first stdout ----
[INFO] [stdout] 
[INFO] [stdout] thread 'restart::tests::test_multiple_wals_sorted_oldest_first' (1484) panicked at src/restart/mod.rs:172:39:
[INFO] [stdout] called `Result::unwrap()` on an `Err` value: Os { code: 30, kind: ReadOnlyFilesystem, message: "Read-only file system" }
[INFO] [stdout] stack backtrace:
[INFO] [stdout]    0:     0x631e372baf31 - <<std[97b98282bc616a66]::sys::backtrace::BacktraceLock>::print::DisplayBacktrace as core[832e9a552fc17241]::fmt::Display>::fmt
[INFO] [stdout]    1:     0x631e372cf96a - core[832e9a552fc17241]::fmt::write
[INFO] [stdout]    2:     0x631e372bf8fc - <alloc[3ecab9f82c41dc7d]::vec::Vec<u8> as std[97b98282bc616a66]::io::Write>::write_fmt
[INFO] [stdout]    3:     0x631e372974d6 - std[97b98282bc616a66]::panicking::default_hook::{closure#0}
[INFO] [stdout]    4:     0x631e372b2389 - std[97b98282bc616a66]::panicking::default_hook
[INFO] [stdout]    5:     0x631e3721ba90 - test[39766f3d73431624]::test_main_inner::<test[39766f3d73431624]::test_main_static::{closure#0}>::{closure#0}
[INFO] [stdout]    6:     0x631e372b26b2 - std[97b98282bc616a66]::panicking::panic_with_hook
[INFO] [stdout]    7:     0x631e37297582 - std[97b98282bc616a66]::panicking::panic_handler::{closure#0}
[INFO] [stdout]    8:     0x631e3728ed19 - std[97b98282bc616a66]::sys::backtrace::__rust_end_short_backtrace::<std[97b98282bc616a66]::panicking::panic_handler::{closure#0}, !>
[INFO] [stdout]    9:     0x631e3729817d - __rustc[e3d8617bb01b7f69]::rust_begin_unwind
[INFO] [stdout]   10:     0x631e372d00cc - core[832e9a552fc17241]::panicking::panic_fmt
[INFO] [stdout]   11:     0x631e372cfea2 - core[832e9a552fc17241]::result::unwrap_failed
[INFO] [stdout]   12:     0x631e371dc718 - <nldb[ee6ac753e048d6bc]::restart::tests::TempDir>::new
[INFO] [stdout]   13:     0x631e371df458 - nldb[ee6ac753e048d6bc]::restart::tests::test_multiple_wals_sorted_oldest_first
[INFO] [stdout]   14:     0x631e371ee9a9 - <nldb[ee6ac753e048d6bc]::restart::tests::test_multiple_wals_sorted_oldest_first::{closure#0} as core[832e9a552fc17241]::ops::function::FnOnce<()>>::call_once
[INFO] [stdout]   15:     0x631e3720edcb - test[39766f3d73431624]::__rust_begin_short_backtrace::<core[832e9a552fc17241]::result::Result<(), alloc[3ecab9f82c41dc7d]::string::String>, fn() -> core[832e9a552fc17241]::result::Result<(), alloc[3ecab9f82c41dc7d]::string::String>>
[INFO] [stdout]   16:     0x631e3721c415 - test[39766f3d73431624]::run_test::{closure#0}
[INFO] [stdout]   17:     0x631e37216ec4 - std[97b98282bc616a66]::sys::backtrace::__rust_begin_short_backtrace::<test[39766f3d73431624]::run_test::{closure#1}, ()>
[INFO] [stdout]   18:     0x631e3721f562 - <std[97b98282bc616a66]::thread::lifecycle::spawn_unchecked<test[39766f3d73431624]::run_test::{closure#1}, ()>::{closure#1} as core[832e9a552fc17241]::ops::function::FnOnce<()>>::call_once::{shim:vtable#0}
[INFO] [stdout]   19:     0x631e372ba7af - <std[97b98282bc616a66]::sys::thread::unix::Thread>::new::thread_start
[INFO] [stdout]   20:     0x79c9eacad07a - <unknown>
[INFO] [stdout]   21:     0x79c9ead40534 - clone
[INFO] [stdout]   22:                0x0 - <unknown>
[INFO] [stdout] 
[INFO] [stdout] ---- restart::tests::test_sstables_sorted_newest_first stdout ----
[INFO] [stdout] 
[INFO] [stdout] thread 'restart::tests::test_sstables_sorted_newest_first' (1488) panicked at src/restart/mod.rs:172:39:
[INFO] [stdout] called `Result::unwrap()` on an `Err` value: Os { code: 30, kind: ReadOnlyFilesystem, message: "Read-only file system" }
[INFO] [stdout] stack backtrace:
[INFO] [stdout]    0:     0x631e372baf31 - <<std[97b98282bc616a66]::sys::backtrace::BacktraceLock>::print::DisplayBacktrace as core[832e9a552fc17241]::fmt::Display>::fmt
[INFO] [stdout]    1:     0x631e372cf96a - core[832e9a552fc17241]::fmt::write
[INFO] [stdout]    2:     0x631e372bf8fc - <alloc[3ecab9f82c41dc7d]::vec::Vec<u8> as std[97b98282bc616a66]::io::Write>::write_fmt
[INFO] [stdout]    3:     0x631e372974d6 - std[97b98282bc616a66]::panicking::default_hook::{closure#0}
[INFO] [stdout]    4:     0x631e372b2389 - std[97b98282bc616a66]::panicking::default_hook
[INFO] [stdout]    5:     0x631e3721ba90 - test[39766f3d73431624]::test_main_inner::<test[39766f3d73431624]::test_main_static::{closure#0}>::{closure#0}
[INFO] [stdout]    6:     0x631e372b26b2 - std[97b98282bc616a66]::panicking::panic_with_hook
[INFO] [stdout]    7:     0x631e37297582 - std[97b98282bc616a66]::panicking::panic_handler::{closure#0}
[INFO] [stdout]    8:     0x631e3728ed19 - std[97b98282bc616a66]::sys::backtrace::__rust_end_short_backtrace::<std[97b98282bc616a66]::panicking::panic_handler::{closure#0}, !>
[INFO] [stdout]    9:     0x631e3729817d - __rustc[e3d8617bb01b7f69]::rust_begin_unwind
[INFO] [stdout]   10:     0x631e372d00cc - core[832e9a552fc17241]::panicking::panic_fmt
[INFO] [stdout]   11:     0x631e372cfea2 - core[832e9a552fc17241]::result::unwrap_failed
[INFO] [stdout]   12:     0x631e371dc718 - <nldb[ee6ac753e048d6bc]::restart::tests::TempDir>::new
[INFO] [stdout]   13:     0x631e371ded38 - nldb[ee6ac753e048d6bc]::restart::tests::test_sstables_sorted_newest_first
[INFO] [stdout]   14:     0x631e371ee949 - <nldb[ee6ac753e048d6bc]::restart::tests::test_sstables_sorted_newest_first::{closure#0} as core[832e9a552fc17241]::ops::function::FnOnce<()>>::call_once
[INFO] [stdout]   15:     0x631e3720edcb - test[39766f3d73431624]::__rust_begin_short_backtrace::<core[832e9a552fc17241]::result::Result<(), alloc[3ecab9f82c41dc7d]::string::String>, fn() -> core[832e9a552fc17241]::result::Result<(), alloc[3ecab9f82c41dc7d]::string::String>>
[INFO] [stdout]   16:     0x631e3721c415 - test[39766f3d73431624]::run_test::{closure#0}
[INFO] [stdout]   17:     0x631e37216ec4 - std[97b98282bc616a66]::sys::backtrace::__rust_begin_short_backtrace::<test[39766f3d73431624]::run_test::{closure#1}, ()>
[INFO] [stdout]   18:     0x631e3721f562 - <std[97b98282bc616a66]::thread::lifecycle::spawn_unchecked<test[39766f3d73431624]::run_test::{closure#1}, ()>::{closure#1} as core[832e9a552fc17241]::ops::function::FnOnce<()>>::call_once::{shim:vtable#0}
[INFO] [stdout]   19:     0x631e372ba7af - <std[97b98282bc616a66]::sys::thread::unix::Thread>::new::thread_start
[INFO] [stdout]   20:     0x79c9eacad07a - <unknown>
[INFO] [stdout]   21:     0x79c9ead40534 - clone
[INFO] [stdout]   22:                0x0 - <unknown>
[INFO] [stdout] 
[INFO] [stdout] ---- restart::tests::test_non_database_files_ignored stdout ----
[INFO] [stdout] 
[INFO] [stdout] thread 'restart::tests::test_non_database_files_ignored' (1485) panicked at src/restart/mod.rs:172:39:
[INFO] [stdout] called `Result::unwrap()` on an `Err` value: Os { code: 30, kind: ReadOnlyFilesystem, message: "Read-only file system" }
[INFO] [stdout] stack backtrace:
[INFO] [stdout]    0:     0x631e372baf31 - <<std[97b98282bc616a66]::sys::backtrace::BacktraceLock>::print::DisplayBacktrace as core[832e9a552fc17241]::fmt::Display>::fmt
[INFO] [stdout]    1:     0x631e372cf96a - core[832e9a552fc17241]::fmt::write
[INFO] [stdout]    2:     0x631e372bf8fc - <alloc[3ecab9f82c41dc7d]::vec::Vec<u8> as std[97b98282bc616a66]::io::Write>::write_fmt
[INFO] [stdout]    3:     0x631e372974d6 - std[97b98282bc616a66]::panicking::default_hook::{closure#0}
[INFO] [stdout]    4:     0x631e372b2389 - std[97b98282bc616a66]::panicking::default_hook
[INFO] [stdout]    5:     0x631e3721ba90 - test[39766f3d73431624]::test_main_inner::<test[39766f3d73431624]::test_main_static::{closure#0}>::{closure#0}
[INFO] [stdout]    6:     0x631e372b26b2 - std[97b98282bc616a66]::panicking::panic_with_hook
[INFO] [stdout]    7:     0x631e37297582 - std[97b98282bc616a66]::panicking::panic_handler::{closure#0}
[INFO] [stdout]    8:     0x631e3728ed19 - std[97b98282bc616a66]::sys::backtrace::__rust_end_short_backtrace::<std[97b98282bc616a66]::panicking::panic_handler::{closure#0}, !>
[INFO] [stdout]    9:     0x631e3729817d - __rustc[e3d8617bb01b7f69]::rust_begin_unwind
[INFO] [stdout]   10:     0x631e372d00cc - core[832e9a552fc17241]::panicking::panic_fmt
[INFO] [stdout]   11:     0x631e372cfea2 - core[832e9a552fc17241]::result::unwrap_failed
[INFO] [stdout]   12:     0x631e371dc718 - <nldb[ee6ac753e048d6bc]::restart::tests::TempDir>::new
[INFO] [stdout]   13:     0x631e371deb76 - nldb[ee6ac753e048d6bc]::restart::tests::test_non_database_files_ignored
[INFO] [stdout]   14:     0x631e371ee929 - <nldb[ee6ac753e048d6bc]::restart::tests::test_non_database_files_ignored::{closure#0} as core[832e9a552fc17241]::ops::function::FnOnce<()>>::call_once
[INFO] [stdout]   15:     0x631e3720edcb - test[39766f3d73431624]::__rust_begin_short_backtrace::<core[832e9a552fc17241]::result::Result<(), alloc[3ecab9f82c41dc7d]::string::String>, fn() -> core[832e9a552fc17241]::result::Result<(), alloc[3ecab9f82c41dc7d]::string::String>>
[INFO] [stdout]   16:     0x631e3721c415 - test[39766f3d73431624]::run_test::{closure#0}
[INFO] [stdout]   17:     0x631e37216ec4 - std[97b98282bc616a66]::sys::backtrace::__rust_begin_short_backtrace::<test[39766f3d73431624]::run_test::{closure#1}, ()>
[INFO] [stdout]   18:     0x631e3721f562 - <std[97b98282bc616a66]::thread::lifecycle::spawn_unchecked<test[39766f3d73431624]::run_test::{closure#1}, ()>::{closure#1} as core[832e9a552fc17241]::ops::function::FnOnce<()>>::call_once::{shim:vtable#0}
[INFO] [stdout]   19:     0x631e372ba7af - <std[97b98282bc616a66]::sys::thread::unix::Thread>::new::thread_start
[INFO] [stdout]   20:     0x79c9eacad07a - <unknown>
[INFO] [stdout]   21:     0x79c9ead40534 - clone
[INFO] [stdout]   22:                0x0 - <unknown>
[INFO] [stdout] 
[INFO] [stdout] ---- restart::worker::tests::test_empty_wal_produces_empty_table stdout ----
[INFO] [stdout] 
[INFO] [stdout] thread 'restart::worker::tests::test_empty_wal_produces_empty_table' (1490) panicked at src/restart/worker.rs:74:42:
[INFO] [stdout] called `Result::unwrap()` on an `Err` value: Os { code: 30, kind: ReadOnlyFilesystem, message: "Read-only file system" }
[INFO] [stdout] stack backtrace:
[INFO] [stdout]    0:     0x631e372baf31 - <<std[97b98282bc616a66]::sys::backtrace::BacktraceLock>::print::DisplayBacktrace as core[832e9a552fc17241]::fmt::Display>::fmt
[INFO] [stdout]    1:     0x631e372cf96a - core[832e9a552fc17241]::fmt::write
[INFO] [stdout]    2:     0x631e372bf8fc - <alloc[3ecab9f82c41dc7d]::vec::Vec<u8> as std[97b98282bc616a66]::io::Write>::write_fmt
[INFO] [stdout]    3:     0x631e372974d6 - std[97b98282bc616a66]::panicking::default_hook::{closure#0}
[INFO] [stdout]    4:     0x631e372b2389 - std[97b98282bc616a66]::panicking::default_hook
[INFO] [stdout]    5:     0x631e3721ba90 - test[39766f3d73431624]::test_main_inner::<test[39766f3d73431624]::test_main_static::{closure#0}>::{closure#0}
[INFO] [stdout]    6:     0x631e372b26b2 - std[97b98282bc616a66]::panicking::panic_with_hook
[INFO] [stdout]    7:     0x631e37297582 - std[97b98282bc616a66]::panicking::panic_handler::{closure#0}
[INFO] [stdout]    8:     0x631e3728ed19 - std[97b98282bc616a66]::sys::backtrace::__rust_end_short_backtrace::<std[97b98282bc616a66]::panicking::panic_handler::{closure#0}, !>
[INFO] [stdout]    9:     0x631e3729817d - __rustc[e3d8617bb01b7f69]::rust_begin_unwind
[INFO] [stdout]   10:     0x631e372d00cc - core[832e9a552fc17241]::panicking::panic_fmt
[INFO] [stdout]   11:     0x631e372cfea2 - core[832e9a552fc17241]::result::unwrap_failed
[INFO] [stdout]   12:     0x631e371fe574 - nldb[ee6ac753e048d6bc]::restart::worker::tests::make_wal
[INFO] [stdout]   13:     0x631e37200652 - nldb[ee6ac753e048d6bc]::restart::worker::tests::test_empty_wal_produces_empty_table
[INFO] [stdout]   14:     0x631e371ef6c9 - <nldb[ee6ac753e048d6bc]::restart::worker::tests::test_empty_wal_produces_empty_table::{closure#0} as core[832e9a552fc17241]::ops::function::FnOnce<()>>::call_once
[INFO] [stdout]   15:     0x631e3720edcb - test[39766f3d73431624]::__rust_begin_short_backtrace::<core[832e9a552fc17241]::result::Result<(), alloc[3ecab9f82c41dc7d]::string::String>, fn() -> core[832e9a552fc17241]::result::Result<(), alloc[3ecab9f82c41dc7d]::string::String>>
[INFO] [stdout]   16:     0x631e3721c415 - test[39766f3d73431624]::run_test::{closure#0}
[INFO] [stdout]   17:     0x631e37216ec4 - std[97b98282bc616a66]::sys::backtrace::__rust_begin_short_backtrace::<test[39766f3d73431624]::run_test::{closure#1}, ()>
[INFO] [stdout]   18:     0x631e3721f562 - <std[97b98282bc616a66]::thread::lifecycle::spawn_unchecked<test[39766f3d73431624]::run_test::{closure#1}, ()>::{closure#1} as core[832e9a552fc17241]::ops::function::FnOnce<()>>::call_once::{shim:vtable#0}
[INFO] [stdout]   19:     0x631e372ba7af - <std[97b98282bc616a66]::sys::thread::unix::Thread>::new::thread_start
[INFO] [stdout]   20:     0x79c9eacad07a - <unknown>
[INFO] [stdout]   21:     0x79c9ead40534 - clone
[INFO] [stdout]   22:                0x0 - <unknown>
[INFO] [stdout] 
[INFO] [stdout] ---- restart::worker::tests::test_single_wal_data_recovered stdout ----
[INFO] [stdout] 
[INFO] [stdout] thread 'restart::worker::tests::test_single_wal_data_recovered' (1493) panicked at src/restart/worker.rs:74:42:
[INFO] [stdout] called `Result::unwrap()` on an `Err` value: Os { code: 30, kind: ReadOnlyFilesystem, message: "Read-only file system" }
[INFO] [stdout] stack backtrace:
[INFO] [stdout]    0:     0x631e372baf31 - <<std[97b98282bc616a66]::sys::backtrace::BacktraceLock>::print::DisplayBacktrace as core[832e9a552fc17241]::fmt::Display>::fmt
[INFO] [stdout]    1:     0x631e372cf96a - core[832e9a552fc17241]::fmt::write
[INFO] [stdout]    2:     0x631e372bf8fc - <alloc[3ecab9f82c41dc7d]::vec::Vec<u8> as std[97b98282bc616a66]::io::Write>::write_fmt
[INFO] [stdout]    3:     0x631e372974d6 - std[97b98282bc616a66]::panicking::default_hook::{closure#0}
[INFO] [stdout]    4:     0x631e372b2389 - std[97b98282bc616a66]::panicking::default_hook
[INFO] [stdout]    5:     0x631e3721ba90 - test[39766f3d73431624]::test_main_inner::<test[39766f3d73431624]::test_main_static::{closure#0}>::{closure#0}
[INFO] [stdout]    6:     0x631e372b26b2 - std[97b98282bc616a66]::panicking::panic_with_hook
[INFO] [stdout]    7:     0x631e37297582 - std[97b98282bc616a66]::panicking::panic_handler::{closure#0}
[INFO] [stdout]    8:     0x631e3728ed19 - std[97b98282bc616a66]::sys::backtrace::__rust_end_short_backtrace::<std[97b98282bc616a66]::panicking::panic_handler::{closure#0}, !>
[INFO] [stdout]    9:     0x631e3729817d - __rustc[e3d8617bb01b7f69]::rust_begin_unwind
[INFO] [stdout]   10:     0x631e372d00cc - core[832e9a552fc17241]::panicking::panic_fmt
[INFO] [stdout]   11:     0x631e372cfea2 - core[832e9a552fc17241]::result::unwrap_failed
[INFO] [stdout]   12:     0x631e371fe574 - nldb[ee6ac753e048d6bc]::restart::worker::tests::make_wal
[INFO] [stdout]   13:     0x631e371ffec7 - nldb[ee6ac753e048d6bc]::restart::worker::tests::test_single_wal_data_recovered
[INFO] [stdout]   14:     0x631e371ef6a9 - <nldb[ee6ac753e048d6bc]::restart::worker::tests::test_single_wal_data_recovered::{closure#0} as core[832e9a552fc17241]::ops::function::FnOnce<()>>::call_once
[INFO] [stdout]   15:     0x631e3720edcb - test[39766f3d73431624]::__rust_begin_short_backtrace::<core[832e9a552fc17241]::result::Result<(), alloc[3ecab9f82c41dc7d]::string::String>, fn() -> core[832e9a552fc17241]::result::Result<(), alloc[3ecab9f82c41dc7d]::string::String>>
[INFO] [stdout]   16:     0x631e3721c415 - test[39766f3d73431624]::run_test::{closure#0}
[INFO] [stdout]   17:     0x631e37216ec4 - std[97b98282bc616a66]::sys::backtrace::__rust_begin_short_backtrace::<test[39766f3d73431624]::run_test::{closure#1}, ()>
[INFO] [stdout]   18:     0x631e3721f562 - <std[97b98282bc616a66]::thread::lifecycle::spawn_unchecked<test[39766f3d73431624]::run_test::{closure#1}, ()>::{closure#1} as core[832e9a552fc17241]::ops::function::FnOnce<()>>::call_once::{shim:vtable#0}
[INFO] [stdout]   19:     0x631e372ba7af - <std[97b98282bc616a66]::sys::thread::unix::Thread>::new::thread_start
[INFO] [stdout]   20:     0x79c9eacad07a - <unknown>
[INFO] [stdout]   21:     0x79c9ead40534 - clone
[INFO] [stdout]   22:                0x0 - <unknown>
[INFO] [stdout] 
[INFO] [stdout] ---- restart::worker::tests::test_tables_are_independent stdout ----
[INFO] [stdout] 
[INFO] [stdout] thread 'restart::worker::tests::test_tables_are_independent' (1494) panicked at src/restart/worker.rs:74:42:
[INFO] [stdout] called `Result::unwrap()` on an `Err` value: Os { code: 30, kind: ReadOnlyFilesystem, message: "Read-only file system" }
[INFO] [stdout] stack backtrace:
[INFO] [stdout]    0:     0x631e372baf31 - <<std[97b98282bc616a66]::sys::backtrace::BacktraceLock>::print::DisplayBacktrace as core[832e9a552fc17241]::fmt::Display>::fmt
[INFO] [stdout]    1:     0x631e372cf96a - core[832e9a552fc17241]::fmt::write
[INFO] [stdout]    2:     0x631e372bf8fc - <alloc[3ecab9f82c41dc7d]::vec::Vec<u8> as std[97b98282bc616a66]::io::Write>::write_fmt
[INFO] [stdout]    3:     0x631e372974d6 - std[97b98282bc616a66]::panicking::default_hook::{closure#0}
[INFO] [stdout]    4:     0x631e372b2389 - std[97b98282bc616a66]::panicking::default_hook
[INFO] [stdout]    5:     0x631e3721ba90 - test[39766f3d73431624]::test_main_inner::<test[39766f3d73431624]::test_main_static::{closure#0}>::{closure#0}
[INFO] [stdout]    6:     0x631e372b26b2 - std[97b98282bc616a66]::panicking::panic_with_hook
[INFO] [stdout]    7:     0x631e37297582 - std[97b98282bc616a66]::panicking::panic_handler::{closure#0}
[INFO] [stdout]    8:     0x631e3728ed19 - std[97b98282bc616a66]::sys::backtrace::__rust_end_short_backtrace::<std[97b98282bc616a66]::panicking::panic_handler::{closure#0}, !>
[INFO] [stdout]    9:     0x631e3729817d - __rustc[e3d8617bb01b7f69]::rust_begin_unwind
[INFO] [stdout]   10:     0x631e372d00cc - core[832e9a552fc17241]::panicking::panic_fmt
[INFO] [stdout]   11:     0x631e372cfea2 - core[832e9a552fc17241]::result::unwrap_failed
[INFO] [stdout]   12:     0x631e371fe574 - nldb[ee6ac753e048d6bc]::restart::worker::tests::make_wal
[INFO] [stdout]   13:     0x631e371fee72 - nldb[ee6ac753e048d6bc]::restart::worker::tests::test_tables_are_independent
[INFO] [stdout]   14:     0x631e371ef669 - <nldb[ee6ac753e048d6bc]::restart::worker::tests::test_tables_are_independent::{closure#0} as core[832e9a552fc17241]::ops::function::FnOnce<()>>::call_once
[INFO] [stdout]   15:     0x631e3720edcb - test[39766f3d73431624]::__rust_begin_short_backtrace::<core[832e9a552fc17241]::result::Result<(), alloc[3ecab9f82c41dc7d]::string::String>, fn() -> core[832e9a552fc17241]::result::Result<(), alloc[3ecab9f82c41dc7d]::string::String>>
[INFO] [stdout]   16:     0x631e3721c415 - test[39766f3d73431624]::run_test::{closure#0}
[INFO] [stdout]   17:     0x631e37216ec4 - std[97b98282bc616a66]::sys::backtrace::__rust_begin_short_backtrace::<test[39766f3d73431624]::run_test::{closure#1}, ()>
[INFO] [stdout]   18:     0x631e3721f562 - <std[97b98282bc616a66]::thread::lifecycle::spawn_unchecked<test[39766f3d73431624]::run_test::{closure#1}, ()>::{closure#1} as core[832e9a552fc17241]::ops::function::FnOnce<()>>::call_once::{shim:vtable#0}
[INFO] [stdout]   19:     0x631e372ba7af - <std[97b98282bc616a66]::sys::thread::unix::Thread>::new::thread_start
[INFO] [stdout]   20:     0x79c9eacad07a - <unknown>
[INFO] [stdout]   21:     0x79c9ead40534 - clone
[INFO] [stdout]   22:                0x0 - <unknown>
[INFO] [stdout] 
[INFO] [stdout] ---- restart::worker::tests::test_multiple_wals_all_loaded stdout ----
[INFO] [stdout] 
[INFO] [stdout] thread 'restart::worker::tests::test_multiple_wals_all_loaded' (1491) panicked at src/restart/worker.rs:74:42:
[INFO] [stdout] called `Result::unwrap()` on an `Err` value: Os { code: 30, kind: ReadOnlyFilesystem, message: "Read-only file system" }
[INFO] [stdout] stack backtrace:
[INFO] [stdout]    0:     0x631e372baf31 - <<std[97b98282bc616a66]::sys::backtrace::BacktraceLock>::print::DisplayBacktrace as core[832e9a552fc17241]::fmt::Display>::fmt
[INFO] [stdout]    1:     0x631e372cf96a - core[832e9a552fc17241]::fmt::write
[INFO] [stdout]    2:     0x631e372bf8fc - <alloc[3ecab9f82c41dc7d]::vec::Vec<u8> as std[97b98282bc616a66]::io::Write>::write_fmt
[INFO] [stdout]    3:     0x631e372974d6 - std[97b98282bc616a66]::panicking::default_hook::{closure#0}
[INFO] [stdout]    4:     0x631e372b2389 - std[97b98282bc616a66]::panicking::default_hook
[INFO] [stdout]    5:     0x631e3721ba90 - test[39766f3d73431624]::test_main_inner::<test[39766f3d73431624]::test_main_static::{closure#0}>::{closure#0}
[INFO] [stdout]    6:     0x631e372b26b2 - std[97b98282bc616a66]::panicking::panic_with_hook
[INFO] [stdout]    7:     0x631e37297582 - std[97b98282bc616a66]::panicking::panic_handler::{closure#0}
[INFO] [stdout]    8:     0x631e3728ed19 - std[97b98282bc616a66]::sys::backtrace::__rust_end_short_backtrace::<std[97b98282bc616a66]::panicking::panic_handler::{closure#0}, !>
[INFO] [stdout]    9:     0x631e3729817d - __rustc[e3d8617bb01b7f69]::rust_begin_unwind
[INFO] [stdout]   10:     0x631e372d00cc - core[832e9a552fc17241]::panicking::panic_fmt
[INFO] [stdout]   11:     0x631e372cfea2 - core[832e9a552fc17241]::result::unwrap_failed
[INFO] [stdout]   12:     0x631e371fe574 - nldb[ee6ac753e048d6bc]::restart::worker::tests::make_wal
[INFO] [stdout]   13:     0x631e371ff5bf - nldb[ee6ac753e048d6bc]::restart::worker::tests::test_multiple_wals_all_loaded
[INFO] [stdout]   14:     0x631e371ef689 - <nldb[ee6ac753e048d6bc]::restart::worker::tests::test_multiple_wals_all_loaded::{closure#0} as core[832e9a552fc17241]::ops::function::FnOnce<()>>::call_once
[INFO] [stdout]   15:     0x631e3720edcb - test[39766f3d73431624]::__rust_begin_short_backtrace::<core[832e9a552fc17241]::result::Result<(), alloc[3ecab9f82c41dc7d]::string::String>, fn() -> core[832e9a552fc17241]::result::Result<(), alloc[3ecab9f82c41dc7d]::string::String>>
[INFO] [stdout]   16:     0x631e3721c415 - test[39766f3d73431624]::run_test::{closure#0}
[INFO] [stdout]   17:     0x631e37216ec4 - std[97b98282bc616a66]::sys::backtrace::__rust_begin_short_backtrace::<test[39766f3d73431624]::run_test::{closure#1}, ()>
[INFO] [stdout]   18:     0x631e3721f562 - <std[97b98282bc616a66]::thread::lifecycle::spawn_unchecked<test[39766f3d73431624]::run_test::{closure#1}, ()>::{closure#1} as core[832e9a552fc17241]::ops::function::FnOnce<()>>::call_once::{shim:vtable#0}
[INFO] [stdout]   19:     0x631e372ba7af - <std[97b98282bc616a66]::sys::thread::unix::Thread>::new::thread_start
[INFO] [stdout]   20:     0x79c9eacad07a - <unknown>
[INFO] [stdout]   21:     0x79c9ead40534 - clone
[INFO] [stdout]   22:                0x0 - <unknown>
[INFO] [stdout] 
[INFO] [stdout] ---- sstable::tests::roundtrip_search stdout ----
[INFO] [stdout] 
[INFO] [stdout] thread 'sstable::tests::roundtrip_search' (1495) panicked at src/sstable/mod.rs:164:46:
[INFO] [stdout] called `Result::unwrap()` on an `Err` value: Os { code: 30, kind: ReadOnlyFilesystem, message: "Read-only file system" }
[INFO] [stdout] stack backtrace:
[INFO] [stdout]    0:     0x631e372baf31 - <<std[97b98282bc616a66]::sys::backtrace::BacktraceLock>::print::DisplayBacktrace as core[832e9a552fc17241]::fmt::Display>::fmt
[INFO] [stdout]    1:     0x631e372cf96a - core[832e9a552fc17241]::fmt::write
[INFO] [stdout]    2:     0x631e372bf8fc - <alloc[3ecab9f82c41dc7d]::vec::Vec<u8> as std[97b98282bc616a66]::io::Write>::write_fmt
[INFO] [stdout]    3:     0x631e372974d6 - std[97b98282bc616a66]::panicking::default_hook::{closure#0}
[INFO] [stdout]    4:     0x631e372b2389 - std[97b98282bc616a66]::panicking::default_hook
[INFO] [stdout]    5:     0x631e3721ba90 - test[39766f3d73431624]::test_main_inner::<test[39766f3d73431624]::test_main_static::{closure#0}>::{closure#0}
[INFO] [stdout]    6:     0x631e372b26b2 - std[97b98282bc616a66]::panicking::panic_with_hook
[INFO] [stdout]    7:     0x631e37297582 - std[97b98282bc616a66]::panicking::panic_handler::{closure#0}
[INFO] [stdout]    8:     0x631e3728ed19 - std[97b98282bc616a66]::sys::backtrace::__rust_end_short_backtrace::<std[97b98282bc616a66]::panicking::panic_handler::{closure#0}, !>
[INFO] [stdout]    9:     0x631e3729817d - __rustc[e3d8617bb01b7f69]::rust_begin_unwind
[INFO] [stdout]   10:     0x631e372d00cc - core[832e9a552fc17241]::panicking::panic_fmt
[INFO] [stdout]   11:     0x631e372cfea2 - core[832e9a552fc17241]::result::unwrap_failed
[INFO] [stdout]   12:     0x631e3720638c - nldb[ee6ac753e048d6bc]::sstable::tests::roundtrip_search
[INFO] [stdout]   13:     0x631e371ee9c9 - <nldb[ee6ac753e048d6bc]::sstable::tests::roundtrip_search::{closure#0} as core[832e9a552fc17241]::ops::function::FnOnce<()>>::call_once
[INFO] [stdout]   14:     0x631e3720edcb - test[39766f3d73431624]::__rust_begin_short_backtrace::<core[832e9a552fc17241]::result::Result<(), alloc[3ecab9f82c41dc7d]::string::String>, fn() -> core[832e9a552fc17241]::result::Result<(), alloc[3ecab9f82c41dc7d]::string::String>>
[INFO] [stdout]   15:     0x631e3721c415 - test[39766f3d73431624]::run_test::{closure#0}
[INFO] [stdout]   16:     0x631e37216ec4 - std[97b98282bc616a66]::sys::backtrace::__rust_begin_short_backtrace::<test[39766f3d73431624]::run_test::{closure#1}, ()>
[INFO] [stdout]   17:     0x631e3721f562 - <std[97b98282bc616a66]::thread::lifecycle::spawn_unchecked<test[39766f3d73431624]::run_test::{closure#1}, ()>::{closure#1} as core[832e9a552fc17241]::ops::function::FnOnce<()>>::call_once::{shim:vtable#0}
[INFO] [stdout]   18:     0x631e372ba7af - <std[97b98282bc616a66]::sys::thread::unix::Thread>::new::thread_start
[INFO] [stdout]   19:     0x79c9eacad07a - <unknown>
[INFO] [stdout]   20:     0x79c9ead40534 - clone
[INFO] [stdout]   21:                0x0 - <unknown>
[INFO] [stdout] 
[INFO] [stdout] ---- restart::worker::tests::test_order_preserved stdout ----
[INFO] [stdout] 
[INFO] [stdout] thread 'restart::worker::tests::test_order_preserved' (1492) panicked at src/restart/worker.rs:74:42:
[INFO] [stdout] called `Result::unwrap()` on an `Err` value: Os { code: 30, kind: ReadOnlyFilesystem, message: "Read-only file system" }
[INFO] [stdout] stack backtrace:
[INFO] [stdout]    0:     0x631e372baf31 - <<std[97b98282bc616a66]::sys::backtrace::BacktraceLock>::print::DisplayBacktrace as core[832e9a552fc17241]::fmt::Display>::fmt
[INFO] [stdout]    1:     0x631e372cf96a - core[832e9a552fc17241]::fmt::write
[INFO] [stdout]    2:     0x631e372bf8fc - <alloc[3ecab9f82c41dc7d]::vec::Vec<u8> as std[97b98282bc616a66]::io::Write>::write_fmt
[INFO] [stdout]    3:     0x631e372974d6 - std[97b98282bc616a66]::panicking::default_hook::{closure#0}
[INFO] [stdout]    4:     0x631e372b2389 - std[97b98282bc616a66]::panicking::default_hook
[INFO] [stdout]    5:     0x631e3721ba90 - test[39766f3d73431624]::test_main_inner::<test[39766f3d73431624]::test_main_static::{closure#0}>::{closure#0}
[INFO] [stdout]    6:     0x631e372b26b2 - std[97b98282bc616a66]::panicking::panic_with_hook
[INFO] [stdout]    7:     0x631e37297582 - std[97b98282bc616a66]::panicking::panic_handler::{closure#0}
[INFO] [stdout]    8:     0x631e3728ed19 - std[97b98282bc616a66]::sys::backtrace::__rust_end_short_backtrace::<std[97b98282bc616a66]::panicking::panic_handler::{closure#0}, !>
[INFO] [stdout]    9:     0x631e3729817d - __rustc[e3d8617bb01b7f69]::rust_begin_unwind
[INFO] [stdout]   10:     0x631e372d00cc - core[832e9a552fc17241]::panicking::panic_fmt
[INFO] [stdout]   11:     0x631e372cfea2 - core[832e9a552fc17241]::result::unwrap_failed
[INFO] [stdout]   12:     0x631e371fe574 - nldb[ee6ac753e048d6bc]::restart::worker::tests::make_wal
[INFO] [stdout]   13:     0x631e371fe682 - nldb[ee6ac753e048d6bc]::restart::worker::tests::test_order_preserved
[INFO] [stdout]   14:     0x631e371ef649 - <nldb[ee6ac753e048d6bc]::restart::worker::tests::test_order_preserved::{closure#0} as core[832e9a552fc17241]::ops::function::FnOnce<()>>::call_once
[INFO] [stdout]   15:     0x631e3720edcb - test[39766f3d73431624]::__rust_begin_short_backtrace::<core[832e9a552fc17241]::result::Result<(), alloc[3ecab9f82c41dc7d]::string::String>, fn() -> core[832e9a552fc17241]::result::Result<(), alloc[3ecab9f82c41dc7d]::string::String>>
[INFO] [stdout]   16:     0x631e3721c415 - test[39766f3d73431624]::run_test::{closure#0}
[INFO] [stdout]   17:     0x631e37216ec4 - std[97b98282bc616a66]::sys::backtrace::__rust_begin_short_backtrace::<test[39766f3d73431624]::run_test::{closure#1}, ()>
[INFO] [stdout]   18:     0x631e3721f562 - <std[97b98282bc616a66]::thread::lifecycle::spawn_unchecked<test[39766f3d73431624]::run_test::{closure#1}, ()>::{closure#1} as core[832e9a552fc17241]::ops::function::FnOnce<()>>::call_once::{shim:vtable#0}
[INFO] [stdout]   19:     0x631e372ba7af - <std[97b98282bc616a66]::sys::thread::unix::Thread>::new::thread_start
[INFO] [stdout]   20:     0x79c9eacad07a - <unknown>
[INFO] [stdout]   21:     0x79c9ead40534 - clone
[INFO] [stdout]   22:                0x0 - <unknown>
[INFO] [stdout] 
[INFO] [stdout] ---- wal::tests::test_buffer_not_written_before_flush stdout ----
[INFO] [stdout] 
[INFO] [stdout] thread 'wal::tests::test_buffer_not_written_before_flush' (1509) panicked at src/wal/mod.rs:143:42:
[INFO] [stdout] called `Result::unwrap()` on an `Err` value: Os { code: 30, kind: ReadOnlyFilesystem, message: "Read-only file system" }
[INFO] [stdout] stack backtrace:
[INFO] [stdout]    0:     0x631e372baf31 - <<std[97b98282bc616a66]::sys::backtrace::BacktraceLock>::print::DisplayBacktrace as core[832e9a552fc17241]::fmt::Display>::fmt
[INFO] [stdout]    1:     0x631e372cf96a - core[832e9a552fc17241]::fmt::write
[INFO] [stdout]    2:     0x631e372bf8fc - <alloc[3ecab9f82c41dc7d]::vec::Vec<u8> as std[97b98282bc616a66]::io::Write>::write_fmt
[INFO] [stdout]    3:     0x631e372974d6 - std[97b98282bc616a66]::panicking::default_hook::{closure#0}
[INFO] [stdout]    4:     0x631e372b2389 - std[97b98282bc616a66]::panicking::default_hook
[INFO] [stdout]    5:     0x631e3721ba90 - test[39766f3d73431624]::test_main_inner::<test[39766f3d73431624]::test_main_static::{closure#0}>::{closure#0}
[INFO] [stdout]    6:     0x631e372b26b2 - std[97b98282bc616a66]::panicking::panic_with_hook
[INFO] [stdout]    7:     0x631e37297582 - std[97b98282bc616a66]::panicking::panic_handler::{closure#0}
[INFO] [stdout]    8:     0x631e3728ed19 - std[97b98282bc616a66]::sys::backtrace::__rust_end_short_backtrace::<std[97b98282bc616a66]::panicking::panic_handler::{closure#0}, !>
[INFO] [stdout]    9:     0x631e3729817d - __rustc[e3d8617bb01b7f69]::rust_begin_unwind
[INFO] [stdout]   10:     0x631e372d00cc - core[832e9a552fc17241]::panicking::panic_fmt
[INFO] [stdout]   11:     0x631e372cfea2 - core[832e9a552fc17241]::result::unwrap_failed
[INFO] [stdout]   12:     0x631e37203903 - nldb[ee6ac753e048d6bc]::wal::tests::make_wal
[INFO] [stdout]   13:     0x631e37205af4 - nldb[ee6ac753e048d6bc]::wal::tests::test_buffer_not_written_before_flush
[INFO] [stdout]   14:     0x631e371ee429 - <nldb[ee6ac753e048d6bc]::wal::tests::test_buffer_not_written_before_flush::{closure#0} as core[832e9a552fc17241]::ops::function::FnOnce<()>>::call_once
[INFO] [stdout]   15:     0x631e3720edcb - test[39766f3d73431624]::__rust_begin_short_backtrace::<core[832e9a552fc17241]::result::Result<(), alloc[3ecab9f82c41dc7d]::string::String>, fn() -> core[832e9a552fc17241]::result::Result<(), alloc[3ecab9f82c41dc7d]::string::String>>
[INFO] [stdout]   16:     0x631e3721c415 - test[39766f3d73431624]::run_test::{closure#0}
[INFO] [stdout]   17:     0x631e37216ec4 - std[97b98282bc616a66]::sys::backtrace::__rust_begin_short_backtrace::<test[39766f3d73431624]::run_test::{closure#1}, ()>
[INFO] [stdout]   18:     0x631e3721f562 - <std[97b98282bc616a66]::thread::lifecycle::spawn_unchecked<test[39766f3d73431624]::run_test::{closure#1}, ()>::{closure#1} as core[832e9a552fc17241]::ops::function::FnOnce<()>>::call_once::{shim:vtable#0}
[INFO] [stdout]   19:     0x631e372ba7af - <std[97b98282bc616a66]::sys::thread::unix::Thread>::new::thread_start
[INFO] [stdout]   20:     0x79c9eacad07a - <unknown>
[INFO] [stdout]   21:     0x79c9ead40534 - clone
[INFO] [stdout]   22:                0x0 - <unknown>
[INFO] [stdout] 
[INFO] [stdout] ---- wal::tests::test_data_record_roundtrip stdout ----
[INFO] [stdout] 
[INFO] [stdout] thread 'wal::tests::test_data_record_roundtrip' (1510) panicked at src/wal/mod.rs:143:42:
[INFO] [stdout] called `Result::unwrap()` on an `Err` value: Os { code: 30, kind: ReadOnlyFilesystem, message: "Read-only file system" }
[INFO] [stdout] stack backtrace:
[INFO] [stdout]    0:     0x631e372baf31 - <<std[97b98282bc616a66]::sys::backtrace::BacktraceLock>::print::DisplayBacktrace as core[832e9a552fc17241]::fmt::Display>::fmt
[INFO] [stdout]    1:     0x631e372cf96a - core[832e9a552fc17241]::fmt::write
[INFO] [stdout]    2:     0x631e372bf8fc - <alloc[3ecab9f82c41dc7d]::vec::Vec<u8> as std[97b98282bc616a66]::io::Write>::write_fmt
[INFO] [stdout]    3:     0x631e372974d6 - std[97b98282bc616a66]::panicking::default_hook::{closure#0}
[INFO] [stdout]    4:     0x631e372b2389 - std[97b98282bc616a66]::panicking::default_hook
[INFO] [stdout]    5:     0x631e3721ba90 - test[39766f3d73431624]::test_main_inner::<test[39766f3d73431624]::test_main_static::{closure#0}>::{closure#0}
[INFO] [stdout]    6:     0x631e372b26b2 - std[97b98282bc616a66]::panicking::panic_with_hook
[INFO] [stdout]    7:     0x631e37297582 - std[97b98282bc616a66]::panicking::panic_handler::{closure#0}
[INFO] [stdout]    8:     0x631e3728ed19 - std[97b98282bc616a66]::sys::backtrace::__rust_end_short_backtrace::<std[97b98282bc616a66]::panicking::panic_handler::{closure#0}, !>
[INFO] [stdout]    9:     0x631e3729817d - __rustc[e3d8617bb01b7f69]::rust_begin_unwind
[INFO] [stdout]   10:     0x631e372d00cc - core[832e9a552fc17241]::panicking::panic_fmt
[INFO] [stdout]   11:     0x631e372cfea2 - core[832e9a552fc17241]::result::unwrap_failed
[INFO] [stdout]   12:     0x631e37203903 - nldb[ee6ac753e048d6bc]::wal::tests::make_wal
[INFO] [stdout]   13:     0x631e37203e5a - nldb[ee6ac753e048d6bc]::wal::tests::test_data_record_roundtrip
[INFO] [stdout]   14:     0x631e371ee3a9 - <nldb[ee6ac753e048d6bc]::wal::tests::test_data_record_roundtrip::{closure#0} as core[832e9a552fc17241]::ops::function::FnOnce<()>>::call_once
[INFO] [stdout]   15:     0x631e3720edcb - test[39766f3d73431624]::__rust_begin_short_backtrace::<core[832e9a552fc17241]::result::Result<(), alloc[3ecab9f82c41dc7d]::string::String>, fn() -> core[832e9a552fc17241]::result::Result<(), alloc[3ecab9f82c41dc7d]::string::String>>
[INFO] [stdout]   16:     0x631e3721c415 - test[39766f3d73431624]::run_test::{closure#0}
[INFO] [stdout]   17:     0x631e37216ec4 - std[97b98282bc616a66]::sys::backtrace::__rust_begin_short_backtrace::<test[39766f3d73431624]::run_test::{closure#1}, ()>
[INFO] [stdout]   18:     0x631e3721f562 - <std[97b98282bc616a66]::thread::lifecycle::spawn_unchecked<test[39766f3d73431624]::run_test::{closure#1}, ()>::{closure#1} as core[832e9a552fc17241]::ops::function::FnOnce<()>>::call_once::{shim:vtable#0}
[INFO] [stdout]   19:     0x631e372ba7af - <std[97b98282bc616a66]::sys::thread::unix::Thread>::new::thread_start
[INFO] [stdout]   20:     0x79c9eacad07a - <unknown>
[INFO] [stdout]   21:     0x79c9ead40534 - clone
[INFO] [stdout]   22:                0x0 - <unknown>
[INFO] [stdout] 
[INFO] [stdout] ---- wal::tests::test_mixed_data_and_tombstones stdout ----
[INFO] [stdout] 
[INFO] [stdout] thread 'wal::tests::test_mixed_data_and_tombstones' (1511) panicked at src/wal/mod.rs:143:42:
[INFO] [stdout] called `Result::unwrap()` on an `Err` value: Os { code: 30, kind: ReadOnlyFilesystem, message: "Read-only file system" }
[INFO] [stdout] stack backtrace:
[INFO] [stdout]    0:     0x631e372baf31 - <<std[97b98282bc616a66]::sys::backtrace::BacktraceLock>::print::DisplayBacktrace as core[832e9a552fc17241]::fmt::Display>::fmt
[INFO] [stdout]    1:     0x631e372cf96a - core[832e9a552fc17241]::fmt::write
[INFO] [stdout]    2:     0x631e372bf8fc - <alloc[3ecab9f82c41dc7d]::vec::Vec<u8> as std[97b98282bc616a66]::io::Write>::write_fmt
[INFO] [stdout]    3:     0x631e372974d6 - std[97b98282bc616a66]::panicking::default_hook::{closure#0}
[INFO] [stdout]    4:     0x631e372b2389 - std[97b98282bc616a66]::panicking::default_hook
[INFO] [stdout]    5:     0x631e3721ba90 - test[39766f3d73431624]::test_main_inner::<test[39766f3d73431624]::test_main_static::{closure#0}>::{closure#0}
[INFO] [stdout]    6:     0x631e372b26b2 - std[97b98282bc616a66]::panicking::panic_with_hook
[INFO] [stdout]    7:     0x631e37297582 - std[97b98282bc616a66]::panicking::panic_handler::{closure#0}
[INFO] [stdout]    8:     0x631e3728ed19 - std[97b98282bc616a66]::sys::backtrace::__rust_end_short_backtrace::<std[97b98282bc616a66]::panicking::panic_handler::{closure#0}, !>
[INFO] [stdout]    9:     0x631e3729817d - __rustc[e3d8617bb01b7f69]::rust_begin_unwind
[INFO] [stdout]   10:     0x631e372d00cc - core[832e9a552fc17241]::panicking::panic_fmt
[INFO] [stdout]   11:     0x631e372cfea2 - core[832e9a552fc17241]::result::unwrap_failed
[INFO] [stdout]   12:     0x631e37203903 - nldb[ee6ac753e048d6bc]::wal::tests::make_wal
[INFO] [stdout]   13:     0x631e37204606 - nldb[ee6ac753e048d6bc]::wal::tests::test_mixed_data_and_tombstones
[INFO] [stdout]   14:     0x631e371ee3e9 - <nldb[ee6ac753e048d6bc]::wal::tests::test_mixed_data_and_tombstones::{closure#0} as core[832e9a552fc17241]::ops::function::FnOnce<()>>::call_once
[INFO] [stdout]   15:     0x631e3720edcb - test[39766f3d73431624]::__rust_begin_short_backtrace::<core[832e9a552fc17241]::result::Result<(), alloc[3ecab9f82c41dc7d]::string::String>, fn() -> core[832e9a552fc17241]::result::Result<(), alloc[3ecab9f82c41dc7d]::string::String>>
[INFO] [stdout]   16:     0x631e3721c415 - test[39766f3d73431624]::run_test::{closure#0}
[INFO] [stdout]   17:     0x631e37216ec4 - std[97b98282bc616a66]::sys::backtrace::__rust_begin_short_backtrace::<test[39766f3d73431624]::run_test::{closure#1}, ()>
[INFO] [stdout]   18:     0x631e3721f562 - <std[97b98282bc616a66]::thread::lifecycle::spawn_unchecked<test[39766f3d73431624]::run_test::{closure#1}, ()>::{closure#1} as core[832e9a552fc17241]::ops::function::FnOnce<()>>::call_once::{shim:vtable#0}
[INFO] [stdout]   19:     0x631e372ba7af - <std[97b98282bc616a66]::sys::thread::unix::Thread>::new::thread_start
[INFO] [stdout]   20:     0x79c9eacad07a - <unknown>
[INFO] [stdout]   21:     0x79c9ead40534 - clone
[INFO] [stdout]   22:                0x0 - <unknown>
[INFO] [stdout] 
[INFO] [stdout] ---- wal::tests::test_size_based_flush_trigger stdout ----
[INFO] [stdout] 
[INFO] [stdout] thread 'wal::tests::test_size_based_flush_trigger' (1513) panicked at src/wal/mod.rs:143:42:
[INFO] [stdout] called `Result::unwrap()` on an `Err` value: Os { code: 30, kind: ReadOnlyFilesystem, message: "Read-only file system" }
[INFO] [stdout] stack backtrace:
[INFO] [stdout]    0:     0x631e372baf31 - <<std[97b98282bc616a66]::sys::backtrace::BacktraceLock>::print::DisplayBacktrace as core[832e9a552fc17241]::fmt::Display>::fmt
[INFO] [stdout]    1:     0x631e372cf96a - core[832e9a552fc17241]::fmt::write
[INFO] [stdout]    2:     0x631e372bf8fc - <alloc[3ecab9f82c41dc7d]::vec::Vec<u8> as std[97b98282bc616a66]::io::Write>::write_fmt
[INFO] [stdout]    3:     0x631e372974d6 - std[97b98282bc616a66]::panicking::default_hook::{closure#0}
[INFO] [stdout]    4:     0x631e372b2389 - std[97b98282bc616a66]::panicking::default_hook
[INFO] [stdout]    5:     0x631e3721ba90 - test[39766f3d73431624]::test_main_inner::<test[39766f3d73431624]::test_main_static::{closure#0}>::{closure#0}
[INFO] [stdout]    6:     0x631e372b26b2 - std[97b98282bc616a66]::panicking::panic_with_hook
[INFO] [stdout]    7:     0x631e37297582 - std[97b98282bc616a66]::panicking::panic_handler::{closure#0}
[INFO] [stdout]    8:     0x631e3728ed19 - std[97b98282bc616a66]::sys::backtrace::__rust_end_short_backtrace::<std[97b98282bc616a66]::panicking::panic_handler::{closure#0}, !>
[INFO] [stdout]    9:     0x631e3729817d - __rustc[e3d8617bb01b7f69]::rust_begin_unwind
[INFO] [stdout]   10:     0x631e372d00cc - core[832e9a552fc17241]::panicking::panic_fmt
[INFO] [stdout]   11:     0x631e372cfea2 - core[832e9a552fc17241]::result::unwrap_failed
[INFO] [stdout]   12:     0x631e37203903 - nldb[ee6ac753e048d6bc]::wal::tests::make_wal
[INFO] [stdout]   13:     0x631e372042b6 - nldb[ee6ac753e048d6bc]::wal::tests::test_size_based_flush_trigger
[INFO] [stdout]   14:     0x631e371ee3c9 - <nldb[ee6ac753e048d6bc]::wal::tests::test_size_based_flush_trigger::{closure#0} as core[832e9a552fc17241]::ops::function::FnOnce<()>>::call_once
[INFO] [stdout]   15:     0x631e3720edcb - test[39766f3d73431624]::__rust_begin_short_backtrace::<core[832e9a552fc17241]::result::Result<(), alloc[3ecab9f82c41dc7d]::string::String>, fn() -> core[832e9a552fc17241]::result::Result<(), alloc[3ecab9f82c41dc7d]::string::String>>
[INFO] [stdout]   16:     0x631e3721c415 - test[39766f3d73431624]::run_test::{closure#0}
[INFO] [stdout]   17:     0x631e37216ec4 - std[97b98282bc616a66]::sys::backtrace::__rust_begin_short_backtrace::<test[39766f3d73431624]::run_test::{closure#1}, ()>
[INFO] [stdout]   18:     0x631e3721f562 - <std[97b98282bc616a66]::thread::lifecycle::spawn_unchecked<test[39766f3d73431624]::run_test::{closure#1}, ()>::{closure#1} as core[832e9a552fc17241]::ops::function::FnOnce<()>>::call_once::{shim:vtable#0}
[INFO] [stdout]   19:     0x631e372ba7af - <std[97b98282bc616a66]::sys::thread::unix::Thread>::new::thread_start
[INFO] [stdout]   20:     0x79c9eacad07a - <unknown>
[INFO] [stdout]   21:     0x79c9ead40534 - clone
[INFO] [stdout]   22:                0x0 - <unknown>
[INFO] [stdout] 
[INFO] [stdout] ---- wal::tests::test_tombstone_roundtrip stdout ----
[INFO] [stdout] 
[INFO] [stdout] thread 'wal::tests::test_tombstone_roundtrip' (1514) panicked at src/wal/mod.rs:143:42:
[INFO] [stdout] called `Result::unwrap()` on an `Err` value: Os { code: 30, kind: ReadOnlyFilesystem, message: "Read-only file system" }
[INFO] [stdout] stack backtrace:
[INFO] [stdout]    0:     0x631e372baf31 - <<std[97b98282bc616a66]::sys::backtrace::BacktraceLock>::print::DisplayBacktrace as core[832e9a552fc17241]::fmt::Display>::fmt
[INFO] [stdout]    1:     0x631e372cf96a - core[832e9a552fc17241]::fmt::write
[INFO] [stdout]    2:     0x631e372bf8fc - <alloc[3ecab9f82c41dc7d]::vec::Vec<u8> as std[97b98282bc616a66]::io::Write>::write_fmt
[INFO] [stdout]    3:     0x631e372974d6 - std[97b98282bc616a66]::panicking::default_hook::{closure#0}
[INFO] [stdout]    4:     0x631e372b2389 - std[97b98282bc616a66]::panicking::default_hook
[INFO] [stdout]    5:     0x631e3721ba90 - test[39766f3d73431624]::test_main_inner::<test[39766f3d73431624]::test_main_static::{closure#0}>::{closure#0}
[INFO] [stdout]    6:     0x631e372b26b2 - std[97b98282bc616a66]::panicking::panic_with_hook
[INFO] [stdout]    7:     0x631e37297582 - std[97b98282bc616a66]::panicking::panic_handler::{closure#0}
[INFO] [stdout]    8:     0x631e3728ed19 - std[97b98282bc616a66]::sys::backtrace::__rust_end_short_backtrace::<std[97b98282bc616a66]::panicking::panic_handler::{closure#0}, !>
[INFO] [stdout]    9:     0x631e3729817d - __rustc[e3d8617bb01b7f69]::rust_begin_unwind
[INFO] [stdout]   10:     0x631e372d00cc - core[832e9a552fc17241]::panicking::panic_fmt
[INFO] [stdout]   11:     0x631e372cfea2 - core[832e9a552fc17241]::result::unwrap_failed
[INFO] [stdout]   12:     0x631e37203903 - nldb[ee6ac753e048d6bc]::wal::tests::make_wal
[INFO] [stdout]   13:     0x631e37203a88 - nldb[ee6ac753e048d6bc]::wal::tests::test_tombstone_roundtrip
[INFO] [stdout]   14:     0x631e371ee389 - <nldb[ee6ac753e048d6bc]::wal::tests::test_tombstone_roundtrip::{closure#0} as core[832e9a552fc17241]::ops::function::FnOnce<()>>::call_once
[INFO] [stdout]   15:     0x631e3720edcb - test[39766f3d73431624]::__rust_begin_short_backtrace::<core[832e9a552fc17241]::result::Result<(), alloc[3ecab9f82c41dc7d]::string::String>, fn() -> core[832e9a552fc17241]::result::Result<(), alloc[3ecab9f82c41dc7d]::string::String>>
[INFO] [stdout]   16:     0x631e3721c415 - test[39766f3d73431624]::run_test::{closure#0}
[INFO] [stdout]   17:     0x631e37216ec4 - std[97b98282bc616a66]::sys::backtrace::__rust_begin_short_backtrace::<test[39766f3d73431624]::run_test::{closure#1}, ()>
[INFO] [stdout]   18:     0x631e3721f562 - <std[97b98282bc616a66]::thread::lifecycle::spawn_unchecked<test[39766f3d73431624]::run_test::{closure#1}, ()>::{closure#1} as core[832e9a552fc17241]::ops::function::FnOnce<()>>::call_once::{shim:vtable#0}
[INFO] [stdout]   19:     0x631e372ba7af - <std[97b98282bc616a66]::sys::thread::unix::Thread>::new::thread_start
[INFO] [stdout]   20:     0x79c9eacad07a - <unknown>
[INFO] [stdout]   21:     0x79c9ead40534 - clone
[INFO] [stdout]   22:                0x0 - <unknown>
[INFO] [stdout] 
[INFO] [stdout] ---- wal::tests::test_multiple_records_in_order stdout ----
[INFO] [stdout] 
[INFO] [stdout] thread 'wal::tests::test_multiple_records_in_order' (1512) panicked at src/wal/mod.rs:143:42:
[INFO] [stdout] called `Result::unwrap()` on an `Err` value: Os { code: 30, kind: ReadOnlyFilesystem, message: "Read-only file system" }
[INFO] [stdout] stack backtrace:
[INFO] [stdout]    0:     0x631e372baf31 - <<std[97b98282bc616a66]::sys::backtrace::BacktraceLock>::print::DisplayBacktrace as core[832e9a552fc17241]::fmt::Display>::fmt
[INFO] [stdout]    1:     0x631e372cf96a - core[832e9a552fc17241]::fmt::write
[INFO] [stdout]    2:     0x631e372bf8fc - <alloc[3ecab9f82c41dc7d]::vec::Vec<u8> as std[97b98282bc616a66]::io::Write>::write_fmt
[INFO] [stdout]    3:     0x631e372974d6 - std[97b98282bc616a66]::panicking::default_hook::{closure#0}
[INFO] [stdout]    4:     0x631e372b2389 - std[97b98282bc616a66]::panicking::default_hook
[INFO] [stdout]    5:     0x631e3721ba90 - test[39766f3d73431624]::test_main_inner::<test[39766f3d73431624]::test_main_static::{closure#0}>::{closure#0}
[INFO] [stdout]    6:     0x631e372b26b2 - std[97b98282bc616a66]::panicking::panic_with_hook
[INFO] [stdout]    7:     0x631e37297582 - std[97b98282bc616a66]::panicking::panic_handler::{closure#0}
[INFO] [stdout]    8:     0x631e3728ed19 - std[97b98282bc616a66]::sys::backtrace::__rust_end_short_backtrace::<std[97b98282bc616a66]::panicking::panic_handler::{closure#0}, !>
[INFO] [stdout]    9:     0x631e3729817d - __rustc[e3d8617bb01b7f69]::rust_begin_unwind
[INFO] [stdout]   10:     0x631e372d00cc - core[832e9a552fc17241]::panicking::panic_fmt
[INFO] [stdout]   11:     0x631e372cfea2 - core[832e9a552fc17241]::result::unwrap_failed
[INFO] [stdout]   12:     0x631e37203903 - nldb[ee6ac753e048d6bc]::wal::tests::make_wal
[INFO] [stdout]   13:     0x631e37204c3b - nldb[ee6ac753e048d6bc]::wal::tests::test_multiple_records_in_order
[INFO] [stdout]   14:     0x631e371ee409 - <nldb[ee6ac753e048d6bc]::wal::tests::test_multiple_records_in_order::{closure#0} as core[832e9a552fc17241]::ops::function::FnOnce<()>>::call_once
[INFO] [stdout]   15:     0x631e3720edcb - test[39766f3d73431624]::__rust_begin_short_backtrace::<core[832e9a552fc17241]::result::Result<(), alloc[3ecab9f82c41dc7d]::string::String>, fn() -> core[832e9a552fc17241]::result::Result<(), alloc[3ecab9f82c41dc7d]::string::String>>
[INFO] [stdout]   16:     0x631e3721c415 - test[39766f3d73431624]::run_test::{closure#0}
[INFO] [stdout]   17:     0x631e37216ec4 - std[97b98282bc616a66]::sys::backtrace::__rust_begin_short_backtrace::<test[39766f3d73431624]::run_test::{closure#1}, ()>
[INFO] [stdout]   18:     0x631e3721f562 - <std[97b98282bc616a66]::thread::lifecycle::spawn_unchecked<test[39766f3d73431624]::run_test::{closure#1}, ()>::{closure#1} as core[832e9a552fc17241]::ops::function::FnOnce<()>>::call_once::{shim:vtable#0}
[INFO] [stdout]   19:     0x631e372ba7af - <std[97b98282bc616a66]::sys::thread::unix::Thread>::new::thread_start
[INFO] [stdout]   20:     0x79c9eacad07a - <unknown>
[INFO] [stdout]   21:     0x79c9ead40534 - clone
[INFO] [stdout]   22:                0x0 - <unknown>
[INFO] [stdout] 
[INFO] [stdout] ---- memtable::inner::tests::test_root_is_black stdout ----
[INFO] [stdout] 
[INFO] [stdout] thread 'memtable::inner::tests::test_root_is_black' (1450) panicked at src/memtable/inner.rs:622:46:
[INFO] [stdout] called `Result::unwrap()` on an `Err` value: Os { code: 30, kind: ReadOnlyFilesystem, message: "Read-only file system" }
[INFO] [stdout] stack backtrace:
[INFO] [stdout]    0:     0x631e372baf31 - <<std[97b98282bc616a66]::sys::backtrace::BacktraceLock>::print::DisplayBacktrace as core[832e9a552fc17241]::fmt::Display>::fmt
[INFO] [stdout]    1:     0x631e372cf96a - core[832e9a552fc17241]::fmt::write
[INFO] [stdout]    2:     0x631e372bf8fc - <alloc[3ecab9f82c41dc7d]::vec::Vec<u8> as std[97b98282bc616a66]::io::Write>::write_fmt
[INFO] [stdout]    3:     0x631e372974d6 - std[97b98282bc616a66]::panicking::default_hook::{closure#0}
[INFO] [stdout]    4:     0x631e372b2389 - std[97b98282bc616a66]::panicking::default_hook
[INFO] [stdout]    5:     0x631e3721ba90 - test[39766f3d73431624]::test_main_inner::<test[39766f3d73431624]::test_main_static::{closure#0}>::{closure#0}
[INFO] [stdout]    6:     0x631e372b26b2 - std[97b98282bc616a66]::panicking::panic_with_hook
[INFO] [stdout]    7:     0x631e37297582 - std[97b98282bc616a66]::panicking::panic_handler::{closure#0}
[INFO] [stdout]    8:     0x631e3728ed19 - std[97b98282bc616a66]::sys::backtrace::__rust_end_short_backtrace::<std[97b98282bc616a66]::panicking::panic_handler::{closure#0}, !>
[INFO] [stdout]    9:     0x631e3729817d - __rustc[e3d8617bb01b7f69]::rust_begin_unwind
[INFO] [stdout]   10:     0x631e372d00cc - core[832e9a552fc17241]::panicking::panic_fmt
[INFO] [stdout]   11:     0x631e372cfea2 - core[832e9a552fc17241]::result::unwrap_failed
[INFO] [stdout]   12:     0x631e371f723e - nldb[ee6ac753e048d6bc]::memtable::inner::tests::make_memtable
[INFO] [stdout]   13:     0x631e371f72c7 - nldb[ee6ac753e048d6bc]::memtable::inner::tests::test_root_is_black
[INFO] [stdout]   14:     0x631e371ef6e9 - <nldb[ee6ac753e048d6bc]::memtable::inner::tests::test_root_is_black::{closure#0} as core[832e9a552fc17241]::ops::function::FnOnce<()>>::call_once
[INFO] [stdout]   15:     0x631e3720edcb - test[39766f3d73431624]::__rust_begin_short_backtrace::<core[832e9a552fc17241]::result::Result<(), alloc[3ecab9f82c41dc7d]::string::String>, fn() -> core[832e9a552fc17241]::result::Result<(), alloc[3ecab9f82c41dc7d]::string::String>>
[INFO] [stdout]   16:     0x631e3721c415 - test[39766f3d73431624]::run_test::{closure#0}
[INFO] [stdout]   17:     0x631e37216ec4 - std[97b98282bc616a66]::sys::backtrace::__rust_begin_short_backtrace::<test[39766f3d73431624]::run_test::{closure#1}, ()>
[INFO] [stdout]   18:     0x631e3721f562 - <std[97b98282bc616a66]::thread::lifecycle::spawn_unchecked<test[39766f3d73431624]::run_test::{closure#1}, ()>::{closure#1} as core[832e9a552fc17241]::ops::function::FnOnce<()>>::call_once::{shim:vtable#0}
[INFO] [stdout]   19:     0x631e372ba7af - <std[97b98282bc616a66]::sys::thread::unix::Thread>::new::thread_start
[INFO] [stdout]   20:     0x79c9eacad07a - <unknown>
[INFO] [stdout]   21:     0x79c9ead40534 - clone
[INFO] [stdout]   22:                0x0 - <unknown>
[INFO] [stdout] 
[INFO] [stdout] ---- memtable::tests::test_delete_nonexistent_key_writes_tombstone stdout ----
[INFO] [stdout] 
[INFO] [stdout] thread 'memtable::tests::test_delete_nonexistent_key_writes_tombstone' (1451) panicked at src/memtable/mod.rs:96:46:
[INFO] [stdout] called `Result::unwrap()` on an `Err` value: Os { code: 30, kind: ReadOnlyFilesystem, message: "Read-only file system" }
[INFO] [stdout] stack backtrace:
[INFO] [stdout]    0:     0x631e372baf31 - <<std[97b98282bc616a66]::sys::backtrace::BacktraceLock>::print::DisplayBacktrace as core[832e9a552fc17241]::fmt::Display>::fmt
[INFO] [stdout]    1:     0x631e372cf96a - core[832e9a552fc17241]::fmt::write
[INFO] [stdout]    2:     0x631e372bf8fc - <alloc[3ecab9f82c41dc7d]::vec::Vec<u8> as std[97b98282bc616a66]::io::Write>::write_fmt
[INFO] [stdout]    3:     0x631e372974d6 - std[97b98282bc616a66]::panicking::default_hook::{closure#0}
[INFO] [stdout]    4:     0x631e372b2389 - std[97b98282bc616a66]::panicking::default_hook
[INFO] [stdout]    5:     0x631e3721ba90 - test[39766f3d73431624]::test_main_inner::<test[39766f3d73431624]::test_main_static::{closure#0}>::{closure#0}
[INFO] [stdout]    6:     0x631e372b26b2 - std[97b98282bc616a66]::panicking::panic_with_hook
[INFO] [stdout]    7:     0x631e37297582 - std[97b98282bc616a66]::panicking::panic_handler::{closure#0}
[INFO] [stdout]    8:     0x631e3728ed19 - std[97b98282bc616a66]::sys::backtrace::__rust_end_short_backtrace::<std[97b98282bc616a66]::panicking::panic_handler::{closure#0}, !>
[INFO] [stdout]    9:     0x631e3729817d - __rustc[e3d8617bb01b7f69]::rust_begin_unwind
[INFO] [stdout]   10:     0x631e372d00cc - core[832e9a552fc17241]::panicking::panic_fmt
[INFO] [stdout]   11:     0x631e372cfea2 - core[832e9a552fc17241]::result::unwrap_failed
[INFO] [stdout]   12:     0x631e371ee1b5 - nldb[ee6ac753e048d6bc]::memtable::tests::make_memtable
[INFO] [stdout]   13:     0x631e371ecf61 - nldb[ee6ac753e048d6bc]::memtable::tests::test_delete_nonexistent_key_writes_tombstone::{closure#0}
[INFO] [stdout]   14:     0x631e3720c133 - <tokio[274d9ba6f4b762ee]::runtime::scheduler::current_thread::Context>::enter::<core[832e9a552fc17241]::task::poll::Poll<()>, <tokio[274d9ba6f4b762ee]::runtime::scheduler::current_thread::CoreGuard>::block_on<core[832e9a552fc17241]::pin::Pin<&mut core[832e9a552fc17241]::pin::Pin<&mut dyn core[832e9a552fc17241]::future::future::Future<Output = ()>>>>::{closure#0}::{closure#0}>
[INFO] [stdout]   15:     0x631e371ef98c - <tokio[274d9ba6f4b762ee]::runtime::context::scoped::Scoped<tokio[274d9ba6f4b762ee]::runtime::scheduler::Context>>::set::<<tokio[274d9ba6f4b762ee]::runtime::scheduler::current_thread::CoreGuard>::enter<<tokio[274d9ba6f4b762ee]::runtime::scheduler::current_thread::CoreGuard>::block_on<core[832e9a552fc17241]::pin::Pin<&mut core[832e9a552fc17241]::pin::Pin<&mut dyn core[832e9a552fc17241]::future::future::Future<Output = ()>>>>::{closure#0}, core[832e9a552fc17241]::option::Option<()>>::{closure#0}, (alloc[3ecab9f82c41dc7d]::boxed::Box<tokio[274d9ba6f4b762ee]::runtime::scheduler::current_thread::Core>, core[832e9a552fc17241]::option::Option<()>)>
[INFO] [stdout]   16:     0x631e3720bdb5 - <tokio[274d9ba6f4b762ee]::runtime::scheduler::current_thread::CurrentThread>::block_on::<core[832e9a552fc17241]::pin::Pin<&mut dyn core[832e9a552fc17241]::future::future::Future<Output = ()>>>
[INFO] [stdout]   17:     0x631e371f9982 - <tokio[274d9ba6f4b762ee]::runtime::runtime::Runtime>::block_on::<core[832e9a552fc17241]::pin::Pin<&mut dyn core[832e9a552fc17241]::future::future::Future<Output = ()>>>
[INFO] [stdout]   18:     0x631e371ef57e - <nldb[ee6ac753e048d6bc]::memtable::tests::test_delete_nonexistent_key_writes_tombstone::{closure#0} as core[832e9a552fc17241]::ops::function::FnOnce<()>>::call_once
[INFO] [stdout]   19:     0x631e3720edcb - test[39766f3d73431624]::__rust_begin_short_backtrace::<core[832e9a552fc17241]::result::Result<(), alloc[3ecab9f82c41dc7d]::string::String>, fn() -> core[832e9a552fc17241]::result::Result<(), alloc[3ecab9f82c41dc7d]::string::String>>
[INFO] [stdout]   20:     0x631e3721c415 - test[39766f3d73431624]::run_test::{closure#0}
[INFO] [stdout]   21:     0x631e37216ec4 - std[97b98282bc616a66]::sys::backtrace::__rust_begin_short_backtrace::<test[39766f3d73431624]::run_test::{closure#1}, ()>
[INFO] [stdout]   22:     0x631e3721f562 - <std[97b98282bc616a66]::thread::lifecycle::spawn_unchecked<test[39766f3d73431624]::run_test::{closure#1}, ()>::{closure#1} as core[832e9a552fc17241]::ops::function::FnOnce<()>>::call_once::{shim:vtable#0}
[INFO] [stdout]   23:     0x631e372ba7af - <std[97b98282bc616a66]::sys::thread::unix::Thread>::new::thread_start
[INFO] [stdout]   24:     0x79c9eacad07a - <unknown>
[INFO] [stdout]   25:     0x79c9ead40534 - clone
[INFO] [stdout]   26:                0x0 - <unknown>
[INFO] [stdout] 
[INFO] [stdout] 
[INFO] [stdout] failures:
[INFO] [stdout]     compaction::tests::test_disjoint_keys_all_present
[INFO] [stdout]     compaction::tests::test_newer_table_wins_on_duplicate_key
[INFO] [stdout]     compaction::tests::test_output_keys_are_sorted
[INFO] [stdout]     compaction::tests::test_tombstone_dropped_from_output
[INFO] [stdout]     compaction::tests::test_tombstone_hides_older_data
[INFO] [stdout]     memtable::immutable::tests::test_insert_and_get
[INFO] [stdout]     memtable::immutable::tests::test_newest_wins
[INFO] [stdout]     memtable::immutable::tests::test_pop_removes_oldest
[INFO] [stdout]     memtable::immutable::tests::test_tombstone_hides_older_data
[INFO] [stdout]     memtable::inner::tests::test_all_keys_retrievable
[INFO] [stdout]     memtable::inner::tests::test_case1_uncle_red
[INFO] [stdout]     memtable::inner::tests::test_case2_case3_left_right
[INFO] [stdout]     memtable::inner::tests::test_case2_case3_right_left
[INFO] [stdout]     memtable::inner::tests::test_case3_left_left
[INFO] [stdout]     memtable::inner::tests::test_case3_right_right
[INFO] [stdout]     memtable::inner::tests::test_duplicate_key_updates_value
[INFO] [stdout]     memtable::inner::tests::test_get_after_insert
[INFO] [stdout]     memtable::inner::tests::test_invariants_many_inserts
[INFO] [stdout]     memtable::inner::tests::test_root_is_black
[INFO] [stdout]     memtable::tests::test_delete_nonexistent_key_writes_tombstone
[INFO] [stdout]     memtable::tests::test_delete_writes_tombstone
[INFO] [stdout]     memtable::tests::test_get_missing_returns_none
[INFO] [stdout]     memtable::tests::test_insert_and_get
[INFO] [stdout]     memtable::tests::test_insert_overwrites_existing
[INFO] [stdout]     memtable::tests::test_new_from_wal_recovers_data
[INFO] [stdout]     memtable::tests::test_rotate_fresh_table_is_empty
[INFO] [stdout]     memtable::tests::test_rotate_returns_old_table
[INFO] [stdout]     memtable::tests::test_table_full_error
[INFO] [stdout]     restart::tests::test_both_wal_and_sstable_detected
[INFO] [stdout]     restart::tests::test_empty_directory_returns_no_files
[INFO] [stdout]     restart::tests::test_multiple_wals_sorted_oldest_first
[INFO] [stdout]     restart::tests::test_non_database_files_ignored
[INFO] [stdout]     restart::tests::test_non_wal_log_files_ignored
[INFO] [stdout]     restart::tests::test_sstable_files_detected
[INFO] [stdout]     restart::tests::test_sstables_sorted_newest_first
[INFO] [stdout]     restart::tests::test_wal_file_detected
[INFO] [stdout]     restart::worker::tests::test_empty_wal_produces_empty_table
[INFO] [stdout]     restart::worker::tests::test_multiple_wals_all_loaded
[INFO] [stdout]     restart::worker::tests::test_order_preserved
[INFO] [stdout]     restart::worker::tests::test_single_wal_data_recovered
[INFO] [stdout]     restart::worker::tests::test_tables_are_independent
[INFO] [stdout]     sstable::tests::roundtrip_search
[INFO] [stdout]     wal::tests::test_buffer_not_written_before_flush
[INFO] [stdout]     wal::tests::test_data_record_roundtrip
[INFO] [stdout]     wal::tests::test_mixed_data_and_tombstones
[INFO] [stdout]     wal::tests::test_multiple_records_in_order
[INFO] [stdout]     wal::tests::test_size_based_flush_trigger
[INFO] [stdout]     wal::tests::test_tombstone_roundtrip
[INFO] [stdout] 
[INFO] [stdout] test result: FAILED. 42 passed; 48 failed; 0 ignored; 0 measured; 0 filtered out; finished in 0.02s
[INFO] [stdout] 
[INFO] running `Command { std: "docker" "inspect" "eba16bcd2867d81762ee20f0ed3d72be4b6cd12b15e97ed2d8243ec2f72ff2cd", kill_on_drop: false }`
[INFO] running `Command { std: "docker" "rm" "-f" "eba16bcd2867d81762ee20f0ed3d72be4b6cd12b15e97ed2d8243ec2f72ff2cd", kill_on_drop: false }`
[INFO] [stdout] eba16bcd2867d81762ee20f0ed3d72be4b6cd12b15e97ed2d8243ec2f72ff2cd
