[INFO] cloning repository https://github.com/khammersmith17/lsmlite
[INFO] running `Command { std: "git" "-c" "credential.helper=" "-c" "credential.helper=/workspace/cargo-home/bin/git-credential-null" "clone" "--bare" "https://github.com/khammersmith17/lsmlite" "/workspace/cache/git-repos/https%3A%2F%2Fgithub.com%2Fkhammersmith17%2Flsmlite", kill_on_drop: false }`
[INFO] [stderr] Cloning into bare repository '/workspace/cache/git-repos/https%3A%2F%2Fgithub.com%2Fkhammersmith17%2Flsmlite'...
[INFO] running `Command { std: "git" "rev-parse" "HEAD", kill_on_drop: false }`
[INFO] [stdout] d74cb9dbbff1c71984489fd951dee0588e9dff15
[INFO] testing khammersmith17/lsmlite against 1.99.0-beta.1+cargoflags=--release for beta-release-1.99-2
[INFO] running `Command { std: "git" "clone" "/workspace/cache/git-repos/https%3A%2F%2Fgithub.com%2Fkhammersmith17%2Flsmlite" "/workspace/builds/worker-4-tc2/source", kill_on_drop: false }`
[INFO] [stderr] Cloning into '/workspace/builds/worker-4-tc2/source'...
[INFO] [stderr] done.
[INFO] started tweaking git repo https://github.com/khammersmith17/lsmlite
[INFO] finished tweaking git repo https://github.com/khammersmith17/lsmlite
[INFO] tweaked toml for git repo https://github.com/khammersmith17/lsmlite written to /workspace/builds/worker-4-tc2/source/Cargo.toml
[INFO] validating manifest of git repo https://github.com/khammersmith17/lsmlite on toolchain 1.99.0-beta.1
[INFO] running `Command { std: CARGO_HOME="/workspace/cargo-home" RUSTUP_HOME="/workspace/rustup-home" "/workspace/cargo-home/bin/cargo" "+1.99.0-beta.1" "metadata" "--manifest-path" "Cargo.toml" "--no-deps", kill_on_drop: false }`
[INFO] crate git repo https://github.com/khammersmith17/lsmlite already has a lockfile, it will not be regenerated
[INFO] running `Command { std: CARGO_HOME="/workspace/cargo-home" RUSTUP_HOME="/workspace/rustup-home" "/workspace/cargo-home/bin/cargo" "+1.99.0-beta.1" "fetch" "--manifest-path" "Cargo.toml", kill_on_drop: false }`
[INFO] running `Command { std: "docker" "create" "-v" "/var/lib/crater-agent-workspace/builds/worker-4-tc2/source:/opt/rustwide/workdir:ro,Z" "-v" "/var/lib/crater-agent-workspace/builds/worker-4-tc2/target:/opt/rustwide/target:rw,Z" "-v" "/var/lib/crater-agent-workspace/cargo-home:/opt/rustwide/cargo-home:ro,Z" "-v" "/var/lib/crater-agent-workspace/rustup-home:/opt/rustwide/rustup-home:ro,Z" "-m" "1610612736" "--network" "none" "ghcr.io/rust-lang/crates-build-env/linux@sha256:8683fc1fc2eb5c9ac98e0d076ab094b2ffac7f99da555d2b6a2e27f346de2ec7" "sleep" "infinity", kill_on_drop: false }`
[INFO] [stdout] 79e5ed9109e4a8da7cbf48b7c1ee60035813178a914fe7484d8aad3201d5bfbf
[INFO] running `Command { std: "docker" "start" "79e5ed9109e4a8da7cbf48b7c1ee60035813178a914fe7484d8aad3201d5bfbf", kill_on_drop: false }`
[INFO] running `Command { std: "docker" "inspect" "79e5ed9109e4a8da7cbf48b7c1ee60035813178a914fe7484d8aad3201d5bfbf", kill_on_drop: false }`
[INFO] running `Command { std: "docker" "exec" "-e" "SOURCE_DIR=/opt/rustwide/workdir" "-e" "CARGO_HOME=/opt/rustwide/cargo-home" "-e" "RUSTUP_HOME=/opt/rustwide/rustup-home" "-e" "CARGO_TARGET_DIR=/opt/rustwide/target" "-w" "/opt/rustwide/workdir" "--user" "0:0" "79e5ed9109e4a8da7cbf48b7c1ee60035813178a914fe7484d8aad3201d5bfbf" "/opt/rustwide/cargo-home/bin/cargo" "+1.99.0-beta.1" "metadata" "--no-deps" "--format-version=1", kill_on_drop: false }`
[INFO] running `Command { std: "docker" "inspect" "79e5ed9109e4a8da7cbf48b7c1ee60035813178a914fe7484d8aad3201d5bfbf", kill_on_drop: false }`
[INFO] running `Command { std: "docker" "exec" "-e" "SOURCE_DIR=/opt/rustwide/workdir" "-e" "CARGO_HOME=/opt/rustwide/cargo-home" "-e" "RUSTUP_HOME=/opt/rustwide/rustup-home" "-e" "CARGO_TARGET_DIR=/opt/rustwide/target" "-e" "CARGO_INCREMENTAL=0" "-e" "RUST_BACKTRACE=full" "-e" "RUSTFLAGS=--cap-lints=warn" "-e" "RUSTDOCFLAGS=--cap-lints=warn" "-w" "/opt/rustwide/workdir" "--user" "0:0" "79e5ed9109e4a8da7cbf48b7c1ee60035813178a914fe7484d8aad3201d5bfbf" "/opt/rustwide/cargo-home/bin/cargo" "+1.99.0-beta.1" "build" "--frozen" "--message-format=json" "--release", kill_on_drop: false }`
[INFO] [stderr]    Compiling crossbeam-utils v0.8.22
[INFO] [stderr]    Compiling crossbeam-epoch v0.9.20
[INFO] [stderr]    Compiling crossbeam-deque v0.8.7
[INFO] [stderr]    Compiling smallvec v1.15.1
[INFO] [stderr]    Compiling indexmap v2.14.0
[INFO] [stderr]    Compiling either v1.16.0
[INFO] [stderr]    Compiling ryu v1.0.23
[INFO] [stderr]    Compiling socket2 v0.6.3
[INFO] [stderr]    Compiling mio v1.2.0
[INFO] [stderr]    Compiling libyaml-rs v0.3.0
[INFO] [stderr]    Compiling same-file v1.0.6
[INFO] [stderr]    Compiling bytes v1.12.1
[INFO] [stderr]    Compiling memmap2 v0.9.10
[INFO] [stderr]    Compiling num_cpus v1.17.0
[INFO] [stderr]    Compiling syn v2.0.117
[INFO] [stderr]    Compiling uuid v1.23.3
[INFO] [stderr]    Compiling walkdir v2.5.0
[INFO] [stderr]    Compiling parking_lot_core v0.9.12
[INFO] [stderr]    Compiling parking_lot v0.12.5
[INFO] [stderr]    Compiling rayon-core v1.13.0
[INFO] [stderr]    Compiling rayon v1.12.0
[INFO] [stderr]    Compiling serde_derive v1.0.228
[INFO] [stderr]    Compiling tokio-macros v2.7.0
[INFO] [stderr]    Compiling tokio v1.52.3
[INFO] [stderr]    Compiling serde v1.0.228
[INFO] [stderr]    Compiling yaml_serde v0.10.4
[INFO] [stderr]    Compiling lsmlite v0.1.0 (/opt/rustwide/workdir)
[INFO] [stderr]     Finished `release` profile [optimized] target(s) in 25.03s
[INFO] running `Command { std: "docker" "inspect" "79e5ed9109e4a8da7cbf48b7c1ee60035813178a914fe7484d8aad3201d5bfbf", kill_on_drop: false }`
[INFO] running `Command { std: "docker" "exec" "-e" "SOURCE_DIR=/opt/rustwide/workdir" "-e" "CARGO_HOME=/opt/rustwide/cargo-home" "-e" "RUSTUP_HOME=/opt/rustwide/rustup-home" "-e" "CARGO_TARGET_DIR=/opt/rustwide/target" "-e" "CARGO_INCREMENTAL=0" "-e" "RUST_BACKTRACE=full" "-e" "RUSTFLAGS=--cap-lints=warn" "-e" "RUSTDOCFLAGS=--cap-lints=warn" "-w" "/opt/rustwide/workdir" "--user" "0:0" "79e5ed9109e4a8da7cbf48b7c1ee60035813178a914fe7484d8aad3201d5bfbf" "/opt/rustwide/cargo-home/bin/cargo" "+1.99.0-beta.1" "test" "--frozen" "--no-run" "--message-format=json" "--release", kill_on_drop: false }`
[INFO] [stderr]    Compiling lsmlite v0.1.0 (/opt/rustwide/workdir)
[INFO] [stderr]     Finished `release` profile [optimized] target(s) in 4.40s
[INFO] running `Command { std: "docker" "inspect" "79e5ed9109e4a8da7cbf48b7c1ee60035813178a914fe7484d8aad3201d5bfbf", kill_on_drop: false }`
[INFO] running `Command { std: "docker" "exec" "-e" "SOURCE_DIR=/opt/rustwide/workdir" "-e" "CARGO_HOME=/opt/rustwide/cargo-home" "-e" "RUSTUP_HOME=/opt/rustwide/rustup-home" "-e" "CARGO_TARGET_DIR=/opt/rustwide/target" "-e" "CARGO_INCREMENTAL=0" "-e" "RUST_BACKTRACE=full" "-e" "RUSTFLAGS=--cap-lints=warn" "-e" "RUSTDOCFLAGS=--cap-lints=warn" "-w" "/opt/rustwide/workdir" "--user" "0:0" "79e5ed9109e4a8da7cbf48b7c1ee60035813178a914fe7484d8aad3201d5bfbf" "/opt/rustwide/cargo-home/bin/cargo" "+1.99.0-beta.1" "test" "--frozen" "--release", kill_on_drop: false }`
[INFO] [stderr]     Finished `release` profile [optimized] target(s) in 0.09s
[INFO] [stderr]      Running unittests src/lib.rs (/opt/rustwide/target/release/deps/lsmlite-20993b3de3a83f8d)
[INFO] [stdout] 
[INFO] [stdout] running 85 tests
[INFO] [stdout] test disk::tests::insert_record_large_key_and_data ... ok
[INFO] [stdout] test disk::tests::insert_record_roundtrip ... ok
[INFO] [stdout] test disk::tests::invalid_header_returns_none ... ok
[INFO] [stdout] test disk::tests::tombstone_record_roundtrip ... ok
[INFO] [stdout] test memtable::immutable::tests::test_empty_returns_none ... ok
[INFO] [stdout] test disk::tests::multiple_records_sequential_decode ... ok
[INFO] [stdout] test disk::tests::insert_record_empty_data ... ok
[INFO] [stdout] test compaction::tests::test_newer_table_wins_on_duplicate_key ... FAILED
[INFO] [stdout] test memtable::inner::tests::test_get_after_insert ... FAILED
[INFO] [stdout] test memtable::inner::tests::test_invariants_many_inserts ... FAILED
[INFO] [stdout] test memtable::inner::tests::test_case2_case3_right_left ... FAILED
[INFO] [stdout] test memtable::inner::tests::test_root_is_black ... FAILED
[INFO] [stdout] test memtable::tests::test_delete_writes_tombstone ... FAILED
[INFO] [stdout] test compaction::tests::test_disjoint_keys_all_present ... FAILED
[INFO] [stdout] test memtable::tests::test_get_missing_returns_none ... FAILED
[INFO] [stdout] test memtable::tests::test_insert_overwrites_existing ... FAILED
[INFO] [stdout] test memtable::tests::test_delete_nonexistent_key_writes_tombstone ... FAILED
[INFO] [stdout] test memtable::tests::test_new_from_wal_recovers_data ... FAILED
[INFO] [stdout] test memtable::immutable::tests::test_insert_and_get ... FAILED
[INFO] [stdout] test memtable::tests::test_rotate_fresh_table_is_empty ... FAILED
[INFO] [stdout] test memtable::inner::tests::test_case1_uncle_red ... FAILED
[INFO] [stdout] test compaction::tests::test_tombstone_hides_older_data ... FAILED
[INFO] [stdout] test memtable::inner::tests::test_case2_case3_left_right ... FAILED
[INFO] [stdout] test memtable::inner::tests::test_case3_left_left ... FAILED
[INFO] [stdout] test memtable::inner::tests::test_case3_right_right ... FAILED
[INFO] [stdout] test memtable::inner::tests::test_duplicate_key_updates_value ... FAILED
[INFO] [stdout] test memtable::immutable::tests::test_tombstone_hides_older_data ... FAILED
[INFO] [stdout] test memtable::immutable::tests::test_pop_removes_oldest ... FAILED
[INFO] [stdout] test compaction::tests::test_tombstone_dropped_from_output ... FAILED
[INFO] [stdout] test memtable::inner::tests::test_all_keys_retrievable ... FAILED
[INFO] [stdout] test restart::tests::test_non_wal_log_files_ignored ... FAILED
[INFO] [stdout] test restart::tests::test_both_wal_and_sstable_detected ... FAILED
[INFO] [stdout] test memtable::tests::test_insert_and_get ... FAILED
[INFO] [stdout] test restart::tests::test_multiple_wals_sorted_oldest_first ... FAILED
[INFO] [stdout] test restart::tests::test_non_database_files_ignored ... FAILED
[INFO] [stdout] test memtable::tests::test_rotate_returns_old_table ... FAILED
[INFO] [stdout] test memtable::immutable::tests::test_newest_wins ... FAILED
[INFO] [stdout] test restart::tests::test_empty_directory_returns_no_files ... FAILED
[INFO] [stdout] test memtable::tests::test_table_full_error ... FAILED
[INFO] [stdout] test restart::tests::test_sstables_sorted_newest_first ... FAILED
[INFO] [stdout] test restart::tests::test_wal_file_detected ... FAILED
[INFO] [stdout] test restart::worker::tests::test_multiple_wals_all_loaded ... FAILED
[INFO] [stdout] test restart::worker::tests::test_empty_wal_produces_empty_table ... FAILED
[INFO] [stdout] test restart::worker::tests::test_order_preserved ... FAILED
[INFO] [stdout] test ssindex::trie::tests::empty_trie_returns_none ... ok
[INFO] [stdout] test restart::worker::tests::test_single_wal_data_recovered ... FAILED
[INFO] [stdout] test restart::tests::test_sstable_files_detected ... FAILED
[INFO] [stdout] test restart::worker::tests::test_tables_are_independent ... FAILED
[INFO] [stdout] test ssindex::trie::tests::extension_beyond_key_returns_none ... ok
[INFO] [stdout] test ssindex::trie::tests::insert_out_of_order_keys ... ok
[INFO] [stdout] test ssindex::trie::tests::key_is_prefix_of_another_both_inserted ... ok
[INFO] [stdout] test ssindex::trie::tests::max_offset_below_msb ... ok
[INFO] [stdout] test ssindex::trie::tests::missing_key_returns_none ... ok
[INFO] [stdout] test ssindex::trie::tests::offset_zero_is_valid ... ok
[INFO] [stdout] test ssindex::trie::tests::multiple_disjoint_keys ... ok
[INFO] [stdout] test ssindex::trie::tests::prefix_of_key_is_not_terminal ... ok
[INFO] [stdout] test ssindex::trie::tests::roundtrip_empty_trie ... ok
[INFO] [stdout] test ssindex::trie::tests::roundtrip_multiple_disjoint_keys ... ok
[INFO] [stdout] test ssindex::trie::tests::roundtrip_prefix_and_extension_both_inserted ... ok
[INFO] [stdout] test ssindex::trie::tests::roundtrip_shared_prefix_keys ... ok
[INFO] [stdout] test ssindex::trie::tests::roundtrip_out_of_order_keys ... ok
[INFO] [stdout] test util::tests::decode_single_byte ... ok
[INFO] [stdout] test util::tests::decode_two_byte ... ok
[INFO] [stdout] test sstable::tests::roundtrip_search ... FAILED
[INFO] [stdout] test util::tests::encode_decode_roundtrip ... ok
[INFO] [stdout] test util::tests::decode_zero ... ok
[INFO] [stdout] test ssindex::trie::tests::single_key_insert_and_get ... ok
[INFO] [stdout] test util::tests::encode_large_value ... ok
[INFO] [stdout] test util::tests::decode_at_offset ... ok
[INFO] [stdout] test util::tests::encode_max_single_byte ... ok
[INFO] [stdout] test ssindex::trie::tests::roundtrip_single_key ... ok
[INFO] [stdout] test util::tests::encode_two_byte_boundary ... ok
[INFO] [stdout] test util::tests::encode_single_byte_value ... ok
[INFO] [stdout] test ssindex::trie::tests::shared_prefix_keys ... ok
[INFO] [stdout] test util::tests::encode_zero ... ok
[INFO] [stdout] test util::tests::get_be_array2_converts_correctly ... ok
[INFO] [stdout] test util::tests::get_be_array8_reads_correct_slice ... ok
[INFO] [stdout] test util::tests::test_varint_size_from_len ... ok
[INFO] [stdout] test compaction::tests::test_output_keys_are_sorted ... FAILED
[INFO] [stdout] test wal::tests::test_multiple_records_in_order ... FAILED
[INFO] [stdout] test wal::tests::test_buffer_not_written_before_flush ... FAILED
[INFO] [stdout] test wal::tests::test_size_based_flush_trigger ... FAILED
[INFO] [stdout] test wal::tests::test_data_record_roundtrip ... FAILED
[INFO] [stdout] test wal::tests::test_mixed_data_and_tombstones ... FAILED
[INFO] [stdout] test wal::tests::test_tombstone_roundtrip ... FAILED
[INFO] [stdout] 
[INFO] [stdout] failures:
[INFO] [stdout] 
[INFO] [stdout] ---- compaction::tests::test_newer_table_wins_on_duplicate_key stdout ----
[INFO] [stdout] 
[INFO] [stdout] thread 'compaction::tests::test_newer_table_wins_on_duplicate_key' (674) panicked at src/memtable/inner.rs:627:51:
[INFO] [stdout] called `Result::unwrap()` on an `Err` value: Os { code: 30, kind: ReadOnlyFilesystem, message: "Read-only file system" }
[INFO] [stdout] stack backtrace:
[INFO] [stdout]    0:     0x63a9d8ed64d1 - <<std[104cf6e2632825ea]::sys::backtrace::BacktraceLock>::print::DisplayBacktrace as core[7c831bd917ebf35f]::fmt::Display>::fmt
[INFO] [stdout]    1:     0x63a9d8eeb29a - core[7c831bd917ebf35f]::fmt::write
[INFO] [stdout]    2:     0x63a9d8edae5c - <alloc[2fdc3f7464fcf288]::vec::Vec<u8> as core[7c831bd917ebf35f]::io::write::Write>::write_fmt
[INFO] [stdout]    3:     0x63a9d8eb0956 - std[104cf6e2632825ea]::panicking::default_hook::{closure#0}
[INFO] [stdout]    4:     0x63a9d8ecde29 - std[104cf6e2632825ea]::panicking::default_hook
[INFO] [stdout]    5:     0x63a9d8e3b170 - test[73009c9f9aebf890]::test_main_inner::<test[73009c9f9aebf890]::test_main_static::{closure#0}>::{closure#0}
[INFO] [stdout]    6:     0x63a9d8ece152 - std[104cf6e2632825ea]::panicking::panic_with_hook
[INFO] [stdout]    7:     0x63a9d8eb0a02 - std[104cf6e2632825ea]::panicking::panic_handler::{closure#0}
[INFO] [stdout]    8:     0x63a9d8ea91e9 - std[104cf6e2632825ea]::sys::backtrace::__rust_end_short_backtrace::<std[104cf6e2632825ea]::panicking::panic_handler::{closure#0}, !>
[INFO] [stdout]    9:     0x63a9d8eb15fd - __rustc[b0d56fa5b193ad05]::rust_begin_unwind
[INFO] [stdout]   10:     0x63a9d8eeb9fc - core[7c831bd917ebf35f]::panicking::panic_fmt
[INFO] [stdout]   11:     0x63a9d8eeb7d2 - core[7c831bd917ebf35f]::result::unwrap_failed
[INFO] [stdout]   12:     0x63a9d8e2ca2b - <lsmlite[63779f59d978287e]::memtable::inner::MemtableInner>::new_for_test
[INFO] [stdout]   13:     0x63a9d8e1b0d7 - lsmlite[63779f59d978287e]::compaction::tests::make_sstable::{closure#0}
[INFO] [stdout]   14:     0x63a9d8e1e517 - lsmlite[63779f59d978287e]::compaction::tests::test_newer_table_wins_on_duplicate_key::{closure#0}
[INFO] [stdout]   15:     0x63a9d8e15db8 - <tokio[83c270dfd85efa1]::runtime::context::scoped::Scoped<tokio[83c270dfd85efa1]::runtime::scheduler::Context>>::set::<<tokio[83c270dfd85efa1]::runtime::scheduler::current_thread::CoreGuard>::enter<<tokio[83c270dfd85efa1]::runtime::scheduler::current_thread::CoreGuard>::block_on<core[7c831bd917ebf35f]::pin::Pin<&mut core[7c831bd917ebf35f]::pin::Pin<&mut dyn core[7c831bd917ebf35f]::future::future::Future<Output = ()>>>>::{closure#0}, core[7c831bd917ebf35f]::option::Option<()>>::{closure#0}, (alloc[2fdc3f7464fcf288]::boxed::Box<tokio[83c270dfd85efa1]::runtime::scheduler::current_thread::Core>, core[7c831bd917ebf35f]::option::Option<()>)>
[INFO] [stdout]   16:     0x63a9d8e165e3 - <tokio[83c270dfd85efa1]::runtime::scheduler::current_thread::CurrentThread>::block_on::<core[7c831bd917ebf35f]::pin::Pin<&mut dyn core[7c831bd917ebf35f]::future::future::Future<Output = ()>>>
[INFO] [stdout]   17:     0x63a9d8e259f2 - <tokio[83c270dfd85efa1]::runtime::runtime::Runtime>::block_on::<core[7c831bd917ebf35f]::pin::Pin<&mut dyn core[7c831bd917ebf35f]::future::future::Future<Output = ()>>>
[INFO] [stdout]   18:     0x63a9d8e1f45b - lsmlite[63779f59d978287e]::compaction::tests::test_newer_table_wins_on_duplicate_key
[INFO] [stdout]   19:     0x63a9d8e173a9 - <lsmlite[63779f59d978287e]::compaction::tests::test_newer_table_wins_on_duplicate_key::{closure#0} as core[7c831bd917ebf35f]::ops::function::FnOnce<()>>::call_once
[INFO] [stdout]   20:     0x63a9d8e2e45b - test[73009c9f9aebf890]::__rust_begin_short_backtrace::<core[7c831bd917ebf35f]::result::Result<(), alloc[2fdc3f7464fcf288]::string::String>, fn() -> core[7c831bd917ebf35f]::result::Result<(), alloc[2fdc3f7464fcf288]::string::String>>
[INFO] [stdout]   21:     0x63a9d8e3bac5 - test[73009c9f9aebf890]::run_test::{closure#0}
[INFO] [stdout]   22:     0x63a9d8e34e84 - std[104cf6e2632825ea]::sys::backtrace::__rust_begin_short_backtrace::<test[73009c9f9aebf890]::run_test::{closure#1}, ()>
[INFO] [stdout]   23:     0x63a9d8e3ec22 - <std[104cf6e2632825ea]::thread::lifecycle::spawn_unchecked<test[73009c9f9aebf890]::run_test::{closure#1}, ()>::{closure#1} as core[7c831bd917ebf35f]::ops::function::FnOnce<()>>::call_once::{shim:vtable#0}
[INFO] [stdout]   24:     0x63a9d8ed5d99 - <std[104cf6e2632825ea]::sys::thread::unix::Thread>::new::thread_start
[INFO] [stdout]   25:     0x7e091858907a - <unknown>
[INFO] [stdout]   26:     0x7e091861c534 - clone
[INFO] [stdout]   27:                0x0 - <unknown>
[INFO] [stdout] 
[INFO] [stdout] ---- memtable::inner::tests::test_get_after_insert stdout ----
[INFO] [stdout] 
[INFO] [stdout] thread 'memtable::inner::tests::test_get_after_insert' (696) panicked at src/memtable/inner.rs:673:46:
[INFO] [stdout] called `Result::unwrap()` on an `Err` value: Os { code: 30, kind: ReadOnlyFilesystem, message: "Read-only file system" }
[INFO] [stdout] stack backtrace:
[INFO] [stdout]    0:     0x63a9d8ed64d1 - <<std[104cf6e2632825ea]::sys::backtrace::BacktraceLock>::print::DisplayBacktrace as core[7c831bd917ebf35f]::fmt::Display>::fmt
[INFO] [stdout]    1:     0x63a9d8eeb29a - core[7c831bd917ebf35f]::fmt::write
[INFO] [stdout]    2:     0x63a9d8edae5c - <alloc[2fdc3f7464fcf288]::vec::Vec<u8> as core[7c831bd917ebf35f]::io::write::Write>::write_fmt
[INFO] [stdout]    3:     0x63a9d8eb0956 - std[104cf6e2632825ea]::panicking::default_hook::{closure#0}
[INFO] [stdout]    4:     0x63a9d8ecde29 - std[104cf6e2632825ea]::panicking::default_hook
[INFO] [stdout]    5:     0x63a9d8e3b170 - test[73009c9f9aebf890]::test_main_inner::<test[73009c9f9aebf890]::test_main_static::{closure#0}>::{closure#0}
[INFO] [stdout]    6:     0x63a9d8ece152 - std[104cf6e2632825ea]::panicking::panic_with_hook
[INFO] [stdout]    7:     0x63a9d8eb0a02 - std[104cf6e2632825ea]::panicking::panic_handler::{closure#0}
[INFO] [stdout]    8:     0x63a9d8ea91e9 - std[104cf6e2632825ea]::sys::backtrace::__rust_end_short_backtrace::<std[104cf6e2632825ea]::panicking::panic_handler::{closure#0}, !>
[INFO] [stdout]    9:     0x63a9d8eb15fd - __rustc[b0d56fa5b193ad05]::rust_begin_unwind
[INFO] [stdout]   10:     0x63a9d8eeb9fc - core[7c831bd917ebf35f]::panicking::panic_fmt
[INFO] [stdout]   11:     0x63a9d8eeb7d2 - core[7c831bd917ebf35f]::result::unwrap_failed
[INFO] [stdout]   12:     0x63a9d8dffd13 - lsmlite[63779f59d978287e]::memtable::inner::tests::make_memtable
[INFO] [stdout]   13:     0x63a9d8e00f29 - lsmlite[63779f59d978287e]::memtable::inner::tests::test_get_after_insert
[INFO] [stdout]   14:     0x63a9d8e17c79 - <lsmlite[63779f59d978287e]::memtable::inner::tests::test_get_after_insert::{closure#0} as core[7c831bd917ebf35f]::ops::function::FnOnce<()>>::call_once
[INFO] [stdout]   15:     0x63a9d8e2e45b - test[73009c9f9aebf890]::__rust_begin_short_backtrace::<core[7c831bd917ebf35f]::result::Result<(), alloc[2fdc3f7464fcf288]::string::String>, fn() -> core[7c831bd917ebf35f]::result::Result<(), alloc[2fdc3f7464fcf288]::string::String>>
[INFO] [stdout]   16:     0x63a9d8e3bac5 - test[73009c9f9aebf890]::run_test::{closure#0}
[INFO] [stdout]   17:     0x63a9d8e34e84 - std[104cf6e2632825ea]::sys::backtrace::__rust_begin_short_backtrace::<test[73009c9f9aebf890]::run_test::{closure#1}, ()>
[INFO] [stdout]   18:     0x63a9d8e3ec22 - <std[104cf6e2632825ea]::thread::lifecycle::spawn_unchecked<test[73009c9f9aebf890]::run_test::{closure#1}, ()>::{closure#1} as core[7c831bd917ebf35f]::ops::function::FnOnce<()>>::call_once::{shim:vtable#0}
[INFO] [stdout]   19:     0x63a9d8ed5d99 - <std[104cf6e2632825ea]::sys::thread::unix::Thread>::new::thread_start
[INFO] [stdout]   20:     0x7e091858907a - <unknown>
[INFO] [stdout]   21:     0x7e091861c534 - clone
[INFO] [stdout]   22:                0x0 - <unknown>
[INFO] [stdout] 
[INFO] [stdout] ---- memtable::inner::tests::test_invariants_many_inserts stdout ----
[INFO] [stdout] 
[INFO] [stdout] thread 'memtable::inner::tests::test_invariants_many_inserts' (697) panicked at src/memtable/inner.rs:673:46:
[INFO] [stdout] called `Result::unwrap()` on an `Err` value: Os { code: 30, kind: ReadOnlyFilesystem, message: "Read-only file system" }
[INFO] [stdout] stack backtrace:
[INFO] [stdout]    0:     0x63a9d8ed64d1 - <<std[104cf6e2632825ea]::sys::backtrace::BacktraceLock>::print::DisplayBacktrace as core[7c831bd917ebf35f]::fmt::Display>::fmt
[INFO] [stdout]    1:     0x63a9d8eeb29a - core[7c831bd917ebf35f]::fmt::write
[INFO] [stdout]    2:     0x63a9d8edae5c - <alloc[2fdc3f7464fcf288]::vec::Vec<u8> as core[7c831bd917ebf35f]::io::write::Write>::write_fmt
[INFO] [stdout]    3:     0x63a9d8eb0956 - std[104cf6e2632825ea]::panicking::default_hook::{closure#0}
[INFO] [stdout]    4:     0x63a9d8ecde29 - std[104cf6e2632825ea]::panicking::default_hook
[INFO] [stdout]    5:     0x63a9d8e3b170 - test[73009c9f9aebf890]::test_main_inner::<test[73009c9f9aebf890]::test_main_static::{closure#0}>::{closure#0}
[INFO] [stdout]    6:     0x63a9d8ece152 - std[104cf6e2632825ea]::panicking::panic_with_hook
[INFO] [stdout]    7:     0x63a9d8eb0a02 - std[104cf6e2632825ea]::panicking::panic_handler::{closure#0}
[INFO] [stdout]    8:     0x63a9d8ea91e9 - std[104cf6e2632825ea]::sys::backtrace::__rust_end_short_backtrace::<std[104cf6e2632825ea]::panicking::panic_handler::{closure#0}, !>
[INFO] [stdout]    9:     0x63a9d8eb15fd - __rustc[b0d56fa5b193ad05]::rust_begin_unwind
[INFO] [stdout]   10:     0x63a9d8eeb9fc - core[7c831bd917ebf35f]::panicking::panic_fmt
[INFO] [stdout]   11:     0x63a9d8eeb7d2 - core[7c831bd917ebf35f]::result::unwrap_failed
[INFO] [stdout]   12:     0x63a9d8dffd13 - lsmlite[63779f59d978287e]::memtable::inner::tests::make_memtable
[INFO] [stdout]   13:     0x63a9d8e02c8e - lsmlite[63779f59d978287e]::memtable::inner::tests::test_invariants_many_inserts
[INFO] [stdout]   14:     0x63a9d8e17d19 - <lsmlite[63779f59d978287e]::memtable::inner::tests::test_invariants_many_inserts::{closure#0} as core[7c831bd917ebf35f]::ops::function::FnOnce<()>>::call_once
[INFO] [stdout]   15:     0x63a9d8e2e45b - test[73009c9f9aebf890]::__rust_begin_short_backtrace::<core[7c831bd917ebf35f]::result::Result<(), alloc[2fdc3f7464fcf288]::string::String>, fn() -> core[7c831bd917ebf35f]::result::Result<(), alloc[2fdc3f7464fcf288]::string::String>>
[INFO] [stdout]   16:     0x63a9d8e3bac5 - test[73009c9f9aebf890]::run_test::{closure#0}
[INFO] [stdout]   17:     0x63a9d8e34e84 - std[104cf6e2632825ea]::sys::backtrace::__rust_begin_short_backtrace::<test[73009c9f9aebf890]::run_test::{closure#1}, ()>
[INFO] [stdout]   18:     0x63a9d8e3ec22 - <std[104cf6e2632825ea]::thread::lifecycle::spawn_unchecked<test[73009c9f9aebf890]::run_test::{closure#1}, ()>::{closure#1} as core[7c831bd917ebf35f]::ops::function::FnOnce<()>>::call_once::{shim:vtable#0}
[INFO] [stdout]   19:     0x63a9d8ed5d99 - <std[104cf6e2632825ea]::sys::thread::unix::Thread>::new::thread_start
[INFO] [stdout]   20:     0x7e091858907a - <unknown>
[INFO] [stdout]   21:     0x7e091861c534 - clone
[INFO] [stdout]   22:                0x0 - <unknown>
[INFO] [stdout] 
[INFO] [stdout] ---- memtable::inner::tests::test_case2_case3_right_left stdout ----
[INFO] [stdout] 
[INFO] [stdout] thread 'memtable::inner::tests::test_case2_case3_right_left' (692) panicked at src/memtable/inner.rs:673:46:
[INFO] [stdout] called `Result::unwrap()` on an `Err` value: Os { code: 30, kind: ReadOnlyFilesystem, message: "Read-only file system" }
[INFO] [stdout] stack backtrace:
[INFO] [stdout]    0:     0x63a9d8ed64d1 - <<std[104cf6e2632825ea]::sys::backtrace::BacktraceLock>::print::DisplayBacktrace as core[7c831bd917ebf35f]::fmt::Display>::fmt
[INFO] [stdout]    1:     0x63a9d8eeb29a - core[7c831bd917ebf35f]::fmt::write
[INFO] [stdout]    2:     0x63a9d8edae5c - <alloc[2fdc3f7464fcf288]::vec::Vec<u8> as core[7c831bd917ebf35f]::io::write::Write>::write_fmt
[INFO] [stdout]    3:     0x63a9d8eb0956 - std[104cf6e2632825ea]::panicking::default_hook::{closure#0}
[INFO] [stdout]    4:     0x63a9d8ecde29 - std[104cf6e2632825ea]::panicking::default_hook
[INFO] [stdout]    5:     0x63a9d8e3b170 - test[73009c9f9aebf890]::test_main_inner::<test[73009c9f9aebf890]::test_main_static::{closure#0}>::{closure#0}
[INFO] [stdout]    6:     0x63a9d8ece152 - std[104cf6e2632825ea]::panicking::panic_with_hook
[INFO] [stdout]    7:     0x63a9d8eb0a02 - std[104cf6e2632825ea]::panicking::panic_handler::{closure#0}
[INFO] [stdout]    8:     0x63a9d8ea91e9 - std[104cf6e2632825ea]::sys::backtrace::__rust_end_short_backtrace::<std[104cf6e2632825ea]::panicking::panic_handler::{closure#0}, !>
[INFO] [stdout]    9:     0x63a9d8eb15fd - __rustc[b0d56fa5b193ad05]::rust_begin_unwind
[INFO] [stdout]   10:     0x63a9d8eeb9fc - core[7c831bd917ebf35f]::panicking::panic_fmt
[INFO] [stdout]   11:     0x63a9d8eeb7d2 - core[7c831bd917ebf35f]::result::unwrap_failed
[INFO] [stdout]   12:     0x63a9d8dffd13 - lsmlite[63779f59d978287e]::memtable::inner::tests::make_memtable
[INFO] [stdout]   13:     0x63a9d8e025f5 - lsmlite[63779f59d978287e]::memtable::inner::tests::test_case2_case3_right_left
[INFO] [stdout]   14:     0x63a9d8e17cf9 - <lsmlite[63779f59d978287e]::memtable::inner::tests::test_case2_case3_right_left::{closure#0} as core[7c831bd917ebf35f]::ops::function::FnOnce<()>>::call_once
[INFO] [stdout]   15:     0x63a9d8e2e45b - test[73009c9f9aebf890]::__rust_begin_short_backtrace::<core[7c831bd917ebf35f]::result::Result<(), alloc[2fdc3f7464fcf288]::string::String>, fn() -> core[7c831bd917ebf35f]::result::Result<(), alloc[2fdc3f7464fcf288]::string::String>>
[INFO] [stdout]   16:     0x63a9d8e3bac5 - test[73009c9f9aebf890]::run_test::{closure#0}
[INFO] [stdout]   17:     0x63a9d8e34e84 - std[104cf6e2632825ea]::sys::backtrace::__rust_begin_short_backtrace::<test[73009c9f9aebf890]::run_test::{closure#1}, ()>
[INFO] [stdout]   18:     0x63a9d8e3ec22 - <std[104cf6e2632825ea]::thread::lifecycle::spawn_unchecked<test[73009c9f9aebf890]::run_test::{closure#1}, ()>::{closure#1} as core[7c831bd917ebf35f]::ops::function::FnOnce<()>>::call_once::{shim:vtable#0}
[INFO] [stdout]   19:     0x63a9d8ed5d99 - <std[104cf6e2632825ea]::sys::thread::unix::Thread>::new::thread_start
[INFO] [stdout]   20:     0x7e091858907a - <unknown>
[INFO] [stdout]   21:     0x7e091861c534 - clone
[INFO] [stdout]   22:                0x0 - <unknown>
[INFO] [stdout] 
[INFO] [stdout] ---- memtable::inner::tests::test_root_is_black stdout ----
[INFO] [stdout] 
[INFO] [stdout] thread 'memtable::inner::tests::test_root_is_black' (698) panicked at src/memtable/inner.rs:673:46:
[INFO] [stdout] called `Result::unwrap()` on an `Err` value: Os { code: 30, kind: ReadOnlyFilesystem, message: "Read-only file system" }
[INFO] [stdout] stack backtrace:
[INFO] [stdout]    0:     0x63a9d8ed64d1 - <<std[104cf6e2632825ea]::sys::backtrace::BacktraceLock>::print::DisplayBacktrace as core[7c831bd917ebf35f]::fmt::Display>::fmt
[INFO] [stdout]    1:     0x63a9d8eeb29a - core[7c831bd917ebf35f]::fmt::write
[INFO] [stdout]    2:     0x63a9d8edae5c - <alloc[2fdc3f7464fcf288]::vec::Vec<u8> as core[7c831bd917ebf35f]::io::write::Write>::write_fmt
[INFO] [stdout]    3:     0x63a9d8eb0956 - std[104cf6e2632825ea]::panicking::default_hook::{closure#0}
[INFO] [stdout]    4:     0x63a9d8ecde29 - std[104cf6e2632825ea]::panicking::default_hook
[INFO] [stdout]    5:     0x63a9d8e3b170 - test[73009c9f9aebf890]::test_main_inner::<test[73009c9f9aebf890]::test_main_static::{closure#0}>::{closure#0}
[INFO] [stdout]    6:     0x63a9d8ece152 - std[104cf6e2632825ea]::panicking::panic_with_hook
[INFO] [stdout]    7:     0x63a9d8eb0a02 - std[104cf6e2632825ea]::panicking::panic_handler::{closure#0}
[INFO] [stdout]    8:     0x63a9d8ea91e9 - std[104cf6e2632825ea]::sys::backtrace::__rust_end_short_backtrace::<std[104cf6e2632825ea]::panicking::panic_handler::{closure#0}, !>
[INFO] [stdout]    9:     0x63a9d8eb15fd - __rustc[b0d56fa5b193ad05]::rust_begin_unwind
[INFO] [stdout]   10:     0x63a9d8eeb9fc - core[7c831bd917ebf35f]::panicking::panic_fmt
[INFO] [stdout]   11:     0x63a9d8eeb7d2 - core[7c831bd917ebf35f]::result::unwrap_failed
[INFO] [stdout]   12:     0x63a9d8dffd13 - lsmlite[63779f59d978287e]::memtable::inner::tests::make_memtable
[INFO] [stdout]   13:     0x63a9d8dffd97 - lsmlite[63779f59d978287e]::memtable::inner::tests::test_root_is_black
[INFO] [stdout]   14:     0x63a9d8e17c19 - <lsmlite[63779f59d978287e]::memtable::inner::tests::test_root_is_black::{closure#0} as core[7c831bd917ebf35f]::ops::function::FnOnce<()>>::call_once
[INFO] [stdout]   15:     0x63a9d8e2e45b - test[73009c9f9aebf890]::__rust_begin_short_backtrace::<core[7c831bd917ebf35f]::result::Result<(), alloc[2fdc3f7464fcf288]::string::String>, fn() -> core[7c831bd917ebf35f]::result::Result<(), alloc[2fdc3f7464fcf288]::string::String>>
[INFO] [stdout]   16:     0x63a9d8e3bac5 - test[73009c9f9aebf890]::run_test::{closure#0}
[INFO] [stdout]   17:     0x63a9d8e34e84 - std[104cf6e2632825ea]::sys::backtrace::__rust_begin_short_backtrace::<test[73009c9f9aebf890]::run_test::{closure#1}, ()>
[INFO] [stdout]   18:     0x63a9d8e3ec22 - <std[104cf6e2632825ea]::thread::lifecycle::spawn_unchecked<test[73009c9f9aebf890]::run_test::{closure#1}, ()>::{closure#1} as core[7c831bd917ebf35f]::ops::function::FnOnce<()>>::call_once::{shim:vtable#0}
[INFO] [stdout]   19:     0x63a9d8ed5d99 - <std[104cf6e2632825ea]::sys::thread::unix::Thread>::new::thread_start
[INFO] [stdout]   20:     0x7e091858907a - <unknown>
[INFO] [stdout]   21:     0x7e091861c534 - clone
[INFO] [stdout]   22:                0x0 - <unknown>
[INFO] [stdout] 
[INFO] [stdout] ---- memtable::tests::test_delete_writes_tombstone stdout ----
[INFO] [stdout] 
[INFO] [stdout] thread 'memtable::tests::test_delete_writes_tombstone' (700) panicked at src/memtable/mod.rs:95:46:
[INFO] [stdout] called `Result::unwrap()` on an `Err` value: Os { code: 30, kind: ReadOnlyFilesystem, message: "Read-only file system" }
[INFO] [stdout] stack backtrace:
[INFO] [stdout]    0:     0x63a9d8ed64d1 - <<std[104cf6e2632825ea]::sys::backtrace::BacktraceLock>::print::DisplayBacktrace as core[7c831bd917ebf35f]::fmt::Display>::fmt
[INFO] [stdout]    1:     0x63a9d8eeb29a - core[7c831bd917ebf35f]::fmt::write
[INFO] [stdout]    2:     0x63a9d8edae5c - <alloc[2fdc3f7464fcf288]::vec::Vec<u8> as core[7c831bd917ebf35f]::io::write::Write>::write_fmt
[INFO] [stdout]    3:     0x63a9d8eb0956 - std[104cf6e2632825ea]::panicking::default_hook::{closure#0}
[INFO] [stdout]    4:     0x63a9d8ecde29 - std[104cf6e2632825ea]::panicking::default_hook
[INFO] [stdout]    5:     0x63a9d8e3b170 - test[73009c9f9aebf890]::test_main_inner::<test[73009c9f9aebf890]::test_main_static::{closure#0}>::{closure#0}
[INFO] [stdout]    6:     0x63a9d8ece152 - std[104cf6e2632825ea]::panicking::panic_with_hook
[INFO] [stdout]    7:     0x63a9d8eb0a02 - std[104cf6e2632825ea]::panicking::panic_handler::{closure#0}
[INFO] [stdout]    8:     0x63a9d8ea91e9 - std[104cf6e2632825ea]::sys::backtrace::__rust_end_short_backtrace::<std[104cf6e2632825ea]::panicking::panic_handler::{closure#0}, !>
[INFO] [stdout]    9:     0x63a9d8eb15fd - __rustc[b0d56fa5b193ad05]::rust_begin_unwind
[INFO] [stdout]   10:     0x63a9d8eeb9fc - core[7c831bd917ebf35f]::panicking::panic_fmt
[INFO] [stdout]   11:     0x63a9d8eeb7d2 - core[7c831bd917ebf35f]::result::unwrap_failed
[INFO] [stdout]   12:     0x63a9d8dfd496 - lsmlite[63779f59d978287e]::memtable::tests::make_memtable
[INFO] [stdout]   13:     0x63a9d8dfa1f1 - lsmlite[63779f59d978287e]::memtable::tests::test_delete_writes_tombstone::{closure#0}
[INFO] [stdout]   14:     0x63a9d8e15db8 - <tokio[83c270dfd85efa1]::runtime::context::scoped::Scoped<tokio[83c270dfd85efa1]::runtime::scheduler::Context>>::set::<<tokio[83c270dfd85efa1]::runtime::scheduler::current_thread::CoreGuard>::enter<<tokio[83c270dfd85efa1]::runtime::scheduler::current_thread::CoreGuard>::block_on<core[7c831bd917ebf35f]::pin::Pin<&mut core[7c831bd917ebf35f]::pin::Pin<&mut dyn core[7c831bd917ebf35f]::future::future::Future<Output = ()>>>>::{closure#0}, core[7c831bd917ebf35f]::option::Option<()>>::{closure#0}, (alloc[2fdc3f7464fcf288]::boxed::Box<tokio[83c270dfd85efa1]::runtime::scheduler::current_thread::Core>, core[7c831bd917ebf35f]::option::Option<()>)>
[INFO] [stdout]   15:     0x63a9d8e165e3 - <tokio[83c270dfd85efa1]::runtime::scheduler::current_thread::CurrentThread>::block_on::<core[7c831bd917ebf35f]::pin::Pin<&mut dyn core[7c831bd917ebf35f]::future::future::Future<Output = ()>>>
[INFO] [stdout]   16:     0x63a9d8e259f2 - <tokio[83c270dfd85efa1]::runtime::runtime::Runtime>::block_on::<core[7c831bd917ebf35f]::pin::Pin<&mut dyn core[7c831bd917ebf35f]::future::future::Future<Output = ()>>>
[INFO] [stdout]   17:     0x63a9d8dfd87b - lsmlite[63779f59d978287e]::memtable::tests::test_delete_writes_tombstone
[INFO] [stdout]   18:     0x63a9d8e177f9 - <lsmlite[63779f59d978287e]::memtable::tests::test_delete_writes_tombstone::{closure#0} as core[7c831bd917ebf35f]::ops::function::FnOnce<()>>::call_once
[INFO] [stdout]   19:     0x63a9d8e2e45b - test[73009c9f9aebf890]::__rust_begin_short_backtrace::<core[7c831bd917ebf35f]::result::Result<(), alloc[2fdc3f7464fcf288]::string::String>, fn() -> core[7c831bd917ebf35f]::result::Result<(), alloc[2fdc3f7464fcf288]::string::String>>
[INFO] [stdout]   20:     0x63a9d8e3bac5 - test[73009c9f9aebf890]::run_test::{closure#0}
[INFO] [stdout]   21:     0x63a9d8e34e84 - std[104cf6e2632825ea]::sys::backtrace::__rust_begin_short_backtrace::<test[73009c9f9aebf890]::run_test::{closure#1}, ()>
[INFO] [stdout]   22:     0x63a9d8e3ec22 - <std[104cf6e2632825ea]::thread::lifecycle::spawn_unchecked<test[73009c9f9aebf890]::run_test::{closure#1}, ()>::{closure#1} as core[7c831bd917ebf35f]::ops::function::FnOnce<()>>::call_once::{shim:vtable#0}
[INFO] [stdout]   23:     0x63a9d8ed5d99 - <std[104cf6e2632825ea]::sys::thread::unix::Thread>::new::thread_start
[INFO] [stdout]   24:     0x7e091858907a - <unknown>
[INFO] [stdout]   25:     0x7e091861c534 - clone
[INFO] [stdout]   26:                0x0 - <unknown>
[INFO] [stdout] 
[INFO] [stdout] ---- compaction::tests::test_disjoint_keys_all_present stdout ----
[INFO] [stdout] 
[INFO] [stdout] thread 'compaction::tests::test_disjoint_keys_all_present' (673) panicked at src/memtable/inner.rs:627:51:
[INFO] [stdout] called `Result::unwrap()` on an `Err` value: Os { code: 30, kind: ReadOnlyFilesystem, message: "Read-only file system" }
[INFO] [stdout] stack backtrace:
[INFO] [stdout]    0:     0x63a9d8ed64d1 - <<std[104cf6e2632825ea]::sys::backtrace::BacktraceLock>::print::DisplayBacktrace as core[7c831bd917ebf35f]::fmt::Display>::fmt
[INFO] [stdout]    1:     0x63a9d8eeb29a - core[7c831bd917ebf35f]::fmt::write
[INFO] [stdout]    2:     0x63a9d8edae5c - <alloc[2fdc3f7464fcf288]::vec::Vec<u8> as core[7c831bd917ebf35f]::io::write::Write>::write_fmt
[INFO] [stdout]    3:     0x63a9d8eb0956 - std[104cf6e2632825ea]::panicking::default_hook::{closure#0}
[INFO] [stdout]    4:     0x63a9d8ecde29 - std[104cf6e2632825ea]::panicking::default_hook
[INFO] [stdout]    5:     0x63a9d8e3b170 - test[73009c9f9aebf890]::test_main_inner::<test[73009c9f9aebf890]::test_main_static::{closure#0}>::{closure#0}
[INFO] [stdout]    6:     0x63a9d8ece152 - std[104cf6e2632825ea]::panicking::panic_with_hook
[INFO] [stdout]    7:     0x63a9d8eb0a02 - std[104cf6e2632825ea]::panicking::panic_handler::{closure#0}
[INFO] [stdout]    8:     0x63a9d8ea91e9 - std[104cf6e2632825ea]::sys::backtrace::__rust_end_short_backtrace::<std[104cf6e2632825ea]::panicking::panic_handler::{closure#0}, !>
[INFO] [stdout]    9:     0x63a9d8eb15fd - __rustc[b0d56fa5b193ad05]::rust_begin_unwind
[INFO] [stdout]   10:     0x63a9d8eeb9fc - core[7c831bd917ebf35f]::panicking::panic_fmt
[INFO] [stdout]   11:     0x63a9d8eeb7d2 - core[7c831bd917ebf35f]::result::unwrap_failed
[INFO] [stdout]   12:     0x63a9d8e2ca2b - <lsmlite[63779f59d978287e]::memtable::inner::MemtableInner>::new_for_test
[INFO] [stdout]   13:     0x63a9d8e1b0d7 - lsmlite[63779f59d978287e]::compaction::tests::make_sstable::{closure#0}
[INFO] [stdout]   14:     0x63a9d8e1cc77 - lsmlite[63779f59d978287e]::compaction::tests::test_disjoint_keys_all_present::{closure#0}
[INFO] [stdout]   15:     0x63a9d8e15db8 - <tokio[83c270dfd85efa1]::runtime::context::scoped::Scoped<tokio[83c270dfd85efa1]::runtime::scheduler::Context>>::set::<<tokio[83c270dfd85efa1]::runtime::scheduler::current_thread::CoreGuard>::enter<<tokio[83c270dfd85efa1]::runtime::scheduler::current_thread::CoreGuard>::block_on<core[7c831bd917ebf35f]::pin::Pin<&mut core[7c831bd917ebf35f]::pin::Pin<&mut dyn core[7c831bd917ebf35f]::future::future::Future<Output = ()>>>>::{closure#0}, core[7c831bd917ebf35f]::option::Option<()>>::{closure#0}, (alloc[2fdc3f7464fcf288]::boxed::Box<tokio[83c270dfd85efa1]::runtime::scheduler::current_thread::Core>, core[7c831bd917ebf35f]::option::Option<()>)>
[INFO] [stdout]   16:     0x63a9d8e165e3 - <tokio[83c270dfd85efa1]::runtime::scheduler::current_thread::CurrentThread>::block_on::<core[7c831bd917ebf35f]::pin::Pin<&mut dyn core[7c831bd917ebf35f]::future::future::Future<Output = ()>>>
[INFO] [stdout]   17:     0x63a9d8e259f2 - <tokio[83c270dfd85efa1]::runtime::runtime::Runtime>::block_on::<core[7c831bd917ebf35f]::pin::Pin<&mut dyn core[7c831bd917ebf35f]::future::future::Future<Output = ()>>>
[INFO] [stdout]   18:     0x63a9d8e1f06b - lsmlite[63779f59d978287e]::compaction::tests::test_disjoint_keys_all_present
[INFO] [stdout]   19:     0x63a9d8e17349 - <lsmlite[63779f59d978287e]::compaction::tests::test_disjoint_keys_all_present::{closure#0} as core[7c831bd917ebf35f]::ops::function::FnOnce<()>>::call_once
[INFO] [stdout]   20:     0x63a9d8e2e45b - test[73009c9f9aebf890]::__rust_begin_short_backtrace::<core[7c831bd917ebf35f]::result::Result<(), alloc[2fdc3f7464fcf288]::string::String>, fn() -> core[7c831bd917ebf35f]::result::Result<(), alloc[2fdc3f7464fcf288]::string::String>>
[INFO] [stdout]   21:     0x63a9d8e3bac5 - test[73009c9f9aebf890]::run_test::{closure#0}
[INFO] [stdout]   22:     0x63a9d8e34e84 - std[104cf6e2632825ea]::sys::backtrace::__rust_begin_short_backtrace::<test[73009c9f9aebf890]::run_test::{closure#1}, ()>
[INFO] [stdout]   23:     0x63a9d8e3ec22 - <std[104cf6e2632825ea]::thread::lifecycle::spawn_unchecked<test[73009c9f9aebf890]::run_test::{closure#1}, ()>::{closure#1} as core[7c831bd917ebf35f]::ops::function::FnOnce<()>>::call_once::{shim:vtable#0}
[INFO] [stdout]   24:     0x63a9d8ed5d99 - <std[104cf6e2632825ea]::sys::thread::unix::Thread>::new::thread_start
[INFO] [stdout]   25:     0x7e091858907a - <unknown>
[INFO] [stdout]   26:     0x7e091861c534 - clone
[INFO] [stdout]   27:                0x0 - <unknown>
[INFO] [stdout] 
[INFO] [stdout] ---- memtable::tests::test_get_missing_returns_none stdout ----
[INFO] [stdout] 
[INFO] [stdout] thread 'memtable::tests::test_get_missing_returns_none' (701) panicked at src/memtable/mod.rs:95:46:
[INFO] [stdout] called `Result::unwrap()` on an `Err` value: Os { code: 30, kind: ReadOnlyFilesystem, message: "Read-only file system" }
[INFO] [stdout] stack backtrace:
[INFO] [stdout]    0:     0x63a9d8ed64d1 - <<std[104cf6e2632825ea]::sys::backtrace::BacktraceLock>::print::DisplayBacktrace as core[7c831bd917ebf35f]::fmt::Display>::fmt
[INFO] [stdout]    1:     0x63a9d8eeb29a - core[7c831bd917ebf35f]::fmt::write
[INFO] [stdout]    2:     0x63a9d8edae5c - <alloc[2fdc3f7464fcf288]::vec::Vec<u8> as core[7c831bd917ebf35f]::io::write::Write>::write_fmt
[INFO] [stdout]    3:     0x63a9d8eb0956 - std[104cf6e2632825ea]::panicking::default_hook::{closure#0}
[INFO] [stdout]    4:     0x63a9d8ecde29 - std[104cf6e2632825ea]::panicking::default_hook
[INFO] [stdout]    5:     0x63a9d8e3b170 - test[73009c9f9aebf890]::test_main_inner::<test[73009c9f9aebf890]::test_main_static::{closure#0}>::{closure#0}
[INFO] [stdout]    6:     0x63a9d8ece152 - std[104cf6e2632825ea]::panicking::panic_with_hook
[INFO] [stdout]    7:     0x63a9d8eb0a02 - std[104cf6e2632825ea]::panicking::panic_handler::{closure#0}
[INFO] [stdout]    8:     0x63a9d8ea91e9 - std[104cf6e2632825ea]::sys::backtrace::__rust_end_short_backtrace::<std[104cf6e2632825ea]::panicking::panic_handler::{closure#0}, !>
[INFO] [stdout]    9:     0x63a9d8eb15fd - __rustc[b0d56fa5b193ad05]::rust_begin_unwind
[INFO] [stdout]   10:     0x63a9d8eeb9fc - core[7c831bd917ebf35f]::panicking::panic_fmt
[INFO] [stdout]   11:     0x63a9d8eeb7d2 - core[7c831bd917ebf35f]::result::unwrap_failed
[INFO] [stdout]   12:     0x63a9d8dfd496 - lsmlite[63779f59d978287e]::memtable::tests::make_memtable
[INFO] [stdout]   13:     0x63a9d8dfa6df - lsmlite[63779f59d978287e]::memtable::tests::test_get_missing_returns_none::{closure#0}
[INFO] [stdout]   14:     0x63a9d8e15db8 - <tokio[83c270dfd85efa1]::runtime::context::scoped::Scoped<tokio[83c270dfd85efa1]::runtime::scheduler::Context>>::set::<<tokio[83c270dfd85efa1]::runtime::scheduler::current_thread::CoreGuard>::enter<<tokio[83c270dfd85efa1]::runtime::scheduler::current_thread::CoreGuard>::block_on<core[7c831bd917ebf35f]::pin::Pin<&mut core[7c831bd917ebf35f]::pin::Pin<&mut dyn core[7c831bd917ebf35f]::future::future::Future<Output = ()>>>>::{closure#0}, core[7c831bd917ebf35f]::option::Option<()>>::{closure#0}, (alloc[2fdc3f7464fcf288]::boxed::Box<tokio[83c270dfd85efa1]::runtime::scheduler::current_thread::Core>, core[7c831bd917ebf35f]::option::Option<()>)>
[INFO] [stdout]   15:     0x63a9d8e165e3 - <tokio[83c270dfd85efa1]::runtime::scheduler::current_thread::CurrentThread>::block_on::<core[7c831bd917ebf35f]::pin::Pin<&mut dyn core[7c831bd917ebf35f]::future::future::Future<Output = ()>>>
[INFO] [stdout]   16:     0x63a9d8e259f2 - <tokio[83c270dfd85efa1]::runtime::runtime::Runtime>::block_on::<core[7c831bd917ebf35f]::pin::Pin<&mut dyn core[7c831bd917ebf35f]::future::future::Future<Output = ()>>>
[INFO] [stdout]   17:     0x63a9d8dfd9cb - lsmlite[63779f59d978287e]::memtable::tests::test_get_missing_returns_none
[INFO] [stdout]   18:     0x63a9d8e17819 - <lsmlite[63779f59d978287e]::memtable::tests::test_get_missing_returns_none::{closure#0} as core[7c831bd917ebf35f]::ops::function::FnOnce<()>>::call_once
[INFO] [stdout]   19:     0x63a9d8e2e45b - test[73009c9f9aebf890]::__rust_begin_short_backtrace::<core[7c831bd917ebf35f]::result::Result<(), alloc[2fdc3f7464fcf288]::string::String>, fn() -> core[7c831bd917ebf35f]::result::Result<(), alloc[2fdc3f7464fcf288]::string::String>>
[INFO] [stdout]   20:     0x63a9d8e3bac5 - test[73009c9f9aebf890]::run_test::{closure#0}
[INFO] [stdout]   21:     0x63a9d8e34e84 - std[104cf6e2632825ea]::sys::backtrace::__rust_begin_short_backtrace::<test[73009c9f9aebf890]::run_test::{closure#1}, ()>
[INFO] [stdout]   22:     0x63a9d8e3ec22 - <std[104cf6e2632825ea]::thread::lifecycle::spawn_unchecked<test[73009c9f9aebf890]::run_test::{closure#1}, ()>::{closure#1} as core[7c831bd917ebf35f]::ops::function::FnOnce<()>>::call_once::{shim:vtable#0}
[INFO] [stdout]   23:     0x63a9d8ed5d99 - <std[104cf6e2632825ea]::sys::thread::unix::Thread>::new::thread_start
[INFO] [stdout]   24:     0x7e091858907a - <unknown>
[INFO] [stdout]   25:     0x7e091861c534 - clone
[INFO] [stdout]   26:                0x0 - <unknown>
[INFO] [stdout] 
[INFO] [stdout] ---- memtable::tests::test_insert_overwrites_existing stdout ----
[INFO] [stdout] 
[INFO] [stdout] thread 'memtable::tests::test_insert_overwrites_existing' (703) panicked at src/memtable/mod.rs:95:46:
[INFO] [stdout] called `Result::unwrap()` on an `Err` value: Os { code: 30, kind: ReadOnlyFilesystem, message: "Read-only file system" }
[INFO] [stdout] stack backtrace:
[INFO] [stdout]    0:     0x63a9d8ed64d1 - <<std[104cf6e2632825ea]::sys::backtrace::BacktraceLock>::print::DisplayBacktrace as core[7c831bd917ebf35f]::fmt::Display>::fmt
[INFO] [stdout]    1:     0x63a9d8eeb29a - core[7c831bd917ebf35f]::fmt::write
[INFO] [stdout]    2:     0x63a9d8edae5c - <alloc[2fdc3f7464fcf288]::vec::Vec<u8> as core[7c831bd917ebf35f]::io::write::Write>::write_fmt
[INFO] [stdout]    3:     0x63a9d8eb0956 - std[104cf6e2632825ea]::panicking::default_hook::{closure#0}
[INFO] [stdout]    4:     0x63a9d8ecde29 - std[104cf6e2632825ea]::panicking::default_hook
[INFO] [stdout]    5:     0x63a9d8e3b170 - test[73009c9f9aebf890]::test_main_inner::<test[73009c9f9aebf890]::test_main_static::{closure#0}>::{closure#0}
[INFO] [stdout]    6:     0x63a9d8ece152 - std[104cf6e2632825ea]::panicking::panic_with_hook
[INFO] [stdout]    7:     0x63a9d8eb0a02 - std[104cf6e2632825ea]::panicking::panic_handler::{closure#0}
[INFO] [stdout]    8:     0x63a9d8ea91e9 - std[104cf6e2632825ea]::sys::backtrace::__rust_end_short_backtrace::<std[104cf6e2632825ea]::panicking::panic_handler::{closure#0}, !>
[INFO] [stdout]    9:     0x63a9d8eb15fd - __rustc[b0d56fa5b193ad05]::rust_begin_unwind
[INFO] [stdout]   10:     0x63a9d8eeb9fc - core[7c831bd917ebf35f]::panicking::panic_fmt
[INFO] [stdout]   11:     0x63a9d8eeb7d2 - core[7c831bd917ebf35f]::result::unwrap_failed
[INFO] [stdout]   12:     0x63a9d8dfd496 - lsmlite[63779f59d978287e]::memtable::tests::make_memtable
[INFO] [stdout]   13:     0x63a9d8dfb3d1 - lsmlite[63779f59d978287e]::memtable::tests::test_insert_overwrites_existing::{closure#0}
[INFO] [stdout]   14:     0x63a9d8e15db8 - <tokio[83c270dfd85efa1]::runtime::context::scoped::Scoped<tokio[83c270dfd85efa1]::runtime::scheduler::Context>>::set::<<tokio[83c270dfd85efa1]::runtime::scheduler::current_thread::CoreGuard>::enter<<tokio[83c270dfd85efa1]::runtime::scheduler::current_thread::CoreGuard>::block_on<core[7c831bd917ebf35f]::pin::Pin<&mut core[7c831bd917ebf35f]::pin::Pin<&mut dyn core[7c831bd917ebf35f]::future::future::Future<Output = ()>>>>::{closure#0}, core[7c831bd917ebf35f]::option::Option<()>>::{closure#0}, (alloc[2fdc3f7464fcf288]::boxed::Box<tokio[83c270dfd85efa1]::runtime::scheduler::current_thread::Core>, core[7c831bd917ebf35f]::option::Option<()>)>
[INFO] [stdout]   15:     0x63a9d8e165e3 - <tokio[83c270dfd85efa1]::runtime::scheduler::current_thread::CurrentThread>::block_on::<core[7c831bd917ebf35f]::pin::Pin<&mut dyn core[7c831bd917ebf35f]::future::future::Future<Output = ()>>>
[INFO] [stdout]   16:     0x63a9d8e259f2 - <tokio[83c270dfd85efa1]::runtime::runtime::Runtime>::block_on::<core[7c831bd917ebf35f]::pin::Pin<&mut dyn core[7c831bd917ebf35f]::future::future::Future<Output = ()>>>
[INFO] [stdout]   17:     0x63a9d8dfdc6b - lsmlite[63779f59d978287e]::memtable::tests::test_insert_overwrites_existing
[INFO] [stdout]   18:     0x63a9d8e17859 - <lsmlite[63779f59d978287e]::memtable::tests::test_insert_overwrites_existing::{closure#0} as core[7c831bd917ebf35f]::ops::function::FnOnce<()>>::call_once
[INFO] [stdout]   19:     0x63a9d8e2e45b - test[73009c9f9aebf890]::__rust_begin_short_backtrace::<core[7c831bd917ebf35f]::result::Result<(), alloc[2fdc3f7464fcf288]::string::String>, fn() -> core[7c831bd917ebf35f]::result::Result<(), alloc[2fdc3f7464fcf288]::string::String>>
[INFO] [stdout]   20:     0x63a9d8e3bac5 - test[73009c9f9aebf890]::run_test::{closure#0}
[INFO] [stdout]   21:     0x63a9d8e34e84 - std[104cf6e2632825ea]::sys::backtrace::__rust_begin_short_backtrace::<test[73009c9f9aebf890]::run_test::{closure#1}, ()>
[INFO] [stdout]   22:     0x63a9d8e3ec22 - <std[104cf6e2632825ea]::thread::lifecycle::spawn_unchecked<test[73009c9f9aebf890]::run_test::{closure#1}, ()>::{closure#1} as core[7c831bd917ebf35f]::ops::function::FnOnce<()>>::call_once::{shim:vtable#0}
[INFO] [stdout]   23:     0x63a9d8ed5d99 - <std[104cf6e2632825ea]::sys::thread::unix::Thread>::new::thread_start
[INFO] [stdout]   24:     0x7e091858907a - <unknown>
[INFO] [stdout]   25:     0x7e091861c534 - clone
[INFO] [stdout]   26:                0x0 - <unknown>
[INFO] [stdout] 
[INFO] [stdout] ---- memtable::tests::test_delete_nonexistent_key_writes_tombstone stdout ----
[INFO] [stdout] 
[INFO] [stdout] thread 'memtable::tests::test_delete_nonexistent_key_writes_tombstone' (699) panicked at src/memtable/mod.rs:95:46:
[INFO] [stdout] called `Result::unwrap()` on an `Err` value: Os { code: 30, kind: ReadOnlyFilesystem, message: "Read-only file system" }
[INFO] [stdout] stack backtrace:
[INFO] [stdout]    0:     0x63a9d8ed64d1 - <<std[104cf6e2632825ea]::sys::backtrace::BacktraceLock>::print::DisplayBacktrace as core[7c831bd917ebf35f]::fmt::Display>::fmt
[INFO] [stdout]    1:     0x63a9d8eeb29a - core[7c831bd917ebf35f]::fmt::write
[INFO] [stdout]    2:     0x63a9d8edae5c - <alloc[2fdc3f7464fcf288]::vec::Vec<u8> as core[7c831bd917ebf35f]::io::write::Write>::write_fmt
[INFO] [stdout]    3:     0x63a9d8eb0956 - std[104cf6e2632825ea]::panicking::default_hook::{closure#0}
[INFO] [stdout]    4:     0x63a9d8ecde29 - std[104cf6e2632825ea]::panicking::default_hook
[INFO] [stdout]    5:     0x63a9d8e3b170 - test[73009c9f9aebf890]::test_main_inner::<test[73009c9f9aebf890]::test_main_static::{closure#0}>::{closure#0}
[INFO] [stdout]    6:     0x63a9d8ece152 - std[104cf6e2632825ea]::panicking::panic_with_hook
[INFO] [stdout]    7:     0x63a9d8eb0a02 - std[104cf6e2632825ea]::panicking::panic_handler::{closure#0}
[INFO] [stdout]    8:     0x63a9d8ea91e9 - std[104cf6e2632825ea]::sys::backtrace::__rust_end_short_backtrace::<std[104cf6e2632825ea]::panicking::panic_handler::{closure#0}, !>
[INFO] [stdout]    9:     0x63a9d8eb15fd - __rustc[b0d56fa5b193ad05]::rust_begin_unwind
[INFO] [stdout]   10:     0x63a9d8eeb9fc - core[7c831bd917ebf35f]::panicking::panic_fmt
[INFO] [stdout]   11:     0x63a9d8eeb7d2 - core[7c831bd917ebf35f]::result::unwrap_failed
[INFO] [stdout]   12:     0x63a9d8dfd496 - lsmlite[63779f59d978287e]::memtable::tests::make_memtable
[INFO] [stdout]   13:     0x63a9d8dfce11 - lsmlite[63779f59d978287e]::memtable::tests::test_delete_nonexistent_key_writes_tombstone::{closure#0}
[INFO] [stdout]   14:     0x63a9d8e15db8 - <tokio[83c270dfd85efa1]::runtime::context::scoped::Scoped<tokio[83c270dfd85efa1]::runtime::scheduler::Context>>::set::<<tokio[83c270dfd85efa1]::runtime::scheduler::current_thread::CoreGuard>::enter<<tokio[83c270dfd85efa1]::runtime::scheduler::current_thread::CoreGuard>::block_on<core[7c831bd917ebf35f]::pin::Pin<&mut core[7c831bd917ebf35f]::pin::Pin<&mut dyn core[7c831bd917ebf35f]::future::future::Future<Output = ()>>>>::{closure#0}, core[7c831bd917ebf35f]::option::Option<()>>::{closure#0}, (alloc[2fdc3f7464fcf288]::boxed::Box<tokio[83c270dfd85efa1]::runtime::scheduler::current_thread::Core>, core[7c831bd917ebf35f]::option::Option<()>)>
[INFO] [stdout]   15:     0x63a9d8e165e3 - <tokio[83c270dfd85efa1]::runtime::scheduler::current_thread::CurrentThread>::block_on::<core[7c831bd917ebf35f]::pin::Pin<&mut dyn core[7c831bd917ebf35f]::future::future::Future<Output = ()>>>
[INFO] [stdout]   16:     0x63a9d8e259f2 - <tokio[83c270dfd85efa1]::runtime::runtime::Runtime>::block_on::<core[7c831bd917ebf35f]::pin::Pin<&mut dyn core[7c831bd917ebf35f]::future::future::Future<Output = ()>>>
[INFO] [stdout]   17:     0x63a9d8dfe05b - lsmlite[63779f59d978287e]::memtable::tests::test_delete_nonexistent_key_writes_tombstone
[INFO] [stdout]   18:     0x63a9d8e178b9 - <lsmlite[63779f59d978287e]::memtable::tests::test_delete_nonexistent_key_writes_tombstone::{closure#0} as core[7c831bd917ebf35f]::ops::function::FnOnce<()>>::call_once
[INFO] [stdout]   19:     0x63a9d8e2e45b - test[73009c9f9aebf890]::__rust_begin_short_backtrace::<core[7c831bd917ebf35f]::result::Result<(), alloc[2fdc3f7464fcf288]::string::String>, fn() -> core[7c831bd917ebf35f]::result::Result<(), alloc[2fdc3f7464fcf288]::string::String>>
[INFO] [stdout]   20:     0x63a9d8e3bac5 - test[73009c9f9aebf890]::run_test::{closure#0}
[INFO] [stdout]   21:     0x63a9d8e34e84 - std[104cf6e2632825ea]::sys::backtrace::__rust_begin_short_backtrace::<test[73009c9f9aebf890]::run_test::{closure#1}, ()>
[INFO] [stdout]   22:     0x63a9d8e3ec22 - <std[104cf6e2632825ea]::thread::lifecycle::spawn_unchecked<test[73009c9f9aebf890]::run_test::{closure#1}, ()>::{closure#1} as core[7c831bd917ebf35f]::ops::function::FnOnce<()>>::call_once::{shim:vtable#0}
[INFO] [stdout]   23:     0x63a9d8ed5d99 - <std[104cf6e2632825ea]::sys::thread::unix::Thread>::new::thread_start
[INFO] [stdout]   24:     0x7e091858907a - <unknown>
[INFO] [stdout]   25:     0x7e091861c534 - clone
[INFO] [stdout]   26:                0x0 - <unknown>
[INFO] [stdout] 
[INFO] [stdout] ---- memtable::tests::test_new_from_wal_recovers_data stdout ----
[INFO] [stdout] 
[INFO] [stdout] thread 'memtable::tests::test_new_from_wal_recovers_data' (704) panicked at src/memtable/mod.rs:212:50:
[INFO] [stdout] called `Result::unwrap()` on an `Err` value: Os { code: 30, kind: ReadOnlyFilesystem, message: "Read-only file system" }
[INFO] [stdout] stack backtrace:
[INFO] [stdout]    0:     0x63a9d8ed64d1 - <<std[104cf6e2632825ea]::sys::backtrace::BacktraceLock>::print::DisplayBacktrace as core[7c831bd917ebf35f]::fmt::Display>::fmt
[INFO] [stdout]    1:     0x63a9d8eeb29a - core[7c831bd917ebf35f]::fmt::write
[INFO] [stdout]    2:     0x63a9d8edae5c - <alloc[2fdc3f7464fcf288]::vec::Vec<u8> as core[7c831bd917ebf35f]::io::write::Write>::write_fmt
[INFO] [stdout]    3:     0x63a9d8eb0956 - std[104cf6e2632825ea]::panicking::default_hook::{closure#0}
[INFO] [stdout]    4:     0x63a9d8ecde29 - std[104cf6e2632825ea]::panicking::default_hook
[INFO] [stdout]    5:     0x63a9d8e3b170 - test[73009c9f9aebf890]::test_main_inner::<test[73009c9f9aebf890]::test_main_static::{closure#0}>::{closure#0}
[INFO] [stdout]    6:     0x63a9d8ece152 - std[104cf6e2632825ea]::panicking::panic_with_hook
[INFO] [stdout]    7:     0x63a9d8eb0a02 - std[104cf6e2632825ea]::panicking::panic_handler::{closure#0}
[INFO] [stdout]    8:     0x63a9d8ea91e9 - std[104cf6e2632825ea]::sys::backtrace::__rust_end_short_backtrace::<std[104cf6e2632825ea]::panicking::panic_handler::{closure#0}, !>
[INFO] [stdout]    9:     0x63a9d8eb15fd - __rustc[b0d56fa5b193ad05]::rust_begin_unwind
[INFO] [stdout]   10:     0x63a9d8eeb9fc - core[7c831bd917ebf35f]::panicking::panic_fmt
[INFO] [stdout]   11:     0x63a9d8eeb7d2 - core[7c831bd917ebf35f]::result::unwrap_failed
[INFO] [stdout]   12:     0x63a9d8dfc321 - lsmlite[63779f59d978287e]::memtable::tests::test_new_from_wal_recovers_data::{closure#0}
[INFO] [stdout]   13:     0x63a9d8e15db8 - <tokio[83c270dfd85efa1]::runtime::context::scoped::Scoped<tokio[83c270dfd85efa1]::runtime::scheduler::Context>>::set::<<tokio[83c270dfd85efa1]::runtime::scheduler::current_thread::CoreGuard>::enter<<tokio[83c270dfd85efa1]::runtime::scheduler::current_thread::CoreGuard>::block_on<core[7c831bd917ebf35f]::pin::Pin<&mut core[7c831bd917ebf35f]::pin::Pin<&mut dyn core[7c831bd917ebf35f]::future::future::Future<Output = ()>>>>::{closure#0}, core[7c831bd917ebf35f]::option::Option<()>>::{closure#0}, (alloc[2fdc3f7464fcf288]::boxed::Box<tokio[83c270dfd85efa1]::runtime::scheduler::current_thread::Core>, core[7c831bd917ebf35f]::option::Option<()>)>
[INFO] [stdout]   14:     0x63a9d8e165e3 - <tokio[83c270dfd85efa1]::runtime::scheduler::current_thread::CurrentThread>::block_on::<core[7c831bd917ebf35f]::pin::Pin<&mut dyn core[7c831bd917ebf35f]::future::future::Future<Output = ()>>>
[INFO] [stdout]   15:     0x63a9d8e259f2 - <tokio[83c270dfd85efa1]::runtime::runtime::Runtime>::block_on::<core[7c831bd917ebf35f]::pin::Pin<&mut dyn core[7c831bd917ebf35f]::future::future::Future<Output = ()>>>
[INFO] [stdout]   16:     0x63a9d8dfddbb - lsmlite[63779f59d978287e]::memtable::tests::test_new_from_wal_recovers_data
[INFO] [stdout]   17:     0x63a9d8e17879 - <lsmlite[63779f59d978287e]::memtable::tests::test_new_from_wal_recovers_data::{closure#0} as core[7c831bd917ebf35f]::ops::function::FnOnce<()>>::call_once
[INFO] [stdout]   18:     0x63a9d8e2e45b - test[73009c9f9aebf890]::__rust_begin_short_backtrace::<core[7c831bd917ebf35f]::result::Result<(), alloc[2fdc3f7464fcf288]::string::String>, fn() -> core[7c831bd917ebf35f]::result::Result<(), alloc[2fdc3f7464fcf288]::string::String>>
[INFO] [stdout]   19:     0x63a9d8e3bac5 - test[73009c9f9aebf890]::run_test::{closure#0}
[INFO] [stdout]   20:     0x63a9d8e34e84 - std[104cf6e2632825ea]::sys::backtrace::__rust_begin_short_backtrace::<test[73009c9f9aebf890]::run_test::{closure#1}, ()>
[INFO] [stdout]   21:     0x63a9d8e3ec22 - <std[104cf6e2632825ea]::thread::lifecycle::spawn_unchecked<test[73009c9f9aebf890]::run_test::{closure#1}, ()>::{closure#1} as core[7c831bd917ebf35f]::ops::function::FnOnce<()>>::call_once::{shim:vtable#0}
[INFO] [stdout]   22:     0x63a9d8ed5d99 - <std[104cf6e2632825ea]::sys::thread::unix::Thread>::new::thread_start
[INFO] [stdout]   23:     0x7e091858907a - <unknown>
[INFO] [stdout]   24:     0x7e091861c534 - clone
[INFO] [stdout]   25:                0x0 - <unknown>
[INFO] [stdout] 
[INFO] [stdout] ---- memtable::immutable::tests::test_insert_and_get stdout ----
[INFO] [stdout] 
[INFO] [stdout] thread 'memtable::immutable::tests::test_insert_and_get' (685) panicked at src/memtable/inner.rs:627:51:
[INFO] [stdout] called `Result::unwrap()` on an `Err` value: Os { code: 30, kind: ReadOnlyFilesystem, message: "Read-only file system" }
[INFO] [stdout] stack backtrace:
[INFO] [stdout]    0:     0x63a9d8ed64d1 - <<std[104cf6e2632825ea]::sys::backtrace::BacktraceLock>::print::DisplayBacktrace as core[7c831bd917ebf35f]::fmt::Display>::fmt
[INFO] [stdout]    1:     0x63a9d8eeb29a - core[7c831bd917ebf35f]::fmt::write
[INFO] [stdout]    2:     0x63a9d8edae5c - <alloc[2fdc3f7464fcf288]::vec::Vec<u8> as core[7c831bd917ebf35f]::io::write::Write>::write_fmt
[INFO] [stdout]    3:     0x63a9d8eb0956 - std[104cf6e2632825ea]::panicking::default_hook::{closure#0}
[INFO] [stdout]    4:     0x63a9d8ecde29 - std[104cf6e2632825ea]::panicking::default_hook
[INFO] [stdout]    5:     0x63a9d8e3b170 - test[73009c9f9aebf890]::test_main_inner::<test[73009c9f9aebf890]::test_main_static::{closure#0}>::{closure#0}
[INFO] [stdout]    6:     0x63a9d8ece152 - std[104cf6e2632825ea]::panicking::panic_with_hook
[INFO] [stdout]    7:     0x63a9d8eb0a02 - std[104cf6e2632825ea]::panicking::panic_handler::{closure#0}
[INFO] [stdout]    8:     0x63a9d8ea91e9 - std[104cf6e2632825ea]::sys::backtrace::__rust_end_short_backtrace::<std[104cf6e2632825ea]::panicking::panic_handler::{closure#0}, !>
[INFO] [stdout]    9:     0x63a9d8eb15fd - __rustc[b0d56fa5b193ad05]::rust_begin_unwind
[INFO] [stdout]   10:     0x63a9d8eeb9fc - core[7c831bd917ebf35f]::panicking::panic_fmt
[INFO] [stdout]   11:     0x63a9d8eeb7d2 - core[7c831bd917ebf35f]::result::unwrap_failed
[INFO] [stdout]   12:     0x63a9d8e2ca2b - <lsmlite[63779f59d978287e]::memtable::inner::MemtableInner>::new_for_test
[INFO] [stdout]   13:     0x63a9d8e0b657 - lsmlite[63779f59d978287e]::memtable::immutable::tests::make_inner
[INFO] [stdout]   14:     0x63a9d8e09758 - lsmlite[63779f59d978287e]::memtable::immutable::tests::test_insert_and_get::{closure#0}
[INFO] [stdout]   15:     0x63a9d8e15db8 - <tokio[83c270dfd85efa1]::runtime::context::scoped::Scoped<tokio[83c270dfd85efa1]::runtime::scheduler::Context>>::set::<<tokio[83c270dfd85efa1]::runtime::scheduler::current_thread::CoreGuard>::enter<<tokio[83c270dfd85efa1]::runtime::scheduler::current_thread::CoreGuard>::block_on<core[7c831bd917ebf35f]::pin::Pin<&mut core[7c831bd917ebf35f]::pin::Pin<&mut dyn core[7c831bd917ebf35f]::future::future::Future<Output = ()>>>>::{closure#0}, core[7c831bd917ebf35f]::option::Option<()>>::{closure#0}, (alloc[2fdc3f7464fcf288]::boxed::Box<tokio[83c270dfd85efa1]::runtime::scheduler::current_thread::Core>, core[7c831bd917ebf35f]::option::Option<()>)>
[INFO] [stdout]   16:     0x63a9d8e165e3 - <tokio[83c270dfd85efa1]::runtime::scheduler::current_thread::CurrentThread>::block_on::<core[7c831bd917ebf35f]::pin::Pin<&mut dyn core[7c831bd917ebf35f]::future::future::Future<Output = ()>>>
[INFO] [stdout]   17:     0x63a9d8e259f2 - <tokio[83c270dfd85efa1]::runtime::runtime::Runtime>::block_on::<core[7c831bd917ebf35f]::pin::Pin<&mut dyn core[7c831bd917ebf35f]::future::future::Future<Output = ()>>>
[INFO] [stdout]   18:     0x63a9d8e0be7b - lsmlite[63779f59d978287e]::memtable::immutable::tests::test_insert_and_get
[INFO] [stdout]   19:     0x63a9d8e17d79 - <lsmlite[63779f59d978287e]::memtable::immutable::tests::test_insert_and_get::{closure#0} as core[7c831bd917ebf35f]::ops::function::FnOnce<()>>::call_once
[INFO] [stdout]   20:     0x63a9d8e2e45b - test[73009c9f9aebf890]::__rust_begin_short_backtrace::<core[7c831bd917ebf35f]::result::Result<(), alloc[2fdc3f7464fcf288]::string::String>, fn() -> core[7c831bd917ebf35f]::result::Result<(), alloc[2fdc3f7464fcf288]::string::String>>
[INFO] [stdout]   21:     0x63a9d8e3bac5 - test[73009c9f9aebf890]::run_test::{closure#0}
[INFO] [stdout]   22:     0x63a9d8e34e84 - std[104cf6e2632825ea]::sys::backtrace::__rust_begin_short_backtrace::<test[73009c9f9aebf890]::run_test::{closure#1}, ()>
[INFO] [stdout]   23:     0x63a9d8e3ec22 - <std[104cf6e2632825ea]::thread::lifecycle::spawn_unchecked<test[73009c9f9aebf890]::run_test::{closure#1}, ()>::{closure#1} as core[7c831bd917ebf35f]::ops::function::FnOnce<()>>::call_once::{shim:vtable#0}
[INFO] [stdout]   24:     0x63a9d8ed5d99 - <std[104cf6e2632825ea]::sys::thread::unix::Thread>::new::thread_start
[INFO] [stdout]   25:     0x7e091858907a - <unknown>
[INFO] [stdout]   26:     0x7e091861c534 - clone
[INFO] [stdout]   27:                0x0 - <unknown>
[INFO] [stdout] 
[INFO] [stdout] ---- memtable::tests::test_rotate_fresh_table_is_empty stdout ----
[INFO] [stdout] 
[INFO] [stdout] thread 'memtable::tests::test_rotate_fresh_table_is_empty' (705) panicked at src/memtable/mod.rs:95:46:
[INFO] [stdout] called `Result::unwrap()` on an `Err` value: Os { code: 30, kind: ReadOnlyFilesystem, message: "Read-only file system" }
[INFO] [stdout] stack backtrace:
[INFO] [stdout]    0:     0x63a9d8ed64d1 - <<std[104cf6e2632825ea]::sys::backtrace::BacktraceLock>::print::DisplayBacktrace as core[7c831bd917ebf35f]::fmt::Display>::fmt
[INFO] [stdout]    1:     0x63a9d8eeb29a - core[7c831bd917ebf35f]::fmt::write
[INFO] [stdout]    2:     0x63a9d8edae5c - <alloc[2fdc3f7464fcf288]::vec::Vec<u8> as core[7c831bd917ebf35f]::io::write::Write>::write_fmt
[INFO] [stdout]    3:     0x63a9d8eb0956 - std[104cf6e2632825ea]::panicking::default_hook::{closure#0}
[INFO] [stdout]    4:     0x63a9d8ecde29 - std[104cf6e2632825ea]::panicking::default_hook
[INFO] [stdout]    5:     0x63a9d8e3b170 - test[73009c9f9aebf890]::test_main_inner::<test[73009c9f9aebf890]::test_main_static::{closure#0}>::{closure#0}
[INFO] [stdout]    6:     0x63a9d8ece152 - std[104cf6e2632825ea]::panicking::panic_with_hook
[INFO] [stdout]    7:     0x63a9d8eb0a02 - std[104cf6e2632825ea]::panicking::panic_handler::{closure#0}
[INFO] [stdout]    8:     0x63a9d8ea91e9 - std[104cf6e2632825ea]::sys::backtrace::__rust_end_short_backtrace::<std[104cf6e2632825ea]::panicking::panic_handler::{closure#0}, !>
[INFO] [stdout]    9:     0x63a9d8eb15fd - __rustc[b0d56fa5b193ad05]::rust_begin_unwind
[INFO] [stdout]   10:     0x63a9d8eeb9fc - core[7c831bd917ebf35f]::panicking::panic_fmt
[INFO] [stdout]   11:     0x63a9d8eeb7d2 - core[7c831bd917ebf35f]::result::unwrap_failed
[INFO] [stdout]   12:     0x63a9d8dfd496 - lsmlite[63779f59d978287e]::memtable::tests::make_memtable
[INFO] [stdout]   13:     0x63a9d8dfc6b5 - lsmlite[63779f59d978287e]::memtable::tests::test_rotate_fresh_table_is_empty::{closure#0}
[INFO] [stdout]   14:     0x63a9d8e15db8 - <tokio[83c270dfd85efa1]::runtime::context::scoped::Scoped<tokio[83c270dfd85efa1]::runtime::scheduler::Context>>::set::<<tokio[83c270dfd85efa1]::runtime::scheduler::current_thread::CoreGuard>::enter<<tokio[83c270dfd85efa1]::runtime::scheduler::current_thread::CoreGuard>::block_on<core[7c831bd917ebf35f]::pin::Pin<&mut core[7c831bd917ebf35f]::pin::Pin<&mut dyn core[7c831bd917ebf35f]::future::future::Future<Output = ()>>>>::{closure#0}, core[7c831bd917ebf35f]::option::Option<()>>::{closure#0}, (alloc[2fdc3f7464fcf288]::boxed::Box<tokio[83c270dfd85efa1]::runtime::scheduler::current_thread::Core>, core[7c831bd917ebf35f]::option::Option<()>)>
[INFO] [stdout]   15:     0x63a9d8e165e3 - <tokio[83c270dfd85efa1]::runtime::scheduler::current_thread::CurrentThread>::block_on::<core[7c831bd917ebf35f]::pin::Pin<&mut dyn core[7c831bd917ebf35f]::future::future::Future<Output = ()>>>
[INFO] [stdout]   16:     0x63a9d8e259f2 - <tokio[83c270dfd85efa1]::runtime::runtime::Runtime>::block_on::<core[7c831bd917ebf35f]::pin::Pin<&mut dyn core[7c831bd917ebf35f]::future::future::Future<Output = ()>>>
[INFO] [stdout]   17:     0x63a9d8dfdf0b - lsmlite[63779f59d978287e]::memtable::tests::test_rotate_fresh_table_is_empty
[INFO] [stdout]   18:     0x63a9d8e17899 - <lsmlite[63779f59d978287e]::memtable::tests::test_rotate_fresh_table_is_empty::{closure#0} as core[7c831bd917ebf35f]::ops::function::FnOnce<()>>::call_once
[INFO] [stdout]   19:     0x63a9d8e2e45b - test[73009c9f9aebf890]::__rust_begin_short_backtrace::<core[7c831bd917ebf35f]::result::Result<(), alloc[2fdc3f7464fcf288]::string::String>, fn() -> core[7c831bd917ebf35f]::result::Result<(), alloc[2fdc3f7464fcf288]::string::String>>
[INFO] [stdout]   20:     0x63a9d8e3bac5 - test[73009c9f9aebf890]::run_test::{closure#0}
[INFO] [stdout]   21:     0x63a9d8e34e84 - std[104cf6e2632825ea]::sys::backtrace::__rust_begin_short_backtrace::<test[73009c9f9aebf890]::run_test::{closure#1}, ()>
[INFO] [stdout]   22:     0x63a9d8e3ec22 - <std[104cf6e2632825ea]::thread::lifecycle::spawn_unchecked<test[73009c9f9aebf890]::run_test::{closure#1}, ()>::{closure#1} as core[7c831bd917ebf35f]::ops::function::FnOnce<()>>::call_once::{shim:vtable#0}
[INFO] [stdout]   23:     0x63a9d8ed5d99 - <std[104cf6e2632825ea]::sys::thread::unix::Thread>::new::thread_start
[INFO] [stdout]   24:     0x7e091858907a - <unknown>
[INFO] [stdout]   25:     0x7e091861c534 - clone
[INFO] [stdout]   26:                0x0 - <unknown>
[INFO] [stdout] 
[INFO] [stdout] ---- memtable::inner::tests::test_case1_uncle_red stdout ----
[INFO] [stdout] 
[INFO] [stdout] thread 'memtable::inner::tests::test_case1_uncle_red' (690) panicked at src/memtable/inner.rs:673:46:
[INFO] [stdout] called `Result::unwrap()` on an `Err` value: Os { code: 30, kind: ReadOnlyFilesystem, message: "Read-only file system" }
[INFO] [stdout] stack backtrace:
[INFO] [stdout]    0:     0x63a9d8ed64d1 - <<std[104cf6e2632825ea]::sys::backtrace::BacktraceLock>::print::DisplayBacktrace as core[7c831bd917ebf35f]::fmt::Display>::fmt
[INFO] [stdout]    1:     0x63a9d8eeb29a - core[7c831bd917ebf35f]::fmt::write
[INFO] [stdout]    2:     0x63a9d8edae5c - <alloc[2fdc3f7464fcf288]::vec::Vec<u8> as core[7c831bd917ebf35f]::io::write::Write>::write_fmt
[INFO] [stdout]    3:     0x63a9d8eb0956 - std[104cf6e2632825ea]::panicking::default_hook::{closure#0}
[INFO] [stdout]    4:     0x63a9d8ecde29 - std[104cf6e2632825ea]::panicking::default_hook
[INFO] [stdout]    5:     0x63a9d8e3b170 - test[73009c9f9aebf890]::test_main_inner::<test[73009c9f9aebf890]::test_main_static::{closure#0}>::{closure#0}
[INFO] [stdout]    6:     0x63a9d8ece152 - std[104cf6e2632825ea]::panicking::panic_with_hook
[INFO] [stdout]    7:     0x63a9d8eb0a02 - std[104cf6e2632825ea]::panicking::panic_handler::{closure#0}
[INFO] [stdout]    8:     0x63a9d8ea91e9 - std[104cf6e2632825ea]::sys::backtrace::__rust_end_short_backtrace::<std[104cf6e2632825ea]::panicking::panic_handler::{closure#0}, !>
[INFO] [stdout]    9:     0x63a9d8eb15fd - __rustc[b0d56fa5b193ad05]::rust_begin_unwind
[INFO] [stdout]   10:     0x63a9d8eeb9fc - core[7c831bd917ebf35f]::panicking::panic_fmt
[INFO] [stdout]   11:     0x63a9d8eeb7d2 - core[7c831bd917ebf35f]::result::unwrap_failed
[INFO] [stdout]   12:     0x63a9d8dffd13 - lsmlite[63779f59d978287e]::memtable::inner::tests::make_memtable
[INFO] [stdout]   13:     0x63a9d8e000b5 - lsmlite[63779f59d978287e]::memtable::inner::tests::test_case1_uncle_red
[INFO] [stdout]   14:     0x63a9d8e17c39 - <lsmlite[63779f59d978287e]::memtable::inner::tests::test_case1_uncle_red::{closure#0} as core[7c831bd917ebf35f]::ops::function::FnOnce<()>>::call_once
[INFO] [stdout]   15:     0x63a9d8e2e45b - test[73009c9f9aebf890]::__rust_begin_short_backtrace::<core[7c831bd917ebf35f]::result::Result<(), alloc[2fdc3f7464fcf288]::string::String>, fn() -> core[7c831bd917ebf35f]::result::Result<(), alloc[2fdc3f7464fcf288]::string::String>>
[INFO] [stdout]   16:     0x63a9d8e3bac5 - test[73009c9f9aebf890]::run_test::{closure#0}
[INFO] [stdout]   17:     0x63a9d8e34e84 - std[104cf6e2632825ea]::sys::backtrace::__rust_begin_short_backtrace::<test[73009c9f9aebf890]::run_test::{closure#1}, ()>
[INFO] [stdout]   18:     0x63a9d8e3ec22 - <std[104cf6e2632825ea]::thread::lifecycle::spawn_unchecked<test[73009c9f9aebf890]::run_test::{closure#1}, ()>::{closure#1} as core[7c831bd917ebf35f]::ops::function::FnOnce<()>>::call_once::{shim:vtable#0}
[INFO] [stdout]   19:     0x63a9d8ed5d99 - <std[104cf6e2632825ea]::sys::thread::unix::Thread>::new::thread_start
[INFO] [stdout]   20:     0x7e091858907a - <unknown>
[INFO] [stdout]   21:     0x7e091861c534 - clone
[INFO] [stdout]   22:                0x0 - <unknown>
[INFO] [stdout] 
[INFO] [stdout] ---- compaction::tests::test_tombstone_hides_older_data stdout ----
[INFO] [stdout] 
[INFO] [stdout] thread 'compaction::tests::test_tombstone_hides_older_data' (677) panicked at src/memtable/inner.rs:627:51:
[INFO] [stdout] called `Result::unwrap()` on an `Err` value: Os { code: 30, kind: ReadOnlyFilesystem, message: "Read-only file system" }
[INFO] [stdout] stack backtrace:
[INFO] [stdout]    0:     0x63a9d8ed64d1 - <<std[104cf6e2632825ea]::sys::backtrace::BacktraceLock>::print::DisplayBacktrace as core[7c831bd917ebf35f]::fmt::Display>::fmt
[INFO] [stdout]    1:     0x63a9d8eeb29a - core[7c831bd917ebf35f]::fmt::write
[INFO] [stdout]    2:     0x63a9d8edae5c - <alloc[2fdc3f7464fcf288]::vec::Vec<u8> as core[7c831bd917ebf35f]::io::write::Write>::write_fmt
[INFO] [stdout]    3:     0x63a9d8eb0956 - std[104cf6e2632825ea]::panicking::default_hook::{closure#0}
[INFO] [stdout]    4:     0x63a9d8ecde29 - std[104cf6e2632825ea]::panicking::default_hook
[INFO] [stdout]    5:     0x63a9d8e3b170 - test[73009c9f9aebf890]::test_main_inner::<test[73009c9f9aebf890]::test_main_static::{closure#0}>::{closure#0}
[INFO] [stdout]    6:     0x63a9d8ece152 - std[104cf6e2632825ea]::panicking::panic_with_hook
[INFO] [stdout]    7:     0x63a9d8eb0a02 - std[104cf6e2632825ea]::panicking::panic_handler::{closure#0}
[INFO] [stdout]    8:     0x63a9d8ea91e9 - std[104cf6e2632825ea]::sys::backtrace::__rust_end_short_backtrace::<std[104cf6e2632825ea]::panicking::panic_handler::{closure#0}, !>
[INFO] [stdout]    9:     0x63a9d8eb15fd - __rustc[b0d56fa5b193ad05]::rust_begin_unwind
[INFO] [stdout]   10:     0x63a9d8eeb9fc - core[7c831bd917ebf35f]::panicking::panic_fmt
[INFO] [stdout]   11:     0x63a9d8eeb7d2 - core[7c831bd917ebf35f]::result::unwrap_failed
[INFO] [stdout]   12:     0x63a9d8e2ca2b - <lsmlite[63779f59d978287e]::memtable::inner::MemtableInner>::new_for_test
[INFO] [stdout]   13:     0x63a9d8e1b0d7 - lsmlite[63779f59d978287e]::compaction::tests::make_sstable::{closure#0}
[INFO] [stdout]   14:     0x63a9d8e1d707 - lsmlite[63779f59d978287e]::compaction::tests::test_tombstone_hides_older_data::{closure#0}
[INFO] [stdout]   15:     0x63a9d8e15db8 - <tokio[83c270dfd85efa1]::runtime::context::scoped::Scoped<tokio[83c270dfd85efa1]::runtime::scheduler::Context>>::set::<<tokio[83c270dfd85efa1]::runtime::scheduler::current_thread::CoreGuard>::enter<<tokio[83c270dfd85efa1]::runtime::scheduler::current_thread::CoreGuard>::block_on<core[7c831bd917ebf35f]::pin::Pin<&mut core[7c831bd917ebf35f]::pin::Pin<&mut dyn core[7c831bd917ebf35f]::future::future::Future<Output = ()>>>>::{closure#0}, core[7c831bd917ebf35f]::option::Option<()>>::{closure#0}, (alloc[2fdc3f7464fcf288]::boxed::Box<tokio[83c270dfd85efa1]::runtime::scheduler::current_thread::Core>, core[7c831bd917ebf35f]::option::Option<()>)>
[INFO] [stdout]   16:     0x63a9d8e165e3 - <tokio[83c270dfd85efa1]::runtime::scheduler::current_thread::CurrentThread>::block_on::<core[7c831bd917ebf35f]::pin::Pin<&mut dyn core[7c831bd917ebf35f]::future::future::Future<Output = ()>>>
[INFO] [stdout]   17:     0x63a9d8e259f2 - <tokio[83c270dfd85efa1]::runtime::runtime::Runtime>::block_on::<core[7c831bd917ebf35f]::pin::Pin<&mut dyn core[7c831bd917ebf35f]::future::future::Future<Output = ()>>>
[INFO] [stdout]   18:     0x63a9d8e1f1bb - lsmlite[63779f59d978287e]::compaction::tests::test_tombstone_hides_older_data
[INFO] [stdout]   19:     0x63a9d8e17369 - <lsmlite[63779f59d978287e]::compaction::tests::test_tombstone_hides_older_data::{closure#0} as core[7c831bd917ebf35f]::ops::function::FnOnce<()>>::call_once
[INFO] [stdout]   20:     0x63a9d8e2e45b - test[73009c9f9aebf890]::__rust_begin_short_backtrace::<core[7c831bd917ebf35f]::result::Result<(), alloc[2fdc3f7464fcf288]::string::String>, fn() -> core[7c831bd917ebf35f]::result::Result<(), alloc[2fdc3f7464fcf288]::string::String>>
[INFO] [stdout]   21:     0x63a9d8e3bac5 - test[73009c9f9aebf890]::run_test::{closure#0}
[INFO] [stdout]   22:     0x63a9d8e34e84 - std[104cf6e2632825ea]::sys::backtrace::__rust_begin_short_backtrace::<test[73009c9f9aebf890]::run_test::{closure#1}, ()>
[INFO] [stdout]   23:     0x63a9d8e3ec22 - <std[104cf6e2632825ea]::thread::lifecycle::spawn_unchecked<test[73009c9f9aebf890]::run_test::{closure#1}, ()>::{closure#1} as core[7c831bd917ebf35f]::ops::function::FnOnce<()>>::call_once::{shim:vtable#0}
[INFO] [stdout]   24:     0x63a9d8ed5d99 - <std[104cf6e2632825ea]::sys::thread::unix::Thread>::new::thread_start
[INFO] [stdout]   25:     0x7e091858907a - <unknown>
[INFO] [stdout]   26:     0x7e091861c534 - clone
[INFO] [stdout]   27:                0x0 - <unknown>
[INFO] [stdout] 
[INFO] [stdout] ---- memtable::inner::tests::test_case2_case3_left_right stdout ----
[INFO] [stdout] 
[INFO] [stdout] thread 'memtable::inner::tests::test_case2_case3_left_right' (691) panicked at src/memtable/inner.rs:673:46:
[INFO] [stdout] called `Result::unwrap()` on an `Err` value: Os { code: 30, kind: ReadOnlyFilesystem, message: "Read-only file system" }
[INFO] [stdout] stack backtrace:
[INFO] [stdout]    0:     0x63a9d8ed64d1 - <<std[104cf6e2632825ea]::sys::backtrace::BacktraceLock>::print::DisplayBacktrace as core[7c831bd917ebf35f]::fmt::Display>::fmt
[INFO] [stdout]    1:     0x63a9d8eeb29a - core[7c831bd917ebf35f]::fmt::write
[INFO] [stdout]    2:     0x63a9d8edae5c - <alloc[2fdc3f7464fcf288]::vec::Vec<u8> as core[7c831bd917ebf35f]::io::write::Write>::write_fmt
[INFO] [stdout]    3:     0x63a9d8eb0956 - std[104cf6e2632825ea]::panicking::default_hook::{closure#0}
[INFO] [stdout]    4:     0x63a9d8ecde29 - std[104cf6e2632825ea]::panicking::default_hook
[INFO] [stdout]    5:     0x63a9d8e3b170 - test[73009c9f9aebf890]::test_main_inner::<test[73009c9f9aebf890]::test_main_static::{closure#0}>::{closure#0}
[INFO] [stdout]    6:     0x63a9d8ece152 - std[104cf6e2632825ea]::panicking::panic_with_hook
[INFO] [stdout]    7:     0x63a9d8eb0a02 - std[104cf6e2632825ea]::panicking::panic_handler::{closure#0}
[INFO] [stdout]    8:     0x63a9d8ea91e9 - std[104cf6e2632825ea]::sys::backtrace::__rust_end_short_backtrace::<std[104cf6e2632825ea]::panicking::panic_handler::{closure#0}, !>
[INFO] [stdout]    9:     0x63a9d8eb15fd - __rustc[b0d56fa5b193ad05]::rust_begin_unwind
[INFO] [stdout]   10:     0x63a9d8eeb9fc - core[7c831bd917ebf35f]::panicking::panic_fmt
[INFO] [stdout]   11:     0x63a9d8eeb7d2 - core[7c831bd917ebf35f]::result::unwrap_failed
[INFO] [stdout]   12:     0x63a9d8dffd13 - lsmlite[63779f59d978287e]::memtable::inner::tests::make_memtable
[INFO] [stdout]   13:     0x63a9d8e01f65 - lsmlite[63779f59d978287e]::memtable::inner::tests::test_case2_case3_left_right
[INFO] [stdout]   14:     0x63a9d8e17cd9 - <lsmlite[63779f59d978287e]::memtable::inner::tests::test_case2_case3_left_right::{closure#0} as core[7c831bd917ebf35f]::ops::function::FnOnce<()>>::call_once
[INFO] [stdout]   15:     0x63a9d8e2e45b - test[73009c9f9aebf890]::__rust_begin_short_backtrace::<core[7c831bd917ebf35f]::result::Result<(), alloc[2fdc3f7464fcf288]::string::String>, fn() -> core[7c831bd917ebf35f]::result::Result<(), alloc[2fdc3f7464fcf288]::string::String>>
[INFO] [stdout]   16:     0x63a9d8e3bac5 - test[73009c9f9aebf890]::run_test::{closure#0}
[INFO] [stdout]   17:     0x63a9d8e34e84 - std[104cf6e2632825ea]::sys::backtrace::__rust_begin_short_backtrace::<test[73009c9f9aebf890]::run_test::{closure#1}, ()>
[INFO] [stdout]   18:     0x63a9d8e3ec22 - <std[104cf6e2632825ea]::thread::lifecycle::spawn_unchecked<test[73009c9f9aebf890]::run_test::{closure#1}, ()>::{closure#1} as core[7c831bd917ebf35f]::ops::function::FnOnce<()>>::call_once::{shim:vtable#0}
[INFO] [stdout]   19:     0x63a9d8ed5d99 - <std[104cf6e2632825ea]::sys::thread::unix::Thread>::new::thread_start
[INFO] [stdout]   20:     0x7e091858907a - <unknown>
[INFO] [stdout]   21:     0x7e091861c534 - clone
[INFO] [stdout]   22:                0x0 - <unknown>
[INFO] [stdout] 
[INFO] [stdout] ---- memtable::inner::tests::test_case3_left_left stdout ----
[INFO] [stdout] 
[INFO] [stdout] thread 'memtable::inner::tests::test_case3_left_left' (693) panicked at src/memtable/inner.rs:673:46:
[INFO] [stdout] called `Result::unwrap()` on an `Err` value: Os { code: 30, kind: ReadOnlyFilesystem, message: "Read-only file system" }
[INFO] [stdout] stack backtrace:
[INFO] [stdout]    0:     0x63a9d8ed64d1 - <<std[104cf6e2632825ea]::sys::backtrace::BacktraceLock>::print::DisplayBacktrace as core[7c831bd917ebf35f]::fmt::Display>::fmt
[INFO] [stdout]    1:     0x63a9d8eeb29a - core[7c831bd917ebf35f]::fmt::write
[INFO] [stdout]    2:     0x63a9d8edae5c - <alloc[2fdc3f7464fcf288]::vec::Vec<u8> as core[7c831bd917ebf35f]::io::write::Write>::write_fmt
[INFO] [stdout]    3:     0x63a9d8eb0956 - std[104cf6e2632825ea]::panicking::default_hook::{closure#0}
[INFO] [stdout]    4:     0x63a9d8ecde29 - std[104cf6e2632825ea]::panicking::default_hook
[INFO] [stdout]    5:     0x63a9d8e3b170 - test[73009c9f9aebf890]::test_main_inner::<test[73009c9f9aebf890]::test_main_static::{closure#0}>::{closure#0}
[INFO] [stdout]    6:     0x63a9d8ece152 - std[104cf6e2632825ea]::panicking::panic_with_hook
[INFO] [stdout]    7:     0x63a9d8eb0a02 - std[104cf6e2632825ea]::panicking::panic_handler::{closure#0}
[INFO] [stdout]    8:     0x63a9d8ea91e9 - std[104cf6e2632825ea]::sys::backtrace::__rust_end_short_backtrace::<std[104cf6e2632825ea]::panicking::panic_handler::{closure#0}, !>
[INFO] [stdout]    9:     0x63a9d8eb15fd - __rustc[b0d56fa5b193ad05]::rust_begin_unwind
[INFO] [stdout]   10:     0x63a9d8eeb9fc - core[7c831bd917ebf35f]::panicking::panic_fmt
[INFO] [stdout]   11:     0x63a9d8eeb7d2 - core[7c831bd917ebf35f]::result::unwrap_failed
[INFO] [stdout]   12:     0x63a9d8dffd13 - lsmlite[63779f59d978287e]::memtable::inner::tests::make_memtable
[INFO] [stdout]   13:     0x63a9d8e00895 - lsmlite[63779f59d978287e]::memtable::inner::tests::test_case3_left_left
[INFO] [stdout]   14:     0x63a9d8e17c59 - <lsmlite[63779f59d978287e]::memtable::inner::tests::test_case3_left_left::{closure#0} as core[7c831bd917ebf35f]::ops::function::FnOnce<()>>::call_once
[INFO] [stdout]   15:     0x63a9d8e2e45b - test[73009c9f9aebf890]::__rust_begin_short_backtrace::<core[7c831bd917ebf35f]::result::Result<(), alloc[2fdc3f7464fcf288]::string::String>, fn() -> core[7c831bd917ebf35f]::result::Result<(), alloc[2fdc3f7464fcf288]::string::String>>
[INFO] [stdout]   16:     0x63a9d8e3bac5 - test[73009c9f9aebf890]::run_test::{closure#0}
[INFO] [stdout]   17:     0x63a9d8e34e84 - std[104cf6e2632825ea]::sys::backtrace::__rust_begin_short_backtrace::<test[73009c9f9aebf890]::run_test::{closure#1}, ()>
[INFO] [stdout]   18:     0x63a9d8e3ec22 - <std[104cf6e2632825ea]::thread::lifecycle::spawn_unchecked<test[73009c9f9aebf890]::run_test::{closure#1}, ()>::{closure#1} as core[7c831bd917ebf35f]::ops::function::FnOnce<()>>::call_once::{shim:vtable#0}
[INFO] [stdout]   19:     0x63a9d8ed5d99 - <std[104cf6e2632825ea]::sys::thread::unix::Thread>::new::thread_start
[INFO] [stdout]   20:     0x7e091858907a - <unknown>
[INFO] [stdout]   21:     0x7e091861c534 - clone
[INFO] [stdout]   22:                0x0 - <unknown>
[INFO] [stdout] 
[INFO] [stdout] ---- memtable::inner::tests::test_case3_right_right stdout ----
[INFO] [stdout] 
[INFO] [stdout] thread 'memtable::inner::tests::test_case3_right_right' (694) panicked at src/memtable/inner.rs:673:46:
[INFO] [stdout] called `Result::unwrap()` on an `Err` value: Os { code: 30, kind: ReadOnlyFilesystem, message: "Read-only file system" }
[INFO] [stdout] stack backtrace:
[INFO] [stdout]    0:     0x63a9d8ed64d1 - <<std[104cf6e2632825ea]::sys::backtrace::BacktraceLock>::print::DisplayBacktrace as core[7c831bd917ebf35f]::fmt::Display>::fmt
[INFO] [stdout]    1:     0x63a9d8eeb29a - core[7c831bd917ebf35f]::fmt::write
[INFO] [stdout]    2:     0x63a9d8edae5c - <alloc[2fdc3f7464fcf288]::vec::Vec<u8> as core[7c831bd917ebf35f]::io::write::Write>::write_fmt
[INFO] [stdout]    3:     0x63a9d8eb0956 - std[104cf6e2632825ea]::panicking::default_hook::{closure#0}
[INFO] [stdout]    4:     0x63a9d8ecde29 - std[104cf6e2632825ea]::panicking::default_hook
[INFO] [stdout]    5:     0x63a9d8e3b170 - test[73009c9f9aebf890]::test_main_inner::<test[73009c9f9aebf890]::test_main_static::{closure#0}>::{closure#0}
[INFO] [stdout]    6:     0x63a9d8ece152 - std[104cf6e2632825ea]::panicking::panic_with_hook
[INFO] [stdout]    7:     0x63a9d8eb0a02 - std[104cf6e2632825ea]::panicking::panic_handler::{closure#0}
[INFO] [stdout]    8:     0x63a9d8ea91e9 - std[104cf6e2632825ea]::sys::backtrace::__rust_end_short_backtrace::<std[104cf6e2632825ea]::panicking::panic_handler::{closure#0}, !>
[INFO] [stdout]    9:     0x63a9d8eb15fd - __rustc[b0d56fa5b193ad05]::rust_begin_unwind
[INFO] [stdout]   10:     0x63a9d8eeb9fc - core[7c831bd917ebf35f]::panicking::panic_fmt
[INFO] [stdout]   11:     0x63a9d8eeb7d2 - core[7c831bd917ebf35f]::result::unwrap_failed
[INFO] [stdout]   12:     0x63a9d8dffd13 - lsmlite[63779f59d978287e]::memtable::inner::tests::make_memtable
[INFO] [stdout]   13:     0x63a9d8e01385 - lsmlite[63779f59d978287e]::memtable::inner::tests::test_case3_right_right
[INFO] [stdout]   14:     0x63a9d8e17c99 - <lsmlite[63779f59d978287e]::memtable::inner::tests::test_case3_right_right::{closure#0} as core[7c831bd917ebf35f]::ops::function::FnOnce<()>>::call_once
[INFO] [stdout]   15:     0x63a9d8e2e45b - test[73009c9f9aebf890]::__rust_begin_short_backtrace::<core[7c831bd917ebf35f]::result::Result<(), alloc[2fdc3f7464fcf288]::string::String>, fn() -> core[7c831bd917ebf35f]::result::Result<(), alloc[2fdc3f7464fcf288]::string::String>>
[INFO] [stdout]   16:     0x63a9d8e3bac5 - test[73009c9f9aebf890]::run_test::{closure#0}
[INFO] [stdout]   17:     0x63a9d8e34e84 - std[104cf6e2632825ea]::sys::backtrace::__rust_begin_short_backtrace::<test[73009c9f9aebf890]::run_test::{closure#1}, ()>
[INFO] [stdout]   18:     0x63a9d8e3ec22 - <std[104cf6e2632825ea]::thread::lifecycle::spawn_unchecked<test[73009c9f9aebf890]::run_test::{closure#1}, ()>::{closure#1} as core[7c831bd917ebf35f]::ops::function::FnOnce<()>>::call_once::{shim:vtable#0}
[INFO] [stdout]   19:     0x63a9d8ed5d99 - <std[104cf6e2632825ea]::sys::thread::unix::Thread>::new::thread_start
[INFO] [stdout]   20:     0x7e091858907a - <unknown>
[INFO] [stdout]   21:     0x7e091861c534 - clone
[INFO] [stdout]   22:                0x0 - <unknown>
[INFO] [stdout] 
[INFO] [stdout] ---- memtable::inner::tests::test_duplicate_key_updates_value stdout ----
[INFO] [stdout] 
[INFO] [stdout] thread 'memtable::inner::tests::test_duplicate_key_updates_value' (695) panicked at src/memtable/inner.rs:673:46:
[INFO] [stdout] called `Result::unwrap()` on an `Err` value: Os { code: 30, kind: ReadOnlyFilesystem, message: "Read-only file system" }
[INFO] [stdout] stack backtrace:
[INFO] [stdout]    0:     0x63a9d8ed64d1 - <<std[104cf6e2632825ea]::sys::backtrace::BacktraceLock>::print::DisplayBacktrace as core[7c831bd917ebf35f]::fmt::Display>::fmt
[INFO] [stdout]    1:     0x63a9d8eeb29a - core[7c831bd917ebf35f]::fmt::write
[INFO] [stdout]    2:     0x63a9d8edae5c - <alloc[2fdc3f7464fcf288]::vec::Vec<u8> as core[7c831bd917ebf35f]::io::write::Write>::write_fmt
[INFO] [stdout]    3:     0x63a9d8eb0956 - std[104cf6e2632825ea]::panicking::default_hook::{closure#0}
[INFO] [stdout]    4:     0x63a9d8ecde29 - std[104cf6e2632825ea]::panicking::default_hook
[INFO] [stdout]    5:     0x63a9d8e3b170 - test[73009c9f9aebf890]::test_main_inner::<test[73009c9f9aebf890]::test_main_static::{closure#0}>::{closure#0}
[INFO] [stdout]    6:     0x63a9d8ece152 - std[104cf6e2632825ea]::panicking::panic_with_hook
[INFO] [stdout]    7:     0x63a9d8eb0a02 - std[104cf6e2632825ea]::panicking::panic_handler::{closure#0}
[INFO] [stdout]    8:     0x63a9d8ea91e9 - std[104cf6e2632825ea]::sys::backtrace::__rust_end_short_backtrace::<std[104cf6e2632825ea]::panicking::panic_handler::{closure#0}, !>
[INFO] [stdout]    9:     0x63a9d8eb15fd - __rustc[b0d56fa5b193ad05]::rust_begin_unwind
[INFO] [stdout]   10:     0x63a9d8eeb9fc - core[7c831bd917ebf35f]::panicking::panic_fmt
[INFO] [stdout]   11:     0x63a9d8eeb7d2 - core[7c831bd917ebf35f]::result::unwrap_failed
[INFO] [stdout]   12:     0x63a9d8dffd13 - lsmlite[63779f59d978287e]::memtable::inner::tests::make_memtable
[INFO] [stdout]   13:     0x63a9d8e03039 - lsmlite[63779f59d978287e]::memtable::inner::tests::test_duplicate_key_updates_value
[INFO] [stdout]   14:     0x63a9d8e17d39 - <lsmlite[63779f59d978287e]::memtable::inner::tests::test_duplicate_key_updates_value::{closure#0} as core[7c831bd917ebf35f]::ops::function::FnOnce<()>>::call_once
[INFO] [stdout]   15:     0x63a9d8e2e45b - test[73009c9f9aebf890]::__rust_begin_short_backtrace::<core[7c831bd917ebf35f]::result::Result<(), alloc[2fdc3f7464fcf288]::string::String>, fn() -> core[7c831bd917ebf35f]::result::Result<(), alloc[2fdc3f7464fcf288]::string::String>>
[INFO] [stdout]   16:     0x63a9d8e3bac5 - test[73009c9f9aebf890]::run_test::{closure#0}
[INFO] [stdout]   17:     0x63a9d8e34e84 - std[104cf6e2632825ea]::sys::backtrace::__rust_begin_short_backtrace::<test[73009c9f9aebf890]::run_test::{closure#1}, ()>
[INFO] [stdout]   18:     0x63a9d8e3ec22 - <std[104cf6e2632825ea]::thread::lifecycle::spawn_unchecked<test[73009c9f9aebf890]::run_test::{closure#1}, ()>::{closure#1} as core[7c831bd917ebf35f]::ops::function::FnOnce<()>>::call_once::{shim:vtable#0}
[INFO] [stdout]   19:     0x63a9d8ed5d99 - <std[104cf6e2632825ea]::sys::thread::unix::Thread>::new::thread_start
[INFO] [stdout]   20:     0x7e091858907a - <unknown>
[INFO] [stdout]   21:     0x7e091861c534 - clone
[INFO] [stdout]   22:                0x0 - <unknown>
[INFO] [stdout] 
[INFO] [stdout] ---- memtable::immutable::tests::test_tombstone_hides_older_data stdout ----
[INFO] [stdout] 
[INFO] [stdout] thread 'memtable::immutable::tests::test_tombstone_hides_older_data' (688) panicked at src/memtable/inner.rs:627:51:
[INFO] [stdout] called `Result::unwrap()` on an `Err` value: Os { code: 30, kind: ReadOnlyFilesystem, message: "Read-only file system" }
[INFO] [stdout] stack backtrace:
[INFO] [stdout]    0:     0x63a9d8ed64d1 - <<std[104cf6e2632825ea]::sys::backtrace::BacktraceLock>::print::DisplayBacktrace as core[7c831bd917ebf35f]::fmt::Display>::fmt
[INFO] [stdout]    1:     0x63a9d8eeb29a - core[7c831bd917ebf35f]::fmt::write
[INFO] [stdout]    2:     0x63a9d8edae5c - <alloc[2fdc3f7464fcf288]::vec::Vec<u8> as core[7c831bd917ebf35f]::io::write::Write>::write_fmt
[INFO] [stdout]    3:     0x63a9d8eb0956 - std[104cf6e2632825ea]::panicking::default_hook::{closure#0}
[INFO] [stdout]    4:     0x63a9d8ecde29 - std[104cf6e2632825ea]::panicking::default_hook
[INFO] [stdout]    5:     0x63a9d8e3b170 - test[73009c9f9aebf890]::test_main_inner::<test[73009c9f9aebf890]::test_main_static::{closure#0}>::{closure#0}
[INFO] [stdout]    6:     0x63a9d8ece152 - std[104cf6e2632825ea]::panicking::panic_with_hook
[INFO] [stdout]    7:     0x63a9d8eb0a02 - std[104cf6e2632825ea]::panicking::panic_handler::{closure#0}
[INFO] [stdout]    8:     0x63a9d8ea91e9 - std[104cf6e2632825ea]::sys::backtrace::__rust_end_short_backtrace::<std[104cf6e2632825ea]::panicking::panic_handler::{closure#0}, !>
[INFO] [stdout]    9:     0x63a9d8eb15fd - __rustc[b0d56fa5b193ad05]::rust_begin_unwind
[INFO] [stdout]   10:     0x63a9d8eeb9fc - core[7c831bd917ebf35f]::panicking::panic_fmt
[INFO] [stdout]   11:     0x63a9d8eeb7d2 - core[7c831bd917ebf35f]::result::unwrap_failed
[INFO] [stdout]   12:     0x63a9d8e2ca2b - <lsmlite[63779f59d978287e]::memtable::inner::MemtableInner>::new_for_test
[INFO] [stdout]   13:     0x63a9d8e0b657 - lsmlite[63779f59d978287e]::memtable::immutable::tests::make_inner
[INFO] [stdout]   14:     0x63a9d8e0a5a6 - lsmlite[63779f59d978287e]::memtable::immutable::tests::test_tombstone_hides_older_data::{closure#0}
[INFO] [stdout]   15:     0x63a9d8e15db8 - <tokio[83c270dfd85efa1]::runtime::context::scoped::Scoped<tokio[83c270dfd85efa1]::runtime::scheduler::Context>>::set::<<tokio[83c270dfd85efa1]::runtime::scheduler::current_thread::CoreGuard>::enter<<tokio[83c270dfd85efa1]::runtime::scheduler::current_thread::CoreGuard>::block_on<core[7c831bd917ebf35f]::pin::Pin<&mut core[7c831bd917ebf35f]::pin::Pin<&mut dyn core[7c831bd917ebf35f]::future::future::Future<Output = ()>>>>::{closure#0}, core[7c831bd917ebf35f]::option::Option<()>>::{closure#0}, (alloc[2fdc3f7464fcf288]::boxed::Box<tokio[83c270dfd85efa1]::runtime::scheduler::current_thread::Core>, core[7c831bd917ebf35f]::option::Option<()>)>
[INFO] [stdout]   16:     0x63a9d8e165e3 - <tokio[83c270dfd85efa1]::runtime::scheduler::current_thread::CurrentThread>::block_on::<core[7c831bd917ebf35f]::pin::Pin<&mut dyn core[7c831bd917ebf35f]::future::future::Future<Output = ()>>>
[INFO] [stdout]   17:     0x63a9d8e259f2 - <tokio[83c270dfd85efa1]::runtime::runtime::Runtime>::block_on::<core[7c831bd917ebf35f]::pin::Pin<&mut dyn core[7c831bd917ebf35f]::future::future::Future<Output = ()>>>
[INFO] [stdout]   18:     0x63a9d8e0c26b - lsmlite[63779f59d978287e]::memtable::immutable::tests::test_tombstone_hides_older_data
[INFO] [stdout]   19:     0x63a9d8e17dd9 - <lsmlite[63779f59d978287e]::memtable::immutable::tests::test_tombstone_hides_older_data::{closure#0} as core[7c831bd917ebf35f]::ops::function::FnOnce<()>>::call_once
[INFO] [stdout]   20:     0x63a9d8e2e45b - test[73009c9f9aebf890]::__rust_begin_short_backtrace::<core[7c831bd917ebf35f]::result::Result<(), alloc[2fdc3f7464fcf288]::string::String>, fn() -> core[7c831bd917ebf35f]::result::Result<(), alloc[2fdc3f7464fcf288]::string::String>>
[INFO] [stdout]   21:     0x63a9d8e3bac5 - test[73009c9f9aebf890]::run_test::{closure#0}
[INFO] [stdout]   22:     0x63a9d8e34e84 - std[104cf6e2632825ea]::sys::backtrace::__rust_begin_short_backtrace::<test[73009c9f9aebf890]::run_test::{closure#1}, ()>
[INFO] [stdout]   23:     0x63a9d8e3ec22 - <std[104cf6e2632825ea]::thread::lifecycle::spawn_unchecked<test[73009c9f9aebf890]::run_test::{closure#1}, ()>::{closure#1} as core[7c831bd917ebf35f]::ops::function::FnOnce<()>>::call_once::{shim:vtable#0}
[INFO] [stdout]   24:     0x63a9d8ed5d99 - <std[104cf6e2632825ea]::sys::thread::unix::Thread>::new::thread_start
[INFO] [stdout]   25:     0x7e091858907a - <unknown>
[INFO] [stdout]   26:     0x7e091861c534 - clone
[INFO] [stdout]   27:                0x0 - <unknown>
[INFO] [stdout] 
[INFO] [stdout] ---- memtable::immutable::tests::test_pop_removes_oldest stdout ----
[INFO] [stdout] 
[INFO] [stdout] thread 'memtable::immutable::tests::test_pop_removes_oldest' (687) panicked at src/memtable/inner.rs:627:51:
[INFO] [stdout] called `Result::unwrap()` on an `Err` value: Os { code: 30, kind: ReadOnlyFilesystem, message: "Read-only file system" }
[INFO] [stdout] stack backtrace:
[INFO] [stdout]    0:     0x63a9d8ed64d1 - <<std[104cf6e2632825ea]::sys::backtrace::BacktraceLock>::print::DisplayBacktrace as core[7c831bd917ebf35f]::fmt::Display>::fmt
[INFO] [stdout]    1:     0x63a9d8eeb29a - core[7c831bd917ebf35f]::fmt::write
[INFO] [stdout]    2:     0x63a9d8edae5c - <alloc[2fdc3f7464fcf288]::vec::Vec<u8> as core[7c831bd917ebf35f]::io::write::Write>::write_fmt
[INFO] [stdout]    3:     0x63a9d8eb0956 - std[104cf6e2632825ea]::panicking::default_hook::{closure#0}
[INFO] [stdout]    4:     0x63a9d8ecde29 - std[104cf6e2632825ea]::panicking::default_hook
[INFO] [stdout]    5:     0x63a9d8e3b170 - test[73009c9f9aebf890]::test_main_inner::<test[73009c9f9aebf890]::test_main_static::{closure#0}>::{closure#0}
[INFO] [stdout]    6:     0x63a9d8ece152 - std[104cf6e2632825ea]::panicking::panic_with_hook
[INFO] [stdout]    7:     0x63a9d8eb0a02 - std[104cf6e2632825ea]::panicking::panic_handler::{closure#0}
[INFO] [stdout]    8:     0x63a9d8ea91e9 - std[104cf6e2632825ea]::sys::backtrace::__rust_end_short_backtrace::<std[104cf6e2632825ea]::panicking::panic_handler::{closure#0}, !>
[INFO] [stdout]    9:     0x63a9d8eb15fd - __rustc[b0d56fa5b193ad05]::rust_begin_unwind
[INFO] [stdout]   10:     0x63a9d8eeb9fc - core[7c831bd917ebf35f]::panicking::panic_fmt
[INFO] [stdout]   11:     0x63a9d8eeb7d2 - core[7c831bd917ebf35f]::result::unwrap_failed
[INFO] [stdout]   12:     0x63a9d8e2ca2b - <lsmlite[63779f59d978287e]::memtable::inner::MemtableInner>::new_for_test
[INFO] [stdout]   13:     0x63a9d8e0b657 - lsmlite[63779f59d978287e]::memtable::immutable::tests::make_inner
[INFO] [stdout]   14:     0x63a9d8e09dda - lsmlite[63779f59d978287e]::memtable::immutable::tests::test_pop_removes_oldest::{closure#0}
[INFO] [stdout]   15:     0x63a9d8e15db8 - <tokio[83c270dfd85efa1]::runtime::context::scoped::Scoped<tokio[83c270dfd85efa1]::runtime::scheduler::Context>>::set::<<tokio[83c270dfd85efa1]::runtime::scheduler::current_thread::CoreGuard>::enter<<tokio[83c270dfd85efa1]::runtime::scheduler::current_thread::CoreGuard>::block_on<core[7c831bd917ebf35f]::pin::Pin<&mut core[7c831bd917ebf35f]::pin::Pin<&mut dyn core[7c831bd917ebf35f]::future::future::Future<Output = ()>>>>::{closure#0}, core[7c831bd917ebf35f]::option::Option<()>>::{closure#0}, (alloc[2fdc3f7464fcf288]::boxed::Box<tokio[83c270dfd85efa1]::runtime::scheduler::current_thread::Core>, core[7c831bd917ebf35f]::option::Option<()>)>
[INFO] [stdout]   16:     0x63a9d8e165e3 - <tokio[83c270dfd85efa1]::runtime::scheduler::current_thread::CurrentThread>::block_on::<core[7c831bd917ebf35f]::pin::Pin<&mut dyn core[7c831bd917ebf35f]::future::future::Future<Output = ()>>>
[INFO] [stdout]   17:     0x63a9d8e259f2 - <tokio[83c270dfd85efa1]::runtime::runtime::Runtime>::block_on::<core[7c831bd917ebf35f]::pin::Pin<&mut dyn core[7c831bd917ebf35f]::future::future::Future<Output = ()>>>
[INFO] [stdout]   18:     0x63a9d8e0c11b - lsmlite[63779f59d978287e]::memtable::immutable::tests::test_pop_removes_oldest
[INFO] [stdout]   19:     0x63a9d8e17db9 - <lsmlite[63779f59d978287e]::memtable::immutable::tests::test_pop_removes_oldest::{closure#0} as core[7c831bd917ebf35f]::ops::function::FnOnce<()>>::call_once
[INFO] [stdout]   20:     0x63a9d8e2e45b - test[73009c9f9aebf890]::__rust_begin_short_backtrace::<core[7c831bd917ebf35f]::result::Result<(), alloc[2fdc3f7464fcf288]::string::String>, fn() -> core[7c831bd917ebf35f]::result::Result<(), alloc[2fdc3f7464fcf288]::string::String>>
[INFO] [stdout]   21:     0x63a9d8e3bac5 - test[73009c9f9aebf890]::run_test::{closure#0}
[INFO] [stdout]   22:     0x63a9d8e34e84 - std[104cf6e2632825ea]::sys::backtrace::__rust_begin_short_backtrace::<test[73009c9f9aebf890]::run_test::{closure#1}, ()>
[INFO] [stdout]   23:     0x63a9d8e3ec22 - <std[104cf6e2632825ea]::thread::lifecycle::spawn_unchecked<test[73009c9f9aebf890]::run_test::{closure#1}, ()>::{closure#1} as core[7c831bd917ebf35f]::ops::function::FnOnce<()>>::call_once::{shim:vtable#0}
[INFO] [stdout]   24:     0x63a9d8ed5d99 - <std[104cf6e2632825ea]::sys::thread::unix::Thread>::new::thread_start
[INFO] [stdout]   25:     0x7e091858907a - <unknown>
[INFO] [stdout]   26:     0x7e091861c534 - clone
[INFO] [stdout]   27:                0x0 - <unknown>
[INFO] [stdout] 
[INFO] [stdout] ---- compaction::tests::test_tombstone_dropped_from_output stdout ----
[INFO] [stdout] 
[INFO] [stdout] thread 'compaction::tests::test_tombstone_dropped_from_output' (676) panicked at src/memtable/inner.rs:627:51:
[INFO] [stdout] called `Result::unwrap()` on an `Err` value: Os { code: 30, kind: ReadOnlyFilesystem, message: "Read-only file system" }
[INFO] [stdout] stack backtrace:
[INFO] [stdout]    0:     0x63a9d8ed64d1 - <<std[104cf6e2632825ea]::sys::backtrace::BacktraceLock>::print::DisplayBacktrace as core[7c831bd917ebf35f]::fmt::Display>::fmt
[INFO] [stdout]    1:     0x63a9d8eeb29a - core[7c831bd917ebf35f]::fmt::write
[INFO] [stdout]    2:     0x63a9d8edae5c - <alloc[2fdc3f7464fcf288]::vec::Vec<u8> as core[7c831bd917ebf35f]::io::write::Write>::write_fmt
[INFO] [stdout]    3:     0x63a9d8eb0956 - std[104cf6e2632825ea]::panicking::default_hook::{closure#0}
[INFO] [stdout]    4:     0x63a9d8ecde29 - std[104cf6e2632825ea]::panicking::default_hook
[INFO] [stdout]    5:     0x63a9d8e3b170 - test[73009c9f9aebf890]::test_main_inner::<test[73009c9f9aebf890]::test_main_static::{closure#0}>::{closure#0}
[INFO] [stdout]    6:     0x63a9d8ece152 - std[104cf6e2632825ea]::panicking::panic_with_hook
[INFO] [stdout]    7:     0x63a9d8eb0a02 - std[104cf6e2632825ea]::panicking::panic_handler::{closure#0}
[INFO] [stdout]    8:     0x63a9d8ea91e9 - std[104cf6e2632825ea]::sys::backtrace::__rust_end_short_backtrace::<std[104cf6e2632825ea]::panicking::panic_handler::{closure#0}, !>
[INFO] [stdout]    9:     0x63a9d8eb15fd - __rustc[b0d56fa5b193ad05]::rust_begin_unwind
[INFO] [stdout]   10:     0x63a9d8eeb9fc - core[7c831bd917ebf35f]::panicking::panic_fmt
[INFO] [stdout]   11:     0x63a9d8eeb7d2 - core[7c831bd917ebf35f]::result::unwrap_failed
[INFO] [stdout]   12:     0x63a9d8e2ca2b - <lsmlite[63779f59d978287e]::memtable::inner::MemtableInner>::new_for_test
[INFO] [stdout]   13:     0x63a9d8e1b0d7 - lsmlite[63779f59d978287e]::compaction::tests::make_sstable::{closure#0}
[INFO] [stdout]   14:     0x63a9d8e1df95 - lsmlite[63779f59d978287e]::compaction::tests::test_tombstone_dropped_from_output::{closure#0}
[INFO] [stdout]   15:     0x63a9d8e15db8 - <tokio[83c270dfd85efa1]::runtime::context::scoped::Scoped<tokio[83c270dfd85efa1]::runtime::scheduler::Context>>::set::<<tokio[83c270dfd85efa1]::runtime::scheduler::current_thread::CoreGuard>::enter<<tokio[83c270dfd85efa1]::runtime::scheduler::current_thread::CoreGuard>::block_on<core[7c831bd917ebf35f]::pin::Pin<&mut core[7c831bd917ebf35f]::pin::Pin<&mut dyn core[7c831bd917ebf35f]::future::future::Future<Output = ()>>>>::{closure#0}, core[7c831bd917ebf35f]::option::Option<()>>::{closure#0}, (alloc[2fdc3f7464fcf288]::boxed::Box<tokio[83c270dfd85efa1]::runtime::scheduler::current_thread::Core>, core[7c831bd917ebf35f]::option::Option<()>)>
[INFO] [stdout]   16:     0x63a9d8e165e3 - <tokio[83c270dfd85efa1]::runtime::scheduler::current_thread::CurrentThread>::block_on::<core[7c831bd917ebf35f]::pin::Pin<&mut dyn core[7c831bd917ebf35f]::future::future::Future<Output = ()>>>
[INFO] [stdout]   17:     0x63a9d8e259f2 - <tokio[83c270dfd85efa1]::runtime::runtime::Runtime>::block_on::<core[7c831bd917ebf35f]::pin::Pin<&mut dyn core[7c831bd917ebf35f]::future::future::Future<Output = ()>>>
[INFO] [stdout]   18:     0x63a9d8e1f30b - lsmlite[63779f59d978287e]::compaction::tests::test_tombstone_dropped_from_output
[INFO] [stdout]   19:     0x63a9d8e17389 - <lsmlite[63779f59d978287e]::compaction::tests::test_tombstone_dropped_from_output::{closure#0} as core[7c831bd917ebf35f]::ops::function::FnOnce<()>>::call_once
[INFO] [stdout]   20:     0x63a9d8e2e45b - test[73009c9f9aebf890]::__rust_begin_short_backtrace::<core[7c831bd917ebf35f]::result::Result<(), alloc[2fdc3f7464fcf288]::string::String>, fn() -> core[7c831bd917ebf35f]::result::Result<(), alloc[2fdc3f7464fcf288]::string::String>>
[INFO] [stdout]   21:     0x63a9d8e3bac5 - test[73009c9f9aebf890]::run_test::{closure#0}
[INFO] [stdout]   22:     0x63a9d8e34e84 - std[104cf6e2632825ea]::sys::backtrace::__rust_begin_short_backtrace::<test[73009c9f9aebf890]::run_test::{closure#1}, ()>
[INFO] [stdout]   23:     0x63a9d8e3ec22 - <std[104cf6e2632825ea]::thread::lifecycle::spawn_unchecked<test[73009c9f9aebf890]::run_test::{closure#1}, ()>::{closure#1} as core[7c831bd917ebf35f]::ops::function::FnOnce<()>>::call_once::{shim:vtable#0}
[INFO] [stdout]   24:     0x63a9d8ed5d99 - <std[104cf6e2632825ea]::sys::thread::unix::Thread>::new::thread_start
[INFO] [stdout]   25:     0x7e091858907a - <unknown>
[INFO] [stdout]   26:     0x7e091861c534 - clone
[INFO] [stdout]   27:                0x0 - <unknown>
[INFO] [stdout] 
[INFO] [stdout] ---- memtable::inner::tests::test_all_keys_retrievable stdout ----
[INFO] [stdout] 
[INFO] [stdout] thread 'memtable::inner::tests::test_all_keys_retrievable' (689) panicked at src/memtable/inner.rs:673:46:
[INFO] [stdout] called `Result::unwrap()` on an `Err` value: Os { code: 30, kind: ReadOnlyFilesystem, message: "Read-only file system" }
[INFO] [stdout] stack backtrace:
[INFO] [stdout]    0:     0x63a9d8ed64d1 - <<std[104cf6e2632825ea]::sys::backtrace::BacktraceLock>::print::DisplayBacktrace as core[7c831bd917ebf35f]::fmt::Display>::fmt
[INFO] [stdout]    1:     0x63a9d8eeb29a - core[7c831bd917ebf35f]::fmt::write
[INFO] [stdout]    2:     0x63a9d8edae5c - <alloc[2fdc3f7464fcf288]::vec::Vec<u8> as core[7c831bd917ebf35f]::io::write::Write>::write_fmt
[INFO] [stdout]    3:     0x63a9d8eb0956 - std[104cf6e2632825ea]::panicking::default_hook::{closure#0}
[INFO] [stdout]    4:     0x63a9d8ecde29 - std[104cf6e2632825ea]::panicking::default_hook
[INFO] [stdout]    5:     0x63a9d8e3b170 - test[73009c9f9aebf890]::test_main_inner::<test[73009c9f9aebf890]::test_main_static::{closure#0}>::{closure#0}
[INFO] [stdout]    6:     0x63a9d8ece152 - std[104cf6e2632825ea]::panicking::panic_with_hook
[INFO] [stdout]    7:     0x63a9d8eb0a02 - std[104cf6e2632825ea]::panicking::panic_handler::{closure#0}
[INFO] [stdout]    8:     0x63a9d8ea91e9 - std[104cf6e2632825ea]::sys::backtrace::__rust_end_short_backtrace::<std[104cf6e2632825ea]::panicking::panic_handler::{closure#0}, !>
[INFO] [stdout]    9:     0x63a9d8eb15fd - __rustc[b0d56fa5b193ad05]::rust_begin_unwind
[INFO] [stdout]   10:     0x63a9d8eeb9fc - core[7c831bd917ebf35f]::panicking::panic_fmt
[INFO] [stdout]   11:     0x63a9d8eeb7d2 - core[7c831bd917ebf35f]::result::unwrap_failed
[INFO] [stdout]   12:     0x63a9d8dffd13 - lsmlite[63779f59d978287e]::memtable::inner::tests::make_memtable
[INFO] [stdout]   13:     0x63a9d8e01a1e - lsmlite[63779f59d978287e]::memtable::inner::tests::test_all_keys_retrievable
[INFO] [stdout]   14:     0x63a9d8e17cb9 - <lsmlite[63779f59d978287e]::memtable::inner::tests::test_all_keys_retrievable::{closure#0} as core[7c831bd917ebf35f]::ops::function::FnOnce<()>>::call_once
[INFO] [stdout]   15:     0x63a9d8e2e45b - test[73009c9f9aebf890]::__rust_begin_short_backtrace::<core[7c831bd917ebf35f]::result::Result<(), alloc[2fdc3f7464fcf288]::string::String>, fn() -> core[7c831bd917ebf35f]::result::Result<(), alloc[2fdc3f7464fcf288]::string::String>>
[INFO] [stdout]   16:     0x63a9d8e3bac5 - test[73009c9f9aebf890]::run_test::{closure#0}
[INFO] [stdout]   17:     0x63a9d8e34e84 - std[104cf6e2632825ea]::sys::backtrace::__rust_begin_short_backtrace::<test[73009c9f9aebf890]::run_test::{closure#1}, ()>
[INFO] [stdout]   18:     0x63a9d8e3ec22 - <std[104cf6e2632825ea]::thread::lifecycle::spawn_unchecked<test[73009c9f9aebf890]::run_test::{closure#1}, ()>::{closure#1} as core[7c831bd917ebf35f]::ops::function::FnOnce<()>>::call_once::{shim:vtable#0}
[INFO] [stdout]   19:     0x63a9d8ed5d99 - <std[104cf6e2632825ea]::sys::thread::unix::Thread>::new::thread_start
[INFO] [stdout]   20:     0x7e091858907a - <unknown>
[INFO] [stdout]   21:     0x7e091861c534 - clone
[INFO] [stdout]   22:                0x0 - <unknown>
[INFO] [stdout] 
[INFO] [stdout] ---- restart::tests::test_non_wal_log_files_ignored stdout ----
[INFO] [stdout] 
[INFO] [stdout] thread 'restart::tests::test_non_wal_log_files_ignored' (712) panicked at src/restart/mod.rs:174:39:
[INFO] [stdout] called `Result::unwrap()` on an `Err` value: Os { code: 30, kind: ReadOnlyFilesystem, message: "Read-only file system" }
[INFO] [stdout] stack backtrace:
[INFO] [stdout]    0:     0x63a9d8ed64d1 - <<std[104cf6e2632825ea]::sys::backtrace::BacktraceLock>::print::DisplayBacktrace as core[7c831bd917ebf35f]::fmt::Display>::fmt
[INFO] [stdout]    1:     0x63a9d8eeb29a - core[7c831bd917ebf35f]::fmt::write
[INFO] [stdout]    2:     0x63a9d8edae5c - <alloc[2fdc3f7464fcf288]::vec::Vec<u8> as core[7c831bd917ebf35f]::io::write::Write>::write_fmt
[INFO] [stdout]    3:     0x63a9d8eb0956 - std[104cf6e2632825ea]::panicking::default_hook::{closure#0}
[INFO] [stdout]    4:     0x63a9d8ecde29 - std[104cf6e2632825ea]::panicking::default_hook
[INFO] [stdout]    5:     0x63a9d8e3b170 - test[73009c9f9aebf890]::test_main_inner::<test[73009c9f9aebf890]::test_main_static::{closure#0}>::{closure#0}
[INFO] [stdout]    6:     0x63a9d8ece152 - std[104cf6e2632825ea]::panicking::panic_with_hook
[INFO] [stdout]    7:     0x63a9d8eb0a02 - std[104cf6e2632825ea]::panicking::panic_handler::{closure#0}
[INFO] [stdout]    8:     0x63a9d8ea91e9 - std[104cf6e2632825ea]::sys::backtrace::__rust_end_short_backtrace::<std[104cf6e2632825ea]::panicking::panic_handler::{closure#0}, !>
[INFO] [stdout]    9:     0x63a9d8eb15fd - __rustc[b0d56fa5b193ad05]::rust_begin_unwind
[INFO] [stdout]   10:     0x63a9d8eeb9fc - core[7c831bd917ebf35f]::panicking::panic_fmt
[INFO] [stdout]   11:     0x63a9d8eeb7d2 - core[7c831bd917ebf35f]::result::unwrap_failed
[INFO] [stdout]   12:     0x63a9d8e22618 - <lsmlite[63779f59d978287e]::restart::tests::TempDir>::new
[INFO] [stdout]   13:     0x63a9d8e24586 - lsmlite[63779f59d978287e]::restart::tests::test_non_wal_log_files_ignored
[INFO] [stdout]   14:     0x63a9d8e176d9 - <lsmlite[63779f59d978287e]::restart::tests::test_non_wal_log_files_ignored::{closure#0} as core[7c831bd917ebf35f]::ops::function::FnOnce<()>>::call_once
[INFO] [stdout]   15:     0x63a9d8e2e45b - test[73009c9f9aebf890]::__rust_begin_short_backtrace::<core[7c831bd917ebf35f]::result::Result<(), alloc[2fdc3f7464fcf288]::string::String>, fn() -> core[7c831bd917ebf35f]::result::Result<(), alloc[2fdc3f7464fcf288]::string::String>>
[INFO] [stdout]   16:     0x63a9d8e3bac5 - test[73009c9f9aebf890]::run_test::{closure#0}
[INFO] [stdout]   17:     0x63a9d8e34e84 - std[104cf6e2632825ea]::sys::backtrace::__rust_begin_short_backtrace::<test[73009c9f9aebf890]::run_test::{closure#1}, ()>
[INFO] [stdout]   18:     0x63a9d8e3ec22 - <std[104cf6e2632825ea]::thread::lifecycle::spawn_unchecked<test[73009c9f9aebf890]::run_test::{closure#1}, ()>::{closure#1} as core[7c831bd917ebf35f]::ops::function::FnOnce<()>>::call_once::{shim:vtable#0}
[INFO] [stdout]   19:     0x63a9d8ed5d99 - <std[104cf6e2632825ea]::sys::thread::unix::Thread>::new::thread_start
[INFO] [stdout]   20:     0x7e091858907a - <unknown>
[INFO] [stdout]   21:     0x7e091861c534 - clone
[INFO] [stdout]   22:                0x0 - <unknown>
[INFO] [stdout] 
[INFO] [stdout] ---- restart::tests::test_both_wal_and_sstable_detected stdout ----
[INFO] [stdout] 
[INFO] [stdout] thread 'restart::tests::test_both_wal_and_sstable_detected' (708) panicked at src/restart/mod.rs:174:39:
[INFO] [stdout] called `Result::unwrap()` on an `Err` value: Os { code: 30, kind: ReadOnlyFilesystem, message: "Read-only file system" }
[INFO] [stdout] stack backtrace:
[INFO] [stdout]    0:     0x63a9d8ed64d1 - <<std[104cf6e2632825ea]::sys::backtrace::BacktraceLock>::print::DisplayBacktrace as core[7c831bd917ebf35f]::fmt::Display>::fmt
[INFO] [stdout]    1:     0x63a9d8eeb29a - core[7c831bd917ebf35f]::fmt::write
[INFO] [stdout]    2:     0x63a9d8edae5c - <alloc[2fdc3f7464fcf288]::vec::Vec<u8> as core[7c831bd917ebf35f]::io::write::Write>::write_fmt
[INFO] [stdout]    3:     0x63a9d8eb0956 - std[104cf6e2632825ea]::panicking::default_hook::{closure#0}
[INFO] [stdout]    4:     0x63a9d8ecde29 - std[104cf6e2632825ea]::panicking::default_hook
[INFO] [stdout]    5:     0x63a9d8e3b170 - test[73009c9f9aebf890]::test_main_inner::<test[73009c9f9aebf890]::test_main_static::{closure#0}>::{closure#0}
[INFO] [stdout]    6:     0x63a9d8ece152 - std[104cf6e2632825ea]::panicking::panic_with_hook
[INFO] [stdout]    7:     0x63a9d8eb0a02 - std[104cf6e2632825ea]::panicking::panic_handler::{closure#0}
[INFO] [stdout]    8:     0x63a9d8ea91e9 - std[104cf6e2632825ea]::sys::backtrace::__rust_end_short_backtrace::<std[104cf6e2632825ea]::panicking::panic_handler::{closure#0}, !>
[INFO] [stdout]    9:     0x63a9d8eb15fd - __rustc[b0d56fa5b193ad05]::rust_begin_unwind
[INFO] [stdout]   10:     0x63a9d8eeb9fc - core[7c831bd917ebf35f]::panicking::panic_fmt
[INFO] [stdout]   11:     0x63a9d8eeb7d2 - core[7c831bd917ebf35f]::result::unwrap_failed
[INFO] [stdout]   12:     0x63a9d8e22618 - <lsmlite[63779f59d978287e]::restart::tests::TempDir>::new
[INFO] [stdout]   13:     0x63a9d8e24ca8 - lsmlite[63779f59d978287e]::restart::tests::test_both_wal_and_sstable_detected
[INFO] [stdout]   14:     0x63a9d8e17739 - <lsmlite[63779f59d978287e]::restart::tests::test_both_wal_and_sstable_detected::{closure#0} as core[7c831bd917ebf35f]::ops::function::FnOnce<()>>::call_once
[INFO] [stdout]   15:     0x63a9d8e2e45b - test[73009c9f9aebf890]::__rust_begin_short_backtrace::<core[7c831bd917ebf35f]::result::Result<(), alloc[2fdc3f7464fcf288]::string::String>, fn() -> core[7c831bd917ebf35f]::result::Result<(), alloc[2fdc3f7464fcf288]::string::String>>
[INFO] [stdout]   16:     0x63a9d8e3bac5 - test[73009c9f9aebf890]::run_test::{closure#0}
[INFO] [stdout]   17:     0x63a9d8e34e84 - std[104cf6e2632825ea]::sys::backtrace::__rust_begin_short_backtrace::<test[73009c9f9aebf890]::run_test::{closure#1}, ()>
[INFO] [stdout]   18:     0x63a9d8e3ec22 - <std[104cf6e2632825ea]::thread::lifecycle::spawn_unchecked<test[73009c9f9aebf890]::run_test::{closure#1}, ()>::{closure#1} as core[7c831bd917ebf35f]::ops::function::FnOnce<()>>::call_once::{shim:vtable#0}
[INFO] [stdout]   19:     0x63a9d8ed5d99 - <std[104cf6e2632825ea]::sys::thread::unix::Thread>::new::thread_start
[INFO] [stdout]   20:     0x7e091858907a - <unknown>
[INFO] [stdout]   21:     0x7e091861c534 - clone
[INFO] [stdout]   22:                0x0 - <unknown>
[INFO] [stdout] 
[INFO] [stdout] ---- memtable::tests::test_insert_and_get stdout ----
[INFO] [stdout] 
[INFO] [stdout] thread 'memtable::tests::test_insert_and_get' (702) panicked at src/memtable/mod.rs:95:46:
[INFO] [stdout] called `Result::unwrap()` on an `Err` value: Os { code: 30, kind: ReadOnlyFilesystem, message: "Read-only file system" }
[INFO] [stdout] stack backtrace:
[INFO] [stdout]    0:     0x63a9d8ed64d1 - <<std[104cf6e2632825ea]::sys::backtrace::BacktraceLock>::print::DisplayBacktrace as core[7c831bd917ebf35f]::fmt::Display>::fmt
[INFO] [stdout]    1:     0x63a9d8eeb29a - core[7c831bd917ebf35f]::fmt::write
[INFO] [stdout]    2:     0x63a9d8edae5c - <alloc[2fdc3f7464fcf288]::vec::Vec<u8> as core[7c831bd917ebf35f]::io::write::Write>::write_fmt
[INFO] [stdout]    3:     0x63a9d8eb0956 - std[104cf6e2632825ea]::panicking::default_hook::{closure#0}
[INFO] [stdout]    4:     0x63a9d8ecde29 - std[104cf6e2632825ea]::panicking::default_hook
[INFO] [stdout]    5:     0x63a9d8e3b170 - test[73009c9f9aebf890]::test_main_inner::<test[73009c9f9aebf890]::test_main_static::{closure#0}>::{closure#0}
[INFO] [stdout]    6:     0x63a9d8ece152 - std[104cf6e2632825ea]::panicking::panic_with_hook
[INFO] [stdout]    7:     0x63a9d8eb0a02 - std[104cf6e2632825ea]::panicking::panic_handler::{closure#0}
[INFO] [stdout]    8:     0x63a9d8ea91e9 - std[104cf6e2632825ea]::sys::backtrace::__rust_end_short_backtrace::<std[104cf6e2632825ea]::panicking::panic_handler::{closure#0}, !>
[INFO] [stdout]    9:     0x63a9d8eb15fd - __rustc[b0d56fa5b193ad05]::rust_begin_unwind
[INFO] [stdout]   10:     0x63a9d8eeb9fc - core[7c831bd917ebf35f]::panicking::panic_fmt
[INFO] [stdout]   11:     0x63a9d8eeb7d2 - core[7c831bd917ebf35f]::result::unwrap_failed
[INFO] [stdout]   12:     0x63a9d8dfd496 - lsmlite[63779f59d978287e]::memtable::tests::make_memtable
[INFO] [stdout]   13:     0x63a9d8df93d1 - lsmlite[63779f59d978287e]::memtable::tests::test_insert_and_get::{closure#0}
[INFO] [stdout]   14:     0x63a9d8e15db8 - <tokio[83c270dfd85efa1]::runtime::context::scoped::Scoped<tokio[83c270dfd85efa1]::runtime::scheduler::Context>>::set::<<tokio[83c270dfd85efa1]::runtime::scheduler::current_thread::CoreGuard>::enter<<tokio[83c270dfd85efa1]::runtime::scheduler::current_thread::CoreGuard>::block_on<core[7c831bd917ebf35f]::pin::Pin<&mut core[7c831bd917ebf35f]::pin::Pin<&mut dyn core[7c831bd917ebf35f]::future::future::Future<Output = ()>>>>::{closure#0}, core[7c831bd917ebf35f]::option::Option<()>>::{closure#0}, (alloc[2fdc3f7464fcf288]::boxed::Box<tokio[83c270dfd85efa1]::runtime::scheduler::current_thread::Core>, core[7c831bd917ebf35f]::option::Option<()>)>
[INFO] [stdout]   15:     0x63a9d8e165e3 - <tokio[83c270dfd85efa1]::runtime::scheduler::current_thread::CurrentThread>::block_on::<core[7c831bd917ebf35f]::pin::Pin<&mut dyn core[7c831bd917ebf35f]::future::future::Future<Output = ()>>>
[INFO] [stdout]   16:     0x63a9d8e259f2 - <tokio[83c270dfd85efa1]::runtime::runtime::Runtime>::block_on::<core[7c831bd917ebf35f]::pin::Pin<&mut dyn core[7c831bd917ebf35f]::future::future::Future<Output = ()>>>
[INFO] [stdout]   17:     0x63a9d8dfd5db - lsmlite[63779f59d978287e]::memtable::tests::test_insert_and_get
[INFO] [stdout]   18:     0x63a9d8e177b9 - <lsmlite[63779f59d978287e]::memtable::tests::test_insert_and_get::{closure#0} as core[7c831bd917ebf35f]::ops::function::FnOnce<()>>::call_once
[INFO] [stdout]   19:     0x63a9d8e2e45b - test[73009c9f9aebf890]::__rust_begin_short_backtrace::<core[7c831bd917ebf35f]::result::Result<(), alloc[2fdc3f7464fcf288]::string::String>, fn() -> core[7c831bd917ebf35f]::result::Result<(), alloc[2fdc3f7464fcf288]::string::String>>
[INFO] [stdout]   20:     0x63a9d8e3bac5 - test[73009c9f9aebf890]::run_test::{closure#0}
[INFO] [stdout]   21:     0x63a9d8e34e84 - std[104cf6e2632825ea]::sys::backtrace::__rust_begin_short_backtrace::<test[73009c9f9aebf890]::run_test::{closure#1}, ()>
[INFO] [stdout]   22:     0x63a9d8e3ec22 - <std[104cf6e2632825ea]::thread::lifecycle::spawn_unchecked<test[73009c9f9aebf890]::run_test::{closure#1}, ()>::{closure#1} as core[7c831bd917ebf35f]::ops::function::FnOnce<()>>::call_once::{shim:vtable#0}
[INFO] [stdout]   23:     0x63a9d8ed5d99 - <std[104cf6e2632825ea]::sys::thread::unix::Thread>::new::thread_start
[INFO] [stdout]   24:     0x7e091858907a - <unknown>
[INFO] [stdout]   25:     0x7e091861c534 - clone
[INFO] [stdout]   26:                0x0 - <unknown>
[INFO] [stdout] 
[INFO] [stdout] ---- restart::tests::test_multiple_wals_sorted_oldest_first stdout ----
[INFO] [stdout] 
[INFO] [stdout] thread 'restart::tests::test_multiple_wals_sorted_oldest_first' (710) panicked at src/restart/mod.rs:174:39:
[INFO] [stdout] called `Result::unwrap()` on an `Err` value: Os { code: 30, kind: ReadOnlyFilesystem, message: "Read-only file system" }
[INFO] [stdout] stack backtrace:
[INFO] [stdout]    0:     0x63a9d8ed64d1 - <<std[104cf6e2632825ea]::sys::backtrace::BacktraceLock>::print::DisplayBacktrace as core[7c831bd917ebf35f]::fmt::Display>::fmt
[INFO] [stdout]    1:     0x63a9d8eeb29a - core[7c831bd917ebf35f]::fmt::write
[INFO] [stdout]    2:     0x63a9d8edae5c - <alloc[2fdc3f7464fcf288]::vec::Vec<u8> as core[7c831bd917ebf35f]::io::write::Write>::write_fmt
[INFO] [stdout]    3:     0x63a9d8eb0956 - std[104cf6e2632825ea]::panicking::default_hook::{closure#0}
[INFO] [stdout]    4:     0x63a9d8ecde29 - std[104cf6e2632825ea]::panicking::default_hook
[INFO] [stdout]    5:     0x63a9d8e3b170 - test[73009c9f9aebf890]::test_main_inner::<test[73009c9f9aebf890]::test_main_static::{closure#0}>::{closure#0}
[INFO] [stdout]    6:     0x63a9d8ece152 - std[104cf6e2632825ea]::panicking::panic_with_hook
[INFO] [stdout]    7:     0x63a9d8eb0a02 - std[104cf6e2632825ea]::panicking::panic_handler::{closure#0}
[INFO] [stdout]    8:     0x63a9d8ea91e9 - std[104cf6e2632825ea]::sys::backtrace::__rust_end_short_backtrace::<std[104cf6e2632825ea]::panicking::panic_handler::{closure#0}, !>
[INFO] [stdout]    9:     0x63a9d8eb15fd - __rustc[b0d56fa5b193ad05]::rust_begin_unwind
[INFO] [stdout]   10:     0x63a9d8eeb9fc - core[7c831bd917ebf35f]::panicking::panic_fmt
[INFO] [stdout]   11:     0x63a9d8eeb7d2 - core[7c831bd917ebf35f]::result::unwrap_failed
[INFO] [stdout]   12:     0x63a9d8e22618 - <lsmlite[63779f59d978287e]::restart::tests::TempDir>::new
[INFO] [stdout]   13:     0x63a9d8e25048 - lsmlite[63779f59d978287e]::restart::tests::test_multiple_wals_sorted_oldest_first
[INFO] [stdout]   14:     0x63a9d8e17779 - <lsmlite[63779f59d978287e]::restart::tests::test_multiple_wals_sorted_oldest_first::{closure#0} as core[7c831bd917ebf35f]::ops::function::FnOnce<()>>::call_once
[INFO] [stdout]   15:     0x63a9d8e2e45b - test[73009c9f9aebf890]::__rust_begin_short_backtrace::<core[7c831bd917ebf35f]::result::Result<(), alloc[2fdc3f7464fcf288]::string::String>, fn() -> core[7c831bd917ebf35f]::result::Result<(), alloc[2fdc3f7464fcf288]::string::String>>
[INFO] [stdout]   16:     0x63a9d8e3bac5 - test[73009c9f9aebf890]::run_test::{closure#0}
[INFO] [stdout]   17:     0x63a9d8e34e84 - std[104cf6e2632825ea]::sys::backtrace::__rust_begin_short_backtrace::<test[73009c9f9aebf890]::run_test::{closure#1}, ()>
[INFO] [stdout]   18:     0x63a9d8e3ec22 - <std[104cf6e2632825ea]::thread::lifecycle::spawn_unchecked<test[73009c9f9aebf890]::run_test::{closure#1}, ()>::{closure#1} as core[7c831bd917ebf35f]::ops::function::FnOnce<()>>::call_once::{shim:vtable#0}
[INFO] [stdout]   19:     0x63a9d8ed5d99 - <std[104cf6e2632825ea]::sys::thread::unix::Thread>::new::thread_start
[INFO] [stdout]   20:     0x7e091858907a - <unknown>
[INFO] [stdout]   21:     0x7e091861c534 - clone
[INFO] [stdout]   22:                0x0 - <unknown>
[INFO] [stdout] 
[INFO] [stdout] ---- restart::tests::test_non_database_files_ignored stdout ----
[INFO] [stdout] 
[INFO] [stdout] thread 'restart::tests::test_non_database_files_ignored' (711) panicked at src/restart/mod.rs:174:39:
[INFO] [stdout] called `Result::unwrap()` on an `Err` value: Os { code: 30, kind: ReadOnlyFilesystem, message: "Read-only file system" }
[INFO] [stdout] stack backtrace:
[INFO] [stdout]    0:     0x63a9d8ed64d1 - <<std[104cf6e2632825ea]::sys::backtrace::BacktraceLock>::print::DisplayBacktrace as core[7c831bd917ebf35f]::fmt::Display>::fmt
[INFO] [stdout]    1:     0x63a9d8eeb29a - core[7c831bd917ebf35f]::fmt::write
[INFO] [stdout]    2:     0x63a9d8edae5c - <alloc[2fdc3f7464fcf288]::vec::Vec<u8> as core[7c831bd917ebf35f]::io::write::Write>::write_fmt
[INFO] [stdout]    3:     0x63a9d8eb0956 - std[104cf6e2632825ea]::panicking::default_hook::{closure#0}
[INFO] [stdout]    4:     0x63a9d8ecde29 - std[104cf6e2632825ea]::panicking::default_hook
[INFO] [stdout]    5:     0x63a9d8e3b170 - test[73009c9f9aebf890]::test_main_inner::<test[73009c9f9aebf890]::test_main_static::{closure#0}>::{closure#0}
[INFO] [stdout]    6:     0x63a9d8ece152 - std[104cf6e2632825ea]::panicking::panic_with_hook
[INFO] [stdout]    7:     0x63a9d8eb0a02 - std[104cf6e2632825ea]::panicking::panic_handler::{closure#0}
[INFO] [stdout]    8:     0x63a9d8ea91e9 - std[104cf6e2632825ea]::sys::backtrace::__rust_end_short_backtrace::<std[104cf6e2632825ea]::panicking::panic_handler::{closure#0}, !>
[INFO] [stdout]    9:     0x63a9d8eb15fd - __rustc[b0d56fa5b193ad05]::rust_begin_unwind
[INFO] [stdout]   10:     0x63a9d8eeb9fc - core[7c831bd917ebf35f]::panicking::panic_fmt
[INFO] [stdout]   11:     0x63a9d8eeb7d2 - core[7c831bd917ebf35f]::result::unwrap_failed
[INFO] [stdout]   12:     0x63a9d8e22618 - <lsmlite[63779f59d978287e]::restart::tests::TempDir>::new
[INFO] [stdout]   13:     0x63a9d8e24736 - lsmlite[63779f59d978287e]::restart::tests::test_non_database_files_ignored
[INFO] [stdout]   14:     0x63a9d8e176f9 - <lsmlite[63779f59d978287e]::restart::tests::test_non_database_files_ignored::{closure#0} as core[7c831bd917ebf35f]::ops::function::FnOnce<()>>::call_once
[INFO] [stdout]   15:     0x63a9d8e2e45b - test[73009c9f9aebf890]::__rust_begin_short_backtrace::<core[7c831bd917ebf35f]::result::Result<(), alloc[2fdc3f7464fcf288]::string::String>, fn() -> core[7c831bd917ebf35f]::result::Result<(), alloc[2fdc3f7464fcf288]::string::String>>
[INFO] [stdout]   16:     0x63a9d8e3bac5 - test[73009c9f9aebf890]::run_test::{closure#0}
[INFO] [stdout]   17:     0x63a9d8e34e84 - std[104cf6e2632825ea]::sys::backtrace::__rust_begin_short_backtrace::<test[73009c9f9aebf890]::run_test::{closure#1}, ()>
[INFO] [stdout]   18:     0x63a9d8e3ec22 - <std[104cf6e2632825ea]::thread::lifecycle::spawn_unchecked<test[73009c9f9aebf890]::run_test::{closure#1}, ()>::{closure#1} as core[7c831bd917ebf35f]::ops::function::FnOnce<()>>::call_once::{shim:vtable#0}
[INFO] [stdout]   19:     0x63a9d8ed5d99 - <std[104cf6e2632825ea]::sys::thread::unix::Thread>::new::thread_start
[INFO] [stdout]   20:     0x7e091858907a - <unknown>
[INFO] [stdout]   21:     0x7e091861c534 - clone
[INFO] [stdout]   22:                0x0 - <unknown>
[INFO] [stdout] 
[INFO] [stdout] ---- memtable::tests::test_rotate_returns_old_table stdout ----
[INFO] [stdout] 
[INFO] [stdout] thread 'memtable::tests::test_rotate_returns_old_table' (706) panicked at src/memtable/mod.rs:95:46:
[INFO] [stdout] called `Result::unwrap()` on an `Err` value: Os { code: 30, kind: ReadOnlyFilesystem, message: "Read-only file system" }
[INFO] [stdout] stack backtrace:
[INFO] [stdout]    0:     0x63a9d8ed64d1 - <<std[104cf6e2632825ea]::sys::backtrace::BacktraceLock>::print::DisplayBacktrace as core[7c831bd917ebf35f]::fmt::Display>::fmt
[INFO] [stdout]    1:     0x63a9d8eeb29a - core[7c831bd917ebf35f]::fmt::write
[INFO] [stdout]    2:     0x63a9d8edae5c - <alloc[2fdc3f7464fcf288]::vec::Vec<u8> as core[7c831bd917ebf35f]::io::write::Write>::write_fmt
[INFO] [stdout]    3:     0x63a9d8eb0956 - std[104cf6e2632825ea]::panicking::default_hook::{closure#0}
[INFO] [stdout]    4:     0x63a9d8ecde29 - std[104cf6e2632825ea]::panicking::default_hook
[INFO] [stdout]    5:     0x63a9d8e3b170 - test[73009c9f9aebf890]::test_main_inner::<test[73009c9f9aebf890]::test_main_static::{closure#0}>::{closure#0}
[INFO] [stdout]    6:     0x63a9d8ece152 - std[104cf6e2632825ea]::panicking::panic_with_hook
[INFO] [stdout]    7:     0x63a9d8eb0a02 - std[104cf6e2632825ea]::panicking::panic_handler::{closure#0}
[INFO] [stdout]    8:     0x63a9d8ea91e9 - std[104cf6e2632825ea]::sys::backtrace::__rust_end_short_backtrace::<std[104cf6e2632825ea]::panicking::panic_handler::{closure#0}, !>
[INFO] [stdout]    9:     0x63a9d8eb15fd - __rustc[b0d56fa5b193ad05]::rust_begin_unwind
[INFO] [stdout]   10:     0x63a9d8eeb9fc - core[7c831bd917ebf35f]::panicking::panic_fmt
[INFO] [stdout]   11:     0x63a9d8eeb7d2 - core[7c831bd917ebf35f]::result::unwrap_failed
[INFO] [stdout]   12:     0x63a9d8dfd496 - lsmlite[63779f59d978287e]::memtable::tests::make_memtable
[INFO] [stdout]   13:     0x63a9d8dfa945 - lsmlite[63779f59d978287e]::memtable::tests::test_rotate_returns_old_table::{closure#0}
[INFO] [stdout]   14:     0x63a9d8e15db8 - <tokio[83c270dfd85efa1]::runtime::context::scoped::Scoped<tokio[83c270dfd85efa1]::runtime::scheduler::Context>>::set::<<tokio[83c270dfd85efa1]::runtime::scheduler::current_thread::CoreGuard>::enter<<tokio[83c270dfd85efa1]::runtime::scheduler::current_thread::CoreGuard>::block_on<core[7c831bd917ebf35f]::pin::Pin<&mut core[7c831bd917ebf35f]::pin::Pin<&mut dyn core[7c831bd917ebf35f]::future::future::Future<Output = ()>>>>::{closure#0}, core[7c831bd917ebf35f]::option::Option<()>>::{closure#0}, (alloc[2fdc3f7464fcf288]::boxed::Box<tokio[83c270dfd85efa1]::runtime::scheduler::current_thread::Core>, core[7c831bd917ebf35f]::option::Option<()>)>
[INFO] [stdout]   15:     0x63a9d8e165e3 - <tokio[83c270dfd85efa1]::runtime::scheduler::current_thread::CurrentThread>::block_on::<core[7c831bd917ebf35f]::pin::Pin<&mut dyn core[7c831bd917ebf35f]::future::future::Future<Output = ()>>>
[INFO] [stdout]   16:     0x63a9d8e259f2 - <tokio[83c270dfd85efa1]::runtime::runtime::Runtime>::block_on::<core[7c831bd917ebf35f]::pin::Pin<&mut dyn core[7c831bd917ebf35f]::future::future::Future<Output = ()>>>
[INFO] [stdout]   17:     0x63a9d8dfdb1b - lsmlite[63779f59d978287e]::memtable::tests::test_rotate_returns_old_table
[INFO] [stdout]   18:     0x63a9d8e17839 - <lsmlite[63779f59d978287e]::memtable::tests::test_rotate_returns_old_table::{closure#0} as core[7c831bd917ebf35f]::ops::function::FnOnce<()>>::call_once
[INFO] [stdout]   19:     0x63a9d8e2e45b - test[73009c9f9aebf890]::__rust_begin_short_backtrace::<core[7c831bd917ebf35f]::result::Result<(), alloc[2fdc3f7464fcf288]::string::String>, fn() -> core[7c831bd917ebf35f]::result::Result<(), alloc[2fdc3f7464fcf288]::string::String>>
[INFO] [stdout]   20:     0x63a9d8e3bac5 - test[73009c9f9aebf890]::run_test::{closure#0}
[INFO] [stdout]   21:     0x63a9d8e34e84 - std[104cf6e2632825ea]::sys::backtrace::__rust_begin_short_backtrace::<test[73009c9f9aebf890]::run_test::{closure#1}, ()>
[INFO] [stdout]   22:     0x63a9d8e3ec22 - <std[104cf6e2632825ea]::thread::lifecycle::spawn_unchecked<test[73009c9f9aebf890]::run_test::{closure#1}, ()>::{closure#1} as core[7c831bd917ebf35f]::ops::function::FnOnce<()>>::call_once::{shim:vtable#0}
[INFO] [stdout]   23:     0x63a9d8ed5d99 - <std[104cf6e2632825ea]::sys::thread::unix::Thread>::new::thread_start
[INFO] [stdout]   24:     0x7e091858907a - <unknown>
[INFO] [stdout]   25:     0x7e091861c534 - clone
[INFO] [stdout]   26:                0x0 - <unknown>
[INFO] [stdout] 
[INFO] [stdout] ---- memtable::immutable::tests::test_newest_wins stdout ----
[INFO] [stdout] 
[INFO] [stdout] thread 'memtable::immutable::tests::test_newest_wins' (686) panicked at src/memtable/inner.rs:627:51:
[INFO] [stdout] called `Result::unwrap()` on an `Err` value: Os { code: 30, kind: ReadOnlyFilesystem, message: "Read-only file system" }
[INFO] [stdout] stack backtrace:
[INFO] [stdout]    0:     0x63a9d8ed64d1 - <<std[104cf6e2632825ea]::sys::backtrace::BacktraceLock>::print::DisplayBacktrace as core[7c831bd917ebf35f]::fmt::Display>::fmt
[INFO] [stdout]    1:     0x63a9d8eeb29a - core[7c831bd917ebf35f]::fmt::write
[INFO] [stdout]    2:     0x63a9d8edae5c - <alloc[2fdc3f7464fcf288]::vec::Vec<u8> as core[7c831bd917ebf35f]::io::write::Write>::write_fmt
[INFO] [stdout]    3:     0x63a9d8eb0956 - std[104cf6e2632825ea]::panicking::default_hook::{closure#0}
[INFO] [stdout]    4:     0x63a9d8ecde29 - std[104cf6e2632825ea]::panicking::default_hook
[INFO] [stdout]    5:     0x63a9d8e3b170 - test[73009c9f9aebf890]::test_main_inner::<test[73009c9f9aebf890]::test_main_static::{closure#0}>::{closure#0}
[INFO] [stdout]    6:     0x63a9d8ece152 - std[104cf6e2632825ea]::panicking::panic_with_hook
[INFO] [stdout]    7:     0x63a9d8eb0a02 - std[104cf6e2632825ea]::panicking::panic_handler::{closure#0}
[INFO] [stdout]    8:     0x63a9d8ea91e9 - std[104cf6e2632825ea]::sys::backtrace::__rust_end_short_backtrace::<std[104cf6e2632825ea]::panicking::panic_handler::{closure#0}, !>
[INFO] [stdout]    9:     0x63a9d8eb15fd - __rustc[b0d56fa5b193ad05]::rust_begin_unwind
[INFO] [stdout]   10:     0x63a9d8eeb9fc - core[7c831bd917ebf35f]::panicking::panic_fmt
[INFO] [stdout]   11:     0x63a9d8eeb7d2 - core[7c831bd917ebf35f]::result::unwrap_failed
[INFO] [stdout]   12:     0x63a9d8e2ca2b - <lsmlite[63779f59d978287e]::memtable::inner::MemtableInner>::new_for_test
[INFO] [stdout]   13:     0x63a9d8e0b657 - lsmlite[63779f59d978287e]::memtable::immutable::tests::make_inner
[INFO] [stdout]   14:     0x63a9d8e09238 - lsmlite[63779f59d978287e]::memtable::immutable::tests::test_newest_wins::{closure#0}
[INFO] [stdout]   15:     0x63a9d8e15db8 - <tokio[83c270dfd85efa1]::runtime::context::scoped::Scoped<tokio[83c270dfd85efa1]::runtime::scheduler::Context>>::set::<<tokio[83c270dfd85efa1]::runtime::scheduler::current_thread::CoreGuard>::enter<<tokio[83c270dfd85efa1]::runtime::scheduler::current_thread::CoreGuard>::block_on<core[7c831bd917ebf35f]::pin::Pin<&mut core[7c831bd917ebf35f]::pin::Pin<&mut dyn core[7c831bd917ebf35f]::future::future::Future<Output = ()>>>>::{closure#0}, core[7c831bd917ebf35f]::option::Option<()>>::{closure#0}, (alloc[2fdc3f7464fcf288]::boxed::Box<tokio[83c270dfd85efa1]::runtime::scheduler::current_thread::Core>, core[7c831bd917ebf35f]::option::Option<()>)>
[INFO] [stdout]   16:     0x63a9d8e165e3 - <tokio[83c270dfd85efa1]::runtime::scheduler::current_thread::CurrentThread>::block_on::<core[7c831bd917ebf35f]::pin::Pin<&mut dyn core[7c831bd917ebf35f]::future::future::Future<Output = ()>>>
[INFO] [stdout]   17:     0x63a9d8e259f2 - <tokio[83c270dfd85efa1]::runtime::runtime::Runtime>::block_on::<core[7c831bd917ebf35f]::pin::Pin<&mut dyn core[7c831bd917ebf35f]::future::future::Future<Output = ()>>>
[INFO] [stdout]   18:     0x63a9d8e0bd2b - lsmlite[63779f59d978287e]::memtable::immutable::tests::test_newest_wins
[INFO] [stdout]   19:     0x63a9d8e17d59 - <lsmlite[63779f59d978287e]::memtable::immutable::tests::test_newest_wins::{closure#0} as core[7c831bd917ebf35f]::ops::function::FnOnce<()>>::call_once
[INFO] [stdout]   20:     0x63a9d8e2e45b - test[73009c9f9aebf890]::__rust_begin_short_backtrace::<core[7c831bd917ebf35f]::result::Result<(), alloc[2fdc3f7464fcf288]::string::String>, fn() -> core[7c831bd917ebf35f]::result::Result<(), alloc[2fdc3f7464fcf288]::string::String>>
[INFO] [stdout]   21:     0x63a9d8e3bac5 - test[73009c9f9aebf890]::run_test::{closure#0}
[INFO] [stdout]   22:     0x63a9d8e34e84 - std[104cf6e2632825ea]::sys::backtrace::__rust_begin_short_backtrace::<test[73009c9f9aebf890]::run_test::{closure#1}, ()>
[INFO] [stdout]   23:     0x63a9d8e3ec22 - <std[104cf6e2632825ea]::thread::lifecycle::spawn_unchecked<test[73009c9f9aebf890]::run_test::{closure#1}, ()>::{closure#1} as core[7c831bd917ebf35f]::ops::function::FnOnce<()>>::call_once::{shim:vtable#0}
[INFO] [stdout]   24:     0x63a9d8ed5d99 - <std[104cf6e2632825ea]::sys::thread::unix::Thread>::new::thread_start
[INFO] [stdout]   25:     0x7e091858907a - <unknown>
[INFO] [stdout]   26:     0x7e091861c534 - clone
[INFO] [stdout]   27:                0x0 - <unknown>
[INFO] [stdout] 
[INFO] [stdout] ---- restart::tests::test_empty_directory_returns_no_files stdout ----
[INFO] [stdout] 
[INFO] [stdout] thread 'restart::tests::test_empty_directory_returns_no_files' (709) panicked at src/restart/mod.rs:174:39:
[INFO] [stdout] called `Result::unwrap()` on an `Err` value: Os { code: 30, kind: ReadOnlyFilesystem, message: "Read-only file system" }
[INFO] [stdout] stack backtrace:
[INFO] [stdout]    0:     0x63a9d8ed64d1 - <<std[104cf6e2632825ea]::sys::backtrace::BacktraceLock>::print::DisplayBacktrace as core[7c831bd917ebf35f]::fmt::Display>::fmt
[INFO] [stdout]    1:     0x63a9d8eeb29a - core[7c831bd917ebf35f]::fmt::write
[INFO] [stdout]    2:     0x63a9d8edae5c - <alloc[2fdc3f7464fcf288]::vec::Vec<u8> as core[7c831bd917ebf35f]::io::write::Write>::write_fmt
[INFO] [stdout]    3:     0x63a9d8eb0956 - std[104cf6e2632825ea]::panicking::default_hook::{closure#0}
[INFO] [stdout]    4:     0x63a9d8ecde29 - std[104cf6e2632825ea]::panicking::default_hook
[INFO] [stdout]    5:     0x63a9d8e3b170 - test[73009c9f9aebf890]::test_main_inner::<test[73009c9f9aebf890]::test_main_static::{closure#0}>::{closure#0}
[INFO] [stdout]    6:     0x63a9d8ece152 - std[104cf6e2632825ea]::panicking::panic_with_hook
[INFO] [stdout]    7:     0x63a9d8eb0a02 - std[104cf6e2632825ea]::panicking::panic_handler::{closure#0}
[INFO] [stdout]    8:     0x63a9d8ea91e9 - std[104cf6e2632825ea]::sys::backtrace::__rust_end_short_backtrace::<std[104cf6e2632825ea]::panicking::panic_handler::{closure#0}, !>
[INFO] [stdout]    9:     0x63a9d8eb15fd - __rustc[b0d56fa5b193ad05]::rust_begin_unwind
[INFO] [stdout]   10:     0x63a9d8eeb9fc - core[7c831bd917ebf35f]::panicking::panic_fmt
[INFO] [stdout]   11:     0x63a9d8eeb7d2 - core[7c831bd917ebf35f]::result::unwrap_failed
[INFO] [stdout]   12:     0x63a9d8e22618 - <lsmlite[63779f59d978287e]::restart::tests::TempDir>::new
[INFO] [stdout]   13:     0x63a9d8e24eb6 - lsmlite[63779f59d978287e]::restart::tests::test_empty_directory_returns_no_files
[INFO] [stdout]   14:     0x63a9d8e17759 - <lsmlite[63779f59d978287e]::restart::tests::test_empty_directory_returns_no_files::{closure#0} as core[7c831bd917ebf35f]::ops::function::FnOnce<()>>::call_once
[INFO] [stdout]   15:     0x63a9d8e2e45b - test[73009c9f9aebf890]::__rust_begin_short_backtrace::<core[7c831bd917ebf35f]::result::Result<(), alloc[2fdc3f7464fcf288]::string::String>, fn() -> core[7c831bd917ebf35f]::result::Result<(), alloc[2fdc3f7464fcf288]::string::String>>
[INFO] [stdout]   16:     0x63a9d8e3bac5 - test[73009c9f9aebf890]::run_test::{closure#0}
[INFO] [stdout]   17:     0x63a9d8e34e84 - std[104cf6e2632825ea]::sys::backtrace::__rust_begin_short_backtrace::<test[73009c9f9aebf890]::run_test::{closure#1}, ()>
[INFO] [stdout]   18:     0x63a9d8e3ec22 - <std[104cf6e2632825ea]::thread::lifecycle::spawn_unchecked<test[73009c9f9aebf890]::run_test::{closure#1}, ()>::{closure#1} as core[7c831bd917ebf35f]::ops::function::FnOnce<()>>::call_once::{shim:vtable#0}
[INFO] [stdout]   19:     0x63a9d8ed5d99 - <std[104cf6e2632825ea]::sys::thread::unix::Thread>::new::thread_start
[INFO] [stdout]   20:     0x7e091858907a - <unknown>
[INFO] [stdout]   21:     0x7e091861c534 - clone
[INFO] [stdout]   22:                0x0 - <unknown>
[INFO] [stdout] 
[INFO] [stdout] ---- memtable::tests::test_table_full_error stdout ----
[INFO] [stdout] 
[INFO] [stdout] thread 'memtable::tests::test_table_full_error' (707) panicked at src/memtable/mod.rs:180:46:
[INFO] [stdout] called `Result::unwrap()` on an `Err` value: Os { code: 30, kind: ReadOnlyFilesystem, message: "Read-only file system" }
[INFO] [stdout] stack backtrace:
[INFO] [stdout]    0:     0x63a9d8ed64d1 - <<std[104cf6e2632825ea]::sys::backtrace::BacktraceLock>::print::DisplayBacktrace as core[7c831bd917ebf35f]::fmt::Display>::fmt
[INFO] [stdout]    1:     0x63a9d8eeb29a - core[7c831bd917ebf35f]::fmt::write
[INFO] [stdout]    2:     0x63a9d8edae5c - <alloc[2fdc3f7464fcf288]::vec::Vec<u8> as core[7c831bd917ebf35f]::io::write::Write>::write_fmt
[INFO] [stdout]    3:     0x63a9d8eb0956 - std[104cf6e2632825ea]::panicking::default_hook::{closure#0}
[INFO] [stdout]    4:     0x63a9d8ecde29 - std[104cf6e2632825ea]::panicking::default_hook
[INFO] [stdout]    5:     0x63a9d8e3b170 - test[73009c9f9aebf890]::test_main_inner::<test[73009c9f9aebf890]::test_main_static::{closure#0}>::{closure#0}
[INFO] [stdout]    6:     0x63a9d8ece152 - std[104cf6e2632825ea]::panicking::panic_with_hook
[INFO] [stdout]    7:     0x63a9d8eb0a02 - std[104cf6e2632825ea]::panicking::panic_handler::{closure#0}
[INFO] [stdout]    8:     0x63a9d8ea91e9 - std[104cf6e2632825ea]::sys::backtrace::__rust_end_short_backtrace::<std[104cf6e2632825ea]::panicking::panic_handler::{closure#0}, !>
[INFO] [stdout]    9:     0x63a9d8eb15fd - __rustc[b0d56fa5b193ad05]::rust_begin_unwind
[INFO] [stdout]   10:     0x63a9d8eeb9fc - core[7c831bd917ebf35f]::panicking::panic_fmt
[INFO] [stdout]   11:     0x63a9d8eeb7d2 - core[7c831bd917ebf35f]::result::unwrap_failed
[INFO] [stdout]   12:     0x63a9d8df9fcf - lsmlite[63779f59d978287e]::memtable::tests::test_table_full_error::{closure#0}
[INFO] [stdout]   13:     0x63a9d8e15db8 - <tokio[83c270dfd85efa1]::runtime::context::scoped::Scoped<tokio[83c270dfd85efa1]::runtime::scheduler::Context>>::set::<<tokio[83c270dfd85efa1]::runtime::scheduler::current_thread::CoreGuard>::enter<<tokio[83c270dfd85efa1]::runtime::scheduler::current_thread::CoreGuard>::block_on<core[7c831bd917ebf35f]::pin::Pin<&mut core[7c831bd917ebf35f]::pin::Pin<&mut dyn core[7c831bd917ebf35f]::future::future::Future<Output = ()>>>>::{closure#0}, core[7c831bd917ebf35f]::option::Option<()>>::{closure#0}, (alloc[2fdc3f7464fcf288]::boxed::Box<tokio[83c270dfd85efa1]::runtime::scheduler::current_thread::Core>, core[7c831bd917ebf35f]::option::Option<()>)>
[INFO] [stdout]   14:     0x63a9d8e165e3 - <tokio[83c270dfd85efa1]::runtime::scheduler::current_thread::CurrentThread>::block_on::<core[7c831bd917ebf35f]::pin::Pin<&mut dyn core[7c831bd917ebf35f]::future::future::Future<Output = ()>>>
[INFO] [stdout]   15:     0x63a9d8e259f2 - <tokio[83c270dfd85efa1]::runtime::runtime::Runtime>::block_on::<core[7c831bd917ebf35f]::pin::Pin<&mut dyn core[7c831bd917ebf35f]::future::future::Future<Output = ()>>>
[INFO] [stdout]   16:     0x63a9d8dfd72b - lsmlite[63779f59d978287e]::memtable::tests::test_table_full_error
[INFO] [stdout]   17:     0x63a9d8e177d9 - <lsmlite[63779f59d978287e]::memtable::tests::test_table_full_error::{closure#0} as core[7c831bd917ebf35f]::ops::function::FnOnce<()>>::call_once
[INFO] [stdout]   18:     0x63a9d8e2e45b - test[73009c9f9aebf890]::__rust_begin_short_backtrace::<core[7c831bd917ebf35f]::result::Result<(), alloc[2fdc3f7464fcf288]::string::String>, fn() -> core[7c831bd917ebf35f]::result::Result<(), alloc[2fdc3f7464fcf288]::string::String>>
[INFO] [stdout]   19:     0x63a9d8e3bac5 - test[73009c9f9aebf890]::run_test::{closure#0}
[INFO] [stdout]   20:     0x63a9d8e34e84 - std[104cf6e2632825ea]::sys::backtrace::__rust_begin_short_backtrace::<test[73009c9f9aebf890]::run_test::{closure#1}, ()>
[INFO] [stdout]   21:     0x63a9d8e3ec22 - <std[104cf6e2632825ea]::thread::lifecycle::spawn_unchecked<test[73009c9f9aebf890]::run_test::{closure#1}, ()>::{closure#1} as core[7c831bd917ebf35f]::ops::function::FnOnce<()>>::call_once::{shim:vtable#0}
[INFO] [stdout]   22:     0x63a9d8ed5d99 - <std[104cf6e2632825ea]::sys::thread::unix::Thread>::new::thread_start
[INFO] [stdout]   23:     0x7e091858907a - <unknown>
[INFO] [stdout]   24:     0x7e091861c534 - clone
[INFO] [stdout]   25:                0x0 - <unknown>
[INFO] [stdout] 
[INFO] [stdout] ---- restart::tests::test_sstables_sorted_newest_first stdout ----
[INFO] [stdout] 
[INFO] [stdout] thread 'restart::tests::test_sstables_sorted_newest_first' (714) panicked at src/restart/mod.rs:174:39:
[INFO] [stdout] called `Result::unwrap()` on an `Err` value: Os { code: 30, kind: ReadOnlyFilesystem, message: "Read-only file system" }
[INFO] [stdout] stack backtrace:
[INFO] [stdout]    0:     0x63a9d8ed64d1 - <<std[104cf6e2632825ea]::sys::backtrace::BacktraceLock>::print::DisplayBacktrace as core[7c831bd917ebf35f]::fmt::Display>::fmt
[INFO] [stdout]    1:     0x63a9d8eeb29a - core[7c831bd917ebf35f]::fmt::write
[INFO] [stdout]    2:     0x63a9d8edae5c - <alloc[2fdc3f7464fcf288]::vec::Vec<u8> as core[7c831bd917ebf35f]::io::write::Write>::write_fmt
[INFO] [stdout]    3:     0x63a9d8eb0956 - std[104cf6e2632825ea]::panicking::default_hook::{closure#0}
[INFO] [stdout]    4:     0x63a9d8ecde29 - std[104cf6e2632825ea]::panicking::default_hook
[INFO] [stdout]    5:     0x63a9d8e3b170 - test[73009c9f9aebf890]::test_main_inner::<test[73009c9f9aebf890]::test_main_static::{closure#0}>::{closure#0}
[INFO] [stdout]    6:     0x63a9d8ece152 - std[104cf6e2632825ea]::panicking::panic_with_hook
[INFO] [stdout]    7:     0x63a9d8eb0a02 - std[104cf6e2632825ea]::panicking::panic_handler::{closure#0}
[INFO] [stdout]    8:     0x63a9d8ea91e9 - std[104cf6e2632825ea]::sys::backtrace::__rust_end_short_backtrace::<std[104cf6e2632825ea]::panicking::panic_handler::{closure#0}, !>
[INFO] [stdout]    9:     0x63a9d8eb15fd - __rustc[b0d56fa5b193ad05]::rust_begin_unwind
[INFO] [stdout]   10:     0x63a9d8eeb9fc - core[7c831bd917ebf35f]::panicking::panic_fmt
[INFO] [stdout]   11:     0x63a9d8eeb7d2 - core[7c831bd917ebf35f]::result::unwrap_failed
[INFO] [stdout]   12:     0x63a9d8e22618 - <lsmlite[63779f59d978287e]::restart::tests::TempDir>::new
[INFO] [stdout]   13:     0x63a9d8e248f8 - lsmlite[63779f59d978287e]::restart::tests::test_sstables_sorted_newest_first
[INFO] [stdout]   14:     0x63a9d8e17719 - <lsmlite[63779f59d978287e]::restart::tests::test_sstables_sorted_newest_first::{closure#0} as core[7c831bd917ebf35f]::ops::function::FnOnce<()>>::call_once
[INFO] [stdout]   15:     0x63a9d8e2e45b - test[73009c9f9aebf890]::__rust_begin_short_backtrace::<core[7c831bd917ebf35f]::result::Result<(), alloc[2fdc3f7464fcf288]::string::String>, fn() -> core[7c831bd917ebf35f]::result::Result<(), alloc[2fdc3f7464fcf288]::string::String>>
[INFO] [stdout]   16:     0x63a9d8e3bac5 - test[73009c9f9aebf890]::run_test::{closure#0}
[INFO] [stdout]   17:     0x63a9d8e34e84 - std[104cf6e2632825ea]::sys::backtrace::__rust_begin_short_backtrace::<test[73009c9f9aebf890]::run_test::{closure#1}, ()>
[INFO] [stdout]   18:     0x63a9d8e3ec22 - <std[104cf6e2632825ea]::thread::lifecycle::spawn_unchecked<test[73009c9f9aebf890]::run_test::{closure#1}, ()>::{closure#1} as core[7c831bd917ebf35f]::ops::function::FnOnce<()>>::call_once::{shim:vtable#0}
[INFO] [stdout]   19:     0x63a9d8ed5d99 - <std[104cf6e2632825ea]::sys::thread::unix::Thread>::new::thread_start
[INFO] [stdout]   20:     0x7e091858907a - <unknown>
[INFO] [stdout]   21:     0x7e091861c534 - clone
[INFO] [stdout]   22:                0x0 - <unknown>
[INFO] [stdout] 
[INFO] [stdout] ---- restart::tests::test_wal_file_detected stdout ----
[INFO] [stdout] 
[INFO] [stdout] thread 'restart::tests::test_wal_file_detected' (715) panicked at src/restart/mod.rs:174:39:
[INFO] [stdout] called `Result::unwrap()` on an `Err` value: Os { code: 30, kind: ReadOnlyFilesystem, message: "Read-only file system" }
[INFO] [stdout] stack backtrace:
[INFO] [stdout]    0:     0x63a9d8ed64d1 - <<std[104cf6e2632825ea]::sys::backtrace::BacktraceLock>::print::DisplayBacktrace as core[7c831bd917ebf35f]::fmt::Display>::fmt
[INFO] [stdout]    1:     0x63a9d8eeb29a - core[7c831bd917ebf35f]::fmt::write
[INFO] [stdout]    2:     0x63a9d8edae5c - <alloc[2fdc3f7464fcf288]::vec::Vec<u8> as core[7c831bd917ebf35f]::io::write::Write>::write_fmt
[INFO] [stdout]    3:     0x63a9d8eb0956 - std[104cf6e2632825ea]::panicking::default_hook::{closure#0}
[INFO] [stdout]    4:     0x63a9d8ecde29 - std[104cf6e2632825ea]::panicking::default_hook
[INFO] [stdout]    5:     0x63a9d8e3b170 - test[73009c9f9aebf890]::test_main_inner::<test[73009c9f9aebf890]::test_main_static::{closure#0}>::{closure#0}
[INFO] [stdout]    6:     0x63a9d8ece152 - std[104cf6e2632825ea]::panicking::panic_with_hook
[INFO] [stdout]    7:     0x63a9d8eb0a02 - std[104cf6e2632825ea]::panicking::panic_handler::{closure#0}
[INFO] [stdout]    8:     0x63a9d8ea91e9 - std[104cf6e2632825ea]::sys::backtrace::__rust_end_short_backtrace::<std[104cf6e2632825ea]::panicking::panic_handler::{closure#0}, !>
[INFO] [stdout]    9:     0x63a9d8eb15fd - __rustc[b0d56fa5b193ad05]::rust_begin_unwind
[INFO] [stdout]   10:     0x63a9d8eeb9fc - core[7c831bd917ebf35f]::panicking::panic_fmt
[INFO] [stdout]   11:     0x63a9d8eeb7d2 - core[7c831bd917ebf35f]::result::unwrap_failed
[INFO] [stdout]   12:     0x63a9d8e22618 - <lsmlite[63779f59d978287e]::restart::tests::TempDir>::new
[INFO] [stdout]   13:     0x63a9d8e24128 - lsmlite[63779f59d978287e]::restart::tests::test_wal_file_detected
[INFO] [stdout]   14:     0x63a9d8e17699 - <lsmlite[63779f59d978287e]::restart::tests::test_wal_file_detected::{closure#0} as core[7c831bd917ebf35f]::ops::function::FnOnce<()>>::call_once
[INFO] [stdout]   15:     0x63a9d8e2e45b - test[73009c9f9aebf890]::__rust_begin_short_backtrace::<core[7c831bd917ebf35f]::result::Result<(), alloc[2fdc3f7464fcf288]::string::String>, fn() -> core[7c831bd917ebf35f]::result::Result<(), alloc[2fdc3f7464fcf288]::string::String>>
[INFO] [stdout]   16:     0x63a9d8e3bac5 - test[73009c9f9aebf890]::run_test::{closure#0}
[INFO] [stdout]   17:     0x63a9d8e34e84 - std[104cf6e2632825ea]::sys::backtrace::__rust_begin_short_backtrace::<test[73009c9f9aebf890]::run_test::{closure#1}, ()>
[INFO] [stdout]   18:     0x63a9d8e3ec22 - <std[104cf6e2632825ea]::thread::lifecycle::spawn_unchecked<test[73009c9f9aebf890]::run_test::{closure#1}, ()>::{closure#1} as core[7c831bd917ebf35f]::ops::function::FnOnce<()>>::call_once::{shim:vtable#0}
[INFO] [stdout]   19:     0x63a9d8ed5d99 - <std[104cf6e2632825ea]::sys::thread::unix::Thread>::new::thread_start
[INFO] [stdout]   20:     0x7e091858907a - <unknown>
[INFO] [stdout]   21:     0x7e091861c534 - clone
[INFO] [stdout]   22:                0x0 - <unknown>
[INFO] [stdout] 
[INFO] [stdout] ---- restart::worker::tests::test_multiple_wals_all_loaded stdout ----
[INFO] [stdout] 
[INFO] [stdout] thread 'restart::worker::tests::test_multiple_wals_all_loaded' (717) panicked at src/restart/worker.rs:73:42:
[INFO] [stdout] called `Result::unwrap()` on an `Err` value: Os { code: 30, kind: ReadOnlyFilesystem, message: "Read-only file system" }
[INFO] [stdout] stack backtrace:
[INFO] [stdout]    0:     0x63a9d8ed64d1 - <<std[104cf6e2632825ea]::sys::backtrace::BacktraceLock>::print::DisplayBacktrace as core[7c831bd917ebf35f]::fmt::Display>::fmt
[INFO] [stdout]    1:     0x63a9d8eeb29a - core[7c831bd917ebf35f]::fmt::write
[INFO] [stdout]    2:     0x63a9d8edae5c - <alloc[2fdc3f7464fcf288]::vec::Vec<u8> as core[7c831bd917ebf35f]::io::write::Write>::write_fmt
[INFO] [stdout]    3:     0x63a9d8eb0956 - std[104cf6e2632825ea]::panicking::default_hook::{closure#0}
[INFO] [stdout]    4:     0x63a9d8ecde29 - std[104cf6e2632825ea]::panicking::default_hook
[INFO] [stdout]    5:     0x63a9d8e3b170 - test[73009c9f9aebf890]::test_main_inner::<test[73009c9f9aebf890]::test_main_static::{closure#0}>::{closure#0}
[INFO] [stdout]    6:     0x63a9d8ece152 - std[104cf6e2632825ea]::panicking::panic_with_hook
[INFO] [stdout]    7:     0x63a9d8eb0a02 - std[104cf6e2632825ea]::panicking::panic_handler::{closure#0}
[INFO] [stdout]    8:     0x63a9d8ea91e9 - std[104cf6e2632825ea]::sys::backtrace::__rust_end_short_backtrace::<std[104cf6e2632825ea]::panicking::panic_handler::{closure#0}, !>
[INFO] [stdout]    9:     0x63a9d8eb15fd - __rustc[b0d56fa5b193ad05]::rust_begin_unwind
[INFO] [stdout]   10:     0x63a9d8eeb9fc - core[7c831bd917ebf35f]::panicking::panic_fmt
[INFO] [stdout]   11:     0x63a9d8eeb7d2 - core[7c831bd917ebf35f]::result::unwrap_failed
[INFO] [stdout]   12:     0x63a9d8e0d596 - lsmlite[63779f59d978287e]::restart::worker::tests::make_wal
[INFO] [stdout]   13:     0x63a9d8e0e502 - lsmlite[63779f59d978287e]::restart::worker::tests::test_multiple_wals_all_loaded
[INFO] [stdout]   14:     0x63a9d8e17919 - <lsmlite[63779f59d978287e]::restart::worker::tests::test_multiple_wals_all_loaded::{closure#0} as core[7c831bd917ebf35f]::ops::function::FnOnce<()>>::call_once
[INFO] [stdout]   15:     0x63a9d8e2e45b - test[73009c9f9aebf890]::__rust_begin_short_backtrace::<core[7c831bd917ebf35f]::result::Result<(), alloc[2fdc3f7464fcf288]::string::String>, fn() -> core[7c831bd917ebf35f]::result::Result<(), alloc[2fdc3f7464fcf288]::string::String>>
[INFO] [stdout]   16:     0x63a9d8e3bac5 - test[73009c9f9aebf890]::run_test::{closure#0}
[INFO] [stdout]   17:     0x63a9d8e34e84 - std[104cf6e2632825ea]::sys::backtrace::__rust_begin_short_backtrace::<test[73009c9f9aebf890]::run_test::{closure#1}, ()>
[INFO] [stdout]   18:     0x63a9d8e3ec22 - <std[104cf6e2632825ea]::thread::lifecycle::spawn_unchecked<test[73009c9f9aebf890]::run_test::{closure#1}, ()>::{closure#1} as core[7c831bd917ebf35f]::ops::function::FnOnce<()>>::call_once::{shim:vtable#0}
[INFO] [stdout]   19:     0x63a9d8ed5d99 - <std[104cf6e2632825ea]::sys::thread::unix::Thread>::new::thread_start
[INFO] [stdout]   20:     0x7e091858907a - <unknown>
[INFO] [stdout]   21:     0x7e091861c534 - clone
[INFO] [stdout]   22:                0x0 - <unknown>
[INFO] [stdout] 
[INFO] [stdout] ---- restart::worker::tests::test_empty_wal_produces_empty_table stdout ----
[INFO] [stdout] 
[INFO] [stdout] thread 'restart::worker::tests::test_empty_wal_produces_empty_table' (716) panicked at src/restart/worker.rs:73:42:
[INFO] [stdout] called `Result::unwrap()` on an `Err` value: Os { code: 30, kind: ReadOnlyFilesystem, message: "Read-only file system" }
[INFO] [stdout] stack backtrace:
[INFO] [stdout]    0:     0x63a9d8ed64d1 - <<std[104cf6e2632825ea]::sys::backtrace::BacktraceLock>::print::DisplayBacktrace as core[7c831bd917ebf35f]::fmt::Display>::fmt
[INFO] [stdout]    1:     0x63a9d8eeb29a - core[7c831bd917ebf35f]::fmt::write
[INFO] [stdout]    2:     0x63a9d8edae5c - <alloc[2fdc3f7464fcf288]::vec::Vec<u8> as core[7c831bd917ebf35f]::io::write::Write>::write_fmt
[INFO] [stdout]    3:     0x63a9d8eb0956 - std[104cf6e2632825ea]::panicking::default_hook::{closure#0}
[INFO] [stdout]    4:     0x63a9d8ecde29 - std[104cf6e2632825ea]::panicking::default_hook
[INFO] [stdout]    5:     0x63a9d8e3b170 - test[73009c9f9aebf890]::test_main_inner::<test[73009c9f9aebf890]::test_main_static::{closure#0}>::{closure#0}
[INFO] [stdout]    6:     0x63a9d8ece152 - std[104cf6e2632825ea]::panicking::panic_with_hook
[INFO] [stdout]    7:     0x63a9d8eb0a02 - std[104cf6e2632825ea]::panicking::panic_handler::{closure#0}
[INFO] [stdout]    8:     0x63a9d8ea91e9 - std[104cf6e2632825ea]::sys::backtrace::__rust_end_short_backtrace::<std[104cf6e2632825ea]::panicking::panic_handler::{closure#0}, !>
[INFO] [stdout]    9:     0x63a9d8eb15fd - __rustc[b0d56fa5b193ad05]::rust_begin_unwind
[INFO] [stdout]   10:     0x63a9d8eeb9fc - core[7c831bd917ebf35f]::panicking::panic_fmt
[INFO] [stdout]   11:     0x63a9d8eeb7d2 - core[7c831bd917ebf35f]::result::unwrap_failed
[INFO] [stdout]   12:     0x63a9d8e0d596 - lsmlite[63779f59d978287e]::restart::worker::tests::make_wal
[INFO] [stdout]   13:     0x63a9d8e0f5e0 - lsmlite[63779f59d978287e]::restart::worker::tests::test_empty_wal_produces_empty_table
[INFO] [stdout]   14:     0x63a9d8e17959 - <lsmlite[63779f59d978287e]::restart::worker::tests::test_empty_wal_produces_empty_table::{closure#0} as core[7c831bd917ebf35f]::ops::function::FnOnce<()>>::call_once
[INFO] [stdout]   15:     0x63a9d8e2e45b - test[73009c9f9aebf890]::__rust_begin_short_backtrace::<core[7c831bd917ebf35f]::result::Result<(), alloc[2fdc3f7464fcf288]::string::String>, fn() -> core[7c831bd917ebf35f]::result::Result<(), alloc[2fdc3f7464fcf288]::string::String>>
[INFO] [stdout]   16:     0x63a9d8e3bac5 - test[73009c9f9aebf890]::run_test::{closure#0}
[INFO] [stdout]   17:     0x63a9d8e34e84 - std[104cf6e2632825ea]::sys::backtrace::__rust_begin_short_backtrace::<test[73009c9f9aebf890]::run_test::{closure#1}, ()>
[INFO] [stdout]   18:     0x63a9d8e3ec22 - <std[104cf6e2632825ea]::thread::lifecycle::spawn_unchecked<test[73009c9f9aebf890]::run_test::{closure#1}, ()>::{closure#1} as core[7c831bd917ebf35f]::ops::function::FnOnce<()>>::call_once::{shim:vtable#0}
[INFO] [stdout]   19:     0x63a9d8ed5d99 - <std[104cf6e2632825ea]::sys::thread::unix::Thread>::new::thread_start
[INFO] [stdout]   20:     0x7e091858907a - <unknown>
[INFO] [stdout]   21:     0x7e091861c534 - clone
[INFO] [stdout]   22:                0x0 - <unknown>
[INFO] [stdout] 
[INFO] [stdout] ---- restart::worker::tests::test_order_preserved stdout ----
[INFO] [stdout] 
[INFO] [stdout] thread 'restart::worker::tests::test_order_preserved' (718) panicked at src/restart/worker.rs:73:42:
[INFO] [stdout] called `Result::unwrap()` on an `Err` value: Os { code: 30, kind: ReadOnlyFilesystem, message: "Read-only file system" }
[INFO] [stdout] stack backtrace:
[INFO] [stdout]    0:     0x63a9d8ed64d1 - <<std[104cf6e2632825ea]::sys::backtrace::BacktraceLock>::print::DisplayBacktrace as core[7c831bd917ebf35f]::fmt::Display>::fmt
[INFO] [stdout]    1:     0x63a9d8eeb29a - core[7c831bd917ebf35f]::fmt::write
[INFO] [stdout]    2:     0x63a9d8edae5c - <alloc[2fdc3f7464fcf288]::vec::Vec<u8> as core[7c831bd917ebf35f]::io::write::Write>::write_fmt
[INFO] [stdout]    3:     0x63a9d8eb0956 - std[104cf6e2632825ea]::panicking::default_hook::{closure#0}
[INFO] [stdout]    4:     0x63a9d8ecde29 - std[104cf6e2632825ea]::panicking::default_hook
[INFO] [stdout]    5:     0x63a9d8e3b170 - test[73009c9f9aebf890]::test_main_inner::<test[73009c9f9aebf890]::test_main_static::{closure#0}>::{closure#0}
[INFO] [stdout]    6:     0x63a9d8ece152 - std[104cf6e2632825ea]::panicking::panic_with_hook
[INFO] [stdout]    7:     0x63a9d8eb0a02 - std[104cf6e2632825ea]::panicking::panic_handler::{closure#0}
[INFO] [stdout]    8:     0x63a9d8ea91e9 - std[104cf6e2632825ea]::sys::backtrace::__rust_end_short_backtrace::<std[104cf6e2632825ea]::panicking::panic_handler::{closure#0}, !>
[INFO] [stdout]    9:     0x63a9d8eb15fd - __rustc[b0d56fa5b193ad05]::rust_begin_unwind
[INFO] [stdout]   10:     0x63a9d8eeb9fc - core[7c831bd917ebf35f]::panicking::panic_fmt
[INFO] [stdout]   11:     0x63a9d8eeb7d2 - core[7c831bd917ebf35f]::result::unwrap_failed
[INFO] [stdout]   12:     0x63a9d8e0d596 - lsmlite[63779f59d978287e]::restart::worker::tests::make_wal
[INFO] [stdout]   13:     0x63a9d8e0d6a2 - lsmlite[63779f59d978287e]::restart::worker::tests::test_order_preserved
[INFO] [stdout]   14:     0x63a9d8e178d9 - <lsmlite[63779f59d978287e]::restart::worker::tests::test_order_preserved::{closure#0} as core[7c831bd917ebf35f]::ops::function::FnOnce<()>>::call_once
[INFO] [stdout]   15:     0x63a9d8e2e45b - test[73009c9f9aebf890]::__rust_begin_short_backtrace::<core[7c831bd917ebf35f]::result::Result<(), alloc[2fdc3f7464fcf288]::string::String>, fn() -> core[7c831bd917ebf35f]::result::Result<(), alloc[2fdc3f7464fcf288]::string::String>>
[INFO] [stdout]   16:     0x63a9d8e3bac5 - test[73009c9f9aebf890]::run_test::{closure#0}
[INFO] [stdout]   17:     0x63a9d8e34e84 - std[104cf6e2632825ea]::sys::backtrace::__rust_begin_short_backtrace::<test[73009c9f9aebf890]::run_test::{closure#1}, ()>
[INFO] [stdout]   18:     0x63a9d8e3ec22 - <std[104cf6e2632825ea]::thread::lifecycle::spawn_unchecked<test[73009c9f9aebf890]::run_test::{closure#1}, ()>::{closure#1} as core[7c831bd917ebf35f]::ops::function::FnOnce<()>>::call_once::{shim:vtable#0}
[INFO] [stdout]   19:     0x63a9d8ed5d99 - <std[104cf6e2632825ea]::sys::thread::unix::Thread>::new::thread_start
[INFO] [stdout]   20:     0x7e091858907a - <unknown>
[INFO] [stdout]   21:     0x7e091861c534 - clone
[INFO] [stdout]   22:                0x0 - <unknown>
[INFO] [stdout] 
[INFO] [stdout] ---- restart::worker::tests::test_single_wal_data_recovered stdout ----
[INFO] [stdout] 
[INFO] [stdout] thread 'restart::worker::tests::test_single_wal_data_recovered' (719) panicked at src/restart/worker.rs:73:42:
[INFO] [stdout] called `Result::unwrap()` on an `Err` value: Os { code: 30, kind: ReadOnlyFilesystem, message: "Read-only file system" }
[INFO] [stdout] stack backtrace:
[INFO] [stdout]    0:     0x63a9d8ed64d1 - <<std[104cf6e2632825ea]::sys::backtrace::BacktraceLock>::print::DisplayBacktrace as core[7c831bd917ebf35f]::fmt::Display>::fmt
[INFO] [stdout]    1:     0x63a9d8eeb29a - core[7c831bd917ebf35f]::fmt::write
[INFO] [stdout]    2:     0x63a9d8edae5c - <alloc[2fdc3f7464fcf288]::vec::Vec<u8> as core[7c831bd917ebf35f]::io::write::Write>::write_fmt
[INFO] [stdout]    3:     0x63a9d8eb0956 - std[104cf6e2632825ea]::panicking::default_hook::{closure#0}
[INFO] [stdout]    4:     0x63a9d8ecde29 - std[104cf6e2632825ea]::panicking::default_hook
[INFO] [stdout]    5:     0x63a9d8e3b170 - test[73009c9f9aebf890]::test_main_inner::<test[73009c9f9aebf890]::test_main_static::{closure#0}>::{closure#0}
[INFO] [stdout]    6:     0x63a9d8ece152 - std[104cf6e2632825ea]::panicking::panic_with_hook
[INFO] [stdout]    7:     0x63a9d8eb0a02 - std[104cf6e2632825ea]::panicking::panic_handler::{closure#0}
[INFO] [stdout]    8:     0x63a9d8ea91e9 - std[104cf6e2632825ea]::sys::backtrace::__rust_end_short_backtrace::<std[104cf6e2632825ea]::panicking::panic_handler::{closure#0}, !>
[INFO] [stdout]    9:     0x63a9d8eb15fd - __rustc[b0d56fa5b193ad05]::rust_begin_unwind
[INFO] [stdout]   10:     0x63a9d8eeb9fc - core[7c831bd917ebf35f]::panicking::panic_fmt
[INFO] [stdout]   11:     0x63a9d8eeb7d2 - core[7c831bd917ebf35f]::result::unwrap_failed
[INFO] [stdout]   12:     0x63a9d8e0d596 - lsmlite[63779f59d978287e]::restart::worker::tests::make_wal
[INFO] [stdout]   13:     0x63a9d8e0ee94 - lsmlite[63779f59d978287e]::restart::worker::tests::test_single_wal_data_recovered
[INFO] [stdout]   14:     0x63a9d8e17939 - <lsmlite[63779f59d978287e]::restart::worker::tests::test_single_wal_data_recovered::{closure#0} as core[7c831bd917ebf35f]::ops::function::FnOnce<()>>::call_once
[INFO] [stdout]   15:     0x63a9d8e2e45b - test[73009c9f9aebf890]::__rust_begin_short_backtrace::<core[7c831bd917ebf35f]::result::Result<(), alloc[2fdc3f7464fcf288]::string::String>, fn() -> core[7c831bd917ebf35f]::result::Result<(), alloc[2fdc3f7464fcf288]::string::String>>
[INFO] [stdout]   16:     0x63a9d8e3bac5 - test[73009c9f9aebf890]::run_test::{closure#0}
[INFO] [stdout]   17:     0x63a9d8e34e84 - std[104cf6e2632825ea]::sys::backtrace::__rust_begin_short_backtrace::<test[73009c9f9aebf890]::run_test::{closure#1}, ()>
[INFO] [stdout]   18:     0x63a9d8e3ec22 - <std[104cf6e2632825ea]::thread::lifecycle::spawn_unchecked<test[73009c9f9aebf890]::run_test::{closure#1}, ()>::{closure#1} as core[7c831bd917ebf35f]::ops::function::FnOnce<()>>::call_once::{shim:vtable#0}
[INFO] [stdout]   19:     0x63a9d8ed5d99 - <std[104cf6e2632825ea]::sys::thread::unix::Thread>::new::thread_start
[INFO] [stdout]   20:     0x7e091858907a - <unknown>
[INFO] [stdout]   21:     0x7e091861c534 - clone
[INFO] [stdout]   22:                0x0 - <unknown>
[INFO] [stdout] 
[INFO] [stdout] ---- restart::tests::test_sstable_files_detected stdout ----
[INFO] [stdout] 
[INFO] [stdout] thread 'restart::tests::test_sstable_files_detected' (713) panicked at src/restart/mod.rs:174:39:
[INFO] [stdout] called `Result::unwrap()` on an `Err` value: Os { code: 30, kind: ReadOnlyFilesystem, message: "Read-only file system" }
[INFO] [stdout] stack backtrace:
[INFO] [stdout]    0:     0x63a9d8ed64d1 - <<std[104cf6e2632825ea]::sys::backtrace::BacktraceLock>::print::DisplayBacktrace as core[7c831bd917ebf35f]::fmt::Display>::fmt
[INFO] [stdout]    1:     0x63a9d8eeb29a - core[7c831bd917ebf35f]::fmt::write
[INFO] [stdout]    2:     0x63a9d8edae5c - <alloc[2fdc3f7464fcf288]::vec::Vec<u8> as core[7c831bd917ebf35f]::io::write::Write>::write_fmt
[INFO] [stdout]    3:     0x63a9d8eb0956 - std[104cf6e2632825ea]::panicking::default_hook::{closure#0}
[INFO] [stdout]    4:     0x63a9d8ecde29 - std[104cf6e2632825ea]::panicking::default_hook
[INFO] [stdout]    5:     0x63a9d8e3b170 - test[73009c9f9aebf890]::test_main_inner::<test[73009c9f9aebf890]::test_main_static::{closure#0}>::{closure#0}
[INFO] [stdout]    6:     0x63a9d8ece152 - std[104cf6e2632825ea]::panicking::panic_with_hook
[INFO] [stdout]    7:     0x63a9d8eb0a02 - std[104cf6e2632825ea]::panicking::panic_handler::{closure#0}
[INFO] [stdout]    8:     0x63a9d8ea91e9 - std[104cf6e2632825ea]::sys::backtrace::__rust_end_short_backtrace::<std[104cf6e2632825ea]::panicking::panic_handler::{closure#0}, !>
[INFO] [stdout]    9:     0x63a9d8eb15fd - __rustc[b0d56fa5b193ad05]::rust_begin_unwind
[INFO] [stdout]   10:     0x63a9d8eeb9fc - core[7c831bd917ebf35f]::panicking::panic_fmt
[INFO] [stdout]   11:     0x63a9d8eeb7d2 - core[7c831bd917ebf35f]::result::unwrap_failed
[INFO] [stdout]   12:     0x63a9d8e22618 - <lsmlite[63779f59d978287e]::restart::tests::TempDir>::new
[INFO] [stdout]   13:     0x63a9d8e24376 - lsmlite[63779f59d978287e]::restart::tests::test_sstable_files_detected
[INFO] [stdout]   14:     0x63a9d8e176b9 - <lsmlite[63779f59d978287e]::restart::tests::test_sstable_files_detected::{closure#0} as core[7c831bd917ebf35f]::ops::function::FnOnce<()>>::call_once
[INFO] [stdout]   15:     0x63a9d8e2e45b - test[73009c9f9aebf890]::__rust_begin_short_backtrace::<core[7c831bd917ebf35f]::result::Result<(), alloc[2fdc3f7464fcf288]::string::String>, fn() -> core[7c831bd917ebf35f]::result::Result<(), alloc[2fdc3f7464fcf288]::string::String>>
[INFO] [stdout]   16:     0x63a9d8e3bac5 - test[73009c9f9aebf890]::run_test::{closure#0}
[INFO] [stdout]   17:     0x63a9d8e34e84 - std[104cf6e2632825ea]::sys::backtrace::__rust_begin_short_backtrace::<test[73009c9f9aebf890]::run_test::{closure#1}, ()>
[INFO] [stdout]   18:     0x63a9d8e3ec22 - <std[104cf6e2632825ea]::thread::lifecycle::spawn_unchecked<test[73009c9f9aebf890]::run_test::{closure#1}, ()>::{closure#1} as core[7c831bd917ebf35f]::ops::function::FnOnce<()>>::call_once::{shim:vtable#0}
[INFO] [stdout]   19:     0x63a9d8ed5d99 - <std[104cf6e2632825ea]::sys::thread::unix::Thread>::new::thread_start
[INFO] [stdout]   20:     0x7e091858907a - <unknown>
[INFO] [stdout]   21:     0x7e091861c534 - clone
[INFO] [stdout]   22:                0x0 - <unknown>
[INFO] [stdout] 
[INFO] [stdout] ---- restart::worker::tests::test_tables_are_independent stdout ----
[INFO] [stdout] 
[INFO] [stdout] thread 'restart::worker::tests::test_tables_are_independent' (720) panicked at src/restart/worker.rs:73:42:
[INFO] [stdout] called `Result::unwrap()` on an `Err` value: Os { code: 30, kind: ReadOnlyFilesystem, message: "Read-only file system" }
[INFO] [stdout] stack backtrace:
[INFO] [stdout]    0:     0x63a9d8ed64d1 - <<std[104cf6e2632825ea]::sys::backtrace::BacktraceLock>::print::DisplayBacktrace as core[7c831bd917ebf35f]::fmt::Display>::fmt
[INFO] [stdout]    1:     0x63a9d8eeb29a - core[7c831bd917ebf35f]::fmt::write
[INFO] [stdout]    2:     0x63a9d8edae5c - <alloc[2fdc3f7464fcf288]::vec::Vec<u8> as core[7c831bd917ebf35f]::io::write::Write>::write_fmt
[INFO] [stdout]    3:     0x63a9d8eb0956 - std[104cf6e2632825ea]::panicking::default_hook::{closure#0}
[INFO] [stdout]    4:     0x63a9d8ecde29 - std[104cf6e2632825ea]::panicking::default_hook
[INFO] [stdout]    5:     0x63a9d8e3b170 - test[73009c9f9aebf890]::test_main_inner::<test[73009c9f9aebf890]::test_main_static::{closure#0}>::{closure#0}
[INFO] [stdout]    6:     0x63a9d8ece152 - std[104cf6e2632825ea]::panicking::panic_with_hook
[INFO] [stdout]    7:     0x63a9d8eb0a02 - std[104cf6e2632825ea]::panicking::panic_handler::{closure#0}
[INFO] [stdout]    8:     0x63a9d8ea91e9 - std[104cf6e2632825ea]::sys::backtrace::__rust_end_short_backtrace::<std[104cf6e2632825ea]::panicking::panic_handler::{closure#0}, !>
[INFO] [stdout]    9:     0x63a9d8eb15fd - __rustc[b0d56fa5b193ad05]::rust_begin_unwind
[INFO] [stdout]   10:     0x63a9d8eeb9fc - core[7c831bd917ebf35f]::panicking::panic_fmt
[INFO] [stdout]   11:     0x63a9d8eeb7d2 - core[7c831bd917ebf35f]::result::unwrap_failed
[INFO] [stdout]   12:     0x63a9d8e0d596 - lsmlite[63779f59d978287e]::restart::worker::tests::make_wal
[INFO] [stdout]   13:     0x63a9d8e0de12 - lsmlite[63779f59d978287e]::restart::worker::tests::test_tables_are_independent
[INFO] [stdout]   14:     0x63a9d8e178f9 - <lsmlite[63779f59d978287e]::restart::worker::tests::test_tables_are_independent::{closure#0} as core[7c831bd917ebf35f]::ops::function::FnOnce<()>>::call_once
[INFO] [stdout]   15:     0x63a9d8e2e45b - test[73009c9f9aebf890]::__rust_begin_short_backtrace::<core[7c831bd917ebf35f]::result::Result<(), alloc[2fdc3f7464fcf288]::string::String>, fn() -> core[7c831bd917ebf35f]::result::Result<(), alloc[2fdc3f7464fcf288]::string::String>>
[INFO] [stdout]   16:     0x63a9d8e3bac5 - test[73009c9f9aebf890]::run_test::{closure#0}
[INFO] [stdout]   17:     0x63a9d8e34e84 - std[104cf6e2632825ea]::sys::backtrace::__rust_begin_short_backtrace::<test[73009c9f9aebf890]::run_test::{closure#1}, ()>
[INFO] [stdout]   18:     0x63a9d8e3ec22 - <std[104cf6e2632825ea]::thread::lifecycle::spawn_unchecked<test[73009c9f9aebf890]::run_test::{closure#1}, ()>::{closure#1} as core[7c831bd917ebf35f]::ops::function::FnOnce<()>>::call_once::{shim:vtable#0}
[INFO] [stdout]   19:     0x63a9d8ed5d99 - <std[104cf6e2632825ea]::sys::thread::unix::Thread>::new::thread_start
[INFO] [stdout]   20:     0x7e091858907a - <unknown>
[INFO] [stdout]   21:     0x7e091861c534 - clone
[INFO] [stdout]   22:                0x0 - <unknown>
[INFO] [stdout] 
[INFO] [stdout] ---- sstable::tests::roundtrip_search stdout ----
[INFO] [stdout] 
[INFO] [stdout] thread 'sstable::tests::roundtrip_search' (738) panicked at src/memtable/inner.rs:627:51:
[INFO] [stdout] called `Result::unwrap()` on an `Err` value: Os { code: 30, kind: ReadOnlyFilesystem, message: "Read-only file system" }
[INFO] [stdout] stack backtrace:
[INFO] [stdout]    0:     0x63a9d8ed64d1 - <<std[104cf6e2632825ea]::sys::backtrace::BacktraceLock>::print::DisplayBacktrace as core[7c831bd917ebf35f]::fmt::Display>::fmt
[INFO] [stdout]    1:     0x63a9d8eeb29a - core[7c831bd917ebf35f]::fmt::write
[INFO] [stdout]    2:     0x63a9d8edae5c - <alloc[2fdc3f7464fcf288]::vec::Vec<u8> as core[7c831bd917ebf35f]::io::write::Write>::write_fmt
[INFO] [stdout]    3:     0x63a9d8eb0956 - std[104cf6e2632825ea]::panicking::default_hook::{closure#0}
[INFO] [stdout]    4:     0x63a9d8ecde29 - std[104cf6e2632825ea]::panicking::default_hook
[INFO] [stdout]    5:     0x63a9d8e3b170 - test[73009c9f9aebf890]::test_main_inner::<test[73009c9f9aebf890]::test_main_static::{closure#0}>::{closure#0}
[INFO] [stdout]    6:     0x63a9d8ece152 - std[104cf6e2632825ea]::panicking::panic_with_hook
[INFO] [stdout]    7:     0x63a9d8eb0a02 - std[104cf6e2632825ea]::panicking::panic_handler::{closure#0}
[INFO] [stdout]    8:     0x63a9d8ea91e9 - std[104cf6e2632825ea]::sys::backtrace::__rust_end_short_backtrace::<std[104cf6e2632825ea]::panicking::panic_handler::{closure#0}, !>
[INFO] [stdout]    9:     0x63a9d8eb15fd - __rustc[b0d56fa5b193ad05]::rust_begin_unwind
[INFO] [stdout]   10:     0x63a9d8eeb9fc - core[7c831bd917ebf35f]::panicking::panic_fmt
[INFO] [stdout]   11:     0x63a9d8eeb7d2 - core[7c831bd917ebf35f]::result::unwrap_failed
[INFO] [stdout]   12:     0x63a9d8e2ca2b - <lsmlite[63779f59d978287e]::memtable::inner::MemtableInner>::new_for_test
[INFO] [stdout]   13:     0x63a9d8e054e3 - lsmlite[63779f59d978287e]::sstable::tests::roundtrip_search
[INFO] [stdout]   14:     0x63a9d8e17799 - <lsmlite[63779f59d978287e]::sstable::tests::roundtrip_search::{closure#0} as core[7c831bd917ebf35f]::ops::function::FnOnce<()>>::call_once
[INFO] [stdout]   15:     0x63a9d8e2e45b - test[73009c9f9aebf890]::__rust_begin_short_backtrace::<core[7c831bd917ebf35f]::result::Result<(), alloc[2fdc3f7464fcf288]::string::String>, fn() -> core[7c831bd917ebf35f]::result::Result<(), alloc[2fdc3f7464fcf288]::string::String>>
[INFO] [stdout]   16:     0x63a9d8e3bac5 - test[73009c9f9aebf890]::run_test::{closure#0}
[INFO] [stdout]   17:     0x63a9d8e34e84 - std[104cf6e2632825ea]::sys::backtrace::__rust_begin_short_backtrace::<test[73009c9f9aebf890]::run_test::{closure#1}, ()>
[INFO] [stdout]   18:     0x63a9d8e3ec22 - <std[104cf6e2632825ea]::thread::lifecycle::spawn_unchecked<test[73009c9f9aebf890]::run_test::{closure#1}, ()>::{closure#1} as core[7c831bd917ebf35f]::ops::function::FnOnce<()>>::call_once::{shim:vtable#0}
[INFO] [stdout]   19:     0x63a9d8ed5d99 - <std[104cf6e2632825ea]::sys::thread::unix::Thread>::new::thread_start
[INFO] [stdout]   20:     0x7e091858907a - <unknown>
[INFO] [stdout]   21:     0x7e091861c534 - clone
[INFO] [stdout]   22:                0x0 - <unknown>
[INFO] [stdout] 
[INFO] [stdout] ---- compaction::tests::test_output_keys_are_sorted stdout ----
[INFO] [stdout] 
[INFO] [stdout] thread 'compaction::tests::test_output_keys_are_sorted' (675) panicked at src/memtable/inner.rs:627:51:
[INFO] [stdout] called `Result::unwrap()` on an `Err` value: Os { code: 30, kind: ReadOnlyFilesystem, message: "Read-only file system" }
[INFO] [stdout] stack backtrace:
[INFO] [stdout]    0:     0x63a9d8ed64d1 - <<std[104cf6e2632825ea]::sys::backtrace::BacktraceLock>::print::DisplayBacktrace as core[7c831bd917ebf35f]::fmt::Display>::fmt
[INFO] [stdout]    1:     0x63a9d8eeb29a - core[7c831bd917ebf35f]::fmt::write
[INFO] [stdout]    2:     0x63a9d8edae5c - <alloc[2fdc3f7464fcf288]::vec::Vec<u8> as core[7c831bd917ebf35f]::io::write::Write>::write_fmt
[INFO] [stdout]    3:     0x63a9d8eb0956 - std[104cf6e2632825ea]::panicking::default_hook::{closure#0}
[INFO] [stdout]    4:     0x63a9d8ecde29 - std[104cf6e2632825ea]::panicking::default_hook
[INFO] [stdout]    5:     0x63a9d8e3b170 - test[73009c9f9aebf890]::test_main_inner::<test[73009c9f9aebf890]::test_main_static::{closure#0}>::{closure#0}
[INFO] [stdout]    6:     0x63a9d8ece152 - std[104cf6e2632825ea]::panicking::panic_with_hook
[INFO] [stdout]    7:     0x63a9d8eb0a02 - std[104cf6e2632825ea]::panicking::panic_handler::{closure#0}
[INFO] [stdout]    8:     0x63a9d8ea91e9 - std[104cf6e2632825ea]::sys::backtrace::__rust_end_short_backtrace::<std[104cf6e2632825ea]::panicking::panic_handler::{closure#0}, !>
[INFO] [stdout]    9:     0x63a9d8eb15fd - __rustc[b0d56fa5b193ad05]::rust_begin_unwind
[INFO] [stdout]   10:     0x63a9d8eeb9fc - core[7c831bd917ebf35f]::panicking::panic_fmt
[INFO] [stdout]   11:     0x63a9d8eeb7d2 - core[7c831bd917ebf35f]::result::unwrap_failed
[INFO] [stdout]   12:     0x63a9d8e2ca2b - <lsmlite[63779f59d978287e]::memtable::inner::MemtableInner>::new_for_test
[INFO] [stdout]   13:     0x63a9d8e1b0d7 - lsmlite[63779f59d978287e]::compaction::tests::make_sstable::{closure#0}
[INFO] [stdout]   14:     0x63a9d8e1c465 - lsmlite[63779f59d978287e]::compaction::tests::test_output_keys_are_sorted::{closure#0}
[INFO] [stdout]   15:     0x63a9d8e15db8 - <tokio[83c270dfd85efa1]::runtime::context::scoped::Scoped<tokio[83c270dfd85efa1]::runtime::scheduler::Context>>::set::<<tokio[83c270dfd85efa1]::runtime::scheduler::current_thread::CoreGuard>::enter<<tokio[83c270dfd85efa1]::runtime::scheduler::current_thread::CoreGuard>::block_on<core[7c831bd917ebf35f]::pin::Pin<&mut core[7c831bd917ebf35f]::pin::Pin<&mut dyn core[7c831bd917ebf35f]::future::future::Future<Output = ()>>>>::{closure#0}, core[7c831bd917ebf35f]::option::Option<()>>::{closure#0}, (alloc[2fdc3f7464fcf288]::boxed::Box<tokio[83c270dfd85efa1]::runtime::scheduler::current_thread::Core>, core[7c831bd917ebf35f]::option::Option<()>)>
[INFO] [stdout]   16:     0x63a9d8e165e3 - <tokio[83c270dfd85efa1]::runtime::scheduler::current_thread::CurrentThread>::block_on::<core[7c831bd917ebf35f]::pin::Pin<&mut dyn core[7c831bd917ebf35f]::future::future::Future<Output = ()>>>
[INFO] [stdout]   17:     0x63a9d8e259f2 - <tokio[83c270dfd85efa1]::runtime::runtime::Runtime>::block_on::<core[7c831bd917ebf35f]::pin::Pin<&mut dyn core[7c831bd917ebf35f]::future::future::Future<Output = ()>>>
[INFO] [stdout]   18:     0x63a9d8e1ef1b - lsmlite[63779f59d978287e]::compaction::tests::test_output_keys_are_sorted
[INFO] [stdout]   19:     0x63a9d8e17329 - <lsmlite[63779f59d978287e]::compaction::tests::test_output_keys_are_sorted::{closure#0} as core[7c831bd917ebf35f]::ops::function::FnOnce<()>>::call_once
[INFO] [stdout]   20:     0x63a9d8e2e45b - test[73009c9f9aebf890]::__rust_begin_short_backtrace::<core[7c831bd917ebf35f]::result::Result<(), alloc[2fdc3f7464fcf288]::string::String>, fn() -> core[7c831bd917ebf35f]::result::Result<(), alloc[2fdc3f7464fcf288]::string::String>>
[INFO] [stdout]   21:     0x63a9d8e3bac5 - test[73009c9f9aebf890]::run_test::{closure#0}
[INFO] [stdout]   22:     0x63a9d8e34e84 - std[104cf6e2632825ea]::sys::backtrace::__rust_begin_short_backtrace::<test[73009c9f9aebf890]::run_test::{closure#1}, ()>
[INFO] [stdout]   23:     0x63a9d8e3ec22 - <std[104cf6e2632825ea]::thread::lifecycle::spawn_unchecked<test[73009c9f9aebf890]::run_test::{closure#1}, ()>::{closure#1} as core[7c831bd917ebf35f]::ops::function::FnOnce<()>>::call_once::{shim:vtable#0}
[INFO] [stdout]   24:     0x63a9d8ed5d99 - <std[104cf6e2632825ea]::sys::thread::unix::Thread>::new::thread_start
[INFO] [stdout]   25:     0x7e091858907a - <unknown>
[INFO] [stdout]   26:     0x7e091861c534 - clone
[INFO] [stdout]   27:                0x0 - <unknown>
[INFO] [stdout] 
[INFO] [stdout] ---- wal::tests::test_multiple_records_in_order stdout ----
[INFO] [stdout] 
[INFO] [stdout] thread 'wal::tests::test_multiple_records_in_order' (755) panicked at src/wal/mod.rs:141:42:
[INFO] [stdout] called `Result::unwrap()` on an `Err` value: Os { code: 30, kind: ReadOnlyFilesystem, message: "Read-only file system" }
[INFO] [stdout] stack backtrace:
[INFO] [stdout]    0:     0x63a9d8ed64d1 - <<std[104cf6e2632825ea]::sys::backtrace::BacktraceLock>::print::DisplayBacktrace as core[7c831bd917ebf35f]::fmt::Display>::fmt
[INFO] [stdout]    1:     0x63a9d8eeb29a - core[7c831bd917ebf35f]::fmt::write
[INFO] [stdout]    2:     0x63a9d8edae5c - <alloc[2fdc3f7464fcf288]::vec::Vec<u8> as core[7c831bd917ebf35f]::io::write::Write>::write_fmt
[INFO] [stdout]    3:     0x63a9d8eb0956 - std[104cf6e2632825ea]::panicking::default_hook::{closure#0}
[INFO] [stdout]    4:     0x63a9d8ecde29 - std[104cf6e2632825ea]::panicking::default_hook
[INFO] [stdout]    5:     0x63a9d8e3b170 - test[73009c9f9aebf890]::test_main_inner::<test[73009c9f9aebf890]::test_main_static::{closure#0}>::{closure#0}
[INFO] [stdout]    6:     0x63a9d8ece152 - std[104cf6e2632825ea]::panicking::panic_with_hook
[INFO] [stdout]    7:     0x63a9d8eb0a02 - std[104cf6e2632825ea]::panicking::panic_handler::{closure#0}
[INFO] [stdout]    8:     0x63a9d8ea91e9 - std[104cf6e2632825ea]::sys::backtrace::__rust_end_short_backtrace::<std[104cf6e2632825ea]::panicking::panic_handler::{closure#0}, !>
[INFO] [stdout]    9:     0x63a9d8eb15fd - __rustc[b0d56fa5b193ad05]::rust_begin_unwind
[INFO] [stdout]   10:     0x63a9d8eeb9fc - core[7c831bd917ebf35f]::panicking::panic_fmt
[INFO] [stdout]   11:     0x63a9d8eeb7d2 - core[7c831bd917ebf35f]::result::unwrap_failed
[INFO] [stdout]   12:     0x63a9d8e269d2 - lsmlite[63779f59d978287e]::wal::tests::make_wal
[INFO] [stdout]   13:     0x63a9d8e27c6b - lsmlite[63779f59d978287e]::wal::tests::test_multiple_records_in_order
[INFO] [stdout]   14:     0x63a9d8e17449 - <lsmlite[63779f59d978287e]::wal::tests::test_multiple_records_in_order::{closure#0} as core[7c831bd917ebf35f]::ops::function::FnOnce<()>>::call_once
[INFO] [stdout]   15:     0x63a9d8e2e45b - test[73009c9f9aebf890]::__rust_begin_short_backtrace::<core[7c831bd917ebf35f]::result::Result<(), alloc[2fdc3f7464fcf288]::string::String>, fn() -> core[7c831bd917ebf35f]::result::Result<(), alloc[2fdc3f7464fcf288]::string::String>>
[INFO] [stdout]   16:     0x63a9d8e3bac5 - test[73009c9f9aebf890]::run_test::{closure#0}
[INFO] [stdout]   17:     0x63a9d8e34e84 - std[104cf6e2632825ea]::sys::backtrace::__rust_begin_short_backtrace::<test[73009c9f9aebf890]::run_test::{closure#1}, ()>
[INFO] [stdout]   18:     0x63a9d8e3ec22 - <std[104cf6e2632825ea]::thread::lifecycle::spawn_unchecked<test[73009c9f9aebf890]::run_test::{closure#1}, ()>::{closure#1} as core[7c831bd917ebf35f]::ops::function::FnOnce<()>>::call_once::{shim:vtable#0}
[INFO] [stdout]   19:     0x63a9d8ed5d99 - <std[104cf6e2632825ea]::sys::thread::unix::Thread>::new::thread_start
[INFO] [stdout]   20:     0x7e091858907a - <unknown>
[INFO] [stdout]   21:     0x7e091861c534 - clone
[INFO] [stdout]   22:                0x0 - <unknown>
[INFO] [stdout] 
[INFO] [stdout] ---- wal::tests::test_buffer_not_written_before_flush stdout ----
[INFO] [stdout] 
[INFO] [stdout] thread 'wal::tests::test_buffer_not_written_before_flush' (752) panicked at src/wal/mod.rs:141:42:
[INFO] [stdout] called `Result::unwrap()` on an `Err` value: Os { code: 30, kind: ReadOnlyFilesystem, message: "Read-only file system" }
[INFO] [stdout] stack backtrace:
[INFO] [stdout]    0:     0x63a9d8ed64d1 - <<std[104cf6e2632825ea]::sys::backtrace::BacktraceLock>::print::DisplayBacktrace as core[7c831bd917ebf35f]::fmt::Display>::fmt
[INFO] [stdout]    1:     0x63a9d8eeb29a - core[7c831bd917ebf35f]::fmt::write
[INFO] [stdout]    2:     0x63a9d8edae5c - <alloc[2fdc3f7464fcf288]::vec::Vec<u8> as core[7c831bd917ebf35f]::io::write::Write>::write_fmt
[INFO] [stdout]    3:     0x63a9d8eb0956 - std[104cf6e2632825ea]::panicking::default_hook::{closure#0}
[INFO] [stdout]    4:     0x63a9d8ecde29 - std[104cf6e2632825ea]::panicking::default_hook
[INFO] [stdout]    5:     0x63a9d8e3b170 - test[73009c9f9aebf890]::test_main_inner::<test[73009c9f9aebf890]::test_main_static::{closure#0}>::{closure#0}
[INFO] [stdout]    6:     0x63a9d8ece152 - std[104cf6e2632825ea]::panicking::panic_with_hook
[INFO] [stdout]    7:     0x63a9d8eb0a02 - std[104cf6e2632825ea]::panicking::panic_handler::{closure#0}
[INFO] [stdout]    8:     0x63a9d8ea91e9 - std[104cf6e2632825ea]::sys::backtrace::__rust_end_short_backtrace::<std[104cf6e2632825ea]::panicking::panic_handler::{closure#0}, !>
[INFO] [stdout]    9:     0x63a9d8eb15fd - __rustc[b0d56fa5b193ad05]::rust_begin_unwind
[INFO] [stdout]   10:     0x63a9d8eeb9fc - core[7c831bd917ebf35f]::panicking::panic_fmt
[INFO] [stdout]   11:     0x63a9d8eeb7d2 - core[7c831bd917ebf35f]::result::unwrap_failed
[INFO] [stdout]   12:     0x63a9d8e269d2 - lsmlite[63779f59d978287e]::wal::tests::make_wal
[INFO] [stdout]   13:     0x63a9d8e28634 - lsmlite[63779f59d978287e]::wal::tests::test_buffer_not_written_before_flush
[INFO] [stdout]   14:     0x63a9d8e17469 - <lsmlite[63779f59d978287e]::wal::tests::test_buffer_not_written_before_flush::{closure#0} as core[7c831bd917ebf35f]::ops::function::FnOnce<()>>::call_once
[INFO] [stdout]   15:     0x63a9d8e2e45b - test[73009c9f9aebf890]::__rust_begin_short_backtrace::<core[7c831bd917ebf35f]::result::Result<(), alloc[2fdc3f7464fcf288]::string::String>, fn() -> core[7c831bd917ebf35f]::result::Result<(), alloc[2fdc3f7464fcf288]::string::String>>
[INFO] [stdout]   16:     0x63a9d8e3bac5 - test[73009c9f9aebf890]::run_test::{closure#0}
[INFO] [stdout]   17:     0x63a9d8e34e84 - std[104cf6e2632825ea]::sys::backtrace::__rust_begin_short_backtrace::<test[73009c9f9aebf890]::run_test::{closure#1}, ()>
[INFO] [stdout]   18:     0x63a9d8e3ec22 - <std[104cf6e2632825ea]::thread::lifecycle::spawn_unchecked<test[73009c9f9aebf890]::run_test::{closure#1}, ()>::{closure#1} as core[7c831bd917ebf35f]::ops::function::FnOnce<()>>::call_once::{shim:vtable#0}
[INFO] [stdout]   19:     0x63a9d8ed5d99 - <std[104cf6e2632825ea]::sys::thread::unix::Thread>::new::thread_start
[INFO] [stdout]   20:     0x7e091858907a - <unknown>
[INFO] [stdout]   21:     0x7e091861c534 - clone
[INFO] [stdout]   22:                0x0 - <unknown>
[INFO] [stdout] 
[INFO] [stdout] ---- wal::tests::test_size_based_flush_trigger stdout ----
[INFO] [stdout] 
[INFO] [stdout] thread 'wal::tests::test_size_based_flush_trigger' (756) panicked at src/wal/mod.rs:141:42:
[INFO] [stdout] called `Result::unwrap()` on an `Err` value: Os { code: 30, kind: ReadOnlyFilesystem, message: "Read-only file system" }
[INFO] [stdout] stack backtrace:
[INFO] [stdout]    0:     0x63a9d8ed64d1 - <<std[104cf6e2632825ea]::sys::backtrace::BacktraceLock>::print::DisplayBacktrace as core[7c831bd917ebf35f]::fmt::Display>::fmt
[INFO] [stdout]    1:     0x63a9d8eeb29a - core[7c831bd917ebf35f]::fmt::write
[INFO] [stdout]    2:     0x63a9d8edae5c - <alloc[2fdc3f7464fcf288]::vec::Vec<u8> as core[7c831bd917ebf35f]::io::write::Write>::write_fmt
[INFO] [stdout]    3:     0x63a9d8eb0956 - std[104cf6e2632825ea]::panicking::default_hook::{closure#0}
[INFO] [stdout]    4:     0x63a9d8ecde29 - std[104cf6e2632825ea]::panicking::default_hook
[INFO] [stdout]    5:     0x63a9d8e3b170 - test[73009c9f9aebf890]::test_main_inner::<test[73009c9f9aebf890]::test_main_static::{closure#0}>::{closure#0}
[INFO] [stdout]    6:     0x63a9d8ece152 - std[104cf6e2632825ea]::panicking::panic_with_hook
[INFO] [stdout]    7:     0x63a9d8eb0a02 - std[104cf6e2632825ea]::panicking::panic_handler::{closure#0}
[INFO] [stdout]    8:     0x63a9d8ea91e9 - std[104cf6e2632825ea]::sys::backtrace::__rust_end_short_backtrace::<std[104cf6e2632825ea]::panicking::panic_handler::{closure#0}, !>
[INFO] [stdout]    9:     0x63a9d8eb15fd - __rustc[b0d56fa5b193ad05]::rust_begin_unwind
[INFO] [stdout]   10:     0x63a9d8eeb9fc - core[7c831bd917ebf35f]::panicking::panic_fmt
[INFO] [stdout]   11:     0x63a9d8eeb7d2 - core[7c831bd917ebf35f]::result::unwrap_failed
[INFO] [stdout]   12:     0x63a9d8e269d2 - lsmlite[63779f59d978287e]::wal::tests::make_wal
[INFO] [stdout]   13:     0x63a9d8e273c9 - lsmlite[63779f59d978287e]::wal::tests::test_size_based_flush_trigger
[INFO] [stderr] error: test failed, to rerun pass `--lib`
[INFO] [stdout]   14:     0x63a9d8e17409 - <lsmlite[63779f59d978287e]::wal::tests::test_size_based_flush_trigger::{closure#0} as core[7c831bd917ebf35f]::ops::function::FnOnce<()>>::call_once
[INFO] [stdout]   15:     0x63a9d8e2e45b - test[73009c9f9aebf890]::__rust_begin_short_backtrace::<core[7c831bd917ebf35f]::result::Result<(), alloc[2fdc3f7464fcf288]::string::String>, fn() -> core[7c831bd917ebf35f]::result::Result<(), alloc[2fdc3f7464fcf288]::string::String>>
[INFO] [stdout]   16:     0x63a9d8e3bac5 - test[73009c9f9aebf890]::run_test::{closure#0}
[INFO] [stdout]   17:     0x63a9d8e34e84 - std[104cf6e2632825ea]::sys::backtrace::__rust_begin_short_backtrace::<test[73009c9f9aebf890]::run_test::{closure#1}, ()>
[INFO] [stdout]   18:     0x63a9d8e3ec22 - <std[104cf6e2632825ea]::thread::lifecycle::spawn_unchecked<test[73009c9f9aebf890]::run_test::{closure#1}, ()>::{closure#1} as core[7c831bd917ebf35f]::ops::function::FnOnce<()>>::call_once::{shim:vtable#0}
[INFO] [stdout]   19:     0x63a9d8ed5d99 - <std[104cf6e2632825ea]::sys::thread::unix::Thread>::new::thread_start
[INFO] [stdout]   20:     0x7e091858907a - <unknown>
[INFO] [stdout]   21:     0x7e091861c534 - clone
[INFO] [stdout]   22:                0x0 - <unknown>
[INFO] [stdout] 
[INFO] [stdout] ---- wal::tests::test_data_record_roundtrip stdout ----
[INFO] [stdout] 
[INFO] [stdout] thread 'wal::tests::test_data_record_roundtrip' (753) panicked at src/wal/mod.rs:141:42:
[INFO] [stdout] called `Result::unwrap()` on an `Err` value: Os { code: 30, kind: ReadOnlyFilesystem, message: "Read-only file system" }
[INFO] [stdout] stack backtrace:
[INFO] [stdout]    0:     0x63a9d8ed64d1 - <<std[104cf6e2632825ea]::sys::backtrace::BacktraceLock>::print::DisplayBacktrace as core[7c831bd917ebf35f]::fmt::Display>::fmt
[INFO] [stdout]    1:     0x63a9d8eeb29a - core[7c831bd917ebf35f]::fmt::write
[INFO] [stdout]    2:     0x63a9d8edae5c - <alloc[2fdc3f7464fcf288]::vec::Vec<u8> as core[7c831bd917ebf35f]::io::write::Write>::write_fmt
[INFO] [stdout]    3:     0x63a9d8eb0956 - std[104cf6e2632825ea]::panicking::default_hook::{closure#0}
[INFO] [stdout]    4:     0x63a9d8ecde29 - std[104cf6e2632825ea]::panicking::default_hook
[INFO] [stdout]    5:     0x63a9d8e3b170 - test[73009c9f9aebf890]::test_main_inner::<test[73009c9f9aebf890]::test_main_static::{closure#0}>::{closure#0}
[INFO] [stdout]    6:     0x63a9d8ece152 - std[104cf6e2632825ea]::panicking::panic_with_hook
[INFO] [stdout]    7:     0x63a9d8eb0a02 - std[104cf6e2632825ea]::panicking::panic_handler::{closure#0}
[INFO] [stdout]    8:     0x63a9d8ea91e9 - std[104cf6e2632825ea]::sys::backtrace::__rust_end_short_backtrace::<std[104cf6e2632825ea]::panicking::panic_handler::{closure#0}, !>
[INFO] [stdout]    9:     0x63a9d8eb15fd - __rustc[b0d56fa5b193ad05]::rust_begin_unwind
[INFO] [stdout]   10:     0x63a9d8eeb9fc - core[7c831bd917ebf35f]::panicking::panic_fmt
[INFO] [stdout]   11:     0x63a9d8eeb7d2 - core[7c831bd917ebf35f]::result::unwrap_failed
[INFO] [stdout]   12:     0x63a9d8e269d2 - lsmlite[63779f59d978287e]::wal::tests::make_wal
[INFO] [stdout]   13:     0x63a9d8e26faa - lsmlite[63779f59d978287e]::wal::tests::test_data_record_roundtrip
[INFO] [stdout]   14:     0x63a9d8e173e9 - <lsmlite[63779f59d978287e]::wal::tests::test_data_record_roundtrip::{closure#0} as core[7c831bd917ebf35f]::ops::function::FnOnce<()>>::call_once
[INFO] [stdout]   15:     0x63a9d8e2e45b - test[73009c9f9aebf890]::__rust_begin_short_backtrace::<core[7c831bd917ebf35f]::result::Result<(), alloc[2fdc3f7464fcf288]::string::String>, fn() -> core[7c831bd917ebf35f]::result::Result<(), alloc[2fdc3f7464fcf288]::string::String>>
[INFO] [stdout]   16:     0x63a9d8e3bac5 - test[73009c9f9aebf890]::run_test::{closure#0}
[INFO] [stdout]   17:     0x63a9d8e34e84 - std[104cf6e2632825ea]::sys::backtrace::__rust_begin_short_backtrace::<test[73009c9f9aebf890]::run_test::{closure#1}, ()>
[INFO] [stdout]   18:     0x63a9d8e3ec22 - <std[104cf6e2632825ea]::thread::lifecycle::spawn_unchecked<test[73009c9f9aebf890]::run_test::{closure#1}, ()>::{closure#1} as core[7c831bd917ebf35f]::ops::function::FnOnce<()>>::call_once::{shim:vtable#0}
[INFO] [stdout]   19:     0x63a9d8ed5d99 - <std[104cf6e2632825ea]::sys::thread::unix::Thread>::new::thread_start
[INFO] [stdout]   20:     0x7e091858907a - <unknown>
[INFO] [stdout]   21:     0x7e091861c534 - clone
[INFO] [stdout]   22:                0x0 - <unknown>
[INFO] [stdout] 
[INFO] [stdout] ---- wal::tests::test_mixed_data_and_tombstones stdout ----
[INFO] [stdout] 
[INFO] [stdout] thread 'wal::tests::test_mixed_data_and_tombstones' (754) panicked at src/wal/mod.rs:141:42:
[INFO] [stdout] called `Result::unwrap()` on an `Err` value: Os { code: 30, kind: ReadOnlyFilesystem, message: "Read-only file system" }
[INFO] [stdout] stack backtrace:
[INFO] [stdout]    0:     0x63a9d8ed64d1 - <<std[104cf6e2632825ea]::sys::backtrace::BacktraceLock>::print::DisplayBacktrace as core[7c831bd917ebf35f]::fmt::Display>::fmt
[INFO] [stdout]    1:     0x63a9d8eeb29a - core[7c831bd917ebf35f]::fmt::write
[INFO] [stdout]    2:     0x63a9d8edae5c - <alloc[2fdc3f7464fcf288]::vec::Vec<u8> as core[7c831bd917ebf35f]::io::write::Write>::write_fmt
[INFO] [stdout]    3:     0x63a9d8eb0956 - std[104cf6e2632825ea]::panicking::default_hook::{closure#0}
[INFO] [stdout]    4:     0x63a9d8ecde29 - std[104cf6e2632825ea]::panicking::default_hook
[INFO] [stdout]    5:     0x63a9d8e3b170 - test[73009c9f9aebf890]::test_main_inner::<test[73009c9f9aebf890]::test_main_static::{closure#0}>::{closure#0}
[INFO] [stdout]    6:     0x63a9d8ece152 - std[104cf6e2632825ea]::panicking::panic_with_hook
[INFO] [stdout]    7:     0x63a9d8eb0a02 - std[104cf6e2632825ea]::panicking::panic_handler::{closure#0}
[INFO] [stdout]    8:     0x63a9d8ea91e9 - std[104cf6e2632825ea]::sys::backtrace::__rust_end_short_backtrace::<std[104cf6e2632825ea]::panicking::panic_handler::{closure#0}, !>
[INFO] [stdout]    9:     0x63a9d8eb15fd - __rustc[b0d56fa5b193ad05]::rust_begin_unwind
[INFO] [stdout]   10:     0x63a9d8eeb9fc - core[7c831bd917ebf35f]::panicking::panic_fmt
[INFO] [stdout]   11:     0x63a9d8eeb7d2 - core[7c831bd917ebf35f]::result::unwrap_failed
[INFO] [stdout]   12:     0x63a9d8e269d2 - lsmlite[63779f59d978287e]::wal::tests::make_wal
[INFO] [stdout]   13:     0x63a9d8e276cb - lsmlite[63779f59d978287e]::wal::tests::test_mixed_data_and_tombstones
[INFO] [stdout]   14:     0x63a9d8e17429 - <lsmlite[63779f59d978287e]::wal::tests::test_mixed_data_and_tombstones::{closure#0} as core[7c831bd917ebf35f]::ops::function::FnOnce<()>>::call_once
[INFO] [stdout]   15:     0x63a9d8e2e45b - test[73009c9f9aebf890]::__rust_begin_short_backtrace::<core[7c831bd917ebf35f]::result::Result<(), alloc[2fdc3f7464fcf288]::string::String>, fn() -> core[7c831bd917ebf35f]::result::Result<(), alloc[2fdc3f7464fcf288]::string::String>>
[INFO] [stdout]   16:     0x63a9d8e3bac5 - test[73009c9f9aebf890]::run_test::{closure#0}
[INFO] [stdout]   17:     0x63a9d8e34e84 - std[104cf6e2632825ea]::sys::backtrace::__rust_begin_short_backtrace::<test[73009c9f9aebf890]::run_test::{closure#1}, ()>
[INFO] [stdout]   18:     0x63a9d8e3ec22 - <std[104cf6e2632825ea]::thread::lifecycle::spawn_unchecked<test[73009c9f9aebf890]::run_test::{closure#1}, ()>::{closure#1} as core[7c831bd917ebf35f]::ops::function::FnOnce<()>>::call_once::{shim:vtable#0}
[INFO] [stdout]   19:     0x63a9d8ed5d99 - <std[104cf6e2632825ea]::sys::thread::unix::Thread>::new::thread_start
[INFO] [stdout]   20:     0x7e091858907a - <unknown>
[INFO] [stdout]   21:     0x7e091861c534 - clone
[INFO] [stdout]   22:                0x0 - <unknown>
[INFO] [stdout] 
[INFO] [stdout] ---- wal::tests::test_tombstone_roundtrip stdout ----
[INFO] [stdout] 
[INFO] [stdout] thread 'wal::tests::test_tombstone_roundtrip' (757) panicked at src/wal/mod.rs:141:42:
[INFO] [stdout] called `Result::unwrap()` on an `Err` value: Os { code: 30, kind: ReadOnlyFilesystem, message: "Read-only file system" }
[INFO] [stdout] stack backtrace:
[INFO] [stdout]    0:     0x63a9d8ed64d1 - <<std[104cf6e2632825ea]::sys::backtrace::BacktraceLock>::print::DisplayBacktrace as core[7c831bd917ebf35f]::fmt::Display>::fmt
[INFO] [stdout]    1:     0x63a9d8eeb29a - core[7c831bd917ebf35f]::fmt::write
[INFO] [stdout]    2:     0x63a9d8edae5c - <alloc[2fdc3f7464fcf288]::vec::Vec<u8> as core[7c831bd917ebf35f]::io::write::Write>::write_fmt
[INFO] [stdout]    3:     0x63a9d8eb0956 - std[104cf6e2632825ea]::panicking::default_hook::{closure#0}
[INFO] [stdout]    4:     0x63a9d8ecde29 - std[104cf6e2632825ea]::panicking::default_hook
[INFO] [stdout]    5:     0x63a9d8e3b170 - test[73009c9f9aebf890]::test_main_inner::<test[73009c9f9aebf890]::test_main_static::{closure#0}>::{closure#0}
[INFO] [stdout]    6:     0x63a9d8ece152 - std[104cf6e2632825ea]::panicking::panic_with_hook
[INFO] [stdout]    7:     0x63a9d8eb0a02 - std[104cf6e2632825ea]::panicking::panic_handler::{closure#0}
[INFO] [stdout]    8:     0x63a9d8ea91e9 - std[104cf6e2632825ea]::sys::backtrace::__rust_end_short_backtrace::<std[104cf6e2632825ea]::panicking::panic_handler::{closure#0}, !>
[INFO] [stdout]    9:     0x63a9d8eb15fd - __rustc[b0d56fa5b193ad05]::rust_begin_unwind
[INFO] [stdout]   10:     0x63a9d8eeb9fc - core[7c831bd917ebf35f]::panicking::panic_fmt
[INFO] [stdout]   11:     0x63a9d8eeb7d2 - core[7c831bd917ebf35f]::result::unwrap_failed
[INFO] [stdout]   12:     0x63a9d8e269d2 - lsmlite[63779f59d978287e]::wal::tests::make_wal
[INFO] [stdout]   13:     0x63a9d8e26b76 - lsmlite[63779f59d978287e]::wal::tests::test_tombstone_roundtrip
[INFO] [stdout]   14:     0x63a9d8e173c9 - <lsmlite[63779f59d978287e]::wal::tests::test_tombstone_roundtrip::{closure#0} as core[7c831bd917ebf35f]::ops::function::FnOnce<()>>::call_once
[INFO] [stdout]   15:     0x63a9d8e2e45b - test[73009c9f9aebf890]::__rust_begin_short_backtrace::<core[7c831bd917ebf35f]::result::Result<(), alloc[2fdc3f7464fcf288]::string::String>, fn() -> core[7c831bd917ebf35f]::result::Result<(), alloc[2fdc3f7464fcf288]::string::String>>
[INFO] [stdout]   16:     0x63a9d8e3bac5 - test[73009c9f9aebf890]::run_test::{closure#0}
[INFO] [stdout]   17:     0x63a9d8e34e84 - std[104cf6e2632825ea]::sys::backtrace::__rust_begin_short_backtrace::<test[73009c9f9aebf890]::run_test::{closure#1}, ()>
[INFO] [stdout]   18:     0x63a9d8e3ec22 - <std[104cf6e2632825ea]::thread::lifecycle::spawn_unchecked<test[73009c9f9aebf890]::run_test::{closure#1}, ()>::{closure#1} as core[7c831bd917ebf35f]::ops::function::FnOnce<()>>::call_once::{shim:vtable#0}
[INFO] [stdout]   19:     0x63a9d8ed5d99 - <std[104cf6e2632825ea]::sys::thread::unix::Thread>::new::thread_start
[INFO] [stdout]   20:     0x7e091858907a - <unknown>
[INFO] [stdout]   21:     0x7e091861c534 - clone
[INFO] [stdout]   22:                0x0 - <unknown>
[INFO] [stdout] 
[INFO] [stdout] 
[INFO] [stdout] failures:
[INFO] [stdout]     compaction::tests::test_disjoint_keys_all_present
[INFO] [stdout]     compaction::tests::test_newer_table_wins_on_duplicate_key
[INFO] [stdout]     compaction::tests::test_output_keys_are_sorted
[INFO] [stdout]     compaction::tests::test_tombstone_dropped_from_output
[INFO] [stdout]     compaction::tests::test_tombstone_hides_older_data
[INFO] [stdout]     memtable::immutable::tests::test_insert_and_get
[INFO] [stdout]     memtable::immutable::tests::test_newest_wins
[INFO] [stdout]     memtable::immutable::tests::test_pop_removes_oldest
[INFO] [stdout]     memtable::immutable::tests::test_tombstone_hides_older_data
[INFO] [stdout]     memtable::inner::tests::test_all_keys_retrievable
[INFO] [stdout]     memtable::inner::tests::test_case1_uncle_red
[INFO] [stdout]     memtable::inner::tests::test_case2_case3_left_right
[INFO] [stdout]     memtable::inner::tests::test_case2_case3_right_left
[INFO] [stdout]     memtable::inner::tests::test_case3_left_left
[INFO] [stdout]     memtable::inner::tests::test_case3_right_right
[INFO] [stdout]     memtable::inner::tests::test_duplicate_key_updates_value
[INFO] [stdout]     memtable::inner::tests::test_get_after_insert
[INFO] [stdout]     memtable::inner::tests::test_invariants_many_inserts
[INFO] [stdout]     memtable::inner::tests::test_root_is_black
[INFO] [stdout]     memtable::tests::test_delete_nonexistent_key_writes_tombstone
[INFO] [stdout]     memtable::tests::test_delete_writes_tombstone
[INFO] [stdout]     memtable::tests::test_get_missing_returns_none
[INFO] [stdout]     memtable::tests::test_insert_and_get
[INFO] [stdout]     memtable::tests::test_insert_overwrites_existing
[INFO] [stdout]     memtable::tests::test_new_from_wal_recovers_data
[INFO] [stdout]     memtable::tests::test_rotate_fresh_table_is_empty
[INFO] [stdout]     memtable::tests::test_rotate_returns_old_table
[INFO] [stdout]     memtable::tests::test_table_full_error
[INFO] [stdout]     restart::tests::test_both_wal_and_sstable_detected
[INFO] [stdout]     restart::tests::test_empty_directory_returns_no_files
[INFO] [stdout]     restart::tests::test_multiple_wals_sorted_oldest_first
[INFO] [stdout]     restart::tests::test_non_database_files_ignored
[INFO] [stdout]     restart::tests::test_non_wal_log_files_ignored
[INFO] [stdout]     restart::tests::test_sstable_files_detected
[INFO] [stdout]     restart::tests::test_sstables_sorted_newest_first
[INFO] [stdout]     restart::tests::test_wal_file_detected
[INFO] [stdout]     restart::worker::tests::test_empty_wal_produces_empty_table
[INFO] [stdout]     restart::worker::tests::test_multiple_wals_all_loaded
[INFO] [stdout]     restart::worker::tests::test_order_preserved
[INFO] [stdout]     restart::worker::tests::test_single_wal_data_recovered
[INFO] [stdout]     restart::worker::tests::test_tables_are_independent
[INFO] [stdout]     sstable::tests::roundtrip_search
[INFO] [stdout]     wal::tests::test_buffer_not_written_before_flush
[INFO] [stdout]     wal::tests::test_data_record_roundtrip
[INFO] [stdout]     wal::tests::test_mixed_data_and_tombstones
[INFO] [stdout]     wal::tests::test_multiple_records_in_order
[INFO] [stdout]     wal::tests::test_size_based_flush_trigger
[INFO] [stdout]     wal::tests::test_tombstone_roundtrip
[INFO] [stdout] 
[INFO] [stdout] test result: FAILED. 37 passed; 48 failed; 0 ignored; 0 measured; 0 filtered out; finished in 0.02s
[INFO] [stdout] 
[INFO] running `Command { std: "docker" "inspect" "79e5ed9109e4a8da7cbf48b7c1ee60035813178a914fe7484d8aad3201d5bfbf", kill_on_drop: false }`
[INFO] running `Command { std: "docker" "rm" "-f" "79e5ed9109e4a8da7cbf48b7c1ee60035813178a914fe7484d8aad3201d5bfbf", kill_on_drop: false }`
[INFO] [stdout] 79e5ed9109e4a8da7cbf48b7c1ee60035813178a914fe7484d8aad3201d5bfbf
