[INFO] cloning repository https://github.com/kdehairy/wltile
[INFO] running `Command { std: "git" "-c" "credential.helper=" "-c" "credential.helper=/workspace/cargo-home/bin/git-credential-null" "clone" "--bare" "https://github.com/kdehairy/wltile" "/workspace/cache/git-repos/https%3A%2F%2Fgithub.com%2Fkdehairy%2Fwltile", kill_on_drop: false }`
[INFO] [stderr] Cloning into bare repository '/workspace/cache/git-repos/https%3A%2F%2Fgithub.com%2Fkdehairy%2Fwltile'...
[INFO] running `Command { std: "git" "rev-parse" "HEAD", kill_on_drop: false }`
[INFO] [stdout] 8cce591ce8df8f9fa5b998c9de6187328a24bf14
[INFO] testing kdehairy/wltile against 1.99.0-beta.1+cargoflags=--release for beta-release-1.99-2
[INFO] running `Command { std: "git" "clone" "/workspace/cache/git-repos/https%3A%2F%2Fgithub.com%2Fkdehairy%2Fwltile" "/workspace/builds/worker-2-tc2/source", kill_on_drop: false }`
[INFO] [stderr] Cloning into '/workspace/builds/worker-2-tc2/source'...
[INFO] [stderr] done.
[INFO] started tweaking git repo https://github.com/kdehairy/wltile
[INFO] finished tweaking git repo https://github.com/kdehairy/wltile
[INFO] tweaked toml for git repo https://github.com/kdehairy/wltile written to /workspace/builds/worker-2-tc2/source/Cargo.toml
[INFO] validating manifest of git repo https://github.com/kdehairy/wltile on toolchain 1.99.0-beta.1
[INFO] running `Command { std: CARGO_HOME="/workspace/cargo-home" RUSTUP_HOME="/workspace/rustup-home" "/workspace/cargo-home/bin/cargo" "+1.99.0-beta.1" "metadata" "--manifest-path" "Cargo.toml" "--no-deps", kill_on_drop: false }`
[INFO] crate git repo https://github.com/kdehairy/wltile already has a lockfile, it will not be regenerated
[INFO] running `Command { std: CARGO_HOME="/workspace/cargo-home" RUSTUP_HOME="/workspace/rustup-home" "/workspace/cargo-home/bin/cargo" "+1.99.0-beta.1" "fetch" "--manifest-path" "Cargo.toml", kill_on_drop: false }`
[INFO] running `Command { std: "docker" "create" "-v" "/var/lib/crater-agent-workspace/builds/worker-2-tc2/source:/opt/rustwide/workdir:ro,Z" "-v" "/var/lib/crater-agent-workspace/builds/worker-2-tc2/target:/opt/rustwide/target:rw,Z" "-v" "/var/lib/crater-agent-workspace/cargo-home:/opt/rustwide/cargo-home:ro,Z" "-v" "/var/lib/crater-agent-workspace/rustup-home:/opt/rustwide/rustup-home:ro,Z" "-m" "1610612736" "--network" "none" "ghcr.io/rust-lang/crates-build-env/linux@sha256:8683fc1fc2eb5c9ac98e0d076ab094b2ffac7f99da555d2b6a2e27f346de2ec7" "sleep" "infinity", kill_on_drop: false }`
[INFO] [stdout] b10c6a7f16e89a00190151b59799be940c2e227393d672202983c862179a1ab4
[INFO] running `Command { std: "docker" "start" "b10c6a7f16e89a00190151b59799be940c2e227393d672202983c862179a1ab4", kill_on_drop: false }`
[INFO] running `Command { std: "docker" "inspect" "b10c6a7f16e89a00190151b59799be940c2e227393d672202983c862179a1ab4", kill_on_drop: false }`
[INFO] running `Command { std: "docker" "exec" "-e" "SOURCE_DIR=/opt/rustwide/workdir" "-e" "CARGO_HOME=/opt/rustwide/cargo-home" "-e" "RUSTUP_HOME=/opt/rustwide/rustup-home" "-e" "CARGO_TARGET_DIR=/opt/rustwide/target" "-w" "/opt/rustwide/workdir" "--user" "0:0" "b10c6a7f16e89a00190151b59799be940c2e227393d672202983c862179a1ab4" "/opt/rustwide/cargo-home/bin/cargo" "+1.99.0-beta.1" "metadata" "--no-deps" "--format-version=1", kill_on_drop: false }`
[INFO] running `Command { std: "docker" "inspect" "b10c6a7f16e89a00190151b59799be940c2e227393d672202983c862179a1ab4", kill_on_drop: false }`
[INFO] running `Command { std: "docker" "exec" "-e" "SOURCE_DIR=/opt/rustwide/workdir" "-e" "CARGO_HOME=/opt/rustwide/cargo-home" "-e" "RUSTUP_HOME=/opt/rustwide/rustup-home" "-e" "CARGO_TARGET_DIR=/opt/rustwide/target" "-e" "CARGO_INCREMENTAL=0" "-e" "RUST_BACKTRACE=full" "-e" "RUSTFLAGS=--cap-lints=warn" "-e" "RUSTDOCFLAGS=--cap-lints=warn" "-w" "/opt/rustwide/workdir" "--user" "0:0" "b10c6a7f16e89a00190151b59799be940c2e227393d672202983c862179a1ab4" "/opt/rustwide/cargo-home/bin/cargo" "+1.99.0-beta.1" "build" "--frozen" "--message-format=json" "--release", kill_on_drop: false }`
[INFO] [stderr]    Compiling quote v1.0.46
[INFO] [stderr]    Compiling shlex v2.0.1
[INFO] [stderr]    Compiling rustix v1.1.4
[INFO] [stderr]    Compiling bitflags v2.13.1
[INFO] [stderr]    Compiling linux-raw-sys v0.12.1
[INFO] [stderr]    Compiling memchr v2.8.3
[INFO] [stderr]    Compiling smallvec v1.15.2
[INFO] [stderr]    Compiling downcast-rs v1.2.1
[INFO] [stderr]    Compiling wayland-client v0.31.14
[INFO] [stderr]    Compiling wayland-sys v0.31.11
[INFO] [stderr]    Compiling crossbeam-utils v0.8.22
[INFO] [stderr]    Compiling regex-syntax v0.8.11
[INFO] [stderr]    Compiling signal-hook v0.4.4
[INFO] [stderr]    Compiling winnow v1.0.4
[INFO] [stderr]    Compiling log v0.4.33
[INFO] [stderr]    Compiling toml_writer v1.1.2+spec-1.1.0
[INFO] [stderr]    Compiling ttf-parser v0.21.1
[INFO] [stderr]    Compiling cc v1.3.0
[INFO] [stderr]    Compiling thread_local v1.1.10
[INFO] [stderr]    Compiling tracing-log v0.2.0
[INFO] [stderr]    Compiling clap_builder v4.6.2
[INFO] [stderr]    Compiling nu-ansi-term v0.50.3
[INFO] [stderr]    Compiling daemonize v0.5.0
[INFO] [stderr]    Compiling colored v3.1.1
[INFO] [stderr]    Compiling syn v2.0.119
[INFO] [stderr]    Compiling xdg v3.0.0
[INFO] [stderr]    Compiling toml_parser v1.1.2+spec-1.1.0
[INFO] [stderr]    Compiling crossbeam-channel v0.5.16
[INFO] [stderr]    Compiling quick-xml v0.39.4
[INFO] [stderr]    Compiling toml v1.1.3+spec-1.1.0
[INFO] [stderr]    Compiling wayland-backend v0.3.15
[INFO] [stderr]    Compiling regex-automata v0.4.16
[INFO] [stderr]    Compiling fontdue v0.9.3
[INFO] [stderr]    Compiling wayland-scanner v0.31.10
[INFO] [stderr]    Compiling matchers v0.2.0
[INFO] [stderr]    Compiling tracing-attributes v0.1.31
[INFO] [stderr]    Compiling serde_derive v1.0.228
[INFO] [stderr]    Compiling clap_derive v4.6.1
[INFO] [stderr]    Compiling tracing v0.1.44
[INFO] [stderr]    Compiling tracing-subscriber v0.3.23
[INFO] [stderr]    Compiling clap v4.6.2
[INFO] [stderr]    Compiling serde v1.0.228
[INFO] [stderr]    Compiling wayland-protocols v0.32.13
[INFO] [stderr]    Compiling wayland-protocols-wlr v0.3.12
[INFO] [stderr]    Compiling wltile-core v1.3.1 (/opt/rustwide/workdir/crates/wltile-core)
[INFO] [stdout] warning: use of deprecated constant `std::f64::EPSILON`: replaced by the `EPSILON` associated constant on `f64`
[INFO] [stdout]    --> crates/wltile-core/src/wlr_client/output/config_writer.rs:344:52
[INFO] [stdout]     |
[INFO] [stdout] 344 |             && (head.scale() - scale).abs() > f64::EPSILON
[INFO] [stdout]     |                                                    ^^^^^^^
[INFO] [stdout]     |
[INFO] [stdout]     = note: `#[warn(deprecated)]` on by default
[INFO] [stdout] 
[INFO] [stdout] 
[INFO] [stderr]    Compiling wltile v1.3.1 (/opt/rustwide/workdir/crates/wltile)
[INFO] [stderr]     Finished `release` profile [optimized] target(s) in 1m 02s
[INFO] running `Command { std: "docker" "inspect" "b10c6a7f16e89a00190151b59799be940c2e227393d672202983c862179a1ab4", kill_on_drop: false }`
[INFO] running `Command { std: "docker" "exec" "-e" "SOURCE_DIR=/opt/rustwide/workdir" "-e" "CARGO_HOME=/opt/rustwide/cargo-home" "-e" "RUSTUP_HOME=/opt/rustwide/rustup-home" "-e" "CARGO_TARGET_DIR=/opt/rustwide/target" "-e" "CARGO_INCREMENTAL=0" "-e" "RUST_BACKTRACE=full" "-e" "RUSTFLAGS=--cap-lints=warn" "-e" "RUSTDOCFLAGS=--cap-lints=warn" "-w" "/opt/rustwide/workdir" "--user" "0:0" "b10c6a7f16e89a00190151b59799be940c2e227393d672202983c862179a1ab4" "/opt/rustwide/cargo-home/bin/cargo" "+1.99.0-beta.1" "test" "--frozen" "--no-run" "--message-format=json" "--release", kill_on_drop: false }`
[INFO] [stderr]    Compiling crossbeam-utils v0.8.22
[INFO] [stderr]    Compiling autocfg v1.5.1
[INFO] [stderr]    Compiling crossbeam-epoch v0.9.20
[INFO] [stderr]    Compiling crossbeam-deque v0.8.7
[INFO] [stderr]    Compiling memchr v2.8.3
[INFO] [stderr]    Compiling equator-macro v0.4.2
[INFO] [stderr]    Compiling simd-adler32 v0.3.10
[INFO] [stderr]    Compiling anyhow v1.0.103
[INFO] [stderr]    Compiling zerocopy v0.8.54
[INFO] [stderr]    Compiling arrayvec v0.7.8
[INFO] [stderr]    Compiling thiserror v2.0.18
[INFO] [stderr]    Compiling as-slice v0.2.1
[INFO] [stderr]    Compiling zerocopy-derive v0.8.54
[INFO] [stderr]    Compiling thiserror-impl v2.0.18
[INFO] [stderr]    Compiling built v0.8.1
[INFO] [stderr]    Compiling bytemuck v1.25.1
[INFO] [stderr]    Compiling libm v0.2.16
[INFO] [stderr]    Compiling av-scenechange v0.14.1
[INFO] [stderr]    Compiling pulp v0.22.3
[INFO] [stderr]    Compiling miniz_oxide v0.8.9
[INFO] [stderr]    Compiling aligned v0.4.3
[INFO] [stderr]    Compiling profiling-procmacros v1.0.18
[INFO] [stderr]    Compiling arg_enum_proc_macro v0.3.4
[INFO] [stderr]    Compiling quick-error v2.0.1
[INFO] [stderr]    Compiling pastey v0.1.1
[INFO] [stderr]    Compiling num-traits v0.2.19
[INFO] [stderr]    Compiling y4m v0.8.0
[INFO] [stderr]    Compiling raw-cpuid v11.6.0
[INFO] [stderr]    Compiling profiling v1.0.18
[INFO] [stderr]    Compiling num-derive v0.4.2
[INFO] [stderr]    Compiling simd_helpers v0.1.0
[INFO] [stderr]    Compiling reborrow v0.5.5
[INFO] [stderr]    Compiling pulp-wasm-simd-flag v0.1.1
[INFO] [stderr]    Compiling zune-core v0.5.1
[INFO] [stderr]    Compiling zmij v1.0.23
[INFO] [stderr]    Compiling equator v0.4.2
[INFO] [stderr]    Compiling rav1e v0.8.1
[INFO] [stderr]    Compiling noop_proc_macro v0.3.0
[INFO] [stderr]    Compiling no_std_io2 v0.9.4
[INFO] [stderr]    Compiling nom v8.0.0
[INFO] [stderr]    Compiling bitstream-io v4.10.0
[INFO] [stderr]    Compiling crossbeam-channel v0.5.16
[INFO] [stderr]    Compiling flate2 v1.1.9
[INFO] [stderr]    Compiling weezl v0.1.12
[INFO] [stderr]    Compiling aligned-vec v0.6.4
[INFO] [stderr]    Compiling imgref v1.12.2
[INFO] [stderr]    Compiling loop9 v0.1.5
[INFO] [stderr]    Compiling zune-jpeg v0.5.15
[INFO] [stderr]    Compiling rayon-core v1.13.0
[INFO] [stderr]    Compiling avif-serialize v0.8.9
[INFO] [stderr]    Compiling wltile-core v1.3.1 (/opt/rustwide/workdir/crates/wltile-core)
[INFO] [stderr]    Compiling fdeflate v0.3.7
[INFO] [stderr]    Compiling zune-inflate v0.2.54
[INFO] [stderr]    Compiling rgb v0.8.53
[INFO] [stdout] warning: use of deprecated constant `std::f64::EPSILON`: replaced by the `EPSILON` associated constant on `f64`
[INFO] [stdout]    --> crates/wltile-core/src/wlr_client/output/config_writer.rs:344:52
[INFO] [stdout]     |
[INFO] [stdout] 344 |             && (head.scale() - scale).abs() > f64::EPSILON
[INFO] [stdout]     |                                                    ^^^^^^^
[INFO] [stdout]     |
[INFO] [stdout]     = note: `#[warn(deprecated)]` on by default
[INFO] [stdout] 
[INFO] [stdout] 
[INFO] [stderr]    Compiling num-integer v0.1.46
[INFO] [stderr]    Compiling v_frame v0.3.9
[INFO] [stderr]    Compiling num-complex v0.4.6
[INFO] [stderr]    Compiling rayon v1.12.0
[INFO] [stderr]    Compiling bit_field v0.10.3
[INFO] [stderr]    Compiling num-bigint v0.4.8
[INFO] [stderr]    Compiling fax v0.2.7
[INFO] [stderr]    Compiling lebe v0.5.3
[INFO] [stderr]    Compiling pxfm v0.1.30
[INFO] [stderr]    Compiling serde_json v1.0.150
[INFO] [stderr]    Compiling image-webp v0.2.4
[INFO] [stderr]    Compiling png v0.18.1
[INFO] [stderr]    Compiling gif v0.14.2
[INFO] [stderr]    Compiling qoi v0.4.1
[INFO] [stderr]    Compiling num-rational v0.4.2
[INFO] [stderr]    Compiling maybe-rayon v0.1.1
[INFO] [stderr]    Compiling av1-grain v0.2.5
[INFO] [stderr]    Compiling wltile v1.3.1 (/opt/rustwide/workdir/crates/wltile)
[INFO] [stderr]    Compiling moxcms v0.8.1
[INFO] [stderr]    Compiling half v2.7.1
[INFO] [stderr]    Compiling tiff v0.11.3
[INFO] [stderr]    Compiling exr v1.74.2
[INFO] [stderr]    Compiling ravif v0.13.0
[INFO] [stderr]    Compiling image v0.25.10
[INFO] [stdout] warning: use of deprecated constant `std::f64::EPSILON`: replaced by the `EPSILON` associated constant on `f64`
[INFO] [stdout]    --> crates/wltile-core/src/wlr_client/output/config_writer.rs:344:52
[INFO] [stdout]     |
[INFO] [stdout] 344 |             && (head.scale() - scale).abs() > f64::EPSILON
[INFO] [stdout]     |                                                    ^^^^^^^
[INFO] [stdout]     |
[INFO] [stdout]     = note: `#[warn(deprecated)]` on by default
[INFO] [stdout] 
[INFO] [stdout] 
[INFO] [stderr]     Finished `release` profile [optimized] target(s) in 2m 51s
[INFO] running `Command { std: "docker" "inspect" "b10c6a7f16e89a00190151b59799be940c2e227393d672202983c862179a1ab4", kill_on_drop: false }`
[INFO] running `Command { std: "docker" "exec" "-e" "SOURCE_DIR=/opt/rustwide/workdir" "-e" "CARGO_HOME=/opt/rustwide/cargo-home" "-e" "RUSTUP_HOME=/opt/rustwide/rustup-home" "-e" "CARGO_TARGET_DIR=/opt/rustwide/target" "-e" "CARGO_INCREMENTAL=0" "-e" "RUST_BACKTRACE=full" "-e" "RUSTFLAGS=--cap-lints=warn" "-e" "RUSTDOCFLAGS=--cap-lints=warn" "-w" "/opt/rustwide/workdir" "--user" "0:0" "b10c6a7f16e89a00190151b59799be940c2e227393d672202983c862179a1ab4" "/opt/rustwide/cargo-home/bin/cargo" "+1.99.0-beta.1" "test" "--frozen" "--release", kill_on_drop: false }`
[INFO] [stderr] warning: use of deprecated constant `std::f64::EPSILON`: replaced by the `EPSILON` associated constant on `f64`
[INFO] [stderr]    --> crates/wltile-core/src/wlr_client/output/config_writer.rs:344:52
[INFO] [stderr]     |
[INFO] [stderr] 344 |             && (head.scale() - scale).abs() > f64::EPSILON
[INFO] [stderr]     |                                                    ^^^^^^^
[INFO] [stderr]     |
[INFO] [stderr]     = note: `#[warn(deprecated)]` on by default
[INFO] [stderr] 
[INFO] [stderr] warning: `wltile-core` (lib) generated 1 warning
[INFO] [stderr] warning: `wltile-core` (lib test) generated 1 warning (1 duplicate)
[INFO] [stderr]     Finished `release` profile [optimized] target(s) in 0.29s
[INFO] [stderr]      Running unittests src/main.rs (/opt/rustwide/target/release/deps/wltile-4964fa74f6f0555f)
[INFO] [stdout] 
[INFO] [stdout] running 24 tests
[INFO] [stdout] test cli::tests::counts_verbosity_flags ... ok
[INFO] [stdout] test cli::tests::parses_list ... ok
[INFO] [stdout] test cli::tests::parses_position_with_all_fields ... ok
[INFO] [stdout] test cli::tests::alignment_display_renders_kebab_case ... ok
[INFO] [stdout] test cli::tests::parses_daemon_with_all_flags ... ok
[INFO] [stdout] test cli::tests::parses_daemon_with_defaults ... ok
[INFO] [stdout] test cli::tests::clap_config_is_valid ... ok
[INFO] [stdout] test cli::tests::parses_set_with_property_value_enum ... ok
[INFO] [stdout] test cli::tests::parses_show_with_output ... ok
[INFO] [stdout] test cli::tests::position_defaults_alignment_to_align_bottom ... ok
[INFO] [stdout] test cli::tests::position_requires_arguments ... ok
[INFO] [stdout] test cli::tests::rejects_unknown_property ... ok
[INFO] [stdout] test cli::tests::set_keeps_the_target_name ... ok
[INFO] [stdout] test cli::tests::set_parses_each_property_onto_its_own_field ... ok
[INFO] [stdout] test cli::tests::set_rejects_values_that_do_not_match_the_property ... ok
[INFO] [stdout] test cli::tests::set_trims_surrounding_whitespace ... ok
[INFO] [stdout] test cli::tests::validate_ignores_non_position_commands ... ok
[INFO] [stdout] test cli::tests::validate_accepts_horizontal_relation_with_vertical_alignment ... ok
[INFO] [stdout] test cli::tests::validate_rejects_horizontal_relation_with_horizontal_alignment ... ok
[INFO] [stdout] test cli::tests::validate_rejects_vertical_relation_with_vertical_alignment ... ok
[INFO] [stdout] test cli::tests::validate_accepts_vertical_relation_with_horizontal_alignment ... ok
[INFO] [stdout] test daemon::tests::reports_true_only_for_an_existing_regular_file ... ok
[INFO] [stdout] test cli::tests::parses_show_without_output ... ok
[INFO] [stdout] test cli::tests::relation_display_renders_kebab_case ... ok
[INFO] [stdout] 
[INFO] [stdout] test result: ok. 24 passed; 0 failed; 0 ignored; 0 measured; 0 filtered out; finished in 0.01s
[INFO] [stdout] 
[INFO] [stderr]      Running tests/integration/main.rs (/opt/rustwide/target/release/deps/integration-5d7731e458732eaa)
[INFO] [stdout] 
[INFO] [stdout] running 30 tests
[INFO] [stdout] test tests::daemon::daemon_applies_config_on_output_hotplug ... FAILED
[INFO] [stdout] test tests::daemon::daemon_position_uses_fresh_geometry_after_property_change_in_same_reload ... FAILED
[INFO] [stdout] test tests::daemon::daemon_applies_config_on_sighup ... FAILED
[INFO] [stdout] test tests::daemon::daemon_second_start_fails_when_pid_file_exists ... FAILED
[INFO] [stdout] test tests::list::list_reports_all_expected_fields ... FAILED
[INFO] [stdout] test tests::daemon::daemon_exits_gracefully_on_sigterm ... FAILED
[INFO] [stdout] test tests::daemon::daemon_skips_position_with_missing_reference ... FAILED
[INFO] [stdout] test tests::daemon::daemon_relayouts_when_second_output_appears ... FAILED
[INFO] [stdout] test tests::list::list_reflects_position_after_positioning ... FAILED
[INFO] [stdout] test tests::list::list_shows_all_connected_outputs ... FAILED
[INFO] [stdout] test tests::position::position_top_of_align_left ... FAILED
[INFO] [stdout] test tests::position::position_unknown_target_fails ... FAILED
[INFO] [stdout] test tests::set::set_active_false_disables_output_in_compositor ... FAILED
[INFO] [stdout] test tests::position::position_bottom_of_align_left ... FAILED
[INFO] [stdout] test tests::list::list_reflects_scale_set_via_set_command ... FAILED
[INFO] [stdout] test tests::position::position_unknown_reference_fails ... FAILED
[INFO] [stdout] test tests::position::position_right_of_align_top ... FAILED
[INFO] [stdout] test tests::list::list_shows_disabled_output ... FAILED
[INFO] [stdout] test tests::set::set_active_true_reenables_disabled_output_in_compositor ... FAILED
[INFO] [stdout] test tests::set::set_scale_is_reflected_in_compositor ... FAILED
[INFO] [stdout] test tests::show::show_output_prints_details ... FAILED
[INFO] [stdout] test tests::show::show_output_reflects_position_after_positioning ... FAILED
[INFO] [stdout] test tests::daemon::daemon_skips_unconnected_targets ... FAILED
[INFO] [stdout] test tests::show::show_output_prints_disabled_head_correctly ... FAILED
[INFO] [stdout] test tests::show::show_output_targets_correct_output_among_multiple ... FAILED
[INFO] [stdout] test tests::show::show_presents_outputs_and_dismisses_on_key_press ... FAILED
[INFO] [stdout] test tests::show::show_output_reflects_scale_set_via_set_command ... FAILED
[INFO] [stdout] test tests::position::position_right_of_align_bottom ... FAILED
[INFO] [stdout] test tests::position::position_left_of_align_bottom ... FAILED
[INFO] [stdout] test tests::show::show_unknown_output_fails ... FAILED
[INFO] [stdout] 
[INFO] [stdout] failures:
[INFO] [stdout] 
[INFO] [stdout] ---- tests::daemon::daemon_applies_config_on_output_hotplug stdout ----
[INFO] [stdout] 
[INFO] [stdout] thread 'tests::daemon::daemon_applies_config_on_output_hotplug' (3067) panicked at crates/wltile/tests/integration/harness/compositor.rs:67:14:
[INFO] [stdout] failed to spawn sway — is it installed?: Os { code: 2, kind: NotFound, message: "No such file or directory" }
[INFO] [stdout] stack backtrace:
[INFO] [stdout]    0:     0x56e7799457f1 - <<std[104cf6e2632825ea]::sys::backtrace::BacktraceLock>::print::DisplayBacktrace as core[7c831bd917ebf35f]::fmt::Display>::fmt
[INFO] [stdout]    1:     0x56e77995acea - core[7c831bd917ebf35f]::fmt::write
[INFO] [stdout]    2:     0x56e779949f7c - <alloc[2fdc3f7464fcf288]::vec::Vec<u8> as core[7c831bd917ebf35f]::io::write::Write>::write_fmt
[INFO] [stdout]    3:     0x56e77991fcf6 - std[104cf6e2632825ea]::panicking::default_hook::{closure#0}
[INFO] [stdout]    4:     0x56e77993d019 - std[104cf6e2632825ea]::panicking::default_hook
[INFO] [stdout]    5:     0x56e7798d75f0 - test[73009c9f9aebf890]::test_main_inner::<test[73009c9f9aebf890]::test_main_static::{closure#0}>::{closure#0}
[INFO] [stdout]    6:     0x56e77993d1d2 - std[104cf6e2632825ea]::panicking::panic_with_hook
[INFO] [stdout]    7:     0x56e77991fda2 - std[104cf6e2632825ea]::panicking::panic_handler::{closure#0}
[INFO] [stdout]    8:     0x56e779918039 - std[104cf6e2632825ea]::sys::backtrace::__rust_end_short_backtrace::<std[104cf6e2632825ea]::panicking::panic_handler::{closure#0}, !>
[INFO] [stdout]    9:     0x56e77992099d - __rustc[b0d56fa5b193ad05]::rust_begin_unwind
[INFO] [stdout]   10:     0x56e77995b41c - core[7c831bd917ebf35f]::panicking::panic_fmt
[INFO] [stdout]   11:     0x56e77995b1f2 - core[7c831bd917ebf35f]::result::unwrap_failed
[INFO] [stdout]   12:     0x56e7798c2db5 - <integration[17ad14c0ce9bb7ac]::harness::compositor::Compositor>::new
[INFO] [stdout]   13:     0x56e7798b2711 - integration[17ad14c0ce9bb7ac]::tests::daemon::daemon_applies_config_on_output_hotplug
[INFO] [stdout]   14:     0x56e7798bb439 - <integration[17ad14c0ce9bb7ac]::tests::daemon::daemon_applies_config_on_output_hotplug::{closure#0} as core[7c831bd917ebf35f]::ops::function::FnOnce<()>>::call_once
[INFO] [stdout]   15:     0x56e7798ca8db - test[73009c9f9aebf890]::__rust_begin_short_backtrace::<core[7c831bd917ebf35f]::result::Result<(), alloc[2fdc3f7464fcf288]::string::String>, fn() -> core[7c831bd917ebf35f]::result::Result<(), alloc[2fdc3f7464fcf288]::string::String>>
[INFO] [stdout]   16:     0x56e7798d7f45 - test[73009c9f9aebf890]::run_test::{closure#0}
[INFO] [stdout]   17:     0x56e7798d1304 - std[104cf6e2632825ea]::sys::backtrace::__rust_begin_short_backtrace::<test[73009c9f9aebf890]::run_test::{closure#1}, ()>
[INFO] [stdout]   18:     0x56e7798db0a2 - <std[104cf6e2632825ea]::thread::lifecycle::spawn_unchecked<test[73009c9f9aebf890]::run_test::{closure#1}, ()>::{closure#1} as core[7c831bd917ebf35f]::ops::function::FnOnce<()>>::call_once::{shim:vtable#0}
[INFO] [stdout]   19:     0x56e779944b69 - <std[104cf6e2632825ea]::sys::thread::unix::Thread>::new::thread_start
[INFO] [stdout]   20:     0x7bef84b2507a - <unknown>
[INFO] [stdout]   21:     0x7bef84bb8534 - clone
[INFO] [stdout]   22:                0x0 - <unknown>
[INFO] [stdout] 
[INFO] [stdout] ---- tests::daemon::daemon_position_uses_fresh_geometry_after_property_change_in_same_reload stdout ----
[INFO] [stdout] 
[INFO] [stdout] thread 'tests::daemon::daemon_position_uses_fresh_geometry_after_property_change_in_same_reload' (3070) panicked at crates/wltile/tests/integration/harness/compositor.rs:67:14:
[INFO] [stdout] failed to spawn sway — is it installed?: Os { code: 2, kind: NotFound, message: "No such file or directory" }
[INFO] [stdout] stack backtrace:
[INFO] [stdout]    0:     0x56e7799457f1 - <<std[104cf6e2632825ea]::sys::backtrace::BacktraceLock>::print::DisplayBacktrace as core[7c831bd917ebf35f]::fmt::Display>::fmt
[INFO] [stdout]    1:     0x56e77995acea - core[7c831bd917ebf35f]::fmt::write
[INFO] [stdout]    2:     0x56e779949f7c - <alloc[2fdc3f7464fcf288]::vec::Vec<u8> as core[7c831bd917ebf35f]::io::write::Write>::write_fmt
[INFO] [stdout]    3:     0x56e77991fcf6 - std[104cf6e2632825ea]::panicking::default_hook::{closure#0}
[INFO] [stdout]    4:     0x56e77993d019 - std[104cf6e2632825ea]::panicking::default_hook
[INFO] [stdout]    5:     0x56e7798d75f0 - test[73009c9f9aebf890]::test_main_inner::<test[73009c9f9aebf890]::test_main_static::{closure#0}>::{closure#0}
[INFO] [stdout]    6:     0x56e77993d1d2 - std[104cf6e2632825ea]::panicking::panic_with_hook
[INFO] [stdout]    7:     0x56e77991fda2 - std[104cf6e2632825ea]::panicking::panic_handler::{closure#0}
[INFO] [stdout]    8:     0x56e779918039 - std[104cf6e2632825ea]::sys::backtrace::__rust_end_short_backtrace::<std[104cf6e2632825ea]::panicking::panic_handler::{closure#0}, !>
[INFO] [stdout]    9:     0x56e77992099d - __rustc[b0d56fa5b193ad05]::rust_begin_unwind
[INFO] [stdout]   10:     0x56e77995b41c - core[7c831bd917ebf35f]::panicking::panic_fmt
[INFO] [stdout]   11:     0x56e77995b1f2 - core[7c831bd917ebf35f]::result::unwrap_failed
[INFO] [stdout]   12:     0x56e7798c2db5 - <integration[17ad14c0ce9bb7ac]::harness::compositor::Compositor>::new
[INFO] [stdout]   13:     0x56e7798b4020 - integration[17ad14c0ce9bb7ac]::tests::daemon::daemon_position_uses_fresh_geometry_after_property_change_in_same_reload
[INFO] [stdout]   14:     0x56e7798bb4b9 - <integration[17ad14c0ce9bb7ac]::tests::daemon::daemon_position_uses_fresh_geometry_after_property_change_in_same_reload::{closure#0} as core[7c831bd917ebf35f]::ops::function::FnOnce<()>>::call_once
[INFO] [stdout]   15:     0x56e7798ca8db - test[73009c9f9aebf890]::__rust_begin_short_backtrace::<core[7c831bd917ebf35f]::result::Result<(), alloc[2fdc3f7464fcf288]::string::String>, fn() -> core[7c831bd917ebf35f]::result::Result<(), alloc[2fdc3f7464fcf288]::string::String>>
[INFO] [stdout]   16:     0x56e7798d7f45 - test[73009c9f9aebf890]::run_test::{closure#0}
[INFO] [stdout]   17:     0x56e7798d1304 - std[104cf6e2632825ea]::sys::backtrace::__rust_begin_short_backtrace::<test[73009c9f9aebf890]::run_test::{closure#1}, ()>
[INFO] [stdout]   18:     0x56e7798db0a2 - <std[104cf6e2632825ea]::thread::lifecycle::spawn_unchecked<test[73009c9f9aebf890]::run_test::{closure#1}, ()>::{closure#1} as core[7c831bd917ebf35f]::ops::function::FnOnce<()>>::call_once::{shim:vtable#0}
[INFO] [stdout]   19:     0x56e779944b69 - <std[104cf6e2632825ea]::sys::thread::unix::Thread>::new::thread_start
[INFO] [stdout]   20:     0x7bef84b2507a - <unknown>
[INFO] [stdout]   21:     0x7bef84bb8534 - clone
[INFO] [stdout]   22:                0x0 - <unknown>
[INFO] [stdout] 
[INFO] [stdout] ---- tests::daemon::daemon_applies_config_on_sighup stdout ----
[INFO] [stdout] 
[INFO] [stdout] thread 'tests::daemon::daemon_applies_config_on_sighup' (3068) panicked at crates/wltile/tests/integration/harness/compositor.rs:67:14:
[INFO] [stdout] failed to spawn sway — is it installed?: Os { code: 2, kind: NotFound, message: "No such file or directory" }
[INFO] [stdout] stack backtrace:
[INFO] [stdout]    0:     0x56e7799457f1 - <<std[104cf6e2632825ea]::sys::backtrace::BacktraceLock>::print::DisplayBacktrace as core[7c831bd917ebf35f]::fmt::Display>::fmt
[INFO] [stdout]    1:     0x56e77995acea - core[7c831bd917ebf35f]::fmt::write
[INFO] [stdout]    2:     0x56e779949f7c - <alloc[2fdc3f7464fcf288]::vec::Vec<u8> as core[7c831bd917ebf35f]::io::write::Write>::write_fmt
[INFO] [stdout]    3:     0x56e77991fcf6 - std[104cf6e2632825ea]::panicking::default_hook::{closure#0}
[INFO] [stdout]    4:     0x56e77993d019 - std[104cf6e2632825ea]::panicking::default_hook
[INFO] [stdout]    5:     0x56e7798d75f0 - test[73009c9f9aebf890]::test_main_inner::<test[73009c9f9aebf890]::test_main_static::{closure#0}>::{closure#0}
[INFO] [stdout]    6:     0x56e77993d1d2 - std[104cf6e2632825ea]::panicking::panic_with_hook
[INFO] [stdout]    7:     0x56e77991fda2 - std[104cf6e2632825ea]::panicking::panic_handler::{closure#0}
[INFO] [stdout]    8:     0x56e779918039 - std[104cf6e2632825ea]::sys::backtrace::__rust_end_short_backtrace::<std[104cf6e2632825ea]::panicking::panic_handler::{closure#0}, !>
[INFO] [stdout]    9:     0x56e77992099d - __rustc[b0d56fa5b193ad05]::rust_begin_unwind
[INFO] [stdout]   10:     0x56e77995b41c - core[7c831bd917ebf35f]::panicking::panic_fmt
[INFO] [stdout]   11:     0x56e77995b1f2 - core[7c831bd917ebf35f]::result::unwrap_failed
[INFO] [stdout]   12:     0x56e7798c2db5 - <integration[17ad14c0ce9bb7ac]::harness::compositor::Compositor>::new
[INFO] [stdout]   13:     0x56e7798b1f1e - integration[17ad14c0ce9bb7ac]::tests::daemon::daemon_applies_config_on_sighup
[INFO] [stdout]   14:     0x56e7798bb3d9 - <integration[17ad14c0ce9bb7ac]::tests::daemon::daemon_applies_config_on_sighup::{closure#0} as core[7c831bd917ebf35f]::ops::function::FnOnce<()>>::call_once
[INFO] [stdout]   15:     0x56e7798ca8db - test[73009c9f9aebf890]::__rust_begin_short_backtrace::<core[7c831bd917ebf35f]::result::Result<(), alloc[2fdc3f7464fcf288]::string::String>, fn() -> core[7c831bd917ebf35f]::result::Result<(), alloc[2fdc3f7464fcf288]::string::String>>
[INFO] [stdout]   16:     0x56e7798d7f45 - test[73009c9f9aebf890]::run_test::{closure#0}
[INFO] [stdout]   17:     0x56e7798d1304 - std[104cf6e2632825ea]::sys::backtrace::__rust_begin_short_backtrace::<test[73009c9f9aebf890]::run_test::{closure#1}, ()>
[INFO] [stdout]   18:     0x56e7798db0a2 - <std[104cf6e2632825ea]::thread::lifecycle::spawn_unchecked<test[73009c9f9aebf890]::run_test::{closure#1}, ()>::{closure#1} as core[7c831bd917ebf35f]::ops::function::FnOnce<()>>::call_once::{shim:vtable#0}
[INFO] [stdout]   19:     0x56e779944b69 - <std[104cf6e2632825ea]::sys::thread::unix::Thread>::new::thread_start
[INFO] [stdout]   20:     0x7bef84b2507a - <unknown>
[INFO] [stdout]   21:     0x7bef84bb8534 - clone
[INFO] [stdout]   22:                0x0 - <unknown>
[INFO] [stdout] 
[INFO] [stdout] ---- tests::daemon::daemon_second_start_fails_when_pid_file_exists stdout ----
[INFO] [stdout] 
[INFO] [stdout] thread 'tests::daemon::daemon_second_start_fails_when_pid_file_exists' (3075) panicked at crates/wltile/tests/integration/harness/compositor.rs:67:14:
[INFO] [stdout] failed to spawn sway — is it installed?: Os { code: 2, kind: NotFound, message: "No such file or directory" }
[INFO] [stdout] stack backtrace:
[INFO] [stdout]    0:     0x56e7799457f1 - <<std[104cf6e2632825ea]::sys::backtrace::BacktraceLock>::print::DisplayBacktrace as core[7c831bd917ebf35f]::fmt::Display>::fmt
[INFO] [stdout]    1:     0x56e77995acea - core[7c831bd917ebf35f]::fmt::write
[INFO] [stdout]    2:     0x56e779949f7c - <alloc[2fdc3f7464fcf288]::vec::Vec<u8> as core[7c831bd917ebf35f]::io::write::Write>::write_fmt
[INFO] [stdout]    3:     0x56e77991fcf6 - std[104cf6e2632825ea]::panicking::default_hook::{closure#0}
[INFO] [stdout]    4:     0x56e77993d019 - std[104cf6e2632825ea]::panicking::default_hook
[INFO] [stdout]    5:     0x56e7798d75f0 - test[73009c9f9aebf890]::test_main_inner::<test[73009c9f9aebf890]::test_main_static::{closure#0}>::{closure#0}
[INFO] [stdout]    6:     0x56e77993d1d2 - std[104cf6e2632825ea]::panicking::panic_with_hook
[INFO] [stdout]    7:     0x56e77991fda2 - std[104cf6e2632825ea]::panicking::panic_handler::{closure#0}
[INFO] [stdout]    8:     0x56e779918039 - std[104cf6e2632825ea]::sys::backtrace::__rust_end_short_backtrace::<std[104cf6e2632825ea]::panicking::panic_handler::{closure#0}, !>
[INFO] [stdout]    9:     0x56e77992099d - __rustc[b0d56fa5b193ad05]::rust_begin_unwind
[INFO] [stdout]   10:     0x56e77995b41c - core[7c831bd917ebf35f]::panicking::panic_fmt
[INFO] [stdout]   11:     0x56e77995b1f2 - core[7c831bd917ebf35f]::result::unwrap_failed
[INFO] [stdout]   12:     0x56e7798c2db5 - <integration[17ad14c0ce9bb7ac]::harness::compositor::Compositor>::new
[INFO] [stdout]   13:     0x56e7798b3721 - integration[17ad14c0ce9bb7ac]::tests::daemon::daemon_second_start_fails_when_pid_file_exists
[INFO] [stdout]   14:     0x56e7798bb499 - <integration[17ad14c0ce9bb7ac]::tests::daemon::daemon_second_start_fails_when_pid_file_exists::{closure#0} as core[7c831bd917ebf35f]::ops::function::FnOnce<()>>::call_once
[INFO] [stdout]   15:     0x56e7798ca8db - test[73009c9f9aebf890]::__rust_begin_short_backtrace::<core[7c831bd917ebf35f]::result::Result<(), alloc[2fdc3f7464fcf288]::string::String>, fn() -> core[7c831bd917ebf35f]::result::Result<(), alloc[2fdc3f7464fcf288]::string::String>>
[INFO] [stdout]   16:     0x56e7798d7f45 - test[73009c9f9aebf890]::run_test::{closure#0}
[INFO] [stdout]   17:     0x56e7798d1304 - std[104cf6e2632825ea]::sys::backtrace::__rust_begin_short_backtrace::<test[73009c9f9aebf890]::run_test::{closure#1}, ()>
[INFO] [stdout]   18:     0x56e7798db0a2 - <std[104cf6e2632825ea]::thread::lifecycle::spawn_unchecked<test[73009c9f9aebf890]::run_test::{closure#1}, ()>::{closure#1} as core[7c831bd917ebf35f]::ops::function::FnOnce<()>>::call_once::{shim:vtable#0}
[INFO] [stdout]   19:     0x56e779944b69 - <std[104cf6e2632825ea]::sys::thread::unix::Thread>::new::thread_start
[INFO] [stdout]   20:     0x7bef84b2507a - <unknown>
[INFO] [stdout]   21:     0x7bef84bb8534 - clone
[INFO] [stdout]   22:                0x0 - <unknown>
[INFO] [stdout] 
[INFO] [stdout] ---- tests::list::list_reports_all_expected_fields stdout ----
[INFO] [stdout] 
[INFO] [stdout] thread 'tests::list::list_reports_all_expected_fields' (3085) panicked at crates/wltile/tests/integration/harness/compositor.rs:67:14:
[INFO] [stdout] failed to spawn sway — is it installed?: Os { code: 2, kind: NotFound, message: "No such file or directory" }
[INFO] [stdout] stack backtrace:
[INFO] [stdout]    0:     0x56e7799457f1 - <<std[104cf6e2632825ea]::sys::backtrace::BacktraceLock>::print::DisplayBacktrace as core[7c831bd917ebf35f]::fmt::Display>::fmt
[INFO] [stdout]    1:     0x56e77995acea - core[7c831bd917ebf35f]::fmt::write
[INFO] [stdout]    2:     0x56e779949f7c - <alloc[2fdc3f7464fcf288]::vec::Vec<u8> as core[7c831bd917ebf35f]::io::write::Write>::write_fmt
[INFO] [stdout]    3:     0x56e77991fcf6 - std[104cf6e2632825ea]::panicking::default_hook::{closure#0}
[INFO] [stdout]    4:     0x56e77993d019 - std[104cf6e2632825ea]::panicking::default_hook
[INFO] [stdout]    5:     0x56e7798d75f0 - test[73009c9f9aebf890]::test_main_inner::<test[73009c9f9aebf890]::test_main_static::{closure#0}>::{closure#0}
[INFO] [stdout]    6:     0x56e77993d1d2 - std[104cf6e2632825ea]::panicking::panic_with_hook
[INFO] [stdout]    7:     0x56e77991fda2 - std[104cf6e2632825ea]::panicking::panic_handler::{closure#0}
[INFO] [stdout]    8:     0x56e779918039 - std[104cf6e2632825ea]::sys::backtrace::__rust_end_short_backtrace::<std[104cf6e2632825ea]::panicking::panic_handler::{closure#0}, !>
[INFO] [stdout]    9:     0x56e77992099d - __rustc[b0d56fa5b193ad05]::rust_begin_unwind
[INFO] [stdout]   10:     0x56e77995b41c - core[7c831bd917ebf35f]::panicking::panic_fmt
[INFO] [stdout]   11:     0x56e77995b1f2 - core[7c831bd917ebf35f]::result::unwrap_failed
[INFO] [stdout]   12:     0x56e7798c2db5 - <integration[17ad14c0ce9bb7ac]::harness::compositor::Compositor>::new
[INFO] [stdout]   13:     0x56e7798be3e0 - integration[17ad14c0ce9bb7ac]::tests::list::list_reports_all_expected_fields
[INFO] [stdout]   14:     0x56e7798bb279 - <integration[17ad14c0ce9bb7ac]::tests::list::list_reports_all_expected_fields::{closure#0} as core[7c831bd917ebf35f]::ops::function::FnOnce<()>>::call_once
[INFO] [stdout]   15:     0x56e7798ca8db - test[73009c9f9aebf890]::__rust_begin_short_backtrace::<core[7c831bd917ebf35f]::result::Result<(), alloc[2fdc3f7464fcf288]::string::String>, fn() -> core[7c831bd917ebf35f]::result::Result<(), alloc[2fdc3f7464fcf288]::string::String>>
[INFO] [stdout]   16:     0x56e7798d7f45 - test[73009c9f9aebf890]::run_test::{closure#0}
[INFO] [stdout]   17:     0x56e7798d1304 - std[104cf6e2632825ea]::sys::backtrace::__rust_begin_short_backtrace::<test[73009c9f9aebf890]::run_test::{closure#1}, ()>
[INFO] [stdout]   18:     0x56e7798db0a2 - <std[104cf6e2632825ea]::thread::lifecycle::spawn_unchecked<test[73009c9f9aebf890]::run_test::{closure#1}, ()>::{closure#1} as core[7c831bd917ebf35f]::ops::function::FnOnce<()>>::call_once::{shim:vtable#0}
[INFO] [stdout]   19:     0x56e779944b69 - <std[104cf6e2632825ea]::sys::thread::unix::Thread>::new::thread_start
[INFO] [stdout]   20:     0x7bef84b2507a - <unknown>
[INFO] [stdout]   21:     0x7bef84bb8534 - clone
[INFO] [stdout]   22:                0x0 - <unknown>
[INFO] [stdout] 
[INFO] [stdout] ---- tests::daemon::daemon_exits_gracefully_on_sigterm stdout ----
[INFO] [stdout] 
[INFO] [stdout] thread 'tests::daemon::daemon_exits_gracefully_on_sigterm' (3069) panicked at crates/wltile/tests/integration/harness/compositor.rs:67:14:
[INFO] [stdout] failed to spawn sway — is it installed?: Os { code: 2, kind: NotFound, message: "No such file or directory" }
[INFO] [stdout] stack backtrace:
[INFO] [stdout]    0:     0x56e7799457f1 - <<std[104cf6e2632825ea]::sys::backtrace::BacktraceLock>::print::DisplayBacktrace as core[7c831bd917ebf35f]::fmt::Display>::fmt
[INFO] [stdout]    1:     0x56e77995acea - core[7c831bd917ebf35f]::fmt::write
[INFO] [stdout]    2:     0x56e779949f7c - <alloc[2fdc3f7464fcf288]::vec::Vec<u8> as core[7c831bd917ebf35f]::io::write::Write>::write_fmt
[INFO] [stdout]    3:     0x56e77991fcf6 - std[104cf6e2632825ea]::panicking::default_hook::{closure#0}
[INFO] [stdout]    4:     0x56e77993d019 - std[104cf6e2632825ea]::panicking::default_hook
[INFO] [stdout]    5:     0x56e7798d75f0 - test[73009c9f9aebf890]::test_main_inner::<test[73009c9f9aebf890]::test_main_static::{closure#0}>::{closure#0}
[INFO] [stdout]    6:     0x56e77993d1d2 - std[104cf6e2632825ea]::panicking::panic_with_hook
[INFO] [stdout]    7:     0x56e77991fda2 - std[104cf6e2632825ea]::panicking::panic_handler::{closure#0}
[INFO] [stdout]    8:     0x56e779918039 - std[104cf6e2632825ea]::sys::backtrace::__rust_end_short_backtrace::<std[104cf6e2632825ea]::panicking::panic_handler::{closure#0}, !>
[INFO] [stdout]    9:     0x56e77992099d - __rustc[b0d56fa5b193ad05]::rust_begin_unwind
[INFO] [stdout]   10:     0x56e77995b41c - core[7c831bd917ebf35f]::panicking::panic_fmt
[INFO] [stdout]   11:     0x56e77995b1f2 - core[7c831bd917ebf35f]::result::unwrap_failed
[INFO] [stdout]   12:     0x56e7798c2db5 - <integration[17ad14c0ce9bb7ac]::harness::compositor::Compositor>::new
[INFO] [stdout]   13:     0x56e7798b2527 - integration[17ad14c0ce9bb7ac]::tests::daemon::daemon_exits_gracefully_on_sigterm
[INFO] [stdout]   14:     0x56e7798bb419 - <integration[17ad14c0ce9bb7ac]::tests::daemon::daemon_exits_gracefully_on_sigterm::{closure#0} as core[7c831bd917ebf35f]::ops::function::FnOnce<()>>::call_once
[INFO] [stdout]   15:     0x56e7798ca8db - test[73009c9f9aebf890]::__rust_begin_short_backtrace::<core[7c831bd917ebf35f]::result::Result<(), alloc[2fdc3f7464fcf288]::string::String>, fn() -> core[7c831bd917ebf35f]::result::Result<(), alloc[2fdc3f7464fcf288]::string::String>>
[INFO] [stdout]   16:     0x56e7798d7f45 - test[73009c9f9aebf890]::run_test::{closure#0}
[INFO] [stdout]   17:     0x56e7798d1304 - std[104cf6e2632825ea]::sys::backtrace::__rust_begin_short_backtrace::<test[73009c9f9aebf890]::run_test::{closure#1}, ()>
[INFO] [stdout]   18:     0x56e7798db0a2 - <std[104cf6e2632825ea]::thread::lifecycle::spawn_unchecked<test[73009c9f9aebf890]::run_test::{closure#1}, ()>::{closure#1} as core[7c831bd917ebf35f]::ops::function::FnOnce<()>>::call_once::{shim:vtable#0}
[INFO] [stdout]   19:     0x56e779944b69 - <std[104cf6e2632825ea]::sys::thread::unix::Thread>::new::thread_start
[INFO] [stdout]   20:     0x7bef84b2507a - <unknown>
[INFO] [stdout]   21:     0x7bef84bb8534 - clone
[INFO] [stdout]   22:                0x0 - <unknown>
[INFO] [stdout] 
[INFO] [stdout] ---- tests::daemon::daemon_skips_position_with_missing_reference stdout ----
[INFO] [stdout] 
[INFO] [stdout] thread 'tests::daemon::daemon_skips_position_with_missing_reference' (3077) panicked at crates/wltile/tests/integration/harness/compositor.rs:67:14:
[INFO] [stdout] failed to spawn sway — is it installed?: Os { code: 2, kind: NotFound, message: "No such file or directory" }
[INFO] [stdout] stack backtrace:
[INFO] [stdout]    0:     0x56e7799457f1 - <<std[104cf6e2632825ea]::sys::backtrace::BacktraceLock>::print::DisplayBacktrace as core[7c831bd917ebf35f]::fmt::Display>::fmt
[INFO] [stdout]    1:     0x56e77995acea - core[7c831bd917ebf35f]::fmt::write
[INFO] [stdout]    2:     0x56e779949f7c - <alloc[2fdc3f7464fcf288]::vec::Vec<u8> as core[7c831bd917ebf35f]::io::write::Write>::write_fmt
[INFO] [stdout]    3:     0x56e77991fcf6 - std[104cf6e2632825ea]::panicking::default_hook::{closure#0}
[INFO] [stdout]    4:     0x56e77993d019 - std[104cf6e2632825ea]::panicking::default_hook
[INFO] [stdout]    5:     0x56e7798d75f0 - test[73009c9f9aebf890]::test_main_inner::<test[73009c9f9aebf890]::test_main_static::{closure#0}>::{closure#0}
[INFO] [stdout]    6:     0x56e77993d1d2 - std[104cf6e2632825ea]::panicking::panic_with_hook
[INFO] [stdout]    7:     0x56e77991fda2 - std[104cf6e2632825ea]::panicking::panic_handler::{closure#0}
[INFO] [stdout]    8:     0x56e779918039 - std[104cf6e2632825ea]::sys::backtrace::__rust_end_short_backtrace::<std[104cf6e2632825ea]::panicking::panic_handler::{closure#0}, !>
[INFO] [stdout]    9:     0x56e77992099d - __rustc[b0d56fa5b193ad05]::rust_begin_unwind
[INFO] [stdout]   10:     0x56e77995b41c - core[7c831bd917ebf35f]::panicking::panic_fmt
[INFO] [stdout]   11:     0x56e77995b1f2 - core[7c831bd917ebf35f]::result::unwrap_failed
[INFO] [stdout]   12:     0x56e7798c2db5 - <integration[17ad14c0ce9bb7ac]::harness::compositor::Compositor>::new
[INFO] [stdout]   13:     0x56e7798b3001 - integration[17ad14c0ce9bb7ac]::tests::daemon::daemon_skips_position_with_missing_reference
[INFO] [stdout]   14:     0x56e7798bb479 - <integration[17ad14c0ce9bb7ac]::tests::daemon::daemon_skips_position_with_missing_reference::{closure#0} as core[7c831bd917ebf35f]::ops::function::FnOnce<()>>::call_once
[INFO] [stdout]   15:     0x56e7798ca8db - test[73009c9f9aebf890]::__rust_begin_short_backtrace::<core[7c831bd917ebf35f]::result::Result<(), alloc[2fdc3f7464fcf288]::string::String>, fn() -> core[7c831bd917ebf35f]::result::Result<(), alloc[2fdc3f7464fcf288]::string::String>>
[INFO] [stdout]   16:     0x56e7798d7f45 - test[73009c9f9aebf890]::run_test::{closure#0}
[INFO] [stdout]   17:     0x56e7798d1304 - std[104cf6e2632825ea]::sys::backtrace::__rust_begin_short_backtrace::<test[73009c9f9aebf890]::run_test::{closure#1}, ()>
[INFO] [stdout]   18:     0x56e7798db0a2 - <std[104cf6e2632825ea]::thread::lifecycle::spawn_unchecked<test[73009c9f9aebf890]::run_test::{closure#1}, ()>::{closure#1} as core[7c831bd917ebf35f]::ops::function::FnOnce<()>>::call_once::{shim:vtable#0}
[INFO] [stdout]   19:     0x56e779944b69 - <std[104cf6e2632825ea]::sys::thread::unix::Thread>::new::thread_start
[INFO] [stdout]   20:     0x7bef84b2507a - <unknown>
[INFO] [stdout]   21:     0x7bef84bb8534 - clone
[INFO] [stdout]   22:                0x0 - <unknown>
[INFO] [stdout] 
[INFO] [stdout] ---- tests::daemon::daemon_relayouts_when_second_output_appears stdout ----
[INFO] [stdout] 
[INFO] [stdout] thread 'tests::daemon::daemon_relayouts_when_second_output_appears' (3072) panicked at crates/wltile/tests/integration/harness/compositor.rs:67:14:
[INFO] [stdout] failed to spawn sway — is it installed?: Os { code: 2, kind: NotFound, message: "No such file or directory" }
[INFO] [stdout] stack backtrace:
[INFO] [stdout]    0:     0x56e7799457f1 - <<std[104cf6e2632825ea]::sys::backtrace::BacktraceLock>::print::DisplayBacktrace as core[7c831bd917ebf35f]::fmt::Display>::fmt
[INFO] [stdout]    1:     0x56e77995acea - core[7c831bd917ebf35f]::fmt::write
[INFO] [stdout]    2:     0x56e779949f7c - <alloc[2fdc3f7464fcf288]::vec::Vec<u8> as core[7c831bd917ebf35f]::io::write::Write>::write_fmt
[INFO] [stdout]    3:     0x56e77991fcf6 - std[104cf6e2632825ea]::panicking::default_hook::{closure#0}
[INFO] [stdout]    4:     0x56e77993d019 - std[104cf6e2632825ea]::panicking::default_hook
[INFO] [stdout]    5:     0x56e7798d75f0 - test[73009c9f9aebf890]::test_main_inner::<test[73009c9f9aebf890]::test_main_static::{closure#0}>::{closure#0}
[INFO] [stdout]    6:     0x56e77993d1d2 - std[104cf6e2632825ea]::panicking::panic_with_hook
[INFO] [stdout]    7:     0x56e77991fda2 - std[104cf6e2632825ea]::panicking::panic_handler::{closure#0}
[INFO] [stdout]    8:     0x56e779918039 - std[104cf6e2632825ea]::sys::backtrace::__rust_end_short_backtrace::<std[104cf6e2632825ea]::panicking::panic_handler::{closure#0}, !>
[INFO] [stdout]    9:     0x56e77992099d - __rustc[b0d56fa5b193ad05]::rust_begin_unwind
[INFO] [stdout]   10:     0x56e77995b41c - core[7c831bd917ebf35f]::panicking::panic_fmt
[INFO] [stdout]   11:     0x56e77995b1f2 - core[7c831bd917ebf35f]::result::unwrap_failed
[INFO] [stdout]   12:     0x56e7798c2db5 - <integration[17ad14c0ce9bb7ac]::harness::compositor::Compositor>::new
[INFO] [stdout]   13:     0x56e7798b2a81 - integration[17ad14c0ce9bb7ac]::tests::daemon::daemon_relayouts_when_second_output_appears
[INFO] [stdout]   14:     0x56e7798bb459 - <integration[17ad14c0ce9bb7ac]::tests::daemon::daemon_relayouts_when_second_output_appears::{closure#0} as core[7c831bd917ebf35f]::ops::function::FnOnce<()>>::call_once
[INFO] [stdout]   15:     0x56e7798ca8db - test[73009c9f9aebf890]::__rust_begin_short_backtrace::<core[7c831bd917ebf35f]::result::Result<(), alloc[2fdc3f7464fcf288]::string::String>, fn() -> core[7c831bd917ebf35f]::result::Result<(), alloc[2fdc3f7464fcf288]::string::String>>
[INFO] [stdout]   16:     0x56e7798d7f45 - test[73009c9f9aebf890]::run_test::{closure#0}
[INFO] [stdout]   17:     0x56e7798d1304 - std[104cf6e2632825ea]::sys::backtrace::__rust_begin_short_backtrace::<test[73009c9f9aebf890]::run_test::{closure#1}, ()>
[INFO] [stdout]   18:     0x56e7798db0a2 - <std[104cf6e2632825ea]::thread::lifecycle::spawn_unchecked<test[73009c9f9aebf890]::run_test::{closure#1}, ()>::{closure#1} as core[7c831bd917ebf35f]::ops::function::FnOnce<()>>::call_once::{shim:vtable#0}
[INFO] [stdout]   19:     0x56e779944b69 - <std[104cf6e2632825ea]::sys::thread::unix::Thread>::new::thread_start
[INFO] [stdout]   20:     0x7bef84b2507a - <unknown>
[INFO] [stdout]   21:     0x7bef84bb8534 - clone
[INFO] [stdout]   22:                0x0 - <unknown>
[INFO] [stdout] 
[INFO] [stdout] ---- tests::list::list_reflects_position_after_positioning stdout ----
[INFO] [stdout] 
[INFO] [stdout] thread 'tests::list::list_reflects_position_after_positioning' (3079) panicked at crates/wltile/tests/integration/harness/compositor.rs:67:14:
[INFO] [stdout] failed to spawn sway — is it installed?: Os { code: 2, kind: NotFound, message: "No such file or directory" }
[INFO] [stdout] stack backtrace:
[INFO] [stdout]    0:     0x56e7799457f1 - <<std[104cf6e2632825ea]::sys::backtrace::BacktraceLock>::print::DisplayBacktrace as core[7c831bd917ebf35f]::fmt::Display>::fmt
[INFO] [stdout]    1:     0x56e77995acea - core[7c831bd917ebf35f]::fmt::write
[INFO] [stdout]    2:     0x56e779949f7c - <alloc[2fdc3f7464fcf288]::vec::Vec<u8> as core[7c831bd917ebf35f]::io::write::Write>::write_fmt
[INFO] [stdout]    3:     0x56e77991fcf6 - std[104cf6e2632825ea]::panicking::default_hook::{closure#0}
[INFO] [stdout]    4:     0x56e77993d019 - std[104cf6e2632825ea]::panicking::default_hook
[INFO] [stdout]    5:     0x56e7798d75f0 - test[73009c9f9aebf890]::test_main_inner::<test[73009c9f9aebf890]::test_main_static::{closure#0}>::{closure#0}
[INFO] [stdout]    6:     0x56e77993d1d2 - std[104cf6e2632825ea]::panicking::panic_with_hook
[INFO] [stdout]    7:     0x56e77991fda2 - std[104cf6e2632825ea]::panicking::panic_handler::{closure#0}
[INFO] [stdout]    8:     0x56e779918039 - std[104cf6e2632825ea]::sys::backtrace::__rust_end_short_backtrace::<std[104cf6e2632825ea]::panicking::panic_handler::{closure#0}, !>
[INFO] [stdout]    9:     0x56e77992099d - __rustc[b0d56fa5b193ad05]::rust_begin_unwind
[INFO] [stdout]   10:     0x56e77995b41c - core[7c831bd917ebf35f]::panicking::panic_fmt
[INFO] [stdout]   11:     0x56e77995b1f2 - core[7c831bd917ebf35f]::result::unwrap_failed
[INFO] [stdout]   12:     0x56e7798c2db5 - <integration[17ad14c0ce9bb7ac]::harness::compositor::Compositor>::new
[INFO] [stdout]   13:     0x56e7798beda1 - integration[17ad14c0ce9bb7ac]::tests::list::list_reflects_position_after_positioning
[INFO] [stdout]   14:     0x56e7798bb2d9 - <integration[17ad14c0ce9bb7ac]::tests::list::list_reflects_position_after_positioning::{closure#0} as core[7c831bd917ebf35f]::ops::function::FnOnce<()>>::call_once
[INFO] [stdout]   15:     0x56e7798ca8db - test[73009c9f9aebf890]::__rust_begin_short_backtrace::<core[7c831bd917ebf35f]::result::Result<(), alloc[2fdc3f7464fcf288]::string::String>, fn() -> core[7c831bd917ebf35f]::result::Result<(), alloc[2fdc3f7464fcf288]::string::String>>
[INFO] [stdout]   16:     0x56e7798d7f45 - test[73009c9f9aebf890]::run_test::{closure#0}
[INFO] [stdout]   17:     0x56e7798d1304 - std[104cf6e2632825ea]::sys::backtrace::__rust_begin_short_backtrace::<test[73009c9f9aebf890]::run_test::{closure#1}, ()>
[INFO] [stdout]   18:     0x56e7798db0a2 - <std[104cf6e2632825ea]::thread::lifecycle::spawn_unchecked<test[73009c9f9aebf890]::run_test::{closure#1}, ()>::{closure#1} as core[7c831bd917ebf35f]::ops::function::FnOnce<()>>::call_once::{shim:vtable#0}
[INFO] [stdout]   19:     0x56e779944b69 - <std[104cf6e2632825ea]::sys::thread::unix::Thread>::new::thread_start
[INFO] [stdout]   20:     0x7bef84b2507a - <unknown>
[INFO] [stdout]   21:     0x7bef84bb8534 - clone
[INFO] [stdout]   22:                0x0 - <unknown>
[INFO] [stdout] 
[INFO] [stdout] ---- tests::list::list_shows_all_connected_outputs stdout ----
[INFO] [stdout] 
[INFO] [stdout] thread 'tests::list::list_shows_all_connected_outputs' (3086) panicked at crates/wltile/tests/integration/harness/compositor.rs:67:14:
[INFO] [stdout] failed to spawn sway — is it installed?: Os { code: 2, kind: NotFound, message: "No such file or directory" }
[INFO] [stdout] stack backtrace:
[INFO] [stdout]    0:     0x56e7799457f1 - <<std[104cf6e2632825ea]::sys::backtrace::BacktraceLock>::print::DisplayBacktrace as core[7c831bd917ebf35f]::fmt::Display>::fmt
[INFO] [stdout]    1:     0x56e77995acea - core[7c831bd917ebf35f]::fmt::write
[INFO] [stdout]    2:     0x56e779949f7c - <alloc[2fdc3f7464fcf288]::vec::Vec<u8> as core[7c831bd917ebf35f]::io::write::Write>::write_fmt
[INFO] [stdout]    3:     0x56e77991fcf6 - std[104cf6e2632825ea]::panicking::default_hook::{closure#0}
[INFO] [stdout]    4:     0x56e77993d019 - std[104cf6e2632825ea]::panicking::default_hook
[INFO] [stdout]    5:     0x56e7798d75f0 - test[73009c9f9aebf890]::test_main_inner::<test[73009c9f9aebf890]::test_main_static::{closure#0}>::{closure#0}
[INFO] [stdout]    6:     0x56e77993d1d2 - std[104cf6e2632825ea]::panicking::panic_with_hook
[INFO] [stdout]    7:     0x56e77991fda2 - std[104cf6e2632825ea]::panicking::panic_handler::{closure#0}
[INFO] [stdout]    8:     0x56e779918039 - std[104cf6e2632825ea]::sys::backtrace::__rust_end_short_backtrace::<std[104cf6e2632825ea]::panicking::panic_handler::{closure#0}, !>
[INFO] [stdout]    9:     0x56e77992099d - __rustc[b0d56fa5b193ad05]::rust_begin_unwind
[INFO] [stdout]   10:     0x56e77995b41c - core[7c831bd917ebf35f]::panicking::panic_fmt
[INFO] [stdout]   11:     0x56e77995b1f2 - core[7c831bd917ebf35f]::result::unwrap_failed
[INFO] [stdout]   12:     0x56e7798c2db5 - <integration[17ad14c0ce9bb7ac]::harness::compositor::Compositor>::new
[INFO] [stdout]   13:     0x56e7798be761 - integration[17ad14c0ce9bb7ac]::tests::list::list_shows_all_connected_outputs
[INFO] [stdout]   14:     0x56e7798bb299 - <integration[17ad14c0ce9bb7ac]::tests::list::list_shows_all_connected_outputs::{closure#0} as core[7c831bd917ebf35f]::ops::function::FnOnce<()>>::call_once
[INFO] [stdout]   15:     0x56e7798ca8db - test[73009c9f9aebf890]::__rust_begin_short_backtrace::<core[7c831bd917ebf35f]::result::Result<(), alloc[2fdc3f7464fcf288]::string::String>, fn() -> core[7c831bd917ebf35f]::result::Result<(), alloc[2fdc3f7464fcf288]::string::String>>
[INFO] [stdout]   16:     0x56e7798d7f45 - test[73009c9f9aebf890]::run_test::{closure#0}
[INFO] [stdout]   17:     0x56e7798d1304 - std[104cf6e2632825ea]::sys::backtrace::__rust_begin_short_backtrace::<test[73009c9f9aebf890]::run_test::{closure#1}, ()>
[INFO] [stdout]   18:     0x56e7798db0a2 - <std[104cf6e2632825ea]::thread::lifecycle::spawn_unchecked<test[73009c9f9aebf890]::run_test::{closure#1}, ()>::{closure#1} as core[7c831bd917ebf35f]::ops::function::FnOnce<()>>::call_once::{shim:vtable#0}
[INFO] [stdout]   19:     0x56e779944b69 - <std[104cf6e2632825ea]::sys::thread::unix::Thread>::new::thread_start
[INFO] [stdout]   20:     0x7bef84b2507a - <unknown>
[INFO] [stdout]   21:     0x7bef84bb8534 - clone
[INFO] [stdout]   22:                0x0 - <unknown>
[INFO] [stdout] 
[INFO] [stdout] ---- tests::position::position_top_of_align_left stdout ----
[INFO] [stdout] 
[INFO] [stdout] thread 'tests::position::position_top_of_align_left' (3095) panicked at crates/wltile/tests/integration/harness/compositor.rs:67:14:
[INFO] [stdout] failed to spawn sway — is it installed?: Os { code: 2, kind: NotFound, message: "No such file or directory" }
[INFO] [stdout] stack backtrace:
[INFO] [stdout]    0:     0x56e7799457f1 - <<std[104cf6e2632825ea]::sys::backtrace::BacktraceLock>::print::DisplayBacktrace as core[7c831bd917ebf35f]::fmt::Display>::fmt
[INFO] [stdout]    1:     0x56e77995acea - core[7c831bd917ebf35f]::fmt::write
[INFO] [stdout]    2:     0x56e779949f7c - <alloc[2fdc3f7464fcf288]::vec::Vec<u8> as core[7c831bd917ebf35f]::io::write::Write>::write_fmt
[INFO] [stdout]    3:     0x56e77991fcf6 - std[104cf6e2632825ea]::panicking::default_hook::{closure#0}
[INFO] [stdout]    4:     0x56e77993d019 - std[104cf6e2632825ea]::panicking::default_hook
[INFO] [stdout]    5:     0x56e7798d75f0 - test[73009c9f9aebf890]::test_main_inner::<test[73009c9f9aebf890]::test_main_static::{closure#0}>::{closure#0}
[INFO] [stdout]    6:     0x56e77993d1d2 - std[104cf6e2632825ea]::panicking::panic_with_hook
[INFO] [stdout]    7:     0x56e77991fda2 - std[104cf6e2632825ea]::panicking::panic_handler::{closure#0}
[INFO] [stdout]    8:     0x56e779918039 - std[104cf6e2632825ea]::sys::backtrace::__rust_end_short_backtrace::<std[104cf6e2632825ea]::panicking::panic_handler::{closure#0}, !>
[INFO] [stdout]    9:     0x56e77992099d - __rustc[b0d56fa5b193ad05]::rust_begin_unwind
[INFO] [stdout]   10:     0x56e77995b41c - core[7c831bd917ebf35f]::panicking::panic_fmt
[INFO] [stdout]   11:     0x56e77995b1f2 - core[7c831bd917ebf35f]::result::unwrap_failed
[INFO] [stdout]   12:     0x56e7798c2db5 - <integration[17ad14c0ce9bb7ac]::harness::compositor::Compositor>::new
[INFO] [stdout]   13:     0x56e7798b5021 - integration[17ad14c0ce9bb7ac]::tests::position::position_top_of_align_left
[INFO] [stdout]   14:     0x56e7798bb4d9 - <integration[17ad14c0ce9bb7ac]::tests::position::position_top_of_align_left::{closure#0} as core[7c831bd917ebf35f]::ops::function::FnOnce<()>>::call_once
[INFO] [stdout]   15:     0x56e7798ca8db - test[73009c9f9aebf890]::__rust_begin_short_backtrace::<core[7c831bd917ebf35f]::result::Result<(), alloc[2fdc3f7464fcf288]::string::String>, fn() -> core[7c831bd917ebf35f]::result::Result<(), alloc[2fdc3f7464fcf288]::string::String>>
[INFO] [stdout]   16:     0x56e7798d7f45 - test[73009c9f9aebf890]::run_test::{closure#0}
[INFO] [stdout]   17:     0x56e7798d1304 - std[104cf6e2632825ea]::sys::backtrace::__rust_begin_short_backtrace::<test[73009c9f9aebf890]::run_test::{closure#1}, ()>
[INFO] [stdout]   18:     0x56e7798db0a2 - <std[104cf6e2632825ea]::thread::lifecycle::spawn_unchecked<test[73009c9f9aebf890]::run_test::{closure#1}, ()>::{closure#1} as core[7c831bd917ebf35f]::ops::function::FnOnce<()>>::call_once::{shim:vtable#0}
[INFO] [stdout]   19:     0x56e779944b69 - <std[104cf6e2632825ea]::sys::thread::unix::Thread>::new::thread_start
[INFO] [stdout]   20:     0x7bef84b2507a - <unknown>
[INFO] [stdout]   21:     0x7bef84bb8534 - clone
[INFO] [stdout]   22:                0x0 - <unknown>
[INFO] [stdout] 
[INFO] [stdout] ---- tests::position::position_unknown_target_fails stdout ----
[INFO] [stdout] 
[INFO] [stdout] thread 'tests::position::position_unknown_target_fails' (3097) panicked at crates/wltile/tests/integration/harness/compositor.rs:67:14:
[INFO] [stdout] failed to spawn sway — is it installed?: Os { code: 2, kind: NotFound, message: "No such file or directory" }
[INFO] [stdout] stack backtrace:
[INFO] [stdout]    0:     0x56e7799457f1 - <<std[104cf6e2632825ea]::sys::backtrace::BacktraceLock>::print::DisplayBacktrace as core[7c831bd917ebf35f]::fmt::Display>::fmt
[INFO] [stdout]    1:     0x56e77995acea - core[7c831bd917ebf35f]::fmt::write
[INFO] [stdout]    2:     0x56e779949f7c - <alloc[2fdc3f7464fcf288]::vec::Vec<u8> as core[7c831bd917ebf35f]::io::write::Write>::write_fmt
[INFO] [stdout]    3:     0x56e77991fcf6 - std[104cf6e2632825ea]::panicking::default_hook::{closure#0}
[INFO] [stdout]    4:     0x56e77993d019 - std[104cf6e2632825ea]::panicking::default_hook
[INFO] [stdout]    5:     0x56e7798d75f0 - test[73009c9f9aebf890]::test_main_inner::<test[73009c9f9aebf890]::test_main_static::{closure#0}>::{closure#0}
[INFO] [stdout]    6:     0x56e77993d1d2 - std[104cf6e2632825ea]::panicking::panic_with_hook
[INFO] [stdout]    7:     0x56e77991fda2 - std[104cf6e2632825ea]::panicking::panic_handler::{closure#0}
[INFO] [stdout]    8:     0x56e779918039 - std[104cf6e2632825ea]::sys::backtrace::__rust_end_short_backtrace::<std[104cf6e2632825ea]::panicking::panic_handler::{closure#0}, !>
[INFO] [stdout]    9:     0x56e77992099d - __rustc[b0d56fa5b193ad05]::rust_begin_unwind
[INFO] [stdout]   10:     0x56e77995b41c - core[7c831bd917ebf35f]::panicking::panic_fmt
[INFO] [stdout]   11:     0x56e77995b1f2 - core[7c831bd917ebf35f]::result::unwrap_failed
[INFO] [stdout]   12:     0x56e7798c2db5 - <integration[17ad14c0ce9bb7ac]::harness::compositor::Compositor>::new
[INFO] [stdout]   13:     0x56e7798b62ea - integration[17ad14c0ce9bb7ac]::tests::position::position_unknown_target_fails
[INFO] [stdout]   14:     0x56e7798bb559 - <integration[17ad14c0ce9bb7ac]::tests::position::position_unknown_target_fails::{closure#0} as core[7c831bd917ebf35f]::ops::function::FnOnce<()>>::call_once
[INFO] [stdout]   15:     0x56e7798ca8db - test[73009c9f9aebf890]::__rust_begin_short_backtrace::<core[7c831bd917ebf35f]::result::Result<(), alloc[2fdc3f7464fcf288]::string::String>, fn() -> core[7c831bd917ebf35f]::result::Result<(), alloc[2fdc3f7464fcf288]::string::String>>
[INFO] [stdout]   16:     0x56e7798d7f45 - test[73009c9f9aebf890]::run_test::{closure#0}
[INFO] [stdout]   17:     0x56e7798d1304 - std[104cf6e2632825ea]::sys::backtrace::__rust_begin_short_backtrace::<test[73009c9f9aebf890]::run_test::{closure#1}, ()>
[INFO] [stdout]   18:     0x56e7798db0a2 - <std[104cf6e2632825ea]::thread::lifecycle::spawn_unchecked<test[73009c9f9aebf890]::run_test::{closure#1}, ()>::{closure#1} as core[7c831bd917ebf35f]::ops::function::FnOnce<()>>::call_once::{shim:vtable#0}
[INFO] [stdout]   19:     0x56e779944b69 - <std[104cf6e2632825ea]::sys::thread::unix::Thread>::new::thread_start
[INFO] [stdout]   20:     0x7bef84b2507a - <unknown>
[INFO] [stdout]   21:     0x7bef84bb8534 - clone
[INFO] [stdout]   22:                0x0 - <unknown>
[INFO] [stdout] 
[INFO] [stdout] ---- tests::set::set_active_false_disables_output_in_compositor stdout ----
[INFO] [stdout] 
[INFO] [stdout] thread 'tests::set::set_active_false_disables_output_in_compositor' (3098) panicked at crates/wltile/tests/integration/harness/compositor.rs:67:14:
[INFO] [stdout] failed to spawn sway — is it installed?: Os { code: 2, kind: NotFound, message: "No such file or directory" }
[INFO] [stdout] stack backtrace:
[INFO] [stdout]    0:     0x56e7799457f1 - <<std[104cf6e2632825ea]::sys::backtrace::BacktraceLock>::print::DisplayBacktrace as core[7c831bd917ebf35f]::fmt::Display>::fmt
[INFO] [stdout]    1:     0x56e77995acea - core[7c831bd917ebf35f]::fmt::write
[INFO] [stdout]    2:     0x56e779949f7c - <alloc[2fdc3f7464fcf288]::vec::Vec<u8> as core[7c831bd917ebf35f]::io::write::Write>::write_fmt
[INFO] [stdout]    3:     0x56e77991fcf6 - std[104cf6e2632825ea]::panicking::default_hook::{closure#0}
[INFO] [stdout]    4:     0x56e77993d019 - std[104cf6e2632825ea]::panicking::default_hook
[INFO] [stdout]    5:     0x56e7798d75f0 - test[73009c9f9aebf890]::test_main_inner::<test[73009c9f9aebf890]::test_main_static::{closure#0}>::{closure#0}
[INFO] [stdout]    6:     0x56e77993d1d2 - std[104cf6e2632825ea]::panicking::panic_with_hook
[INFO] [stdout]    7:     0x56e77991fda2 - std[104cf6e2632825ea]::panicking::panic_handler::{closure#0}
[INFO] [stdout]    8:     0x56e779918039 - std[104cf6e2632825ea]::sys::backtrace::__rust_end_short_backtrace::<std[104cf6e2632825ea]::panicking::panic_handler::{closure#0}, !>
[INFO] [stdout]    9:     0x56e77992099d - __rustc[b0d56fa5b193ad05]::rust_begin_unwind
[INFO] [stdout]   10:     0x56e77995b41c - core[7c831bd917ebf35f]::panicking::panic_fmt
[INFO] [stdout]   11:     0x56e77995b1f2 - core[7c831bd917ebf35f]::result::unwrap_failed
[INFO] [stdout]   12:     0x56e7798c2db5 - <integration[17ad14c0ce9bb7ac]::harness::compositor::Compositor>::new
[INFO] [stdout]   13:     0x56e7798b8781 - integration[17ad14c0ce9bb7ac]::tests::set::set_active_false_disables_output_in_compositor
[INFO] [stdout]   14:     0x56e7798bb219 - <integration[17ad14c0ce9bb7ac]::tests::set::set_active_false_disables_output_in_compositor::{closure#0} as core[7c831bd917ebf35f]::ops::function::FnOnce<()>>::call_once
[INFO] [stdout]   15:     0x56e7798ca8db - test[73009c9f9aebf890]::__rust_begin_short_backtrace::<core[7c831bd917ebf35f]::result::Result<(), alloc[2fdc3f7464fcf288]::string::String>, fn() -> core[7c831bd917ebf35f]::result::Result<(), alloc[2fdc3f7464fcf288]::string::String>>
[INFO] [stdout]   16:     0x56e7798d7f45 - test[73009c9f9aebf890]::run_test::{closure#0}
[INFO] [stdout]   17:     0x56e7798d1304 - std[104cf6e2632825ea]::sys::backtrace::__rust_begin_short_backtrace::<test[73009c9f9aebf890]::run_test::{closure#1}, ()>
[INFO] [stdout]   18:     0x56e7798db0a2 - <std[104cf6e2632825ea]::thread::lifecycle::spawn_unchecked<test[73009c9f9aebf890]::run_test::{closure#1}, ()>::{closure#1} as core[7c831bd917ebf35f]::ops::function::FnOnce<()>>::call_once::{shim:vtable#0}
[INFO] [stdout]   19:     0x56e779944b69 - <std[104cf6e2632825ea]::sys::thread::unix::Thread>::new::thread_start
[INFO] [stdout]   20:     0x7bef84b2507a - <unknown>
[INFO] [stdout]   21:     0x7bef84bb8534 - clone
[INFO] [stdout]   22:                0x0 - <unknown>
[INFO] [stdout] 
[INFO] [stdout] ---- tests::position::position_bottom_of_align_left stdout ----
[INFO] [stdout] 
[INFO] [stdout] thread 'tests::position::position_bottom_of_align_left' (3088) panicked at crates/wltile/tests/integration/harness/compositor.rs:67:14:
[INFO] [stdout] failed to spawn sway — is it installed?: Os { code: 2, kind: NotFound, message: "No such file or directory" }
[INFO] [stdout] stack backtrace:
[INFO] [stdout]    0:     0x56e7799457f1 - <<std[104cf6e2632825ea]::sys::backtrace::BacktraceLock>::print::DisplayBacktrace as core[7c831bd917ebf35f]::fmt::Display>::fmt
[INFO] [stdout]    1:     0x56e77995acea - core[7c831bd917ebf35f]::fmt::write
[INFO] [stdout]    2:     0x56e779949f7c - <alloc[2fdc3f7464fcf288]::vec::Vec<u8> as core[7c831bd917ebf35f]::io::write::Write>::write_fmt
[INFO] [stdout]    3:     0x56e77991fcf6 - std[104cf6e2632825ea]::panicking::default_hook::{closure#0}
[INFO] [stdout]    4:     0x56e77993d019 - std[104cf6e2632825ea]::panicking::default_hook
[INFO] [stdout]    5:     0x56e7798d75f0 - test[73009c9f9aebf890]::test_main_inner::<test[73009c9f9aebf890]::test_main_static::{closure#0}>::{closure#0}
[INFO] [stdout]    6:     0x56e77993d1d2 - std[104cf6e2632825ea]::panicking::panic_with_hook
[INFO] [stdout]    7:     0x56e77991fda2 - std[104cf6e2632825ea]::panicking::panic_handler::{closure#0}
[INFO] [stdout]    8:     0x56e779918039 - std[104cf6e2632825ea]::sys::backtrace::__rust_end_short_backtrace::<std[104cf6e2632825ea]::panicking::panic_handler::{closure#0}, !>
[INFO] [stdout]    9:     0x56e77992099d - __rustc[b0d56fa5b193ad05]::rust_begin_unwind
[INFO] [stdout]   10:     0x56e77995b41c - core[7c831bd917ebf35f]::panicking::panic_fmt
[INFO] [stdout]   11:     0x56e77995b1f2 - core[7c831bd917ebf35f]::result::unwrap_failed
[INFO] [stdout]   12:     0x56e7798c2db5 - <integration[17ad14c0ce9bb7ac]::harness::compositor::Compositor>::new
[INFO] [stdout]   13:     0x56e7798b5981 - integration[17ad14c0ce9bb7ac]::tests::position::position_bottom_of_align_left
[INFO] [stdout]   14:     0x56e7798bb519 - <integration[17ad14c0ce9bb7ac]::tests::position::position_bottom_of_align_left::{closure#0} as core[7c831bd917ebf35f]::ops::function::FnOnce<()>>::call_once
[INFO] [stdout]   15:     0x56e7798ca8db - test[73009c9f9aebf890]::__rust_begin_short_backtrace::<core[7c831bd917ebf35f]::result::Result<(), alloc[2fdc3f7464fcf288]::string::String>, fn() -> core[7c831bd917ebf35f]::result::Result<(), alloc[2fdc3f7464fcf288]::string::String>>
[INFO] [stdout]   16:     0x56e7798d7f45 - test[73009c9f9aebf890]::run_test::{closure#0}
[INFO] [stdout]   17:     0x56e7798d1304 - std[104cf6e2632825ea]::sys::backtrace::__rust_begin_short_backtrace::<test[73009c9f9aebf890]::run_test::{closure#1}, ()>
[INFO] [stdout]   18:     0x56e7798db0a2 - <std[104cf6e2632825ea]::thread::lifecycle::spawn_unchecked<test[73009c9f9aebf890]::run_test::{closure#1}, ()>::{closure#1} as core[7c831bd917ebf35f]::ops::function::FnOnce<()>>::call_once::{shim:vtable#0}
[INFO] [stdout]   19:     0x56e779944b69 - <std[104cf6e2632825ea]::sys::thread::unix::Thread>::new::thread_start
[INFO] [stdout]   20:     0x7bef84b2507a - <unknown>
[INFO] [stdout]   21:     0x7bef84bb8534 - clone
[INFO] [stdout]   22:                0x0 - <unknown>
[INFO] [stdout] 
[INFO] [stdout] ---- tests::list::list_reflects_scale_set_via_set_command stdout ----
[INFO] [stdout] 
[INFO] [stdout] thread 'tests::list::list_reflects_scale_set_via_set_command' (3080) panicked at crates/wltile/tests/integration/harness/compositor.rs:67:14:
[INFO] [stdout] failed to spawn sway — is it installed?: Os { code: 2, kind: NotFound, message: "No such file or directory" }
[INFO] [stdout] stack backtrace:
[INFO] [stdout]    0:     0x56e7799457f1 - <<std[104cf6e2632825ea]::sys::backtrace::BacktraceLock>::print::DisplayBacktrace as core[7c831bd917ebf35f]::fmt::Display>::fmt
[INFO] [stdout]    1:     0x56e77995acea - core[7c831bd917ebf35f]::fmt::write
[INFO] [stdout]    2:     0x56e779949f7c - <alloc[2fdc3f7464fcf288]::vec::Vec<u8> as core[7c831bd917ebf35f]::io::write::Write>::write_fmt
[INFO] [stdout]    3:     0x56e77991fcf6 - std[104cf6e2632825ea]::panicking::default_hook::{closure#0}
[INFO] [stdout]    4:     0x56e77993d019 - std[104cf6e2632825ea]::panicking::default_hook
[INFO] [stdout]    5:     0x56e7798d75f0 - test[73009c9f9aebf890]::test_main_inner::<test[73009c9f9aebf890]::test_main_static::{closure#0}>::{closure#0}
[INFO] [stdout]    6:     0x56e77993d1d2 - std[104cf6e2632825ea]::panicking::panic_with_hook
[INFO] [stdout]    7:     0x56e77991fda2 - std[104cf6e2632825ea]::panicking::panic_handler::{closure#0}
[INFO] [stdout]    8:     0x56e779918039 - std[104cf6e2632825ea]::sys::backtrace::__rust_end_short_backtrace::<std[104cf6e2632825ea]::panicking::panic_handler::{closure#0}, !>
[INFO] [stdout]    9:     0x56e77992099d - __rustc[b0d56fa5b193ad05]::rust_begin_unwind
[INFO] [stdout]   10:     0x56e77995b41c - core[7c831bd917ebf35f]::panicking::panic_fmt
[INFO] [stdout]   11:     0x56e77995b1f2 - core[7c831bd917ebf35f]::result::unwrap_failed
[INFO] [stdout]   12:     0x56e7798c2db5 - <integration[17ad14c0ce9bb7ac]::harness::compositor::Compositor>::new
[INFO] [stdout]   13:     0x56e7798bea0e - integration[17ad14c0ce9bb7ac]::tests::list::list_reflects_scale_set_via_set_command
[INFO] [stdout]   14:     0x56e7798bb2b9 - <integration[17ad14c0ce9bb7ac]::tests::list::list_reflects_scale_set_via_set_command::{closure#0} as core[7c831bd917ebf35f]::ops::function::FnOnce<()>>::call_once
[INFO] [stdout]   15:     0x56e7798ca8db - test[73009c9f9aebf890]::__rust_begin_short_backtrace::<core[7c831bd917ebf35f]::result::Result<(), alloc[2fdc3f7464fcf288]::string::String>, fn() -> core[7c831bd917ebf35f]::result::Result<(), alloc[2fdc3f7464fcf288]::string::String>>
[INFO] [stdout]   16:     0x56e7798d7f45 - test[73009c9f9aebf890]::run_test::{closure#0}
[INFO] [stdout]   17:     0x56e7798d1304 - std[104cf6e2632825ea]::sys::backtrace::__rust_begin_short_backtrace::<test[73009c9f9aebf890]::run_test::{closure#1}, ()>
[INFO] [stdout]   18:     0x56e7798db0a2 - <std[104cf6e2632825ea]::thread::lifecycle::spawn_unchecked<test[73009c9f9aebf890]::run_test::{closure#1}, ()>::{closure#1} as core[7c831bd917ebf35f]::ops::function::FnOnce<()>>::call_once::{shim:vtable#0}
[INFO] [stdout]   19:     0x56e779944b69 - <std[104cf6e2632825ea]::sys::thread::unix::Thread>::new::thread_start
[INFO] [stdout]   20:     0x7bef84b2507a - <unknown>
[INFO] [stdout]   21:     0x7bef84bb8534 - clone
[INFO] [stdout]   22:                0x0 - <unknown>
[INFO] [stdout] 
[INFO] [stdout] ---- tests::position::position_unknown_reference_fails stdout ----
[INFO] [stdout] 
[INFO] [stdout] thread 'tests::position::position_unknown_reference_fails' (3096) panicked at crates/wltile/tests/integration/harness/compositor.rs:67:14:
[INFO] [stdout] failed to spawn sway — is it installed?: Os { code: 2, kind: NotFound, message: "No such file or directory" }
[INFO] [stdout] stack backtrace:
[INFO] [stdout]    0:     0x56e7799457f1 - <<std[104cf6e2632825ea]::sys::backtrace::BacktraceLock>::print::DisplayBacktrace as core[7c831bd917ebf35f]::fmt::Display>::fmt
[INFO] [stdout]    1:     0x56e77995acea - core[7c831bd917ebf35f]::fmt::write
[INFO] [stdout]    2:     0x56e779949f7c - <alloc[2fdc3f7464fcf288]::vec::Vec<u8> as core[7c831bd917ebf35f]::io::write::Write>::write_fmt
[INFO] [stdout]    3:     0x56e77991fcf6 - std[104cf6e2632825ea]::panicking::default_hook::{closure#0}
[INFO] [stdout]    4:     0x56e77993d019 - std[104cf6e2632825ea]::panicking::default_hook
[INFO] [stdout]    5:     0x56e7798d75f0 - test[73009c9f9aebf890]::test_main_inner::<test[73009c9f9aebf890]::test_main_static::{closure#0}>::{closure#0}
[INFO] [stdout]    6:     0x56e77993d1d2 - std[104cf6e2632825ea]::panicking::panic_with_hook
[INFO] [stdout]    7:     0x56e77991fda2 - std[104cf6e2632825ea]::panicking::panic_handler::{closure#0}
[INFO] [stdout]    8:     0x56e779918039 - std[104cf6e2632825ea]::sys::backtrace::__rust_end_short_backtrace::<std[104cf6e2632825ea]::panicking::panic_handler::{closure#0}, !>
[INFO] [stdout]    9:     0x56e77992099d - __rustc[b0d56fa5b193ad05]::rust_begin_unwind
[INFO] [stdout]   10:     0x56e77995b41c - core[7c831bd917ebf35f]::panicking::panic_fmt
[INFO] [stdout]   11:     0x56e77995b1f2 - core[7c831bd917ebf35f]::result::unwrap_failed
[INFO] [stdout]   12:     0x56e7798c2db5 - <integration[17ad14c0ce9bb7ac]::harness::compositor::Compositor>::new
[INFO] [stdout]   13:     0x56e7798b696a - integration[17ad14c0ce9bb7ac]::tests::position::position_unknown_reference_fails
[INFO] [stdout]   14:     0x56e7798bb599 - <integration[17ad14c0ce9bb7ac]::tests::position::position_unknown_reference_fails::{closure#0} as core[7c831bd917ebf35f]::ops::function::FnOnce<()>>::call_once
[INFO] [stdout]   15:     0x56e7798ca8db - test[73009c9f9aebf890]::__rust_begin_short_backtrace::<core[7c831bd917ebf35f]::result::Result<(), alloc[2fdc3f7464fcf288]::string::String>, fn() -> core[7c831bd917ebf35f]::result::Result<(), alloc[2fdc3f7464fcf288]::string::String>>
[INFO] [stdout]   16:     0x56e7798d7f45 - test[73009c9f9aebf890]::run_test::{closure#0}
[INFO] [stdout]   17:     0x56e7798d1304 - std[104cf6e2632825ea]::sys::backtrace::__rust_begin_short_backtrace::<test[73009c9f9aebf890]::run_test::{closure#1}, ()>
[INFO] [stdout]   18:     0x56e7798db0a2 - <std[104cf6e2632825ea]::thread::lifecycle::spawn_unchecked<test[73009c9f9aebf890]::run_test::{closure#1}, ()>::{closure#1} as core[7c831bd917ebf35f]::ops::function::FnOnce<()>>::call_once::{shim:vtable#0}
[INFO] [stdout]   19:     0x56e779944b69 - <std[104cf6e2632825ea]::sys::thread::unix::Thread>::new::thread_start
[INFO] [stdout]   20:     0x7bef84b2507a - <unknown>
[INFO] [stdout]   21:     0x7bef84bb8534 - clone
[INFO] [stdout]   22:                0x0 - <unknown>
[INFO] [stdout] 
[INFO] [stdout] ---- tests::position::position_right_of_align_top stdout ----
[INFO] [stdout] 
[INFO] [stdout] thread 'tests::position::position_right_of_align_top' (3094) panicked at crates/wltile/tests/integration/harness/compositor.rs:67:14:
[INFO] [stdout] failed to spawn sway — is it installed?: Os { code: 2, kind: NotFound, message: "No such file or directory" }
[INFO] [stdout] stack backtrace:
[INFO] [stdout]    0:     0x56e7799457f1 - <<std[104cf6e2632825ea]::sys::backtrace::BacktraceLock>::print::DisplayBacktrace as core[7c831bd917ebf35f]::fmt::Display>::fmt
[INFO] [stdout]    1:     0x56e77995acea - core[7c831bd917ebf35f]::fmt::write
[INFO] [stdout]    2:     0x56e779949f7c - <alloc[2fdc3f7464fcf288]::vec::Vec<u8> as core[7c831bd917ebf35f]::io::write::Write>::write_fmt
[INFO] [stdout]    3:     0x56e77991fcf6 - std[104cf6e2632825ea]::panicking::default_hook::{closure#0}
[INFO] [stdout]    4:     0x56e77993d019 - std[104cf6e2632825ea]::panicking::default_hook
[INFO] [stdout]    5:     0x56e7798d75f0 - test[73009c9f9aebf890]::test_main_inner::<test[73009c9f9aebf890]::test_main_static::{closure#0}>::{closure#0}
[INFO] [stdout]    6:     0x56e77993d1d2 - std[104cf6e2632825ea]::panicking::panic_with_hook
[INFO] [stdout]    7:     0x56e77991fda2 - std[104cf6e2632825ea]::panicking::panic_handler::{closure#0}
[INFO] [stdout]    8:     0x56e779918039 - std[104cf6e2632825ea]::sys::backtrace::__rust_end_short_backtrace::<std[104cf6e2632825ea]::panicking::panic_handler::{closure#0}, !>
[INFO] [stdout]    9:     0x56e77992099d - __rustc[b0d56fa5b193ad05]::rust_begin_unwind
[INFO] [stdout]   10:     0x56e77995b41c - core[7c831bd917ebf35f]::panicking::panic_fmt
[INFO] [stdout]   11:     0x56e77995b1f2 - core[7c831bd917ebf35f]::result::unwrap_failed
[INFO] [stdout]   12:     0x56e7798c2db5 - <integration[17ad14c0ce9bb7ac]::harness::compositor::Compositor>::new
[INFO] [stdout]   13:     0x56e7798b54d1 - integration[17ad14c0ce9bb7ac]::tests::position::position_right_of_align_top
[INFO] [stdout]   14:     0x56e7798bb4f9 - <integration[17ad14c0ce9bb7ac]::tests::position::position_right_of_align_top::{closure#0} as core[7c831bd917ebf35f]::ops::function::FnOnce<()>>::call_once
[INFO] [stdout]   15:     0x56e7798ca8db - test[73009c9f9aebf890]::__rust_begin_short_backtrace::<core[7c831bd917ebf35f]::result::Result<(), alloc[2fdc3f7464fcf288]::string::String>, fn() -> core[7c831bd917ebf35f]::result::Result<(), alloc[2fdc3f7464fcf288]::string::String>>
[INFO] [stdout]   16:     0x56e7798d7f45 - test[73009c9f9aebf890]::run_test::{closure#0}
[INFO] [stdout]   17:     0x56e7798d1304 - std[104cf6e2632825ea]::sys::backtrace::__rust_begin_short_backtrace::<test[73009c9f9aebf890]::run_test::{closure#1}, ()>
[INFO] [stdout]   18:     0x56e7798db0a2 - <std[104cf6e2632825ea]::thread::lifecycle::spawn_unchecked<test[73009c9f9aebf890]::run_test::{closure#1}, ()>::{closure#1} as core[7c831bd917ebf35f]::ops::function::FnOnce<()>>::call_once::{shim:vtable#0}
[INFO] [stdout]   19:     0x56e779944b69 - <std[104cf6e2632825ea]::sys::thread::unix::Thread>::new::thread_start
[INFO] [stdout]   20:     0x7bef84b2507a - <unknown>
[INFO] [stdout]   21:     0x7bef84bb8534 - clone
[INFO] [stdout]   22:                0x0 - <unknown>
[INFO] [stdout] 
[INFO] [stdout] ---- tests::list::list_shows_disabled_output stdout ----
[INFO] [stdout] 
[INFO] [stdout] thread 'tests::list::list_shows_disabled_output' (3087) panicked at crates/wltile/tests/integration/harness/compositor.rs:67:14:
[INFO] [stdout] failed to spawn sway — is it installed?: Os { code: 2, kind: NotFound, message: "No such file or directory" }
[INFO] [stdout] stack backtrace:
[INFO] [stdout]    0:     0x56e7799457f1 - <<std[104cf6e2632825ea]::sys::backtrace::BacktraceLock>::print::DisplayBacktrace as core[7c831bd917ebf35f]::fmt::Display>::fmt
[INFO] [stdout]    1:     0x56e77995acea - core[7c831bd917ebf35f]::fmt::write
[INFO] [stdout]    2:     0x56e779949f7c - <alloc[2fdc3f7464fcf288]::vec::Vec<u8> as core[7c831bd917ebf35f]::io::write::Write>::write_fmt
[INFO] [stdout]    3:     0x56e77991fcf6 - std[104cf6e2632825ea]::panicking::default_hook::{closure#0}
[INFO] [stdout]    4:     0x56e77993d019 - std[104cf6e2632825ea]::panicking::default_hook
[INFO] [stdout]    5:     0x56e7798d75f0 - test[73009c9f9aebf890]::test_main_inner::<test[73009c9f9aebf890]::test_main_static::{closure#0}>::{closure#0}
[INFO] [stdout]    6:     0x56e77993d1d2 - std[104cf6e2632825ea]::panicking::panic_with_hook
[INFO] [stdout]    7:     0x56e77991fda2 - std[104cf6e2632825ea]::panicking::panic_handler::{closure#0}
[INFO] [stdout]    8:     0x56e779918039 - std[104cf6e2632825ea]::sys::backtrace::__rust_end_short_backtrace::<std[104cf6e2632825ea]::panicking::panic_handler::{closure#0}, !>
[INFO] [stdout]    9:     0x56e77992099d - __rustc[b0d56fa5b193ad05]::rust_begin_unwind
[INFO] [stdout]   10:     0x56e77995b41c - core[7c831bd917ebf35f]::panicking::panic_fmt
[INFO] [stdout]   11:     0x56e77995b1f2 - core[7c831bd917ebf35f]::result::unwrap_failed
[INFO] [stdout]   12:     0x56e7798c2db5 - <integration[17ad14c0ce9bb7ac]::harness::compositor::Compositor>::new
[INFO] [stdout]   13:     0x56e7798bdfd1 - integration[17ad14c0ce9bb7ac]::tests::list::list_shows_disabled_output
[INFO] [stdout]   14:     0x56e7798bb259 - <integration[17ad14c0ce9bb7ac]::tests::list::list_shows_disabled_output::{closure#0} as core[7c831bd917ebf35f]::ops::function::FnOnce<()>>::call_once
[INFO] [stdout]   15:     0x56e7798ca8db - test[73009c9f9aebf890]::__rust_begin_short_backtrace::<core[7c831bd917ebf35f]::result::Result<(), alloc[2fdc3f7464fcf288]::string::String>, fn() -> core[7c831bd917ebf35f]::result::Result<(), alloc[2fdc3f7464fcf288]::string::String>>
[INFO] [stdout]   16:     0x56e7798d7f45 - test[73009c9f9aebf890]::run_test::{closure#0}
[INFO] [stdout]   17:     0x56e7798d1304 - std[104cf6e2632825ea]::sys::backtrace::__rust_begin_short_backtrace::<test[73009c9f9aebf890]::run_test::{closure#1}, ()>
[INFO] [stdout]   18:     0x56e7798db0a2 - <std[104cf6e2632825ea]::thread::lifecycle::spawn_unchecked<test[73009c9f9aebf890]::run_test::{closure#1}, ()>::{closure#1} as core[7c831bd917ebf35f]::ops::function::FnOnce<()>>::call_once::{shim:vtable#0}
[INFO] [stdout]   19:     0x56e779944b69 - <std[104cf6e2632825ea]::sys::thread::unix::Thread>::new::thread_start
[INFO] [stdout]   20:     0x7bef84b2507a - <unknown>
[INFO] [stdout]   21:     0x7bef84bb8534 - clone
[INFO] [stdout]   22:                0x0 - <unknown>
[INFO] [stdout] 
[INFO] [stdout] ---- tests::set::set_active_true_reenables_disabled_output_in_compositor stdout ----
[INFO] [stdout] 
[INFO] [stdout] thread 'tests::set::set_active_true_reenables_disabled_output_in_compositor' (3107) panicked at crates/wltile/tests/integration/harness/compositor.rs:67:14:
[INFO] [stdout] failed to spawn sway — is it installed?: Os { code: 2, kind: NotFound, message: "No such file or directory" }
[INFO] [stdout] stack backtrace:
[INFO] [stdout]    0:     0x56e7799457f1 - <<std[104cf6e2632825ea]::sys::backtrace::BacktraceLock>::print::DisplayBacktrace as core[7c831bd917ebf35f]::fmt::Display>::fmt
[INFO] [stdout]    1:     0x56e77995acea - core[7c831bd917ebf35f]::fmt::write
[INFO] [stdout]    2:     0x56e779949f7c - <alloc[2fdc3f7464fcf288]::vec::Vec<u8> as core[7c831bd917ebf35f]::io::write::Write>::write_fmt
[INFO] [stdout]    3:     0x56e77991fcf6 - std[104cf6e2632825ea]::panicking::default_hook::{closure#0}
[INFO] [stdout]    4:     0x56e77993d019 - std[104cf6e2632825ea]::panicking::default_hook
[INFO] [stdout]    5:     0x56e7798d75f0 - test[73009c9f9aebf890]::test_main_inner::<test[73009c9f9aebf890]::test_main_static::{closure#0}>::{closure#0}
[INFO] [stdout]    6:     0x56e77993d1d2 - std[104cf6e2632825ea]::panicking::panic_with_hook
[INFO] [stdout]    7:     0x56e77991fda2 - std[104cf6e2632825ea]::panicking::panic_handler::{closure#0}
[INFO] [stdout]    8:     0x56e779918039 - std[104cf6e2632825ea]::sys::backtrace::__rust_end_short_backtrace::<std[104cf6e2632825ea]::panicking::panic_handler::{closure#0}, !>
[INFO] [stdout]    9:     0x56e77992099d - __rustc[b0d56fa5b193ad05]::rust_begin_unwind
[INFO] [stdout]   10:     0x56e77995b41c - core[7c831bd917ebf35f]::panicking::panic_fmt
[INFO] [stdout]   11:     0x56e77995b1f2 - core[7c831bd917ebf35f]::result::unwrap_failed
[INFO] [stdout]   12:     0x56e7798c2db5 - <integration[17ad14c0ce9bb7ac]::harness::compositor::Compositor>::new
[INFO] [stdout]   13:     0x56e7798b8ab1 - integration[17ad14c0ce9bb7ac]::tests::set::set_active_true_reenables_disabled_output_in_compositor
[INFO] [stdout]   14:     0x56e7798bb239 - <integration[17ad14c0ce9bb7ac]::tests::set::set_active_true_reenables_disabled_output_in_compositor::{closure#0} as core[7c831bd917ebf35f]::ops::function::FnOnce<()>>::call_once
[INFO] [stdout]   15:     0x56e7798ca8db - test[73009c9f9aebf890]::__rust_begin_short_backtrace::<core[7c831bd917ebf35f]::result::Result<(), alloc[2fdc3f7464fcf288]::string::String>, fn() -> core[7c831bd917ebf35f]::result::Result<(), alloc[2fdc3f7464fcf288]::string::String>>
[INFO] [stdout]   16:     0x56e7798d7f45 - test[73009c9f9aebf890]::run_test::{closure#0}
[INFO] [stdout]   17:     0x56e7798d1304 - std[104cf6e2632825ea]::sys::backtrace::__rust_begin_short_backtrace::<test[73009c9f9aebf890]::run_test::{closure#1}, ()>
[INFO] [stdout]   18:     0x56e7798db0a2 - <std[104cf6e2632825ea]::thread::lifecycle::spawn_unchecked<test[73009c9f9aebf890]::run_test::{closure#1}, ()>::{closure#1} as core[7c831bd917ebf35f]::ops::function::FnOnce<()>>::call_once::{shim:vtable#0}
[INFO] [stdout]   19:     0x56e779944b69 - <std[104cf6e2632825ea]::sys::thread::unix::Thread>::new::thread_start
[INFO] [stdout]   20:     0x7bef84b2507a - <unknown>
[INFO] [stdout]   21:     0x7bef84bb8534 - clone
[INFO] [stdout]   22:                0x0 - <unknown>
[INFO] [stdout] 
[INFO] [stdout] ---- tests::set::set_scale_is_reflected_in_compositor stdout ----
[INFO] [stdout] 
[INFO] [stdout] thread 'tests::set::set_scale_is_reflected_in_compositor' (3108) panicked at crates/wltile/tests/integration/harness/compositor.rs:67:14:
[INFO] [stdout] failed to spawn sway — is it installed?: Os { code: 2, kind: NotFound, message: "No such file or directory" }
[INFO] [stdout] stack backtrace:
[INFO] [stdout]    0:     0x56e7799457f1 - <<std[104cf6e2632825ea]::sys::backtrace::BacktraceLock>::print::DisplayBacktrace as core[7c831bd917ebf35f]::fmt::Display>::fmt
[INFO] [stdout]    1:     0x56e77995acea - core[7c831bd917ebf35f]::fmt::write
[INFO] [stdout]    2:     0x56e779949f7c - <alloc[2fdc3f7464fcf288]::vec::Vec<u8> as core[7c831bd917ebf35f]::io::write::Write>::write_fmt
[INFO] [stdout]    3:     0x56e77991fcf6 - std[104cf6e2632825ea]::panicking::default_hook::{closure#0}
[INFO] [stdout]    4:     0x56e77993d019 - std[104cf6e2632825ea]::panicking::default_hook
[INFO] [stdout]    5:     0x56e7798d75f0 - test[73009c9f9aebf890]::test_main_inner::<test[73009c9f9aebf890]::test_main_static::{closure#0}>::{closure#0}
[INFO] [stdout]    6:     0x56e77993d1d2 - std[104cf6e2632825ea]::panicking::panic_with_hook
[INFO] [stdout]    7:     0x56e77991fda2 - std[104cf6e2632825ea]::panicking::panic_handler::{closure#0}
[INFO] [stdout]    8:     0x56e779918039 - std[104cf6e2632825ea]::sys::backtrace::__rust_end_short_backtrace::<std[104cf6e2632825ea]::panicking::panic_handler::{closure#0}, !>
[INFO] [stdout]    9:     0x56e77992099d - __rustc[b0d56fa5b193ad05]::rust_begin_unwind
[INFO] [stdout]   10:     0x56e77995b41c - core[7c831bd917ebf35f]::panicking::panic_fmt
[INFO] [stdout]   11:     0x56e77995b1f2 - core[7c831bd917ebf35f]::result::unwrap_failed
[INFO] [stdout]   12:     0x56e7798c2db5 - <integration[17ad14c0ce9bb7ac]::harness::compositor::Compositor>::new
[INFO] [stdout]   13:     0x56e7798b83f1 - integration[17ad14c0ce9bb7ac]::tests::set::set_scale_is_reflected_in_compositor
[INFO] [stdout]   14:     0x56e7798bb1f9 - <integration[17ad14c0ce9bb7ac]::tests::set::set_scale_is_reflected_in_compositor::{closure#0} as core[7c831bd917ebf35f]::ops::function::FnOnce<()>>::call_once
[INFO] [stdout]   15:     0x56e7798ca8db - test[73009c9f9aebf890]::__rust_begin_short_backtrace::<core[7c831bd917ebf35f]::result::Result<(), alloc[2fdc3f7464fcf288]::string::String>, fn() -> core[7c831bd917ebf35f]::result::Result<(), alloc[2fdc3f7464fcf288]::string::String>>
[INFO] [stdout]   16:     0x56e7798d7f45 - test[73009c9f9aebf890]::run_test::{closure#0}
[INFO] [stdout]   17:     0x56e7798d1304 - std[104cf6e2632825ea]::sys::backtrace::__rust_begin_short_backtrace::<test[73009c9f9aebf890]::run_test::{closure#1}, ()>
[INFO] [stdout]   18:     0x56e7798db0a2 - <std[104cf6e2632825ea]::thread::lifecycle::spawn_unchecked<test[73009c9f9aebf890]::run_test::{closure#1}, ()>::{closure#1} as core[7c831bd917ebf35f]::ops::function::FnOnce<()>>::call_once::{shim:vtable#0}
[INFO] [stdout]   19:     0x56e779944b69 - <std[104cf6e2632825ea]::sys::thread::unix::Thread>::new::thread_start
[INFO] [stdout]   20:     0x7bef84b2507a - <unknown>
[INFO] [stdout]   21:     0x7bef84bb8534 - clone
[INFO] [stdout]   22:                0x0 - <unknown>
[INFO] [stdout] 
[INFO] [stdout] ---- tests::show::show_output_prints_details stdout ----
[INFO] [stdout] 
[INFO] [stdout] thread 'tests::show::show_output_prints_details' (3109) panicked at crates/wltile/tests/integration/harness/compositor.rs:67:14:
[INFO] [stdout] failed to spawn sway — is it installed?: Os { code: 2, kind: NotFound, message: "No such file or directory" }
[INFO] [stdout] stack backtrace:
[INFO] [stdout]    0:     0x56e7799457f1 - <<std[104cf6e2632825ea]::sys::backtrace::BacktraceLock>::print::DisplayBacktrace as core[7c831bd917ebf35f]::fmt::Display>::fmt
[INFO] [stdout]    1:     0x56e77995acea - core[7c831bd917ebf35f]::fmt::write
[INFO] [stdout]    2:     0x56e779949f7c - <alloc[2fdc3f7464fcf288]::vec::Vec<u8> as core[7c831bd917ebf35f]::io::write::Write>::write_fmt
[INFO] [stdout]    3:     0x56e77991fcf6 - std[104cf6e2632825ea]::panicking::default_hook::{closure#0}
[INFO] [stdout]    4:     0x56e77993d019 - std[104cf6e2632825ea]::panicking::default_hook
[INFO] [stdout]    5:     0x56e7798d75f0 - test[73009c9f9aebf890]::test_main_inner::<test[73009c9f9aebf890]::test_main_static::{closure#0}>::{closure#0}
[INFO] [stdout]    6:     0x56e77993d1d2 - std[104cf6e2632825ea]::panicking::panic_with_hook
[INFO] [stdout]    7:     0x56e77991fda2 - std[104cf6e2632825ea]::panicking::panic_handler::{closure#0}
[INFO] [stdout]    8:     0x56e779918039 - std[104cf6e2632825ea]::sys::backtrace::__rust_end_short_backtrace::<std[104cf6e2632825ea]::panicking::panic_handler::{closure#0}, !>
[INFO] [stdout]    9:     0x56e77992099d - __rustc[b0d56fa5b193ad05]::rust_begin_unwind
[INFO] [stdout]   10:     0x56e77995b41c - core[7c831bd917ebf35f]::panicking::panic_fmt
[INFO] [stdout]   11:     0x56e77995b1f2 - core[7c831bd917ebf35f]::result::unwrap_failed
[INFO] [stdout]   12:     0x56e7798c2db5 - <integration[17ad14c0ce9bb7ac]::harness::compositor::Compositor>::new
[INFO] [stdout]   13:     0x56e7798bbadc - integration[17ad14c0ce9bb7ac]::tests::show::show_output_prints_details
[INFO] [stdout]   14:     0x56e7798bb319 - <integration[17ad14c0ce9bb7ac]::tests::show::show_output_prints_details::{closure#0} as core[7c831bd917ebf35f]::ops::function::FnOnce<()>>::call_once
[INFO] [stdout]   15:     0x56e7798ca8db - test[73009c9f9aebf890]::__rust_begin_short_backtrace::<core[7c831bd917ebf35f]::result::Result<(), alloc[2fdc3f7464fcf288]::string::String>, fn() -> core[7c831bd917ebf35f]::result::Result<(), alloc[2fdc3f7464fcf288]::string::String>>
[INFO] [stdout]   16:     0x56e7798d7f45 - test[73009c9f9aebf890]::run_test::{closure#0}
[INFO] [stdout]   17:     0x56e7798d1304 - std[104cf6e2632825ea]::sys::backtrace::__rust_begin_short_backtrace::<test[73009c9f9aebf890]::run_test::{closure#1}, ()>
[INFO] [stdout]   18:     0x56e7798db0a2 - <std[104cf6e2632825ea]::thread::lifecycle::spawn_unchecked<test[73009c9f9aebf890]::run_test::{closure#1}, ()>::{closure#1} as core[7c831bd917ebf35f]::ops::function::FnOnce<()>>::call_once::{shim:vtable#0}
[INFO] [stdout]   19:     0x56e779944b69 - <std[104cf6e2632825ea]::sys::thread::unix::Thread>::new::thread_start
[INFO] [stdout]   20:     0x7bef84b2507a - <unknown>
[INFO] [stdout]   21:     0x7bef84bb8534 - clone
[INFO] [stdout]   22:                0x0 - <unknown>
[INFO] [stdout] 
[INFO] [stdout] ---- tests::show::show_output_reflects_position_after_positioning stdout ----
[INFO] [stdout] 
[INFO] [stdout] thread 'tests::show::show_output_reflects_position_after_positioning' (3111) panicked at crates/wltile/tests/integration/harness/compositor.rs:67:14:
[INFO] [stdout] failed to spawn sway — is it installed?: Os { code: 2, kind: NotFound, message: "No such file or directory" }
[INFO] [stdout] stack backtrace:
[INFO] [stdout]    0:     0x56e7799457f1 - <<std[104cf6e2632825ea]::sys::backtrace::BacktraceLock>::print::DisplayBacktrace as core[7c831bd917ebf35f]::fmt::Display>::fmt
[INFO] [stdout]    1:     0x56e77995acea - core[7c831bd917ebf35f]::fmt::write
[INFO] [stdout]    2:     0x56e779949f7c - <alloc[2fdc3f7464fcf288]::vec::Vec<u8> as core[7c831bd917ebf35f]::io::write::Write>::write_fmt
[INFO] [stdout]    3:     0x56e77991fcf6 - std[104cf6e2632825ea]::panicking::default_hook::{closure#0}
[INFO] [stdout]    4:     0x56e77993d019 - std[104cf6e2632825ea]::panicking::default_hook
[INFO] [stdout]    5:     0x56e7798d75f0 - test[73009c9f9aebf890]::test_main_inner::<test[73009c9f9aebf890]::test_main_static::{closure#0}>::{closure#0}
[INFO] [stdout]    6:     0x56e77993d1d2 - std[104cf6e2632825ea]::panicking::panic_with_hook
[INFO] [stdout]    7:     0x56e77991fda2 - std[104cf6e2632825ea]::panicking::panic_handler::{closure#0}
[INFO] [stdout]    8:     0x56e779918039 - std[104cf6e2632825ea]::sys::backtrace::__rust_end_short_backtrace::<std[104cf6e2632825ea]::panicking::panic_handler::{closure#0}, !>
[INFO] [stdout]    9:     0x56e77992099d - __rustc[b0d56fa5b193ad05]::rust_begin_unwind
[INFO] [stdout]   10:     0x56e77995b41c - core[7c831bd917ebf35f]::panicking::panic_fmt
[INFO] [stdout]   11:     0x56e77995b1f2 - core[7c831bd917ebf35f]::result::unwrap_failed
[INFO] [stdout]   12:     0x56e7798c2db5 - <integration[17ad14c0ce9bb7ac]::harness::compositor::Compositor>::new
[INFO] [stdout]   13:     0x56e7798bc741 - integration[17ad14c0ce9bb7ac]::tests::show::show_output_reflects_position_after_positioning
[INFO] [stdout]   14:     0x56e7798bb379 - <integration[17ad14c0ce9bb7ac]::tests::show::show_output_reflects_position_after_positioning::{closure#0} as core[7c831bd917ebf35f]::ops::function::FnOnce<()>>::call_once
[INFO] [stdout]   15:     0x56e7798ca8db - test[73009c9f9aebf890]::__rust_begin_short_backtrace::<core[7c831bd917ebf35f]::result::Result<(), alloc[2fdc3f7464fcf288]::string::String>, fn() -> core[7c831bd917ebf35f]::result::Result<(), alloc[2fdc3f7464fcf288]::string::String>>
[INFO] [stdout]   16:     0x56e7798d7f45 - test[73009c9f9aebf890]::run_test::{closure#0}
[INFO] [stdout]   17:     0x56e7798d1304 - std[104cf6e2632825ea]::sys::backtrace::__rust_begin_short_backtrace::<test[73009c9f9aebf890]::run_test::{closure#1}, ()>
[INFO] [stdout]   18:     0x56e7798db0a2 - <std[104cf6e2632825ea]::thread::lifecycle::spawn_unchecked<test[73009c9f9aebf890]::run_test::{closure#1}, ()>::{closure#1} as core[7c831bd917ebf35f]::ops::function::FnOnce<()>>::call_once::{shim:vtable#0}
[INFO] [stdout]   19:     0x56e779944b69 - <std[104cf6e2632825ea]::sys::thread::unix::Thread>::new::thread_start
[INFO] [stdout]   20:     0x7bef84b2507a - <unknown>
[INFO] [stdout]   21:     0x7bef84bb8534 - clone
[INFO] [stdout]   22:                0x0 - <unknown>
[INFO] [stdout] 
[INFO] [stdout] ---- tests::daemon::daemon_skips_unconnected_targets stdout ----
[INFO] [stdout] 
[INFO] [stdout] thread 'tests::daemon::daemon_skips_unconnected_targets' (3078) panicked at crates/wltile/tests/integration/harness/compositor.rs:67:14:
[INFO] [stdout] failed to spawn sway — is it installed?: Os { code: 2, kind: NotFound, message: "No such file or directory" }
[INFO] [stdout] stack backtrace:
[INFO] [stdout]    0:     0x56e7799457f1 - <<std[104cf6e2632825ea]::sys::backtrace::BacktraceLock>::print::DisplayBacktrace as core[7c831bd917ebf35f]::fmt::Display>::fmt
[INFO] [stdout]    1:     0x56e77995acea - core[7c831bd917ebf35f]::fmt::write
[INFO] [stdout]    2:     0x56e779949f7c - <alloc[2fdc3f7464fcf288]::vec::Vec<u8> as core[7c831bd917ebf35f]::io::write::Write>::write_fmt
[INFO] [stdout]    3:     0x56e77991fcf6 - std[104cf6e2632825ea]::panicking::default_hook::{closure#0}
[INFO] [stdout]    4:     0x56e77993d019 - std[104cf6e2632825ea]::panicking::default_hook
[INFO] [stdout]    5:     0x56e7798d75f0 - test[73009c9f9aebf890]::test_main_inner::<test[73009c9f9aebf890]::test_main_static::{closure#0}>::{closure#0}
[INFO] [stdout]    6:     0x56e77993d1d2 - std[104cf6e2632825ea]::panicking::panic_with_hook
[INFO] [stdout]    7:     0x56e77991fda2 - std[104cf6e2632825ea]::panicking::panic_handler::{closure#0}
[INFO] [stdout]    8:     0x56e779918039 - std[104cf6e2632825ea]::sys::backtrace::__rust_end_short_backtrace::<std[104cf6e2632825ea]::panicking::panic_handler::{closure#0}, !>
[INFO] [stdout]    9:     0x56e77992099d - __rustc[b0d56fa5b193ad05]::rust_begin_unwind
[INFO] [stdout]   10:     0x56e77995b41c - core[7c831bd917ebf35f]::panicking::panic_fmt
[INFO] [stdout]   11:     0x56e77995b1f2 - core[7c831bd917ebf35f]::result::unwrap_failed
[INFO] [stdout]   12:     0x56e7798c2db5 - <integration[17ad14c0ce9bb7ac]::harness::compositor::Compositor>::new
[INFO] [stdout]   13:     0x56e7798b225e - integration[17ad14c0ce9bb7ac]::tests::daemon::daemon_skips_unconnected_targets
[INFO] [stdout]   14:     0x56e7798bb3f9 - <integration[17ad14c0ce9bb7ac]::tests::daemon::daemon_skips_unconnected_targets::{closure#0} as core[7c831bd917ebf35f]::ops::function::FnOnce<()>>::call_once
[INFO] [stdout]   15:     0x56e7798ca8db - test[73009c9f9aebf890]::__rust_begin_short_backtrace::<core[7c831bd917ebf35f]::result::Result<(), alloc[2fdc3f7464fcf288]::string::String>, fn() -> core[7c831bd917ebf35f]::result::Result<(), alloc[2fdc3f7464fcf288]::string::String>>
[INFO] [stdout]   16:     0x56e7798d7f45 - test[73009c9f9aebf890]::run_test::{closure#0}
[INFO] [stdout]   17:     0x56e7798d1304 - std[104cf6e2632825ea]::sys::backtrace::__rust_begin_short_backtrace::<test[73009c9f9aebf890]::run_test::{closure#1}, ()>
[INFO] [stdout]   18:     0x56e7798db0a2 - <std[104cf6e2632825ea]::thread::lifecycle::spawn_unchecked<test[73009c9f9aebf890]::run_test::{closure#1}, ()>::{closure#1} as core[7c831bd917ebf35f]::ops::function::FnOnce<()>>::call_once::{shim:vtable#0}
[INFO] [stdout]   19:     0x56e779944b69 - <std[104cf6e2632825ea]::sys::thread::unix::Thread>::new::thread_start
[INFO] [stdout]   20:     0x7bef84b2507a - <unknown>
[INFO] [stdout]   21:     0x7bef84bb8534 - clone
[INFO] [stdout]   22:                0x0 - <unknown>
[INFO] [stdout] 
[INFO] [stdout] ---- tests::show::show_output_prints_disabled_head_correctly stdout ----
[INFO] [stdout] 
[INFO] [stdout] thread 'tests::show::show_output_prints_disabled_head_correctly' (3110) panicked at crates/wltile/tests/integration/harness/compositor.rs:67:14:
[INFO] [stdout] failed to spawn sway — is it installed?: Os { code: 2, kind: NotFound, message: "No such file or directory" }
[INFO] [stdout] stack backtrace:
[INFO] [stdout]    0:     0x56e7799457f1 - <<std[104cf6e2632825ea]::sys::backtrace::BacktraceLock>::print::DisplayBacktrace as core[7c831bd917ebf35f]::fmt::Display>::fmt
[INFO] [stdout]    1:     0x56e77995acea - core[7c831bd917ebf35f]::fmt::write
[INFO] [stdout]    2:     0x56e779949f7c - <alloc[2fdc3f7464fcf288]::vec::Vec<u8> as core[7c831bd917ebf35f]::io::write::Write>::write_fmt
[INFO] [stdout]    3:     0x56e77991fcf6 - std[104cf6e2632825ea]::panicking::default_hook::{closure#0}
[INFO] [stdout]    4:     0x56e77993d019 - std[104cf6e2632825ea]::panicking::default_hook
[INFO] [stdout]    5:     0x56e7798d75f0 - test[73009c9f9aebf890]::test_main_inner::<test[73009c9f9aebf890]::test_main_static::{closure#0}>::{closure#0}
[INFO] [stdout]    6:     0x56e77993d1d2 - std[104cf6e2632825ea]::panicking::panic_with_hook
[INFO] [stdout]    7:     0x56e77991fda2 - std[104cf6e2632825ea]::panicking::panic_handler::{closure#0}
[INFO] [stdout]    8:     0x56e779918039 - std[104cf6e2632825ea]::sys::backtrace::__rust_end_short_backtrace::<std[104cf6e2632825ea]::panicking::panic_handler::{closure#0}, !>
[INFO] [stdout]    9:     0x56e77992099d - __rustc[b0d56fa5b193ad05]::rust_begin_unwind
[INFO] [stdout]   10:     0x56e77995b41c - core[7c831bd917ebf35f]::panicking::panic_fmt
[INFO] [stdout]   11:     0x56e77995b1f2 - core[7c831bd917ebf35f]::result::unwrap_failed
[INFO] [stdout]   12:     0x56e7798c2db5 - <integration[17ad14c0ce9bb7ac]::harness::compositor::Compositor>::new
[INFO] [stdout]   13:     0x56e7798bbf81 - integration[17ad14c0ce9bb7ac]::tests::show::show_output_prints_disabled_head_correctly
[INFO] [stdout]   14:     0x56e7798bb339 - <integration[17ad14c0ce9bb7ac]::tests::show::show_output_prints_disabled_head_correctly::{closure#0} as core[7c831bd917ebf35f]::ops::function::FnOnce<()>>::call_once
[INFO] [stdout]   15:     0x56e7798ca8db - test[73009c9f9aebf890]::__rust_begin_short_backtrace::<core[7c831bd917ebf35f]::result::Result<(), alloc[2fdc3f7464fcf288]::string::String>, fn() -> core[7c831bd917ebf35f]::result::Result<(), alloc[2fdc3f7464fcf288]::string::String>>
[INFO] [stdout]   16:     0x56e7798d7f45 - test[73009c9f9aebf890]::run_test::{closure#0}
[INFO] [stdout]   17:     0x56e7798d1304 - std[104cf6e2632825ea]::sys::backtrace::__rust_begin_short_backtrace::<test[73009c9f9aebf890]::run_test::{closure#1}, ()>
[INFO] [stdout]   18:     0x56e7798db0a2 - <std[104cf6e2632825ea]::thread::lifecycle::spawn_unchecked<test[73009c9f9aebf890]::run_test::{closure#1}, ()>::{closure#1} as core[7c831bd917ebf35f]::ops::function::FnOnce<()>>::call_once::{shim:vtable#0}
[INFO] [stdout]   19:     0x56e779944b69 - <std[104cf6e2632825ea]::sys::thread::unix::Thread>::new::thread_start
[INFO] [stdout]   20:     0x7bef84b2507a - <unknown>
[INFO] [stdout]   21:     0x7bef84bb8534 - clone
[INFO] [stdout]   22:                0x0 - <unknown>
[INFO] [stdout] 
[INFO] [stdout] ---- tests::show::show_output_targets_correct_output_among_multiple stdout ----
[INFO] [stdout] 
[INFO] [stdout] thread 'tests::show::show_output_targets_correct_output_among_multiple' (3113) panicked at crates/wltile/tests/integration/harness/compositor.rs:67:14:
[INFO] [stdout] failed to spawn sway — is it installed?: Os { code: 2, kind: NotFound, message: "No such file or directory" }
[INFO] [stdout] stack backtrace:
[INFO] [stdout]    0:     0x56e7799457f1 - <<std[104cf6e2632825ea]::sys::backtrace::BacktraceLock>::print::DisplayBacktrace as core[7c831bd917ebf35f]::fmt::Display>::fmt
[INFO] [stdout]    1:     0x56e77995acea - core[7c831bd917ebf35f]::fmt::write
[INFO] [stdout]    2:     0x56e779949f7c - <alloc[2fdc3f7464fcf288]::vec::Vec<u8> as core[7c831bd917ebf35f]::io::write::Write>::write_fmt
[INFO] [stdout]    3:     0x56e77991fcf6 - std[104cf6e2632825ea]::panicking::default_hook::{closure#0}
[INFO] [stdout]    4:     0x56e77993d019 - std[104cf6e2632825ea]::panicking::default_hook
[INFO] [stdout]    5:     0x56e7798d75f0 - test[73009c9f9aebf890]::test_main_inner::<test[73009c9f9aebf890]::test_main_static::{closure#0}>::{closure#0}
[INFO] [stdout]    6:     0x56e77993d1d2 - std[104cf6e2632825ea]::panicking::panic_with_hook
[INFO] [stdout]    7:     0x56e77991fda2 - std[104cf6e2632825ea]::panicking::panic_handler::{closure#0}
[INFO] [stdout]    8:     0x56e779918039 - std[104cf6e2632825ea]::sys::backtrace::__rust_end_short_backtrace::<std[104cf6e2632825ea]::panicking::panic_handler::{closure#0}, !>
[INFO] [stdout]    9:     0x56e77992099d - __rustc[b0d56fa5b193ad05]::rust_begin_unwind
[INFO] [stdout]   10:     0x56e77995b41c - core[7c831bd917ebf35f]::panicking::panic_fmt
[INFO] [stdout]   11:     0x56e77995b1f2 - core[7c831bd917ebf35f]::result::unwrap_failed
[INFO] [stdout]   12:     0x56e7798c2db5 - <integration[17ad14c0ce9bb7ac]::harness::compositor::Compositor>::new
[INFO] [stdout]   13:     0x56e7798bcf61 - integration[17ad14c0ce9bb7ac]::tests::show::show_output_targets_correct_output_among_multiple
[INFO] [stdout]   14:     0x56e7798bb3b9 - <integration[17ad14c0ce9bb7ac]::tests::show::show_output_targets_correct_output_among_multiple::{closure#0} as core[7c831bd917ebf35f]::ops::function::FnOnce<()>>::call_once
[INFO] [stdout]   15:     0x56e7798ca8db - test[73009c9f9aebf890]::__rust_begin_short_backtrace::<core[7c831bd917ebf35f]::result::Result<(), alloc[2fdc3f7464fcf288]::string::String>, fn() -> core[7c831bd917ebf35f]::result::Result<(), alloc[2fdc3f7464fcf288]::string::String>>
[INFO] [stdout]   16:     0x56e7798d7f45 - test[73009c9f9aebf890]::run_test::{closure#0}
[INFO] [stdout]   17:     0x56e7798d1304 - std[104cf6e2632825ea]::sys::backtrace::__rust_begin_short_backtrace::<test[73009c9f9aebf890]::run_test::{closure#1}, ()>
[INFO] [stdout]   18:     0x56e7798db0a2 - <std[104cf6e2632825ea]::thread::lifecycle::spawn_unchecked<test[73009c9f9aebf890]::run_test::{closure#1}, ()>::{closure#1} as core[7c831bd917ebf35f]::ops::function::FnOnce<()>>::call_once::{shim:vtable#0}
[INFO] [stdout]   19:     0x56e779944b69 - <std[104cf6e2632825ea]::sys::thread::unix::Thread>::new::thread_start
[INFO] [stdout]   20:     0x7bef84b2507a - <unknown>
[INFO] [stdout]   21:     0x7bef84bb8534 - clone
[INFO] [stdout]   22:                0x0 - <unknown>
[INFO] [stdout] 
[INFO] [stdout] ---- tests::show::show_presents_outputs_and_dismisses_on_key_press stdout ----
[INFO] [stdout] 
[INFO] [stdout] thread 'tests::show::show_presents_outputs_and_dismisses_on_key_press' (3114) panicked at crates/wltile/tests/integration/harness/compositor.rs:67:14:
[INFO] [stdout] failed to spawn sway — is it installed?: Os { code: 2, kind: NotFound, message: "No such file or directory" }
[INFO] [stdout] stack backtrace:
[INFO] [stdout]    0:     0x56e7799457f1 - <<std[104cf6e2632825ea]::sys::backtrace::BacktraceLock>::print::DisplayBacktrace as core[7c831bd917ebf35f]::fmt::Display>::fmt
[INFO] [stdout]    1:     0x56e77995acea - core[7c831bd917ebf35f]::fmt::write
[INFO] [stdout]    2:     0x56e779949f7c - <alloc[2fdc3f7464fcf288]::vec::Vec<u8> as core[7c831bd917ebf35f]::io::write::Write>::write_fmt
[INFO] [stdout]    3:     0x56e77991fcf6 - std[104cf6e2632825ea]::panicking::default_hook::{closure#0}
[INFO] [stdout]    4:     0x56e77993d019 - std[104cf6e2632825ea]::panicking::default_hook
[INFO] [stdout]    5:     0x56e7798d75f0 - test[73009c9f9aebf890]::test_main_inner::<test[73009c9f9aebf890]::test_main_static::{closure#0}>::{closure#0}
[INFO] [stdout]    6:     0x56e77993d1d2 - std[104cf6e2632825ea]::panicking::panic_with_hook
[INFO] [stdout]    7:     0x56e77991fda2 - std[104cf6e2632825ea]::panicking::panic_handler::{closure#0}
[INFO] [stdout]    8:     0x56e779918039 - std[104cf6e2632825ea]::sys::backtrace::__rust_end_short_backtrace::<std[104cf6e2632825ea]::panicking::panic_handler::{closure#0}, !>
[INFO] [stdout]    9:     0x56e77992099d - __rustc[b0d56fa5b193ad05]::rust_begin_unwind
[INFO] [stdout]   10:     0x56e77995b41c - core[7c831bd917ebf35f]::panicking::panic_fmt
[INFO] [stdout]   11:     0x56e77995b1f2 - core[7c831bd917ebf35f]::result::unwrap_failed
[INFO] [stdout]   12:     0x56e7798c2db5 - <integration[17ad14c0ce9bb7ac]::harness::compositor::Compositor>::new
[INFO] [stdout]   13:     0x56e7798bcd9c - integration[17ad14c0ce9bb7ac]::tests::show::show_presents_outputs_and_dismisses_on_key_press
[INFO] [stdout]   14:     0x56e7798bb399 - <integration[17ad14c0ce9bb7ac]::tests::show::show_presents_outputs_and_dismisses_on_key_press::{closure#0} as core[7c831bd917ebf35f]::ops::function::FnOnce<()>>::call_once
[INFO] [stdout]   15:     0x56e7798ca8db - test[73009c9f9aebf890]::__rust_begin_short_backtrace::<core[7c831bd917ebf35f]::result::Result<(), alloc[2fdc3f7464fcf288]::string::String>, fn() -> core[7c831bd917ebf35f]::result::Result<(), alloc[2fdc3f7464fcf288]::string::String>>
[INFO] [stdout]   16:     0x56e7798d7f45 - test[73009c9f9aebf890]::run_test::{closure#0}
[INFO] [stdout]   17:     0x56e7798d1304 - std[104cf6e2632825ea]::sys::backtrace::__rust_begin_short_backtrace::<test[73009c9f9aebf890]::run_test::{closure#1}, ()>
[INFO] [stdout]   18:     0x56e7798db0a2 - <std[104cf6e2632825ea]::thread::lifecycle::spawn_unchecked<test[73009c9f9aebf890]::run_test::{closure#1}, ()>::{closure#1} as core[7c831bd917ebf35f]::ops::function::FnOnce<()>>::call_once::{shim:vtable#0}
[INFO] [stdout]   19:     0x56e779944b69 - <std[104cf6e2632825ea]::sys::thread::unix::Thread>::new::thread_start
[INFO] [stdout]   20:     0x7bef84b2507a - <unknown>
[INFO] [stdout]   21:     0x7bef84bb8534 - clone
[INFO] [stdout]   22:                0x0 - <unknown>
[INFO] [stdout] 
[INFO] [stdout] ---- tests::show::show_output_reflects_scale_set_via_set_command stdout ----
[INFO] [stdout] 
[INFO] [stdout] thread 'tests::show::show_output_reflects_scale_set_via_set_command' (3112) panicked at crates/wltile/tests/integration/harness/compositor.rs:67:14:
[INFO] [stdout] failed to spawn sway — is it installed?: Os { code: 2, kind: NotFound, message: "No such file or directory" }
[INFO] [stdout] stack backtrace:
[INFO] [stdout]    0:     0x56e7799457f1 - <<std[104cf6e2632825ea]::sys::backtrace::BacktraceLock>::print::DisplayBacktrace as core[7c831bd917ebf35f]::fmt::Display>::fmt
[INFO] [stdout]    1:     0x56e77995acea - core[7c831bd917ebf35f]::fmt::write
[INFO] [stdout]    2:     0x56e779949f7c - <alloc[2fdc3f7464fcf288]::vec::Vec<u8> as core[7c831bd917ebf35f]::io::write::Write>::write_fmt
[INFO] [stdout]    3:     0x56e77991fcf6 - std[104cf6e2632825ea]::panicking::default_hook::{closure#0}
[INFO] [stdout]    4:     0x56e77993d019 - std[104cf6e2632825ea]::panicking::default_hook
[INFO] [stdout]    5:     0x56e7798d75f0 - test[73009c9f9aebf890]::test_main_inner::<test[73009c9f9aebf890]::test_main_static::{closure#0}>::{closure#0}
[INFO] [stdout]    6:     0x56e77993d1d2 - std[104cf6e2632825ea]::panicking::panic_with_hook
[INFO] [stdout]    7:     0x56e77991fda2 - std[104cf6e2632825ea]::panicking::panic_handler::{closure#0}
[INFO] [stdout]    8:     0x56e779918039 - std[104cf6e2632825ea]::sys::backtrace::__rust_end_short_backtrace::<std[104cf6e2632825ea]::panicking::panic_handler::{closure#0}, !>
[INFO] [stdout]    9:     0x56e77992099d - __rustc[b0d56fa5b193ad05]::rust_begin_unwind
[INFO] [stdout]   10:     0x56e77995b41c - core[7c831bd917ebf35f]::panicking::panic_fmt
[INFO] [stdout]   11:     0x56e77995b1f2 - core[7c831bd917ebf35f]::result::unwrap_failed
[INFO] [stdout]   12:     0x56e7798c2db5 - <integration[17ad14c0ce9bb7ac]::harness::compositor::Compositor>::new
[INFO] [stdout]   13:     0x56e7798bc37e - integration[17ad14c0ce9bb7ac]::tests::show::show_output_reflects_scale_set_via_set_command
[INFO] [stdout]   14:     0x56e7798bb359 - <integration[17ad14c0ce9bb7ac]::tests::show::show_output_reflects_scale_set_via_set_command::{closure#0} as core[7c831bd917ebf35f]::ops::function::FnOnce<()>>::call_once
[INFO] [stdout]   15:     0x56e7798ca8db - test[73009c9f9aebf890]::__rust_begin_short_backtrace::<core[7c831bd917ebf35f]::result::Result<(), alloc[2fdc3f7464fcf288]::string::String>, fn() -> core[7c831bd917ebf35f]::result::Result<(), alloc[2fdc3f7464fcf288]::string::String>>
[INFO] [stdout]   16:     0x56e7798d7f45 - test[73009c9f9aebf890]::run_test::{closure#0}
[INFO] [stdout]   17:     0x56e7798d1304 - std[104cf6e2632825ea]::sys::backtrace::__rust_begin_short_backtrace::<test[73009c9f9aebf890]::run_test::{closure#1}, ()>
[INFO] [stdout]   18:     0x56e7798db0a2 - <std[104cf6e2632825ea]::thread::lifecycle::spawn_unchecked<test[73009c9f9aebf890]::run_test::{closure#1}, ()>::{closure#1} as core[7c831bd917ebf35f]::ops::function::FnOnce<()>>::call_once::{shim:vtable#0}
[INFO] [stdout]   19:     0x56e779944b69 - <std[104cf6e2632825ea]::sys::thread::unix::Thread>::new::thread_start
[INFO] [stdout]   20:     0x7bef84b2507a - <unknown>
[INFO] [stdout]   21:     0x7bef84bb8534 - clone
[INFO] [stdout]   22:                0x0 - <unknown>
[INFO] [stdout] 
[INFO] [stdout] ---- tests::position::position_right_of_align_bottom stdout ----
[INFO] [stdout] 
[INFO] [stdout] thread 'tests::position::position_right_of_align_bottom' (3092) panicked at crates/wltile/tests/integration/harness/compositor.rs:67:14:
[INFO] [stdout] failed to spawn sway — is it installed?: Os { code: 2, kind: NotFound, message: "No such file or directory" }
[INFO] [stdout] stack backtrace:
[INFO] [stdout]    0:     0x56e7799457f1 - <<std[104cf6e2632825ea]::sys::backtrace::BacktraceLock>::print::DisplayBacktrace as core[7c831bd917ebf35f]::fmt::Display>::fmt
[INFO] [stdout]    1:     0x56e77995acea - core[7c831bd917ebf35f]::fmt::write
[INFO] [stdout]    2:     0x56e779949f7c - <alloc[2fdc3f7464fcf288]::vec::Vec<u8> as core[7c831bd917ebf35f]::io::write::Write>::write_fmt
[INFO] [stdout]    3:     0x56e77991fcf6 - std[104cf6e2632825ea]::panicking::default_hook::{closure#0}
[INFO] [stdout]    4:     0x56e77993d019 - std[104cf6e2632825ea]::panicking::default_hook
[INFO] [stdout]    5:     0x56e7798d75f0 - test[73009c9f9aebf890]::test_main_inner::<test[73009c9f9aebf890]::test_main_static::{closure#0}>::{closure#0}
[INFO] [stdout]    6:     0x56e77993d1d2 - std[104cf6e2632825ea]::panicking::panic_with_hook
[INFO] [stdout]    7:     0x56e77991fda2 - std[104cf6e2632825ea]::panicking::panic_handler::{closure#0}
[INFO] [stdout]    8:     0x56e779918039 - std[104cf6e2632825ea]::sys::backtrace::__rust_end_short_backtrace::<std[104cf6e2632825ea]::panicking::panic_handler::{closure#0}, !>
[INFO] [stdout]    9:     0x56e77992099d - __rustc[b0d56fa5b193ad05]::rust_begin_unwind
[INFO] [stdout]   10:     0x56e77995b41c - core[7c831bd917ebf35f]::panicking::panic_fmt
[INFO] [stdout]   11:     0x56e77995b1f2 - core[7c831bd917ebf35f]::result::unwrap_failed
[INFO] [stdout]   12:     0x56e7798c2db5 - <integration[17ad14c0ce9bb7ac]::harness::compositor::Compositor>::new
[INFO] [stdout]   13:     0x56e7798b64e1 - integration[17ad14c0ce9bb7ac]::tests::position::position_right_of_align_bottom
[INFO] [stdout]   14:     0x56e7798bb579 - <integration[17ad14c0ce9bb7ac]::tests::position::position_right_of_align_bottom::{closure#0} as core[7c831bd917ebf35f]::ops::function::FnOnce<()>>::call_once
[INFO] [stdout]   15:     0x56e7798ca8db - test[73009c9f9aebf890]::__rust_begin_short_backtrace::<core[7c831bd917ebf35f]::result::Result<(), alloc[2fdc3f7464fcf288]::string::String>, fn() -> core[7c831bd917ebf35f]::result::Result<(), alloc[2fdc3f7464fcf288]::string::String>>
[INFO] [stdout]   16:     0x56e7798d7f45 - test[73009c9f9aebf890]::run_test::{closure#0}
[INFO] [stdout]   17:     0x56e7798d1304 - std[104cf6e2632825ea]::sys::backtrace::__rust_begin_short_backtrace::<test[73009c9f9aebf890]::run_test::{closure#1}, ()>
[INFO] [stdout]   18:     0x56e7798db0a2 - <std[104cf6e2632825ea]::thread::lifecycle::spawn_unchecked<test[73009c9f9aebf890]::run_test::{closure#1}, ()>::{closure#1} as core[7c831bd917ebf35f]::ops::function::FnOnce<()>>::call_once::{shim:vtable#0}
[INFO] [stdout]   19:     0x56e779944b69 - <std[104cf6e2632825ea]::sys::thread::unix::Thread>::new::thread_start
[INFO] [stdout]   20:     0x7bef84b2507a - <unknown>
[INFO] [stdout]   21:     0x7bef84bb8534 - clone
[INFO] [stdout]   22:                0x0 - <unknown>
[INFO] [stdout] 
[INFO] [stdout] ---- tests::position::position_left_of_align_bottom stdout ----
[INFO] [stdout] 
[INFO] [stdout] thread 'tests::position::position_left_of_align_bottom' (3091) panicked at crates/wltile/tests/integration/harness/compositor.rs:67:14:
[INFO] [stdout] failed to spawn sway — is it installed?: Os { code: 2, kind: NotFound, message: "No such file or directory" }
[INFO] [stdout] stack backtrace:
[INFO] [stdout]    0:     0x56e7799457f1 - <<std[104cf6e2632825ea]::sys::backtrace::BacktraceLock>::print::DisplayBacktrace as core[7c831bd917ebf35f]::fmt::Display>::fmt
[INFO] [stdout]    1:     0x56e77995acea - core[7c831bd917ebf35f]::fmt::write
[INFO] [stdout]    2:     0x56e779949f7c - <alloc[2fdc3f7464fcf288]::vec::Vec<u8> as core[7c831bd917ebf35f]::io::write::Write>::write_fmt
[INFO] [stdout]    3:     0x56e77991fcf6 - std[104cf6e2632825ea]::panicking::default_hook::{closure#0}
[INFO] [stdout]    4:     0x56e77993d019 - std[104cf6e2632825ea]::panicking::default_hook
[INFO] [stdout]    5:     0x56e7798d75f0 - test[73009c9f9aebf890]::test_main_inner::<test[73009c9f9aebf890]::test_main_static::{closure#0}>::{closure#0}
[INFO] [stdout]    6:     0x56e77993d1d2 - std[104cf6e2632825ea]::panicking::panic_with_hook
[INFO] [stdout]    7:     0x56e77991fda2 - std[104cf6e2632825ea]::panicking::panic_handler::{closure#0}
[INFO] [stdout]    8:     0x56e779918039 - std[104cf6e2632825ea]::sys::backtrace::__rust_end_short_backtrace::<std[104cf6e2632825ea]::panicking::panic_handler::{closure#0}, !>
[INFO] [stdout]    9:     0x56e77992099d - __rustc[b0d56fa5b193ad05]::rust_begin_unwind
[INFO] [stdout]   10:     0x56e77995b41c - core[7c831bd917ebf35f]::panicking::panic_fmt
[INFO] [stdout]   11:     0x56e77995b1f2 - core[7c831bd917ebf35f]::result::unwrap_failed
[INFO] [stdout]   12:     0x56e7798c2db5 - <integration[17ad14c0ce9bb7ac]::harness::compositor::Compositor>::new
[INFO] [stdout]   13:     0x56e7798b5e31 - integration[17ad14c0ce9bb7ac]::tests::position::position_left_of_align_bottom
[INFO] [stdout]   14:     0x56e7798bb539 - <integration[17ad14c0ce9bb7ac]::tests::position::position_left_of_align_bottom::{closure#0} as core[7c831bd917ebf35f]::ops::function::FnOnce<()>>::call_once
[INFO] [stdout]   15:     0x56e7798ca8db - test[73009c9f9aebf890]::__rust_begin_short_backtrace::<core[7c831bd917ebf35f]::result::Result<(), alloc[2fdc3f7464fcf288]::string::String>, fn() -> core[7c831bd917ebf35f]::result::Result<(), alloc[2fdc3f7464fcf288]::string::String>>
[INFO] [stdout]   16:     0x56e7798d7f45 - test[73009c9f9aebf890]::run_test::{closure#0}
[INFO] [stdout]   17:     0x56e7798d1304 - std[104cf6e2632825ea]::sys::backtrace::__rust_begin_short_backtrace::<test[73009c9f9aebf890]::run_test::{closure#1}, ()>
[INFO] [stdout]   18:     0x56e7798db0a2 - <std[104cf6e2632825ea]::thread::lifecycle::spawn_unchecked<test[73009c9f9aebf890]::run_test::{closure#1}, ()>::{closure#1} as core[7c831bd917ebf35f]::ops::function::FnOnce<()>>::call_once::{shim:vtable#0}
[INFO] [stdout]   19:     0x56e779944b69 - <std[104cf6e2632825ea]::sys::thread::unix::Thread>::new::thread_start
[INFO] [stdout]   20:     0x7bef84b2507a - <unknown>
[INFO] [stdout]   21:     0x7bef84bb8534 - clone
[INFO] [stdout]   22:                0x0 - <unknown>
[INFO] [stdout] 
[INFO] [stdout] ---- tests::show::show_unknown_output_fails stdout ----
[INFO] [stdout] 
[INFO] [stdout] thread 'tests::show::show_unknown_output_fails' (3123) panicked at crates/wltile/tests/integration/harness/compositor.rs:67:14:
[INFO] [stdout] failed to spawn sway — is it installed?: Os { code: 2, kind: NotFound, message: "No such file or directory" }
[INFO] [stdout] stack backtrace:
[INFO] [stdout]    0:     0x56e7799457f1 - <<std[104cf6e2632825ea]::sys::backtrace::BacktraceLock>::print::DisplayBacktrace as core[7c831bd917ebf35f]::fmt::Display>::fmt
[INFO] [stdout]    1:     0x56e77995acea - core[7c831bd917ebf35f]::fmt::write
[INFO] [stdout]    2:     0x56e779949f7c - <alloc[2fdc3f7464fcf288]::vec::Vec<u8> as core[7c831bd917ebf35f]::io::write::Write>::write_fmt
[INFO] [stdout]    3:     0x56e77991fcf6 - std[104cf6e2632825ea]::panicking::default_hook::{closure#0}
[INFO] [stdout]    4:     0x56e77993d019 - std[104cf6e2632825ea]::panicking::default_hook
[INFO] [stdout]    5:     0x56e7798d75f0 - test[73009c9f9aebf890]::test_main_inner::<test[73009c9f9aebf890]::test_main_static::{closure#0}>::{closure#0}
[INFO] [stdout]    6:     0x56e77993d1d2 - std[104cf6e2632825ea]::panicking::panic_with_hook
[INFO] [stdout]    7:     0x56e77991fda2 - std[104cf6e2632825ea]::panicking::panic_handler::{closure#0}
[INFO] [stdout]    8:     0x56e779918039 - std[104cf6e2632825ea]::sys::backtrace::__rust_end_short_backtrace::<std[104cf6e2632825ea]::panicking::panic_handler::{closure#0}, !>
[INFO] [stdout]    9:     0x56e77992099d - __rustc[b0d56fa5b193ad05]::rust_begin_unwind
[INFO] [stdout]   10:     0x56e77995b41c - core[7c831bd917ebf35f]::panicking::panic_fmt
[INFO] [stdout]   11:     0x56e77995b1f2 - core[7c831bd917ebf35f]::result::unwrap_failed
[INFO] [stdout]   12:     0x56e7798c2db5 - <integration[17ad14c0ce9bb7ac]::harness::compositor::Compositor>::new
[INFO] [stdout]   13:     0x56e7798bb975 - integration[17ad14c0ce9bb7ac]::tests::show::show_unknown_output_fails
[INFO] [stdout]   14:     0x56e7798bb2f9 - <integration[17ad14c0ce9bb7ac]::tests::show::show_unknown_output_fails::{closure#0} as core[7c831bd917ebf35f]::ops::function::FnOnce<()>>::call_once
[INFO] [stdout]   15:     0x56e7798ca8db - test[73009c9f9aebf890]::__rust_begin_short_backtrace::<core[7c831bd917ebf35f]::result::Result<(), alloc[2fdc3f7464fcf288]::string::String>, fn() -> core[7c831bd917ebf35f]::result::Result<(), alloc[2fdc3f7464fcf288]::string::String>>
[INFO] [stdout]   16:     0x56e7798d7f45 - test[73009c9f9aebf890]::run_test::{closure#0}
[INFO] [stdout]   17:     0x56e7798d1304 - std[104cf6e2632825ea]::sys::backtrace::__rust_begin_short_backtrace::<test[73009c9f9aebf890]::run_test::{closure#1}, ()>
[INFO] [stdout]   18:     0x56e7798db0a2 - <std[104cf6e2632825ea]::thread::lifecycle::spawn_unchecked<test[73009c9f9aebf890]::run_test::{closure#1}, ()>::{closure#1} as core[7c831bd917ebf35f]::ops::function::FnOnce<()>>::call_once::{shim:vtable#0}
[INFO] [stdout]   19:     0x56e779944b69 - <std[104cf6e2632825ea]::sys::thread::unix::Thread>::new::thread_start
[INFO] [stdout]   20:     0x7bef84b2507a - <unknown>
[INFO] [stdout]   21:     0x7bef84bb8534 - clone
[INFO] [stdout]   22:                0x0 - <unknown>
[INFO] [stdout] 
[INFO] [stdout] 
[INFO] [stdout] failures:
[INFO] [stdout]     tests::daemon::daemon_applies_config_on_output_hotplug
[INFO] [stdout]     tests::daemon::daemon_applies_config_on_sighup
[INFO] [stdout]     tests::daemon::daemon_exits_gracefully_on_sigterm
[INFO] [stdout]     tests::daemon::daemon_position_uses_fresh_geometry_after_property_change_in_same_reload
[INFO] [stdout]     tests::daemon::daemon_relayouts_when_second_output_appears
[INFO] [stdout]     tests::daemon::daemon_second_start_fails_when_pid_file_exists
[INFO] [stdout]     tests::daemon::daemon_skips_position_with_missing_reference
[INFO] [stdout]     tests::daemon::daemon_skips_unconnected_targets
[INFO] [stdout]     tests::list::list_reflects_position_after_positioning
[INFO] [stdout]     tests::list::list_reflects_scale_set_via_set_command
[INFO] [stdout]     tests::list::list_reports_all_expected_fields
[INFO] [stdout]     tests::list::list_shows_all_connected_outputs
[INFO] [stdout]     tests::list::list_shows_disabled_output
[INFO] [stdout]     tests::position::position_bottom_of_align_left
[INFO] [stdout]     tests::position::position_left_of_align_bottom
[INFO] [stdout]     tests::position::position_right_of_align_bottom
[INFO] [stdout]     tests::position::position_right_of_align_top
[INFO] [stdout]     tests::position::position_top_of_align_left
[INFO] [stdout]     tests::position::position_unknown_reference_fails
[INFO] [stdout]     tests::position::position_unknown_target_fails
[INFO] [stdout]     tests::set::set_active_false_disables_output_in_compositor
[INFO] [stdout]     tests::set::set_active_true_reenables_disabled_output_in_compositor
[INFO] [stdout]     tests::set::set_scale_is_reflected_in_compositor
[INFO] [stdout]     tests::show::show_output_prints_details
[INFO] [stdout]     tests::show::show_output_prints_disabled_head_correctly
[INFO] [stdout]     tests::show::show_output_reflects_position_after_positioning
[INFO] [stdout]     tests::show::show_output_reflects_scale_set_via_set_command
[INFO] [stdout]     tests::show::show_output_targets_correct_output_among_multiple
[INFO] [stdout]     tests::show::show_presents_outputs_and_dismisses_on_key_press
[INFO] [stdout]     tests::show::show_unknown_output_fails
[INFO] [stdout] 
[INFO] [stdout] test result: FAILED. 0 passed; 30 failed; 0 ignored; 0 measured; 0 filtered out; finished in 0.02s
[INFO] [stdout] 
[INFO] [stderr] error: test failed, to rerun pass `-p wltile --test integration`
[INFO] running `Command { std: "docker" "inspect" "b10c6a7f16e89a00190151b59799be940c2e227393d672202983c862179a1ab4", kill_on_drop: false }`
[INFO] running `Command { std: "docker" "rm" "-f" "b10c6a7f16e89a00190151b59799be940c2e227393d672202983c862179a1ab4", kill_on_drop: false }`
[INFO] [stdout] b10c6a7f16e89a00190151b59799be940c2e227393d672202983c862179a1ab4
