[INFO] cloning repository https://github.com/kathirmeyyappan/filestore-tiering
[INFO] running `Command { std: "git" "-c" "credential.helper=" "-c" "credential.helper=/workspace/cargo-home/bin/git-credential-null" "clone" "--bare" "https://github.com/kathirmeyyappan/filestore-tiering" "/workspace/cache/git-repos/https%3A%2F%2Fgithub.com%2Fkathirmeyyappan%2Ffilestore-tiering", kill_on_drop: false }`
[INFO] [stderr] Cloning into bare repository '/workspace/cache/git-repos/https%3A%2F%2Fgithub.com%2Fkathirmeyyappan%2Ffilestore-tiering'...
[INFO] running `Command { std: "git" "rev-parse" "HEAD", kill_on_drop: false }`
[INFO] [stdout] a3484fdf5d9f07150bbd11273236a053098ebbec
[INFO] testing kathirmeyyappan/filestore-tiering against 1.99.0-beta.1+cargoflags=--release for beta-release-1.99-2
[INFO] running `Command { std: "git" "clone" "/workspace/cache/git-repos/https%3A%2F%2Fgithub.com%2Fkathirmeyyappan%2Ffilestore-tiering" "/workspace/builds/worker-6-tc2/source", kill_on_drop: false }`
[INFO] [stderr] Cloning into '/workspace/builds/worker-6-tc2/source'...
[INFO] [stderr] done.
[INFO] started tweaking git repo https://github.com/kathirmeyyappan/filestore-tiering
[INFO] finished tweaking git repo https://github.com/kathirmeyyappan/filestore-tiering
[INFO] tweaked toml for git repo https://github.com/kathirmeyyappan/filestore-tiering written to /workspace/builds/worker-6-tc2/source/Cargo.toml
[INFO] validating manifest of git repo https://github.com/kathirmeyyappan/filestore-tiering on toolchain 1.99.0-beta.1
[INFO] running `Command { std: CARGO_HOME="/workspace/cargo-home" RUSTUP_HOME="/workspace/rustup-home" "/workspace/cargo-home/bin/cargo" "+1.99.0-beta.1" "metadata" "--manifest-path" "Cargo.toml" "--no-deps", kill_on_drop: false }`
[INFO] crate git repo https://github.com/kathirmeyyappan/filestore-tiering already has a lockfile, it will not be regenerated
[INFO] running `Command { std: CARGO_HOME="/workspace/cargo-home" RUSTUP_HOME="/workspace/rustup-home" "/workspace/cargo-home/bin/cargo" "+1.99.0-beta.1" "fetch" "--manifest-path" "Cargo.toml", kill_on_drop: false }`
[INFO] running `Command { std: "docker" "create" "-v" "/var/lib/crater-agent-workspace/builds/worker-6-tc2/source:/opt/rustwide/workdir:ro,Z" "-v" "/var/lib/crater-agent-workspace/builds/worker-6-tc2/target:/opt/rustwide/target:rw,Z" "-v" "/var/lib/crater-agent-workspace/cargo-home:/opt/rustwide/cargo-home:ro,Z" "-v" "/var/lib/crater-agent-workspace/rustup-home:/opt/rustwide/rustup-home:ro,Z" "-m" "1610612736" "--network" "none" "ghcr.io/rust-lang/crates-build-env/linux@sha256:8683fc1fc2eb5c9ac98e0d076ab094b2ffac7f99da555d2b6a2e27f346de2ec7" "sleep" "infinity", kill_on_drop: false }`
[INFO] [stdout] 09cf3a1a58785c1d2ab9f220b09005d7db1c197f1346afed7be1713086e3ec93
[INFO] running `Command { std: "docker" "start" "09cf3a1a58785c1d2ab9f220b09005d7db1c197f1346afed7be1713086e3ec93", kill_on_drop: false }`
[INFO] running `Command { std: "docker" "inspect" "09cf3a1a58785c1d2ab9f220b09005d7db1c197f1346afed7be1713086e3ec93", kill_on_drop: false }`
[INFO] running `Command { std: "docker" "exec" "-e" "SOURCE_DIR=/opt/rustwide/workdir" "-e" "CARGO_HOME=/opt/rustwide/cargo-home" "-e" "RUSTUP_HOME=/opt/rustwide/rustup-home" "-e" "CARGO_TARGET_DIR=/opt/rustwide/target" "-w" "/opt/rustwide/workdir" "--user" "0:0" "09cf3a1a58785c1d2ab9f220b09005d7db1c197f1346afed7be1713086e3ec93" "/opt/rustwide/cargo-home/bin/cargo" "+1.99.0-beta.1" "metadata" "--no-deps" "--format-version=1", kill_on_drop: false }`
[INFO] running `Command { std: "docker" "inspect" "09cf3a1a58785c1d2ab9f220b09005d7db1c197f1346afed7be1713086e3ec93", kill_on_drop: false }`
[INFO] running `Command { std: "docker" "exec" "-e" "SOURCE_DIR=/opt/rustwide/workdir" "-e" "CARGO_HOME=/opt/rustwide/cargo-home" "-e" "RUSTUP_HOME=/opt/rustwide/rustup-home" "-e" "CARGO_TARGET_DIR=/opt/rustwide/target" "-e" "CARGO_INCREMENTAL=0" "-e" "RUST_BACKTRACE=full" "-e" "RUSTFLAGS=--cap-lints=warn" "-e" "RUSTDOCFLAGS=--cap-lints=warn" "-w" "/opt/rustwide/workdir" "--user" "0:0" "09cf3a1a58785c1d2ab9f220b09005d7db1c197f1346afed7be1713086e3ec93" "/opt/rustwide/cargo-home/bin/cargo" "+1.99.0-beta.1" "build" "--frozen" "--message-format=json" "--release", kill_on_drop: false }`
[INFO] [stderr]    Compiling libc v0.2.182
[INFO] [stderr]    Compiling zerocopy v0.8.40
[INFO] [stderr]    Compiling quote v1.0.44
[INFO] [stderr]    Compiling regex-syntax v0.8.9
[INFO] [stderr]    Compiling getrandom v0.4.1
[INFO] [stderr]    Compiling instant v0.1.13
[INFO] [stderr]    Compiling anstream v0.6.21
[INFO] [stderr]    Compiling anyhow v1.0.101
[INFO] [stderr]    Compiling clap_lex v1.0.0
[INFO] [stderr]    Compiling once_cell v1.21.3
[INFO] [stderr]    Compiling jiff v0.2.20
[INFO] [stderr]    Compiling num-complex v0.4.6
[INFO] [stderr]    Compiling approx v0.5.1
[INFO] [stderr]    Compiling rustix v1.1.4
[INFO] [stderr]    Compiling num-bigint v0.4.6
[INFO] [stderr]    Compiling num-iter v0.1.45
[INFO] [stderr]    Compiling notify-types v1.0.1
[INFO] [stderr]    Compiling clap_builder v4.5.59
[INFO] [stderr]    Compiling syn v2.0.116
[INFO] [stderr]    Compiling getrandom v0.2.17
[INFO] [stderr]    Compiling inotify-sys v0.1.5
[INFO] [stderr]    Compiling mio v1.1.1
[INFO] [stderr]    Compiling filetime v0.2.27
[INFO] [stderr]    Compiling rand_core v0.6.4
[INFO] [stderr]    Compiling inotify v0.10.2
[INFO] [stderr]    Compiling num-rational v0.4.2
[INFO] [stderr]    Compiling notify v7.0.0
[INFO] [stderr]    Compiling num v0.4.3
[INFO] [stderr]    Compiling regex-automata v0.4.14
[INFO] [stderr]    Compiling tempfile v3.26.0
[INFO] [stderr]    Compiling clap_derive v4.5.55
[INFO] [stderr]    Compiling regex v1.12.3
[INFO] [stderr]    Compiling clap v4.5.59
[INFO] [stderr]    Compiling env_filter v1.0.0
[INFO] [stderr]    Compiling env_logger v0.11.9
[INFO] [stderr]    Compiling ppv-lite86 v0.2.21
[INFO] [stderr]    Compiling rand_chacha v0.3.1
[INFO] [stderr]    Compiling rand v0.8.5
[INFO] [stderr]    Compiling smartcore v0.3.2
[INFO] [stderr]    Compiling filestore-tiering v0.1.0 (/opt/rustwide/workdir)
[INFO] [stderr]     Finished `release` profile [optimized] target(s) in 54.66s
[INFO] running `Command { std: "docker" "inspect" "09cf3a1a58785c1d2ab9f220b09005d7db1c197f1346afed7be1713086e3ec93", kill_on_drop: false }`
[INFO] running `Command { std: "docker" "exec" "-e" "SOURCE_DIR=/opt/rustwide/workdir" "-e" "CARGO_HOME=/opt/rustwide/cargo-home" "-e" "RUSTUP_HOME=/opt/rustwide/rustup-home" "-e" "CARGO_TARGET_DIR=/opt/rustwide/target" "-e" "CARGO_INCREMENTAL=0" "-e" "RUST_BACKTRACE=full" "-e" "RUSTFLAGS=--cap-lints=warn" "-e" "RUSTDOCFLAGS=--cap-lints=warn" "-w" "/opt/rustwide/workdir" "--user" "0:0" "09cf3a1a58785c1d2ab9f220b09005d7db1c197f1346afed7be1713086e3ec93" "/opt/rustwide/cargo-home/bin/cargo" "+1.99.0-beta.1" "test" "--frozen" "--no-run" "--message-format=json" "--release", kill_on_drop: false }`
[INFO] [stderr]    Compiling filestore-tiering v0.1.0 (/opt/rustwide/workdir)
[INFO] [stderr]     Finished `release` profile [optimized] target(s) in 6.12s
[INFO] running `Command { std: "docker" "inspect" "09cf3a1a58785c1d2ab9f220b09005d7db1c197f1346afed7be1713086e3ec93", kill_on_drop: false }`
[INFO] running `Command { std: "docker" "exec" "-e" "SOURCE_DIR=/opt/rustwide/workdir" "-e" "CARGO_HOME=/opt/rustwide/cargo-home" "-e" "RUSTUP_HOME=/opt/rustwide/rustup-home" "-e" "CARGO_TARGET_DIR=/opt/rustwide/target" "-e" "CARGO_INCREMENTAL=0" "-e" "RUST_BACKTRACE=full" "-e" "RUSTFLAGS=--cap-lints=warn" "-e" "RUSTDOCFLAGS=--cap-lints=warn" "-w" "/opt/rustwide/workdir" "--user" "0:0" "09cf3a1a58785c1d2ab9f220b09005d7db1c197f1346afed7be1713086e3ec93" "/opt/rustwide/cargo-home/bin/cargo" "+1.99.0-beta.1" "test" "--frozen" "--release", kill_on_drop: false }`
[INFO] [stderr]     Finished `release` profile [optimized] target(s) in 0.08s
[INFO] [stderr]      Running unittests src/lib.rs (/opt/rustwide/target/release/deps/filestore_tiering-07c5fdb81268054c)
[INFO] [stdout] 
[INFO] [stdout] running 36 tests
[INFO] [stdout] test policies::arc::tests::remove_event_cleans_state ... ok
[INFO] [stdout] test policies::basic_lru::tests::rename_symlink_in_hot_promote_cold_bytes_decreases ... ok
[INFO] [stdout] test policies::arc::tests::no_loop_when_ingest_events_from_our_own_eviction ... ok
[INFO] [stdout] test policies::arc::tests::touch_via_cold_path_promotes_to_hot ... ok
[INFO] [stdout] test policies::arc::tests::over_capacity_evicts_to_cold ... ok
[INFO] [stdout] test policies::arc::tests::create_then_modify_same_batch_no_duplicate ... ok
[INFO] [stdout] test policies::arc::tests::multi_touch_same_file_no_duplicates ... ok
[INFO] [stdout] test policies::decision_tree::tests::tree_retrains_after_interval ... ok
[INFO] [stdout] test policies::cacheus::tests::over_capacity_evicts_to_cold ... ok
[INFO] [stdout] test policies::arc::tests::touch_hot_file_promotes_t1_to_t2 ... ok
[INFO] [stdout] test policies::arc::tests::stats_track_promotions_and_demotions ... ok
[INFO] [stdout] test policies::basic_lru::tests::no_loop_when_ingest_events_from_our_own_eviction ... ok
[INFO] [stdout] test policies::basic_lru::tests::touch_via_cold_path_promotes_to_hot ... ok
[INFO] [stdout] test policies::cacheus::tests::stats_track_demotions ... ok
[INFO] [stdout] test policies::cacheus::tests::scan_files_evicted_before_protected ... ok
[INFO] [stdout] test policies::arc::tests::ghost_hit_b2_adapts_p_downward ... ok
[INFO] [stdout] test policies::lecar::tests::stats_track_demotions ... ok
[INFO] [stdout] test policies::lfu::tests::over_capacity_evicts_to_cold ... ok
[INFO] [stdout] test policies::lecar::tests::weights_shift_on_ghost_hit ... ok
[INFO] [stdout] test policies::lfu::tests::stats_track_demotions ... ok
[INFO] [stdout] test policies::decision_tree::tests::over_capacity_evicts_to_cold ... ok
[INFO] [stdout] test policies::decision_tree::tests::ghost_hit_adds_training_sample ... ok
[INFO] [stdout] test policies::lru_2q::tests::over_capacity_evicts_to_cold ... ok
[INFO] [stdout] test policies::lecar::tests::over_capacity_evicts_to_cold ... ok
[INFO] [stdout] test policies::basic_lru::tests::touch_hot_path_mru_then_evict_lru ... ok
[INFO] [stdout] test policies::basic_lru::tests::remove_event_cleans_state ... ok
[INFO] [stdout] test policies::lru_2q::tests::stats_track_demotions ... ok
[INFO] [stdout] test tier_fs::tests::evict_file_from_hot_to_cold ... ok
[INFO] [stdout] test policies::arc::tests::ghost_hit_b1_adapts_p_upward ... ok
[INFO] [stdout] test tier_fs::tests::noop_when_already_at_target ... ok
[INFO] [stdout] test policies::basic_lru::tests::over_capacity_evicts_lru_to_cold ... ok
[INFO] [stdout] test tier_fs::tests::hot_path_must_be_under_hot_root ... ok
[INFO] [stdout] test policies::lru_2q::tests::second_chance_evicted_a1in_file_goes_to_am ... ok
[INFO] [stdout] test tier_fs::tests::tier_size_bytes_ignores_symlinks ... ok
[INFO] [stdout] test tier_fs::tests::promote_from_cold_back_to_hot ... ok
[INFO] [stdout] test policies::arc::tests::ghost_lists_stay_bounded ... ok
[INFO] [stdout] 
[INFO] [stdout] test result: ok. 36 passed; 0 failed; 0 ignored; 0 measured; 0 filtered out; finished in 0.08s
[INFO] [stdout] 
[INFO] [stderr]      Running unittests src/main.rs (/opt/rustwide/target/release/deps/filestore_tiering-ef459d08f3f757a8)
[INFO] [stdout] 
[INFO] [stdout] running 0 tests
[INFO] [stdout] 
[INFO] [stdout] test result: ok. 0 passed; 0 failed; 0 ignored; 0 measured; 0 filtered out; finished in 0.00s
[INFO] [stdout] 
[INFO] [stderr]      Running unittests src/bin/tiering_bench.rs (/opt/rustwide/target/release/deps/tiering_bench-528bb07882c174ea)
[INFO] [stdout] 
[INFO] [stdout] running 0 tests
[INFO] [stdout] 
[INFO] [stdout] test result: ok. 0 passed; 0 failed; 0 ignored; 0 measured; 0 filtered out; finished in 0.00s
[INFO] [stdout] 
[INFO] [stderr]      Running tests/integration.rs (/opt/rustwide/target/release/deps/integration-3bb82aa20d54c7f8)
[INFO] [stdout] 
[INFO] [stdout] running 4 tests
[INFO] [stdout] test basic_lru_evicts_when_over_capacity ... FAILED
[INFO] [stdout] test lfu_evicts_when_over_capacity ... FAILED
[INFO] [stdout] test arc_evicts_when_over_capacity ... FAILED
[INFO] [stdout] test eviction_does_not_oscillate_any_policy ... ok
[INFO] [stdout] 
[INFO] [stdout] failures:
[INFO] [stdout] 
[INFO] [stdout] ---- basic_lru_evicts_when_over_capacity stdout ----
[INFO] [stdout] 
[INFO] [stdout] thread 'basic_lru_evicts_when_over_capacity' (1149) panicked at tests/integration.rs:70:6:
[INFO] [stdout] start daemon: Os { code: 2, kind: NotFound, message: "No such file or directory" }
[INFO] [stdout] stack backtrace:
[INFO] [stdout]    0:     0x5a42a1fce7e1 - <<std[104cf6e2632825ea]::sys::backtrace::BacktraceLock>::print::DisplayBacktrace as core[7c831bd917ebf35f]::fmt::Display>::fmt
[INFO] [stdout]    1:     0x5a42a1fe40ca - core[7c831bd917ebf35f]::fmt::write
[INFO] [stdout]    2:     0x5a42a1fd344c - <alloc[2fdc3f7464fcf288]::vec::Vec<u8> as core[7c831bd917ebf35f]::io::write::Write>::write_fmt
[INFO] [stdout]    3:     0x5a42a1fa7c36 - std[104cf6e2632825ea]::panicking::default_hook::{closure#0}
[INFO] [stdout]    4:     0x5a42a1fc5999 - std[104cf6e2632825ea]::panicking::default_hook
[INFO] [stdout]    5:     0x5a42a1f0df30 - test[73009c9f9aebf890]::test_main_inner::<test[73009c9f9aebf890]::test_main_static::{closure#0}>::{closure#0}
[INFO] [stdout]    6:     0x5a42a1fc5b52 - std[104cf6e2632825ea]::panicking::panic_with_hook
[INFO] [stdout]    7:     0x5a42a1fa7ce2 - std[104cf6e2632825ea]::panicking::panic_handler::{closure#0}
[INFO] [stdout]    8:     0x5a42a1f9f929 - std[104cf6e2632825ea]::sys::backtrace::__rust_end_short_backtrace::<std[104cf6e2632825ea]::panicking::panic_handler::{closure#0}, !>
[INFO] [stdout]    9:     0x5a42a1fa8bcd - __rustc[b0d56fa5b193ad05]::rust_begin_unwind
[INFO] [stdout]   10:     0x5a42a1fe47fc - core[7c831bd917ebf35f]::panicking::panic_fmt
[INFO] [stdout]   11:     0x5a42a1fe45d2 - core[7c831bd917ebf35f]::result::unwrap_failed
[INFO] [stdout]   12:     0x5a42a1effe6e - <integration[704374e55ca46ef5]::basic_lru_evicts_when_over_capacity::{closure#0} as core[7c831bd917ebf35f]::ops::function::FnOnce<()>>::call_once
[INFO] [stdout]   13:     0x5a42a1f0121b - test[73009c9f9aebf890]::__rust_begin_short_backtrace::<core[7c831bd917ebf35f]::result::Result<(), alloc[2fdc3f7464fcf288]::string::String>, fn() -> core[7c831bd917ebf35f]::result::Result<(), alloc[2fdc3f7464fcf288]::string::String>>
[INFO] [stdout]   14:     0x5a42a1f0e885 - test[73009c9f9aebf890]::run_test::{closure#0}
[INFO] [stdout]   15:     0x5a42a1f07c44 - std[104cf6e2632825ea]::sys::backtrace::__rust_begin_short_backtrace::<test[73009c9f9aebf890]::run_test::{closure#1}, ()>
[INFO] [stdout]   16:     0x5a42a1f119e2 - <std[104cf6e2632825ea]::thread::lifecycle::spawn_unchecked<test[73009c9f9aebf890]::run_test::{closure#1}, ()>::{closure#1} as core[7c831bd917ebf35f]::ops::function::FnOnce<()>>::call_once::{shim:vtable#0}
[INFO] [stdout]   17:     0x5a42a1fcdba9 - <std[104cf6e2632825ea]::sys::thread::unix::Thread>::new::thread_start
[INFO] [stdout]   18:     0x7f080ab0607a - <unknown>
[INFO] [stdout]   19:     0x7f080ab99534 - clone
[INFO] [stdout]   20:                0x0 - <unknown>
[INFO] [stdout] 
[INFO] [stdout] ---- lfu_evicts_when_over_capacity stdout ----
[INFO] [stdout] 
[INFO] [stdout] thread 'lfu_evicts_when_over_capacity' (1151) panicked at tests/integration.rs:145:10:
[INFO] [stdout] start daemon: Os { code: 2, kind: NotFound, message: "No such file or directory" }
[INFO] [stdout] stack backtrace:
[INFO] [stdout]    0:     0x5a42a1fce7e1 - <<std[104cf6e2632825ea]::sys::backtrace::BacktraceLock>::print::DisplayBacktrace as core[7c831bd917ebf35f]::fmt::Display>::fmt
[INFO] [stdout]    1:     0x5a42a1fe40ca - core[7c831bd917ebf35f]::fmt::write
[INFO] [stdout]    2:     0x5a42a1fd344c - <alloc[2fdc3f7464fcf288]::vec::Vec<u8> as core[7c831bd917ebf35f]::io::write::Write>::write_fmt
[INFO] [stdout]    3:     0x5a42a1fa7c36 - std[104cf6e2632825ea]::panicking::default_hook::{closure#0}
[INFO] [stdout]    4:     0x5a42a1fc5999 - std[104cf6e2632825ea]::panicking::default_hook
[INFO] [stdout]    5:     0x5a42a1f0df30 - test[73009c9f9aebf890]::test_main_inner::<test[73009c9f9aebf890]::test_main_static::{closure#0}>::{closure#0}
[INFO] [stdout]    6:     0x5a42a1fc5b52 - std[104cf6e2632825ea]::panicking::panic_with_hook
[INFO] [stdout]    7:     0x5a42a1fa7ce2 - std[104cf6e2632825ea]::panicking::panic_handler::{closure#0}
[INFO] [stdout]    8:     0x5a42a1f9f929 - std[104cf6e2632825ea]::sys::backtrace::__rust_end_short_backtrace::<std[104cf6e2632825ea]::panicking::panic_handler::{closure#0}, !>
[INFO] [stdout]    9:     0x5a42a1fa8bcd - __rustc[b0d56fa5b193ad05]::rust_begin_unwind
[INFO] [stdout]   10:     0x5a42a1fe47fc - core[7c831bd917ebf35f]::panicking::panic_fmt
[INFO] [stdout]   11:     0x5a42a1fe45d2 - core[7c831bd917ebf35f]::result::unwrap_failed
[INFO] [stdout]   12:     0x5a42a1eff59e - <integration[704374e55ca46ef5]::lfu_evicts_when_over_capacity::{closure#0} as core[7c831bd917ebf35f]::ops::function::FnOnce<()>>::call_once
[INFO] [stdout]   13:     0x5a42a1f0121b - test[73009c9f9aebf890]::__rust_begin_short_backtrace::<core[7c831bd917ebf35f]::result::Result<(), alloc[2fdc3f7464fcf288]::string::String>, fn() -> core[7c831bd917ebf35f]::result::Result<(), alloc[2fdc3f7464fcf288]::string::String>>
[INFO] [stdout]   14:     0x5a42a1f0e885 - test[73009c9f9aebf890]::run_test::{closure#0}
[INFO] [stdout]   15:     0x5a42a1f07c44 - std[104cf6e2632825ea]::sys::backtrace::__rust_begin_short_backtrace::<test[73009c9f9aebf890]::run_test::{closure#1}, ()>
[INFO] [stdout]   16:     0x5a42a1f119e2 - <std[104cf6e2632825ea]::thread::lifecycle::spawn_unchecked<test[73009c9f9aebf890]::run_test::{closure#1}, ()>::{closure#1} as core[7c831bd917ebf35f]::ops::function::FnOnce<()>>::call_once::{shim:vtable#0}
[INFO] [stdout]   17:     0x5a42a1fcdba9 - <std[104cf6e2632825ea]::sys::thread::unix::Thread>::new::thread_start
[INFO] [stdout]   18:     0x7f080ab0607a - <unknown>
[INFO] [stdout]   19:     0x7f080ab99534 - clone
[INFO] [stdout]   20:                0x0 - <unknown>
[INFO] [stdout] 
[INFO] [stdout] ---- arc_evicts_when_over_capacity stdout ----
[INFO] [stdout] 
[INFO] [stdout] thread 'arc_evicts_when_over_capacity' (1148) panicked at tests/integration.rs:108:10:
[INFO] [stdout] start daemon: Os { code: 2, kind: NotFound, message: "No such file or directory" }
[INFO] [stdout] stack backtrace:
[INFO] [stdout]    0:     0x5a42a1fce7e1 - <<std[104cf6e2632825ea]::sys::backtrace::BacktraceLock>::print::DisplayBacktrace as core[7c831bd917ebf35f]::fmt::Display>::fmt
[INFO] [stdout]    1:     0x5a42a1fe40ca - core[7c831bd917ebf35f]::fmt::write
[INFO] [stdout]    2:     0x5a42a1fd344c - <alloc[2fdc3f7464fcf288]::vec::Vec<u8> as core[7c831bd917ebf35f]::io::write::Write>::write_fmt
[INFO] [stdout]    3:     0x5a42a1fa7c36 - std[104cf6e2632825ea]::panicking::default_hook::{closure#0}
[INFO] [stdout]    4:     0x5a42a1fc5999 - std[104cf6e2632825ea]::panicking::default_hook
[INFO] [stdout]    5:     0x5a42a1f0df30 - test[73009c9f9aebf890]::test_main_inner::<test[73009c9f9aebf890]::test_main_static::{closure#0}>::{closure#0}
[INFO] [stdout]    6:     0x5a42a1fc5b52 - std[104cf6e2632825ea]::panicking::panic_with_hook
[INFO] [stdout]    7:     0x5a42a1fa7ce2 - std[104cf6e2632825ea]::panicking::panic_handler::{closure#0}
[INFO] [stdout]    8:     0x5a42a1f9f929 - std[104cf6e2632825ea]::sys::backtrace::__rust_end_short_backtrace::<std[104cf6e2632825ea]::panicking::panic_handler::{closure#0}, !>
[INFO] [stdout]    9:     0x5a42a1fa8bcd - __rustc[b0d56fa5b193ad05]::rust_begin_unwind
[INFO] [stdout]   10:     0x5a42a1fe47fc - core[7c831bd917ebf35f]::panicking::panic_fmt
[INFO] [stdout]   11:     0x5a42a1fe45d2 - core[7c831bd917ebf35f]::result::unwrap_failed
[INFO] [stdout]   12:     0x5a42a1efecce - <integration[704374e55ca46ef5]::arc_evicts_when_over_capacity::{closure#0} as core[7c831bd917ebf35f]::ops::function::FnOnce<()>>::call_once
[INFO] [stdout]   13:     0x5a42a1f0121b - test[73009c9f9aebf890]::__rust_begin_short_backtrace::<core[7c831bd917ebf35f]::result::Result<(), alloc[2fdc3f7464fcf288]::string::String>, fn() -> core[7c831bd917ebf35f]::result::Result<(), alloc[2fdc3f7464fcf288]::string::String>>
[INFO] [stdout]   14:     0x5a42a1f0e885 - test[73009c9f9aebf890]::run_test::{closure#0}
[INFO] [stdout]   15:     0x5a42a1f07c44 - std[104cf6e2632825ea]::sys::backtrace::__rust_begin_short_backtrace::<test[73009c9f9aebf890]::run_test::{closure#1}, ()>
[INFO] [stdout]   16:     0x5a42a1f119e2 - <std[104cf6e2632825ea]::thread::lifecycle::spawn_unchecked<test[73009c9f9aebf890]::run_test::{closure#1}, ()>::{closure#1} as core[7c831bd917ebf35f]::ops::function::FnOnce<()>>::call_once::{shim:vtable#0}
[INFO] [stdout]   17:     0x5a42a1fcdba9 - <std[104cf6e2632825ea]::sys::thread::unix::Thread>::new::thread_start
[INFO] [stdout]   18:     0x7f080ab0607a - <unknown>
[INFO] [stdout]   19:     0x7f080ab99534 - clone
[INFO] [stdout]   20:                0x0 - <unknown>
[INFO] [stdout] 
[INFO] [stdout] 
[INFO] [stdout] failures:
[INFO] [stdout]     arc_evicts_when_over_capacity
[INFO] [stdout]     basic_lru_evicts_when_over_capacity
[INFO] [stdout]     lfu_evicts_when_over_capacity
[INFO] [stdout] 
[INFO] [stdout] test result: FAILED. 1 passed; 3 failed; 0 ignored; 0 measured; 0 filtered out; finished in 0.01s
[INFO] [stdout] 
[INFO] [stderr] error: test failed, to rerun pass `--test integration`
[INFO] running `Command { std: "docker" "inspect" "09cf3a1a58785c1d2ab9f220b09005d7db1c197f1346afed7be1713086e3ec93", kill_on_drop: false }`
[INFO] running `Command { std: "docker" "rm" "-f" "09cf3a1a58785c1d2ab9f220b09005d7db1c197f1346afed7be1713086e3ec93", kill_on_drop: false }`
[INFO] [stdout] 09cf3a1a58785c1d2ab9f220b09005d7db1c197f1346afed7be1713086e3ec93
