[INFO] cloning repository https://github.com/karaler/kfw-rs
[INFO] running `Command { std: "git" "-c" "credential.helper=" "-c" "credential.helper=/workspace/cargo-home/bin/git-credential-null" "clone" "--bare" "https://github.com/karaler/kfw-rs" "/workspace/cache/git-repos/https%3A%2F%2Fgithub.com%2Fkaraler%2Fkfw-rs", kill_on_drop: false }`
[INFO] [stderr] Cloning into bare repository '/workspace/cache/git-repos/https%3A%2F%2Fgithub.com%2Fkaraler%2Fkfw-rs'...
[INFO] running `Command { std: "git" "rev-parse" "HEAD", kill_on_drop: false }`
[INFO] [stdout] fad5e0e6b1712b33ca644e4f3138cd934367947a
[INFO] testing karaler/kfw-rs against 1.98.0-beta.8+cargoflags=--release for beta-release-1.99-2
[INFO] running `Command { std: "git" "clone" "/workspace/cache/git-repos/https%3A%2F%2Fgithub.com%2Fkaraler%2Fkfw-rs" "/workspace/builds/worker-7-tc1/source", kill_on_drop: false }`
[INFO] [stderr] Cloning into '/workspace/builds/worker-7-tc1/source'...
[INFO] [stderr] done.
[INFO] started tweaking git repo https://github.com/karaler/kfw-rs
[INFO] finished tweaking git repo https://github.com/karaler/kfw-rs
[INFO] tweaked toml for git repo https://github.com/karaler/kfw-rs written to /workspace/builds/worker-7-tc1/source/Cargo.toml
[INFO] validating manifest of git repo https://github.com/karaler/kfw-rs on toolchain 1.98.0-beta.8
[INFO] running `Command { std: CARGO_HOME="/workspace/cargo-home" RUSTUP_HOME="/workspace/rustup-home" "/workspace/cargo-home/bin/cargo" "+1.98.0-beta.8" "metadata" "--manifest-path" "Cargo.toml" "--no-deps", kill_on_drop: false }`
[INFO] crate git repo https://github.com/karaler/kfw-rs already has a lockfile, it will not be regenerated
[INFO] running `Command { std: CARGO_HOME="/workspace/cargo-home" RUSTUP_HOME="/workspace/rustup-home" "/workspace/cargo-home/bin/cargo" "+1.98.0-beta.8" "fetch" "--manifest-path" "Cargo.toml", kill_on_drop: false }`
[INFO] [stderr]     Updating crates.io index
[INFO] [stderr]  Downloading crates ...
[INFO] [stderr]   Downloaded tokio-macros v2.4.0
[INFO] [stderr]   Downloaded arraydeque v0.5.1
[INFO] [stderr]   Downloaded ref-cast v1.0.23
[INFO] [stderr]   Downloaded pathdiff v0.2.3
[INFO] [stderr]   Downloaded ref-cast-impl v1.0.23
[INFO] [stderr]   Downloaded colorchoice v1.0.3
[INFO] [stderr]   Downloaded yoke-derive v0.7.5
[INFO] [stderr]   Downloaded atomic v0.6.0
[INFO] [stderr]   Downloaded zerofrom v0.1.5
[INFO] [stderr]   Downloaded is-terminal v0.4.13
[INFO] [stderr]   Downloaded is_terminal_polyfill v1.70.1
[INFO] [stderr]   Downloaded pest_derive v2.7.15
[INFO] [stderr]   Downloaded json5 v0.4.1
[INFO] [stderr]   Downloaded ron v0.8.1
[INFO] [stderr]   Downloaded zerofrom-derive v0.1.5
[INFO] [stderr]   Downloaded proc-macro2-diagnostics v0.10.1
[INFO] [stderr]   Downloaded anstyle-wincon v3.0.6
[INFO] [stderr]   Downloaded env_filter v0.1.3
[INFO] [stderr]   Downloaded trim-in-place v0.1.7
[INFO] [stderr]   Downloaded ordered-multimap v0.7.3
[INFO] [stderr]   Downloaded dlv-list v0.5.2
[INFO] [stderr]   Downloaded cpufeatures v0.2.16
[INFO] [stderr]   Downloaded pin-project-lite v0.2.15
[INFO] [stderr]   Downloaded idna_adapter v1.2.0
[INFO] [stderr]   Downloaded wasm-bindgen-shared v0.2.99
[INFO] [stderr]   Downloaded write16 v1.0.0
[INFO] [stderr]   Downloaded utf16_iter v1.0.5
[INFO] [stderr]   Downloaded anstyle v1.0.10
[INFO] [stderr]   Downloaded icu_provider_macros v1.5.0
[INFO] [stderr]   Downloaded pest_generator v2.7.15
[INFO] [stderr]   Downloaded thiserror v2.0.9
[INFO] [stderr]   Downloaded thiserror-impl v2.0.9
[INFO] [stderr]   Downloaded devise_codegen v0.4.2
[INFO] [stderr]   Downloaded pest_meta v2.7.15
[INFO] [stderr]   Downloaded ubyte v0.10.4
[INFO] [stderr]   Downloaded pear_codegen v0.2.9
[INFO] [stderr]   Downloaded devise v0.4.2
[INFO] [stderr]   Downloaded dsl_auto_type v0.1.2
[INFO] [stderr]   Downloaded anyhow v1.0.95
[INFO] [stderr]   Downloaded diesel_table_macro_syntax v0.2.0
[INFO] [stderr]   Downloaded pest v2.7.15
[INFO] [stderr]   Downloaded anstyle-query v1.1.2
[INFO] [stderr]   Downloaded hermit-abi v0.4.0
[INFO] [stderr]   Downloaded pkg-config v0.3.31
[INFO] [stderr]   Downloaded wasm-bindgen-macro v0.2.99
[INFO] [stderr]   Downloaded glob v0.3.2
[INFO] [stderr]   Downloaded wasm-bindgen-backend v0.2.99
[INFO] [stderr]   Downloaded tracing-attributes v0.1.28
[INFO] [stderr]   Downloaded async-trait v0.1.83
[INFO] [stderr]   Downloaded r2d2 v0.8.10
[INFO] [stderr]   Downloaded zerovec-derive v0.10.3
[INFO] [stderr]   Downloaded litemap v0.7.4
[INFO] [stderr]   Downloaded scheduled-thread-pool v0.2.7
[INFO] [stderr]   Downloaded yoke v0.7.5
[INFO] [stderr]   Downloaded tinystr v0.7.6
[INFO] [stderr]   Downloaded time-macros v0.2.19
[INFO] [stderr]   Downloaded state v0.6.0
[INFO] [stderr]   Downloaded generator v0.7.5
[INFO] [stderr]   Downloaded pear v0.2.9
[INFO] [stderr]   Downloaded atomic v0.5.3
[INFO] [stderr]   Downloaded writeable v0.5.5
[INFO] [stderr]   Downloaded wasm-bindgen-macro-support v0.2.99
[INFO] [stderr]   Downloaded devise_core v0.4.2
[INFO] [stderr]   Downloaded anstream v0.6.18
[INFO] [stderr]   Downloaded anstyle-parse v0.2.6
[INFO] [stderr]   Downloaded synstructure v0.13.1
[INFO] [stderr]   Downloaded icu_locid_transform v1.5.0
[INFO] [stderr]   Downloaded hashlink v0.9.1
[INFO] [stderr]   Downloaded rust-ini v0.21.1
[INFO] [stderr]   Downloaded env_logger v0.11.6
[INFO] [stderr]   Downloaded windows-core v0.52.0
[INFO] [stderr]   Downloaded socket2 v0.5.8
[INFO] [stderr]   Downloaded httparse v1.9.5
[INFO] [stderr]   Downloaded iana-time-zone v0.1.61
[INFO] [stderr]   Downloaded icu_locid_transform_data v1.5.0
[INFO] [stderr]   Downloaded tokio-stream v0.1.17
[INFO] [stderr]   Downloaded tempfile v3.14.0
[INFO] [stderr]   Downloaded icu_provider v1.5.0
[INFO] [stderr]   Downloaded miniz_oxide v0.8.2
[INFO] [stderr]   Downloaded toml v0.8.19
[INFO] [stderr]   Downloaded serde v1.0.217
[INFO] [stderr]   Downloaded icu_properties v1.5.1
[INFO] [stderr]   Downloaded icu_normalizer v1.5.0
[INFO] [stderr]   Downloaded wasm-bindgen v0.2.99
[INFO] [stderr]   Downloaded serde_derive v1.0.217
[INFO] [stderr]   Downloaded tracing-core v0.1.33
[INFO] [stderr]   Downloaded icu_locid v1.5.0
[INFO] [stderr]   Downloaded icu_normalizer_data v1.5.0
[INFO] [stderr]   Downloaded diesel_derives v2.2.3
[INFO] [stderr]   Downloaded js-sys v0.3.76
[INFO] [stderr]   Downloaded bytes v1.9.0
[INFO] [stderr]   Downloaded loom v0.5.6
[INFO] [stderr]   Downloaded rocket_http v0.5.1
[INFO] [stderr]   Downloaded config v0.15.4
[INFO] [stderr]   Downloaded backtrace v0.3.74
[INFO] [stderr]   Downloaded tokio-util v0.7.13
[INFO] [stderr]   Downloaded cc v1.2.6
[INFO] [stderr]   Downloaded indexmap v2.7.0
[INFO] [stderr]   Downloaded figment v0.10.19
[INFO] [stderr]   Downloaded icu_collections v1.5.0
[INFO] [stderr]   Downloaded http v1.2.0
[INFO] [stderr]   Downloaded toml_edit v0.22.22
[INFO] [stderr]   Downloaded rocket_codegen v0.5.1
[INFO] [stderr]   Downloaded zerovec v0.10.4
[INFO] [stderr]   Downloaded time v0.3.37
[INFO] [stderr]   Downloaded yaml-rust2 v0.9.0
[INFO] [stderr]   Downloaded serde_json v1.0.134
[INFO] [stderr]   Downloaded winnow v0.6.21
[INFO] [stderr]   Downloaded tracing-subscriber v0.3.19
[INFO] [stderr]   Downloaded icu_properties_data v1.5.0
[INFO] [stderr]   Downloaded chrono v0.4.39
[INFO] [stderr]   Downloaded mysqlclient-sys v0.4.2
[INFO] [stderr]   Downloaded rocket v0.5.1
[INFO] [stderr]   Downloaded diesel v2.2.6
[INFO] [stderr]   Downloaded tokio v1.42.0
[INFO] [stderr]   Downloaded windows v0.48.0
[INFO] running `Command { std: "docker" "create" "-v" "/var/lib/crater-agent-workspace/builds/worker-7-tc1/source:/opt/rustwide/workdir:ro,Z" "-v" "/var/lib/crater-agent-workspace/builds/worker-7-tc1/target:/opt/rustwide/target:rw,Z" "-v" "/var/lib/crater-agent-workspace/cargo-home:/opt/rustwide/cargo-home:ro,Z" "-v" "/var/lib/crater-agent-workspace/rustup-home:/opt/rustwide/rustup-home:ro,Z" "-m" "1610612736" "--network" "none" "ghcr.io/rust-lang/crates-build-env/linux@sha256:8683fc1fc2eb5c9ac98e0d076ab094b2ffac7f99da555d2b6a2e27f346de2ec7" "sleep" "infinity", kill_on_drop: false }`
[INFO] [stdout] 719538f16c45b6b91dc7a3ae5b85ff713d0b19c02b8af844957729f5c330fd9b
[INFO] running `Command { std: "docker" "start" "719538f16c45b6b91dc7a3ae5b85ff713d0b19c02b8af844957729f5c330fd9b", kill_on_drop: false }`
[INFO] running `Command { std: "docker" "inspect" "719538f16c45b6b91dc7a3ae5b85ff713d0b19c02b8af844957729f5c330fd9b", kill_on_drop: false }`
[INFO] running `Command { std: "docker" "exec" "-e" "SOURCE_DIR=/opt/rustwide/workdir" "-e" "CARGO_HOME=/opt/rustwide/cargo-home" "-e" "RUSTUP_HOME=/opt/rustwide/rustup-home" "-e" "CARGO_TARGET_DIR=/opt/rustwide/target" "-w" "/opt/rustwide/workdir" "--user" "0:0" "719538f16c45b6b91dc7a3ae5b85ff713d0b19c02b8af844957729f5c330fd9b" "/opt/rustwide/cargo-home/bin/cargo" "+1.98.0-beta.8" "metadata" "--no-deps" "--format-version=1", kill_on_drop: false }`
[INFO] running `Command { std: "docker" "inspect" "719538f16c45b6b91dc7a3ae5b85ff713d0b19c02b8af844957729f5c330fd9b", kill_on_drop: false }`
[INFO] running `Command { std: "docker" "exec" "-e" "SOURCE_DIR=/opt/rustwide/workdir" "-e" "CARGO_HOME=/opt/rustwide/cargo-home" "-e" "RUSTUP_HOME=/opt/rustwide/rustup-home" "-e" "CARGO_TARGET_DIR=/opt/rustwide/target" "-e" "CARGO_INCREMENTAL=0" "-e" "RUST_BACKTRACE=full" "-e" "RUSTFLAGS=--cap-lints=warn" "-e" "RUSTDOCFLAGS=--cap-lints=warn" "-w" "/opt/rustwide/workdir" "--user" "0:0" "719538f16c45b6b91dc7a3ae5b85ff713d0b19c02b8af844957729f5c330fd9b" "/opt/rustwide/cargo-home/bin/cargo" "+1.98.0-beta.8" "build" "--frozen" "--message-format=json" "--release", kill_on_drop: false }`
[INFO] [stderr]    Compiling proc-macro2 v1.0.92
[INFO] [stderr]    Compiling unicode-ident v1.0.14
[INFO] [stderr]    Compiling libc v0.2.169
[INFO] [stderr]    Compiling serde v1.0.217
[INFO] [stderr]    Compiling memchr v2.7.4
[INFO] [stderr]    Compiling once_cell v1.20.2
[INFO] [stderr]    Compiling proc-macro2-diagnostics v0.10.1
[INFO] [stderr]    Compiling pin-project-lite v0.2.15
[INFO] [stderr]    Compiling stable_deref_trait v1.2.0
[INFO] [stderr]    Compiling itoa v1.0.14
[INFO] [stderr]    Compiling fnv v1.0.7
[INFO] [stderr]    Compiling yansi v1.0.1
[INFO] [stderr]    Compiling bytes v1.9.0
[INFO] [stderr]    Compiling smallvec v1.13.2
[INFO] [stderr]    Compiling thiserror v2.0.9
[INFO] [stderr]    Compiling httparse v1.9.5
[INFO] [stderr]    Compiling slab v0.4.9
[INFO] [stderr]    Compiling num-conv v0.1.0
[INFO] [stderr]    Compiling hashbrown v0.15.2
[INFO] [stderr]    Compiling time-core v0.1.2
[INFO] [stderr]    Compiling quote v1.0.38
[INFO] [stderr]    Compiling syn v2.0.93
[INFO] [stderr]    Compiling litemap v0.7.4
[INFO] [stderr]    Compiling crunchy v0.2.2
[INFO] [stderr]    Compiling equivalent v1.0.1
[INFO] [stderr]    Compiling writeable v0.5.5
[INFO] [stderr]    Compiling socket2 v0.5.8
[INFO] [stderr]    Compiling signal-hook-registry v1.4.2
[INFO] [stderr]    Compiling mio v1.0.3
[INFO] [stderr]    Compiling time-macros v0.2.19
[INFO] [stderr]    Compiling cookie v0.18.1
[INFO] [stderr]    Compiling ref-cast v1.0.23
[INFO] [stderr]    Compiling tiny-keccak v2.0.2
[INFO] [stderr]    Compiling futures-channel v0.3.31
[INFO] [stderr]    Compiling futures-sink v0.3.31
[INFO] [stderr]    Compiling cfg-if v1.0.0
[INFO] [stderr]    Compiling icu_locid_transform_data v1.5.0
[INFO] [stderr]    Compiling futures-task v0.3.31
[INFO] [stderr]    Compiling futures-io v0.3.31
[INFO] [stderr]    Compiling futures-core v0.3.31
[INFO] [stderr]    Compiling getrandom v0.2.15
[INFO] [stderr]    Compiling futures-util v0.3.31
[INFO] [stderr]    Compiling pin-utils v0.1.0
[INFO] [stderr]    Compiling either v1.13.0
[INFO] [stderr]    Compiling percent-encoding v2.3.1
[INFO] [stderr]    Compiling strsim v0.11.1
[INFO] [stderr]    Compiling ident_case v1.0.1
[INFO] [stderr]    Compiling icu_properties_data v1.5.0
[INFO] [stderr]    Compiling powerfmt v0.2.0
[INFO] [stderr]    Compiling ucd-trie v0.1.7
[INFO] [stderr]    Compiling log v0.4.22
[INFO] [stderr]    Compiling deranged v0.3.11
[INFO] [stderr]    Compiling const-random-macro v0.1.16
[INFO] [stderr]    Compiling parking_lot_core v0.9.10
[INFO] [stderr]    Compiling http v0.2.12
[INFO] [stderr]    Compiling is-terminal v0.4.13
[INFO] [stderr]    Compiling tracing-core v0.1.33
[INFO] [stderr]    Compiling uncased v0.9.10
[INFO] [stderr]    Compiling bitflags v2.6.0
[INFO] [stderr]    Compiling try-lock v0.2.5
[INFO] [stderr]    Compiling utf16_iter v1.0.5
[INFO] [stderr]    Compiling write16 v1.0.0
[INFO] [stderr]    Compiling icu_normalizer_data v1.5.0
[INFO] [stderr]    Compiling winnow v0.6.21
[INFO] [stderr]    Compiling tracing v0.1.41
[INFO] [stderr]    Compiling want v0.3.1
[INFO] [stderr]    Compiling http-body v0.4.6
[INFO] [stderr]    Compiling tokio v1.42.0
[INFO] [stderr]    Compiling time v0.3.37
[INFO] [stderr]    Compiling parking_lot v0.12.3
[INFO] [stderr]    Compiling const-random v0.1.18
[INFO] [stderr]    Compiling aho-corasick v1.1.3
[INFO] [stderr]    Compiling encoding_rs v0.8.35
[INFO] [stderr]    Compiling num-traits v0.2.19
[INFO] [stderr]    Compiling rustix v0.38.42
[INFO] [stderr]    Compiling pkg-config v0.3.31
[INFO] [stderr]    Compiling synstructure v0.13.1
[INFO] [stderr]    Compiling darling_core v0.20.10
[INFO] [stderr]    Compiling devise_core v0.4.2
[INFO] [stderr]    Compiling tower-service v0.3.3
[INFO] [stderr]    Compiling inlinable_string v0.1.15
[INFO] [stderr]    Compiling serde_json v1.0.134
[INFO] [stderr]    Compiling httpdate v1.0.3
[INFO] [stderr]    Compiling regex-syntax v0.8.5
[INFO] [stderr]    Compiling serde_derive v1.0.217
[INFO] [stderr]    Compiling zerofrom-derive v0.1.5
[INFO] [stderr]    Compiling yoke-derive v0.7.5
[INFO] [stderr]    Compiling zerovec-derive v0.10.3
[INFO] [stderr]    Compiling zerocopy-derive v0.7.35
[INFO] [stderr]    Compiling zerofrom v0.1.5
[INFO] [stderr]    Compiling yoke v0.7.5
[INFO] [stderr]    Compiling displaydoc v0.2.5
[INFO] [stderr]    Compiling thiserror-impl v2.0.9
[INFO] [stderr]    Compiling zerovec v0.10.4
[INFO] [stderr]    Compiling zerocopy v0.7.35
[INFO] [stderr]    Compiling tokio-macros v2.4.0
[INFO] [stderr]    Compiling icu_provider_macros v1.5.0
[INFO] [stderr]    Compiling pear_codegen v0.2.9
[INFO] [stderr]    Compiling ahash v0.8.11
[INFO] [stderr]    Compiling tinystr v0.7.6
[INFO] [stderr]    Compiling icu_locid v1.5.0
[INFO] [stderr]    Compiling icu_collections v1.5.0
[INFO] [stderr]    Compiling ref-cast-impl v1.0.23
[INFO] [stderr]    Compiling hashbrown v0.14.5
[INFO] [stderr]    Compiling pest v2.7.15
[INFO] [stderr]    Compiling icu_provider v1.5.0
[INFO] [stderr]    Compiling darling_macro v0.20.10
[INFO] [stderr]    Compiling icu_locid_transform v1.5.0
[INFO] [stderr]    Compiling indexmap v2.7.0
[INFO] [stderr]    Compiling pest_meta v2.7.15
[INFO] [stderr]    Compiling darling v0.20.10
[INFO] [stderr]    Compiling pear v0.2.9
[INFO] [stderr]    Compiling icu_properties v1.5.1
[INFO] [stderr]    Compiling serde_spanned v0.6.8
[INFO] [stderr]    Compiling toml_datetime v0.6.8
[INFO] [stderr]    Compiling pest_generator v2.7.15
[INFO] [stderr]    Compiling ppv-lite86 v0.2.20
[INFO] [stderr]    Compiling regex-automata v0.4.9
[INFO] [stderr]    Compiling devise_codegen v0.4.2
[INFO] [stderr]    Compiling hyper v0.14.32
[INFO] [stderr]    Compiling toml_edit v0.22.22
[INFO] [stderr]    Compiling futures v0.3.31
[INFO] [stderr]    Compiling mysqlclient-sys v0.4.2
[INFO] [stderr]    Compiling rand_core v0.6.4
[INFO] [stderr]    Compiling dlv-list v0.5.2
[INFO] [stderr]    Compiling tokio-util v0.7.13
[INFO] [stderr]    Compiling icu_normalizer v1.5.0
[INFO] [stderr]    Compiling idna_adapter v1.2.0
[INFO] [stderr]    Compiling h2 v0.3.26
[INFO] [stderr]    Compiling stable-pattern v0.1.0
[INFO] [stderr]    Compiling multer v3.1.0
[INFO] [stderr]    Compiling figment v0.10.19
[INFO] [stderr]    Compiling state v0.6.0
[INFO] [stderr]    Compiling linux-raw-sys v0.4.14
[INFO] [stderr]    Compiling toml v0.8.19
[INFO] [stderr]    Compiling ryu v1.0.18
[INFO] [stderr]    Compiling anstyle-parse v0.2.6
[INFO] [stderr]    Compiling dsl_auto_type v0.1.2
[INFO] [stderr]    Compiling rocket_http v0.5.1
[INFO] [stderr]    Compiling regex v1.11.1
[INFO] [stderr]    Compiling idna v1.0.3
[INFO] [stderr]    Compiling rand_chacha v0.3.1
[INFO] [stderr]    Compiling ordered-multimap v0.7.3
[INFO] [stderr]    Compiling pest_derive v2.7.15
[INFO] [stderr]    Compiling devise v0.4.2
[INFO] [stderr]    Compiling hashlink v0.9.1
[INFO] [stderr]    Compiling async-stream-impl v0.3.6
[INFO] [stderr]    Compiling async-trait v0.1.83
[INFO] [stderr]    Compiling diesel_table_macro_syntax v0.2.0
[INFO] [stderr]    Compiling scheduled-thread-pool v0.2.7
[INFO] [stderr]    Compiling form_urlencoded v1.2.1
[INFO] [stderr]    Compiling http v1.2.0
[INFO] [stderr]    Compiling rocket v0.5.1
[INFO] [stderr]    Compiling unicode-xid v0.2.6
[INFO] [stderr]    Compiling iana-time-zone v0.1.61
[INFO] [stderr]    Compiling spin v0.9.8
[INFO] [stderr]    Compiling arraydeque v0.5.1
[INFO] [stderr]    Compiling colorchoice v1.0.3
[INFO] [stderr]    Compiling unicode-segmentation v1.12.0
[INFO] [stderr]    Compiling anstyle-query v1.1.2
[INFO] [stderr]    Compiling is_terminal_polyfill v1.70.1
[INFO] [stderr]    Compiling trim-in-place v0.1.7
[INFO] [stderr]    Compiling glob v0.3.2
[INFO] [stderr]    Compiling anyhow v1.0.95
[INFO] [stderr]    Compiling anstyle v1.0.10
[INFO] [stderr]    Compiling rust-ini v0.21.1
[INFO] [stderr]    Compiling rocket_codegen v0.5.1
[INFO] [stderr]    Compiling convert_case v0.6.0
[INFO] [stderr]    Compiling anstream v0.6.18
[INFO] [stderr]    Compiling yaml-rust2 v0.9.0
[INFO] [stderr]    Compiling tempfile v3.14.0
[INFO] [stderr]    Compiling ron v0.8.1
[INFO] [stderr]    Compiling chrono v0.4.39
[INFO] [stderr]    Compiling url v2.5.4
[INFO] [stderr]    Compiling r2d2 v0.8.10
[INFO] [stderr]    Compiling diesel_derives v2.2.3
[INFO] [stderr]    Compiling async-stream v0.3.6
[INFO] [stderr]    Compiling json5 v0.4.1
[INFO] [stderr]    Compiling rand v0.8.5
[INFO] [stderr]    Compiling env_filter v0.1.3
[INFO] [stderr]    Compiling tokio-stream v0.1.17
[INFO] [stderr]    Compiling ubyte v0.10.4
[INFO] [stderr]    Compiling num_cpus v1.16.0
[INFO] [stderr]    Compiling humantime v2.1.0
[INFO] [stderr]    Compiling pathdiff v0.2.3
[INFO] [stderr]    Compiling binascii v0.1.4
[INFO] [stderr]    Compiling atomic v0.5.3
[INFO] [stderr]    Compiling config v0.15.4
[INFO] [stderr]    Compiling env_logger v0.11.6
[INFO] [stderr]    Compiling dotenvy v0.15.7
[INFO] [stderr]    Compiling diesel v2.2.6
[INFO] [stderr]    Compiling kfw-rs v0.1.0 (/opt/rustwide/workdir)
[INFO] [stdout] warning: unused imports: `DerefMut` and `Deref`
[INFO] [stdout]  --> src/app/state/db.rs:1:16
[INFO] [stdout]   |
[INFO] [stdout] 1 | use std::ops::{Deref, DerefMut};
[INFO] [stdout]   |                ^^^^^  ^^^^^^^^
[INFO] [stdout]   |
[INFO] [stdout]   = note: `#[warn(unused_imports)]` (part of `#[warn(unused)]`) on by default
[INFO] [stdout] 
[INFO] [stdout] 
[INFO] [stdout] warning: unused import: `std::sync::Arc`
[INFO] [stdout]  --> src/app/state/db.rs:2:5
[INFO] [stdout]   |
[INFO] [stdout] 2 | use std::sync::Arc;
[INFO] [stdout]   |     ^^^^^^^^^^^^^^
[INFO] [stdout] 
[INFO] [stdout] 
[INFO] [stdout] warning: unused import: `parse_config`
[INFO] [stdout]  --> src/app/state/db.rs:5:26
[INFO] [stdout]   |
[INFO] [stdout] 5 | use crate::app::config::{parse_config, Config};
[INFO] [stdout]   |                          ^^^^^^^^^^^^
[INFO] [stdout] 
[INFO] [stdout] 
[INFO] [stdout] warning: unused import: `log::info`
[INFO] [stdout]  --> src/app/state/db.rs:6:5
[INFO] [stdout]   |
[INFO] [stdout] 6 | use log::info;
[INFO] [stdout]   |     ^^^^^^^^^
[INFO] [stdout] 
[INFO] [stdout] 
[INFO] [stdout] warning: unused import: `crate::app::initialize`
[INFO] [stdout]  --> src/app/state/db.rs:7:5
[INFO] [stdout]   |
[INFO] [stdout] 7 | use crate::app::initialize;
[INFO] [stdout]   |     ^^^^^^^^^^^^^^^^^^^^^^
[INFO] [stdout] 
[INFO] [stdout] 
[INFO] [stdout] warning: unused import: `crate::models::Users`
[INFO] [stdout]  --> src/app/state/db.rs:8:5
[INFO] [stdout]   |
[INFO] [stdout] 8 | use crate::models::Users;
[INFO] [stdout]   |     ^^^^^^^^^^^^^^^^^^^^
[INFO] [stdout] 
[INFO] [stdout] 
[INFO] [stdout] warning: unused import: `crate::schema::users`
[INFO] [stdout]  --> src/app/state/db.rs:9:5
[INFO] [stdout]   |
[INFO] [stdout] 9 | use crate::schema::users;
[INFO] [stdout]   |     ^^^^^^^^^^^^^^^^^^^^
[INFO] [stdout] 
[INFO] [stdout] 
[INFO] [stdout] warning: unused imports: `Local` and `Utc`
[INFO] [stdout]   --> src/app/state/db.rs:10:14
[INFO] [stdout]    |
[INFO] [stdout] 10 | use chrono::{Local, Utc};
[INFO] [stdout]    |              ^^^^^  ^^^
[INFO] [stdout] 
[INFO] [stdout] 
[INFO] [stdout] warning: unused imports: `MutexGuard` and `Mutex`
[INFO] [stdout]   --> src/app/state/db.rs:12:19
[INFO] [stdout]    |
[INFO] [stdout] 12 | use tokio::sync::{Mutex, MutexGuard};
[INFO] [stdout]    |                   ^^^^^  ^^^^^^^^^^
[INFO] [stdout] 
[INFO] [stdout] 
[INFO] [stdout] warning: unused import: `anyhow::anyhow`
[INFO] [stdout]  --> src/app/activity/hello.rs:1:5
[INFO] [stdout]   |
[INFO] [stdout] 1 | use anyhow::anyhow;
[INFO] [stdout]   |     ^^^^^^^^^^^^^^
[INFO] [stdout] 
[INFO] [stdout] 
[INFO] [stdout] warning: unused import: `Error`
[INFO] [stdout]  --> src/app/activity/hello.rs:4:36
[INFO] [stdout]   |
[INFO] [stdout] 4 | use crate::framework::error_wrap::{Error, Result};
[INFO] [stdout]   |                                    ^^^^^
[INFO] [stdout] 
[INFO] [stdout] 
[INFO] [stdout] warning: unused imports: `Value` and `json`
[INFO] [stdout]  --> src/app/activity/hello.rs:6:18
[INFO] [stdout]   |
[INFO] [stdout] 6 | use serde_json::{json, Value};
[INFO] [stdout]   |                  ^^^^  ^^^^^
[INFO] [stdout] 
[INFO] [stdout] 
[INFO] [stdout] warning: unused import: `crate::app::request::hello::HelloRequest`
[INFO] [stdout]   --> src/app/activity/hello.rs:11:5
[INFO] [stdout]    |
[INFO] [stdout] 11 | use crate::app::request::hello::HelloRequest;
[INFO] [stdout]    |     ^^^^^^^^^^^^^^^^^^^^^^^^^^^^^^^^^^^^^^^^
[INFO] [stdout] 
[INFO] [stdout] 
[INFO] [stdout] warning: unused import: `rocket::form::FromForm`
[INFO] [stdout]   --> src/app/activity/hello.rs:12:5
[INFO] [stdout]    |
[INFO] [stdout] 12 | use rocket::form::FromForm;
[INFO] [stdout]    |     ^^^^^^^^^^^^^^^^^^^^^^
[INFO] [stdout] 
[INFO] [stdout] 
[INFO] [stdout] warning: unused import: `Source`
[INFO] [stdout]  --> src/app/config/mod.rs:5:20
[INFO] [stdout]   |
[INFO] [stdout] 5 | use config::{Case, Source};
[INFO] [stdout]   |                    ^^^^^^
[INFO] [stdout] 
[INFO] [stdout] 
[INFO] [stdout] warning: unused import: `diesel::MysqlConnection`
[INFO] [stdout]  --> src/app/mod.rs:9:5
[INFO] [stdout]   |
[INFO] [stdout] 9 | use diesel::MysqlConnection;
[INFO] [stdout]   |     ^^^^^^^^^^^^^^^^^^^^^^^
[INFO] [stdout] 
[INFO] [stdout] 
[INFO] [stdout] warning: unused import: `launch`
[INFO] [stdout]   --> src/app/mod.rs:10:14
[INFO] [stdout]    |
[INFO] [stdout] 10 | use rocket::{launch, Build, Rocket};
[INFO] [stdout]    |              ^^^^^^
[INFO] [stdout] 
[INFO] [stdout] 
[INFO] [stdout] warning: unused import: `ContentType`
[INFO] [stdout]  --> src/framework/error_wrap.rs:3:20
[INFO] [stdout]   |
[INFO] [stdout] 3 | use rocket::http::{ContentType, Status};
[INFO] [stdout]   |                    ^^^^^^^^^^^
[INFO] [stdout] 
[INFO] [stdout] 
[INFO] [stdout] warning: unused import: `serde::Serialize`
[INFO] [stdout]  --> src/framework/error_wrap.rs:5:5
[INFO] [stdout]   |
[INFO] [stdout] 5 | use serde::Serialize;
[INFO] [stdout]   |     ^^^^^^^^^^^^^^^^
[INFO] [stdout] 
[INFO] [stdout] 
[INFO] [stdout] warning: unused import: `diesel::prelude`
[INFO] [stdout]  --> src/models.rs:2:5
[INFO] [stdout]   |
[INFO] [stdout] 2 | use diesel::prelude::*;
[INFO] [stdout]   |     ^^^^^^^^^^^^^^^
[INFO] [stdout] 
[INFO] [stdout] 
[INFO] [stdout] warning: function `initialize` is never used
[INFO] [stdout]   --> src/app/mod.rs:23:8
[INFO] [stdout]    |
[INFO] [stdout] 23 | pub fn initialize() {
[INFO] [stdout]    |        ^^^^^^^^^^
[INFO] [stdout]    |
[INFO] [stdout]    = note: `#[warn(dead_code)]` (part of `#[warn(unused)]`) on by default
[INFO] [stdout] 
[INFO] [stdout] 
[INFO] [stdout] warning: struct `HelloRequest2` is never constructed
[INFO] [stdout]   --> src/app/activity/hello.rs:17:12
[INFO] [stdout]    |
[INFO] [stdout] 17 | pub struct HelloRequest2 {
[INFO] [stdout]    |            ^^^^^^^^^^^^^
[INFO] [stdout] 
[INFO] [stdout] 
[INFO] [stdout] warning: struct `HelloRequest` is never constructed
[INFO] [stdout]  --> src/app/request/hello.rs:4:12
[INFO] [stdout]   |
[INFO] [stdout] 4 | pub struct HelloRequest {
[INFO] [stdout]   |            ^^^^^^^^^^^^
[INFO] [stdout] 
[INFO] [stdout] 
[INFO] [stderr]     Finished `release` profile [optimized] target(s) in 6m 28s
[INFO] running `Command { std: "docker" "inspect" "719538f16c45b6b91dc7a3ae5b85ff713d0b19c02b8af844957729f5c330fd9b", kill_on_drop: false }`
[INFO] running `Command { std: "docker" "exec" "-e" "SOURCE_DIR=/opt/rustwide/workdir" "-e" "CARGO_HOME=/opt/rustwide/cargo-home" "-e" "RUSTUP_HOME=/opt/rustwide/rustup-home" "-e" "CARGO_TARGET_DIR=/opt/rustwide/target" "-e" "CARGO_INCREMENTAL=0" "-e" "RUST_BACKTRACE=full" "-e" "RUSTFLAGS=--cap-lints=warn" "-e" "RUSTDOCFLAGS=--cap-lints=warn" "-w" "/opt/rustwide/workdir" "--user" "0:0" "719538f16c45b6b91dc7a3ae5b85ff713d0b19c02b8af844957729f5c330fd9b" "/opt/rustwide/cargo-home/bin/cargo" "+1.98.0-beta.8" "test" "--frozen" "--no-run" "--message-format=json" "--release", kill_on_drop: false }`
[INFO] [stderr]    Compiling kfw-rs v0.1.0 (/opt/rustwide/workdir)
[INFO] [stdout] warning: unused import: `Deref`
[INFO] [stdout]  --> src/app/state/db.rs:1:16
[INFO] [stdout]   |
[INFO] [stdout] 1 | use std::ops::{Deref, DerefMut};
[INFO] [stdout]   |                ^^^^^
[INFO] [stdout]   |
[INFO] [stdout]   = note: `#[warn(unused_imports)]` (part of `#[warn(unused)]`) on by default
[INFO] [stdout] 
[INFO] [stdout] 
[INFO] [stdout] warning: unused import: `std::sync::Arc`
[INFO] [stdout]  --> src/app/state/db.rs:2:5
[INFO] [stdout]   |
[INFO] [stdout] 2 | use std::sync::Arc;
[INFO] [stdout]   |     ^^^^^^^^^^^^^^
[INFO] [stdout] 
[INFO] [stdout] 
[INFO] [stdout] warning: unused import: `Utc`
[INFO] [stdout]   --> src/app/state/db.rs:10:21
[INFO] [stdout]    |
[INFO] [stdout] 10 | use chrono::{Local, Utc};
[INFO] [stdout]    |                     ^^^
[INFO] [stdout] 
[INFO] [stdout] 
[INFO] [stdout] warning: unused imports: `MutexGuard` and `Mutex`
[INFO] [stdout]   --> src/app/state/db.rs:12:19
[INFO] [stdout]    |
[INFO] [stdout] 12 | use tokio::sync::{Mutex, MutexGuard};
[INFO] [stdout]    |                   ^^^^^  ^^^^^^^^^^
[INFO] [stdout] 
[INFO] [stdout] 
[INFO] [stdout] warning: unused import: `anyhow::anyhow`
[INFO] [stdout]  --> src/app/activity/hello.rs:1:5
[INFO] [stdout]   |
[INFO] [stdout] 1 | use anyhow::anyhow;
[INFO] [stdout]   |     ^^^^^^^^^^^^^^
[INFO] [stdout] 
[INFO] [stdout] 
[INFO] [stdout] warning: unused import: `Error`
[INFO] [stdout]  --> src/app/activity/hello.rs:4:36
[INFO] [stdout]   |
[INFO] [stdout] 4 | use crate::framework::error_wrap::{Error, Result};
[INFO] [stdout]   |                                    ^^^^^
[INFO] [stdout] 
[INFO] [stdout] 
[INFO] [stdout] warning: unused imports: `Value` and `json`
[INFO] [stdout]  --> src/app/activity/hello.rs:6:18
[INFO] [stdout]   |
[INFO] [stdout] 6 | use serde_json::{json, Value};
[INFO] [stdout]   |                  ^^^^  ^^^^^
[INFO] [stdout] 
[INFO] [stdout] 
[INFO] [stdout] warning: unused import: `crate::app::request::hello::HelloRequest`
[INFO] [stdout]   --> src/app/activity/hello.rs:11:5
[INFO] [stdout]    |
[INFO] [stdout] 11 | use crate::app::request::hello::HelloRequest;
[INFO] [stdout]    |     ^^^^^^^^^^^^^^^^^^^^^^^^^^^^^^^^^^^^^^^^
[INFO] [stdout] 
[INFO] [stdout] 
[INFO] [stdout] warning: unused import: `rocket::form::FromForm`
[INFO] [stdout]   --> src/app/activity/hello.rs:12:5
[INFO] [stdout]    |
[INFO] [stdout] 12 | use rocket::form::FromForm;
[INFO] [stdout]    |     ^^^^^^^^^^^^^^^^^^^^^^
[INFO] [stdout] 
[INFO] [stdout] 
[INFO] [stdout] warning: unused import: `Source`
[INFO] [stdout]  --> src/app/config/mod.rs:5:20
[INFO] [stdout]   |
[INFO] [stdout] 5 | use config::{Case, Source};
[INFO] [stdout]   |                    ^^^^^^
[INFO] [stdout] 
[INFO] [stdout] 
[INFO] [stdout] warning: unused import: `diesel::MysqlConnection`
[INFO] [stdout]  --> src/app/mod.rs:9:5
[INFO] [stdout]   |
[INFO] [stdout] 9 | use diesel::MysqlConnection;
[INFO] [stdout]   |     ^^^^^^^^^^^^^^^^^^^^^^^
[INFO] [stdout] 
[INFO] [stdout] 
[INFO] [stdout] warning: unused import: `launch`
[INFO] [stdout]   --> src/app/mod.rs:10:14
[INFO] [stdout]    |
[INFO] [stdout] 10 | use rocket::{launch, Build, Rocket};
[INFO] [stdout]    |              ^^^^^^
[INFO] [stdout] 
[INFO] [stdout] 
[INFO] [stdout] warning: unused import: `ContentType`
[INFO] [stdout]  --> src/framework/error_wrap.rs:3:20
[INFO] [stdout]   |
[INFO] [stdout] 3 | use rocket::http::{ContentType, Status};
[INFO] [stdout]   |                    ^^^^^^^^^^^
[INFO] [stdout] 
[INFO] [stdout] 
[INFO] [stdout] warning: unused import: `serde::Serialize`
[INFO] [stdout]  --> src/framework/error_wrap.rs:5:5
[INFO] [stdout]   |
[INFO] [stdout] 5 | use serde::Serialize;
[INFO] [stdout]   |     ^^^^^^^^^^^^^^^^
[INFO] [stdout] 
[INFO] [stdout] 
[INFO] [stdout] warning: unused import: `diesel::prelude`
[INFO] [stdout]  --> src/models.rs:2:5
[INFO] [stdout]   |
[INFO] [stdout] 2 | use diesel::prelude::*;
[INFO] [stdout]   |     ^^^^^^^^^^^^^^^
[INFO] [stdout] 
[INFO] [stdout] 
[INFO] [stdout] warning: variable does not need to be mutable
[INFO] [stdout]   --> src/app/state/db.rs:35:9
[INFO] [stdout]    |
[INFO] [stdout] 35 |     let mut db = DB::create_pool(&cfg)?;
[INFO] [stdout]    |         ----^^
[INFO] [stdout]    |         |
[INFO] [stdout]    |         help: remove this `mut`
[INFO] [stdout]    |
[INFO] [stdout]    = note: `#[warn(unused_mut)]` (part of `#[warn(unused)]`) on by default
[INFO] [stdout] 
[INFO] [stdout] 
[INFO] [stdout] warning: struct `HelloRequest2` is never constructed
[INFO] [stdout]   --> src/app/activity/hello.rs:17:12
[INFO] [stdout]    |
[INFO] [stdout] 17 | pub struct HelloRequest2 {
[INFO] [stdout]    |            ^^^^^^^^^^^^^
[INFO] [stdout]    |
[INFO] [stdout]    = note: `#[warn(dead_code)]` (part of `#[warn(unused)]`) on by default
[INFO] [stdout] 
[INFO] [stdout] 
[INFO] [stdout] warning: struct `HelloRequest` is never constructed
[INFO] [stdout]  --> src/app/request/hello.rs:4:12
[INFO] [stdout]   |
[INFO] [stdout] 4 | pub struct HelloRequest {
[INFO] [stdout]   |            ^^^^^^^^^^^^
[INFO] [stdout] 
[INFO] [stdout] 
[INFO] [stderr]     Finished `release` profile [optimized] target(s) in 5.04s
[INFO] running `Command { std: "docker" "inspect" "719538f16c45b6b91dc7a3ae5b85ff713d0b19c02b8af844957729f5c330fd9b", kill_on_drop: false }`
[INFO] running `Command { std: "docker" "exec" "-e" "SOURCE_DIR=/opt/rustwide/workdir" "-e" "CARGO_HOME=/opt/rustwide/cargo-home" "-e" "RUSTUP_HOME=/opt/rustwide/rustup-home" "-e" "CARGO_TARGET_DIR=/opt/rustwide/target" "-e" "CARGO_INCREMENTAL=0" "-e" "RUST_BACKTRACE=full" "-e" "RUSTFLAGS=--cap-lints=warn" "-e" "RUSTDOCFLAGS=--cap-lints=warn" "-w" "/opt/rustwide/workdir" "--user" "0:0" "719538f16c45b6b91dc7a3ae5b85ff713d0b19c02b8af844957729f5c330fd9b" "/opt/rustwide/cargo-home/bin/cargo" "+1.98.0-beta.8" "test" "--frozen" "--release", kill_on_drop: false }`
[INFO] [stderr] warning: unused import: `Deref`
[INFO] [stderr]  --> src/app/state/db.rs:1:16
[INFO] [stderr]   |
[INFO] [stderr] 1 | use std::ops::{Deref, DerefMut};
[INFO] [stderr]   |                ^^^^^
[INFO] [stderr]   |
[INFO] [stderr]   = note: `#[warn(unused_imports)]` (part of `#[warn(unused)]`) on by default
[INFO] [stderr] 
[INFO] [stderr] warning: unused import: `std::sync::Arc`
[INFO] [stderr]  --> src/app/state/db.rs:2:5
[INFO] [stderr]   |
[INFO] [stderr] 2 | use std::sync::Arc;
[INFO] [stderr]   |     ^^^^^^^^^^^^^^
[INFO] [stderr] 
[INFO] [stderr] warning: unused import: `Utc`
[INFO] [stderr]   --> src/app/state/db.rs:10:21
[INFO] [stderr]    |
[INFO] [stderr] 10 | use chrono::{Local, Utc};
[INFO] [stderr]    |                     ^^^
[INFO] [stderr] 
[INFO] [stderr] warning: unused imports: `MutexGuard` and `Mutex`
[INFO] [stderr]   --> src/app/state/db.rs:12:19
[INFO] [stderr]    |
[INFO] [stderr] 12 | use tokio::sync::{Mutex, MutexGuard};
[INFO] [stderr]    |                   ^^^^^  ^^^^^^^^^^
[INFO] [stderr] 
[INFO] [stderr] warning: unused import: `anyhow::anyhow`
[INFO] [stderr]  --> src/app/activity/hello.rs:1:5
[INFO] [stderr]   |
[INFO] [stderr] 1 | use anyhow::anyhow;
[INFO] [stderr]   |     ^^^^^^^^^^^^^^
[INFO] [stderr] 
[INFO] [stderr] warning: unused import: `Error`
[INFO] [stderr]  --> src/app/activity/hello.rs:4:36
[INFO] [stderr]   |
[INFO] [stderr] 4 | use crate::framework::error_wrap::{Error, Result};
[INFO] [stderr]   |                                    ^^^^^
[INFO] [stderr] 
[INFO] [stderr] warning: unused imports: `Value` and `json`
[INFO] [stderr]  --> src/app/activity/hello.rs:6:18
[INFO] [stderr]   |
[INFO] [stderr] 6 | use serde_json::{json, Value};
[INFO] [stderr]   |                  ^^^^  ^^^^^
[INFO] [stderr] 
[INFO] [stderr] warning: unused import: `crate::app::request::hello::HelloRequest`
[INFO] [stderr]   --> src/app/activity/hello.rs:11:5
[INFO] [stderr]    |
[INFO] [stderr] 11 | use crate::app::request::hello::HelloRequest;
[INFO] [stderr]    |     ^^^^^^^^^^^^^^^^^^^^^^^^^^^^^^^^^^^^^^^^
[INFO] [stderr] 
[INFO] [stderr] warning: unused import: `rocket::form::FromForm`
[INFO] [stderr]   --> src/app/activity/hello.rs:12:5
[INFO] [stderr]    |
[INFO] [stderr] 12 | use rocket::form::FromForm;
[INFO] [stderr]    |     ^^^^^^^^^^^^^^^^^^^^^^
[INFO] [stderr] 
[INFO] [stderr] warning: unused import: `Source`
[INFO] [stderr]  --> src/app/config/mod.rs:5:20
[INFO] [stderr]   |
[INFO] [stderr] 5 | use config::{Case, Source};
[INFO] [stderr]   |                    ^^^^^^
[INFO] [stderr] 
[INFO] [stderr] warning: unused import: `diesel::MysqlConnection`
[INFO] [stderr]  --> src/app/mod.rs:9:5
[INFO] [stderr]   |
[INFO] [stderr] 9 | use diesel::MysqlConnection;
[INFO] [stderr]   |     ^^^^^^^^^^^^^^^^^^^^^^^
[INFO] [stderr] 
[INFO] [stderr] warning: unused import: `launch`
[INFO] [stderr]   --> src/app/mod.rs:10:14
[INFO] [stderr]    |
[INFO] [stderr] 10 | use rocket::{launch, Build, Rocket};
[INFO] [stderr]    |              ^^^^^^
[INFO] [stderr] 
[INFO] [stderr] warning: unused import: `ContentType`
[INFO] [stderr]  --> src/framework/error_wrap.rs:3:20
[INFO] [stderr]   |
[INFO] [stderr] 3 | use rocket::http::{ContentType, Status};
[INFO] [stderr]   |                    ^^^^^^^^^^^
[INFO] [stderr] 
[INFO] [stderr] warning: unused import: `serde::Serialize`
[INFO] [stderr]  --> src/framework/error_wrap.rs:5:5
[INFO] [stderr]   |
[INFO] [stderr] 5 | use serde::Serialize;
[INFO] [stderr]   |     ^^^^^^^^^^^^^^^^
[INFO] [stderr] 
[INFO] [stderr] warning: unused import: `diesel::prelude`
[INFO] [stderr]  --> src/models.rs:2:5
[INFO] [stderr]   |
[INFO] [stderr] 2 | use diesel::prelude::*;
[INFO] [stderr]   |     ^^^^^^^^^^^^^^^
[INFO] [stderr] 
[INFO] [stderr] warning: variable does not need to be mutable
[INFO] [stderr]   --> src/app/state/db.rs:35:9
[INFO] [stderr]    |
[INFO] [stderr] 35 |     let mut db = DB::create_pool(&cfg)?;
[INFO] [stderr]    |         ----^^
[INFO] [stderr]    |         |
[INFO] [stderr]    |         help: remove this `mut`
[INFO] [stderr]    |
[INFO] [stderr]    = note: `#[warn(unused_mut)]` (part of `#[warn(unused)]`) on by default
[INFO] [stderr] 
[INFO] [stderr] warning: struct `HelloRequest2` is never constructed
[INFO] [stderr]   --> src/app/activity/hello.rs:17:12
[INFO] [stderr]    |
[INFO] [stderr] 17 | pub struct HelloRequest2 {
[INFO] [stderr]    |            ^^^^^^^^^^^^^
[INFO] [stderr]    |
[INFO] [stderr]    = note: `#[warn(dead_code)]` (part of `#[warn(unused)]`) on by default
[INFO] [stderr] 
[INFO] [stderr] warning: struct `HelloRequest` is never constructed
[INFO] [stderr]  --> src/app/request/hello.rs:4:12
[INFO] [stderr]   |
[INFO] [stderr] 4 | pub struct HelloRequest {
[INFO] [stderr]   |            ^^^^^^^^^^^^
[INFO] [stderr] 
[INFO] [stderr] warning: `kfw-rs` (bin "kfw-rs" test) generated 18 warnings (run `cargo fix --bin "kfw-rs" -p kfw-rs --tests` to apply 15 suggestions)
[INFO] [stderr]     Finished `release` profile [optimized] target(s) in 0.60s
[INFO] [stderr]      Running unittests src/main.rs (/opt/rustwide/target/release/deps/kfw_rs-620123e1c4296422)
[INFO] [stdout] 
[INFO] [stdout] running 2 tests
[INFO] [stdout] test app::config::tests::parse ... FAILED
[INFO] [stdout] test app::state::db::test_db ... FAILED
[INFO] [stdout] 
[INFO] [stdout] failures:
[INFO] [stdout] 
[INFO] [stdout] ---- app::config::tests::parse stdout ----
[INFO] [stdout] Error: parse env failed.error: missing field `database`
[INFO] [stdout] 
[INFO] [stdout] Stack backtrace:
[INFO] [stdout]    0: <anyhow::Error>::msg::<alloc::string::String>
[INFO] [stdout]    1: kfw_rs::app::config::parse_config::{closure#0}
[INFO] [stdout]    2: kfw_rs::app::config::parse_config
[INFO] [stdout]    3: <kfw_rs::app::config::tests::parse::{closure#0} as core::ops::function::FnOnce<()>>::call_once
[INFO] [stdout]    4: test::__rust_begin_short_backtrace::<core::result::Result<(), alloc::string::String>, fn() -> core::result::Result<(), alloc::string::String>>
[INFO] [stdout]    5: test::run_test::{closure#0}
[INFO] [stdout]    6: std::sys::backtrace::__rust_begin_short_backtrace::<test::run_test::{closure#1}, ()>
[INFO] [stdout]    7: <std::thread::lifecycle::spawn_unchecked<test::run_test::{closure#1}, ()>::{closure#1} as core::ops::function::FnOnce<()>>::call_once::{shim:vtable#0}
[INFO] [stdout]    8: <std::sys::thread::unix::Thread>::new::thread_start
[INFO] [stdout]    9: <unknown>
[INFO] [stdout]   10: clone
[INFO] [stdout] 
[INFO] [stdout] ---- app::state::db::test_db stdout ----
[INFO] [stdout] 
[INFO] [stdout] thread 'app::state::db::test_db' (4136) panicked at /opt/rustwide/cargo-home/registry/src/index.crates.io-1949cf8c6b5b557f/env_logger-0.11.6/src/logger.rs:522:14:
[INFO] [stdout] Builder::init should not be called after logger initialized: SetLoggerError(())
[INFO] [stdout] stack backtrace:
[INFO] [stdout]    0:     0x5a2424a48b01 - <<std[97b98282bc616a66]::sys::backtrace::BacktraceLock>::print::DisplayBacktrace as core[832e9a552fc17241]::fmt::Display>::fmt
[INFO] [stdout]    1:     0x5a2424a620fa - core[832e9a552fc17241]::fmt::write
[INFO] [stdout]    2:     0x5a2424a4efac - <alloc[3ecab9f82c41dc7d]::vec::Vec<u8> as std[97b98282bc616a66]::io::Write>::write_fmt
[INFO] [stdout]    3:     0x5a2424a25a26 - std[97b98282bc616a66]::panicking::default_hook::{closure#0}
[INFO] [stdout]    4:     0x5a2424a401c9 - std[97b98282bc616a66]::panicking::default_hook
[INFO] [stdout]    5:     0x5a242496f7e0 - test[39766f3d73431624]::test_main_inner::<test[39766f3d73431624]::test_main_static::{closure#0}>::{closure#0}
[INFO] [stdout]    6:     0x5a2424a40382 - std[97b98282bc616a66]::panicking::panic_with_hook
[INFO] [stdout]    7:     0x5a2424a25ad2 - std[97b98282bc616a66]::panicking::panic_handler::{closure#0}
[INFO] [stdout]    8:     0x5a2424a1ca89 - std[97b98282bc616a66]::sys::backtrace::__rust_end_short_backtrace::<std[97b98282bc616a66]::panicking::panic_handler::{closure#0}, !>
[INFO] [stdout]    9:     0x5a2424a2687d - __rustc[e3d8617bb01b7f69]::rust_begin_unwind
[INFO] [stdout]   10:     0x5a2424a628dc - core[832e9a552fc17241]::panicking::panic_fmt
[INFO] [stdout]   11:     0x5a2424a626b2 - core[832e9a552fc17241]::result::unwrap_failed
[INFO] [stdout]   12:     0x5a242489b422 - <env_logger[423d0765cc6e7dff]::logger::Builder>::init
[INFO] [stdout]   13:     0x5a24248961f3 - kfw_rs[b82d0347508f7656]::app::state::db::test_db::{closure#0}
[INFO] [stdout]   14:     0x5a2424894788 - <tokio[5d0da6de30e83491]::runtime::scheduler::current_thread::CoreGuard>::block_on::<core[832e9a552fc17241]::pin::Pin<&mut core[832e9a552fc17241]::pin::Pin<&mut dyn core[832e9a552fc17241]::future::future::Future<Output = core[832e9a552fc17241]::result::Result<(), anyhow[b8844a9a1b6c994b]::Error>>>>>
[INFO] [stdout]   15:     0x5a242488a0a3 - tokio[5d0da6de30e83491]::runtime::context::runtime::enter_runtime::<<tokio[5d0da6de30e83491]::runtime::scheduler::current_thread::CurrentThread>::block_on<core[832e9a552fc17241]::pin::Pin<&mut dyn core[832e9a552fc17241]::future::future::Future<Output = core[832e9a552fc17241]::result::Result<(), anyhow[b8844a9a1b6c994b]::Error>>>>::{closure#0}, core[832e9a552fc17241]::result::Result<(), anyhow[b8844a9a1b6c994b]::Error>>
[INFO] [stdout]   16:     0x5a242488908d - <tokio[5d0da6de30e83491]::runtime::runtime::Runtime>::block_on::<core[832e9a552fc17241]::pin::Pin<&mut dyn core[832e9a552fc17241]::future::future::Future<Output = core[832e9a552fc17241]::result::Result<(), anyhow[b8844a9a1b6c994b]::Error>>>>
[INFO] [stdout]   17:     0x5a2424897343 - <kfw_rs[b82d0347508f7656]::app::state::db::test_db::{closure#0} as core[832e9a552fc17241]::ops::function::FnOnce<()>>::call_once
[INFO] [stdout]   18:     0x5a2424962b1b - test[39766f3d73431624]::__rust_begin_short_backtrace::<core[832e9a552fc17241]::result::Result<(), alloc[3ecab9f82c41dc7d]::string::String>, fn() -> core[832e9a552fc17241]::result::Result<(), alloc[3ecab9f82c41dc7d]::string::String>>
[INFO] [stdout]   19:     0x5a2424970165 - test[39766f3d73431624]::run_test::{closure#0}
[INFO] [stdout]   20:     0x5a242496ac14 - std[97b98282bc616a66]::sys::backtrace::__rust_begin_short_backtrace::<test[39766f3d73431624]::run_test::{closure#1}, ()>
[INFO] [stdout]   21:     0x5a24249732b2 - <std[97b98282bc616a66]::thread::lifecycle::spawn_unchecked<test[39766f3d73431624]::run_test::{closure#1}, ()>::{closure#1} as core[832e9a552fc17241]::ops::function::FnOnce<()>>::call_once::{shim:vtable#0}
[INFO] [stdout]   22:     0x5a2424a47cff - <std[97b98282bc616a66]::sys::thread::unix::Thread>::new::thread_start
[INFO] [stdout]   23:     0x720ba0d7a07a - <unknown>
[INFO] [stdout]   24:     0x720ba0e0d534 - clone
[INFO] [stdout]   25:                0x0 - <unknown>
[INFO] [stdout] 
[INFO] [stdout] 
[INFO] [stdout] failures:
[INFO] [stdout]     app::config::tests::parse
[INFO] [stdout]     app::state::db::test_db
[INFO] [stdout] 
[INFO] [stdout] test result: FAILED. 0 passed; 2 failed; 0 ignored; 0 measured; 0 filtered out; finished in 0.00s
[INFO] [stdout] 
[INFO] [stderr] error: test failed, to rerun pass `--bin kfw-rs`
[INFO] running `Command { std: "docker" "inspect" "719538f16c45b6b91dc7a3ae5b85ff713d0b19c02b8af844957729f5c330fd9b", kill_on_drop: false }`
[INFO] running `Command { std: "docker" "rm" "-f" "719538f16c45b6b91dc7a3ae5b85ff713d0b19c02b8af844957729f5c330fd9b", kill_on_drop: false }`
[INFO] [stdout] 719538f16c45b6b91dc7a3ae5b85ff713d0b19c02b8af844957729f5c330fd9b
