[INFO] cloning repository https://github.com/jtdowney/queso
[INFO] running `Command { std: "git" "-c" "credential.helper=" "-c" "credential.helper=/workspace/cargo-home/bin/git-credential-null" "clone" "--bare" "https://github.com/jtdowney/queso" "/workspace/cache/git-repos/https%3A%2F%2Fgithub.com%2Fjtdowney%2Fqueso", kill_on_drop: false }`
[INFO] [stderr] Cloning into bare repository '/workspace/cache/git-repos/https%3A%2F%2Fgithub.com%2Fjtdowney%2Fqueso'...
[INFO] running `Command { std: "git" "rev-parse" "HEAD", kill_on_drop: false }`
[INFO] [stdout] ed1fec96c7b6c3f50ccf39f249162424307db5a0
[INFO] testing jtdowney/queso against 1.98.0-beta.8+cargoflags=--release for beta-release-1.99-2
[INFO] running `Command { std: "git" "clone" "/workspace/cache/git-repos/https%3A%2F%2Fgithub.com%2Fjtdowney%2Fqueso" "/workspace/builds/worker-6-tc1/source", kill_on_drop: false }`
[INFO] [stderr] Cloning into '/workspace/builds/worker-6-tc1/source'...
[INFO] [stderr] done.
[INFO] removed /workspace/builds/worker-6-tc1/source/.cargo/config.toml
[INFO] started tweaking git repo https://github.com/jtdowney/queso
[INFO] finished tweaking git repo https://github.com/jtdowney/queso
[INFO] tweaked toml for git repo https://github.com/jtdowney/queso written to /workspace/builds/worker-6-tc1/source/Cargo.toml
[INFO] validating manifest of git repo https://github.com/jtdowney/queso on toolchain 1.98.0-beta.8
[INFO] running `Command { std: CARGO_HOME="/workspace/cargo-home" RUSTUP_HOME="/workspace/rustup-home" "/workspace/cargo-home/bin/cargo" "+1.98.0-beta.8" "metadata" "--manifest-path" "Cargo.toml" "--no-deps", kill_on_drop: false }`
[INFO] crate git repo https://github.com/jtdowney/queso already has a lockfile, it will not be regenerated
[INFO] running `Command { std: CARGO_HOME="/workspace/cargo-home" RUSTUP_HOME="/workspace/rustup-home" "/workspace/cargo-home/bin/cargo" "+1.98.0-beta.8" "fetch" "--manifest-path" "Cargo.toml", kill_on_drop: false }`
[INFO] [stderr]     Updating crates.io index
[INFO] [stderr]  Downloading crates ...
[INFO] [stderr]   Downloaded zstd-safe v7.2.4
[INFO] [stderr]   Downloaded zstd v0.13.3
[INFO] [stderr]   Downloaded wasm-bindgen-shared v0.2.127
[INFO] [stderr]   Downloaded crypto-common v0.2.2
[INFO] [stderr]   Downloaded wasm-bindgen v0.2.127
[INFO] [stderr]   Downloaded wasm-bindgen-macro v0.2.127
[INFO] [stderr]   Downloaded cpubits v0.1.1
[INFO] [stderr]   Downloaded time-core v0.1.9
[INFO] [stderr]   Downloaded num-conv v0.2.2
[INFO] [stderr]   Downloaded inout v0.2.2
[INFO] [stderr]   Downloaded camino-tempfile v1.4.1
[INFO] [stderr]   Downloaded utf8-zero v0.8.1
[INFO] [stderr]   Downloaded sha1 v0.11.0
[INFO] [stderr]   Downloaded block-buffer v0.12.1
[INFO] [stderr]   Downloaded arrayvec v0.7.8
[INFO] [stderr]   Downloaded bitcode_derive v0.6.9
[INFO] [stderr]   Downloaded windows-link v0.2.1
[INFO] [stderr]   Downloaded serde_spanned v1.1.1
[INFO] [stderr]   Downloaded anstyle-wincon v3.0.11
[INFO] [stderr]   Downloaded once_cell_polyfill v1.70.2
[INFO] [stderr]   Downloaded quickcheck_macros v1.2.0
[INFO] [stderr]   Downloaded globwalk v0.9.1
[INFO] [stderr]   Downloaded libredox v0.1.21
[INFO] [stderr]   Downloaded thread_local v1.1.10
[INFO] [stderr]   Downloaded rustversion v1.0.23
[INFO] [stderr]   Downloaded cmov v0.5.4
[INFO] [stderr]   Downloaded ctutils v0.4.2
[INFO] [stderr]   Downloaded strip-ansi-escapes v0.2.1
[INFO] [stderr]   Downloaded indenter v0.3.4
[INFO] [stderr]   Downloaded tracing-error v0.2.1
[INFO] [stderr]   Downloaded digest v0.11.3
[INFO] [stderr]   Downloaded env_filter v2.0.0
[INFO] [stderr]   Downloaded deranged v0.5.8
[INFO] [stderr]   Downloaded pbkdf2 v0.13.0
[INFO] [stderr]   Downloaded constant_time_eq v0.4.2
[INFO] [stderr]   Downloaded cipher v0.5.2
[INFO] [stderr]   Downloaded toml_writer v1.1.2+spec-1.1.0
[INFO] [stderr]   Downloaded toml_datetime v1.1.1+spec-1.1.0
[INFO] [stderr]   Downloaded quickcheck v1.1.0
[INFO] [stderr]   Downloaded insta-cmd v0.7.0
[INFO] [stderr]   Downloaded zmij v1.0.23
[INFO] [stderr]   Downloaded unit-prefix v0.5.2
[INFO] [stderr]   Downloaded autocfg v1.5.1
[INFO] [stderr]   Downloaded directories v6.0.0
[INFO] [stderr]   Downloaded owo-colors v4.4.0
[INFO] [stderr]   Downloaded rustc-demangle v0.1.28
[INFO] [stderr]   Downloaded camino-tempfile-ext v0.3.3
[INFO] [stderr]   Downloaded crossbeam-deque v0.8.7
[INFO] [stderr]   Downloaded hmac v0.13.0
[INFO] [stderr]   Downloaded env_logger v0.11.11
[INFO] [stderr]   Downloaded color-spantrace v0.3.0
[INFO] [stderr]   Downloaded deflate64 v0.1.12
[INFO] [stderr]   Downloaded bzip2 v0.6.1
[INFO] [stderr]   Downloaded toml_parser v1.1.3+spec-1.1.0
[INFO] [stderr]   Downloaded globset v0.4.20
[INFO] [stderr]   Downloaded hybrid-array v0.4.14
[INFO] [stderr]   Downloaded ppmd-rust v1.4.1
[INFO] [stderr]   Downloaded ureq-proto v0.6.1
[INFO] [stderr]   Downloaded console v0.16.4
[INFO] [stderr]   Downloaded eyre v0.6.14
[INFO] [stderr]   Downloaded r-efi v6.0.0
[INFO] [stderr]   Downloaded zopfli v0.8.3
[INFO] [stderr]   Downloaded const-oid v0.10.2
[INFO] [stderr]   Downloaded sha2 v0.11.0
[INFO] [stderr]   Downloaded libbz2-rs-sys v0.2.5
[INFO] [stderr]   Downloaded toml v1.1.4+spec-1.1.0
[INFO] [stderr]   Downloaded vte v0.14.1
[INFO] [stderr]   Downloaded similar v2.7.0
[INFO] [stderr]   Downloaded encode_unicode v1.0.0
[INFO] [stderr]   Downloaded crossbeam-epoch v0.9.20
[INFO] [stderr]   Downloaded camino v1.2.5
[INFO] [stderr]   Downloaded bytemuck v1.25.2
[INFO] [stderr]   Downloaded addr2line v0.25.1
[INFO] [stderr]   Downloaded ignore v0.4.33
[INFO] [stderr]   Downloaded bitcode v0.6.9
[INFO] [stderr]   Downloaded base64 v0.23.1
[INFO] [stderr]   Downloaded wasm-bindgen-macro-support v0.2.127
[INFO] [stderr]   Downloaded typenum v1.20.1
[INFO] [stderr]   Downloaded indicatif v0.18.6
[INFO] [stderr]   Downloaded backtrace v0.3.76
[INFO] [stderr]   Downloaded bumpalo v3.20.3
[INFO] [stderr]   Downloaded js-sys v0.3.104
[INFO] [stderr]   Downloaded serde_derive v1.0.229
[INFO] [stderr]   Downloaded typed-path v0.12.3
[INFO] [stderr]   Downloaded aes v0.9.3
[INFO] [stderr]   Downloaded insta v1.48.0
[INFO] [stderr]   Downloaded ureq v3.4.0
[INFO] [stderr]   Downloaded serde_json v1.0.151
[INFO] [stderr]   Downloaded zip v8.6.0
[INFO] [stderr]   Downloaded regex v1.13.1
[INFO] [stderr]   Downloaded winnow v1.0.4
[INFO] [stderr]   Downloaded aho-corasick v1.1.5
[INFO] [stderr]   Downloaded webpki-roots v1.0.9
[INFO] [stderr]   Downloaded portable-atomic v1.15.0
[INFO] [stderr]   Downloaded tracing-subscriber v0.3.23
[INFO] [stderr]   Downloaded lzma-rust2 v0.16.5
[INFO] [stderr]   Downloaded time v0.3.55
[INFO] [stderr]   Downloaded gimli v0.32.3
[INFO] [stderr]   Downloaded unicode-width v0.2.2
[INFO] [stderr]   Downloaded bstr v1.13.1
[INFO] [stderr]   Downloaded regex-syntax v0.8.11
[INFO] [stderr]   Downloaded object v0.37.3
[INFO] [stderr]   Downloaded regex-automata v0.4.18
[INFO] [stderr]   Downloaded color-eyre v0.6.5
[INFO] [stderr]   Downloaded zstd-sys v2.0.16+zstd.1.5.7
[INFO] [stderr]   Downloaded glam v0.33.6
[INFO] [stderr]   Downloaded windows-sys v0.61.2
[INFO] running `Command { std: "docker" "create" "-v" "/var/lib/crater-agent-workspace/builds/worker-6-tc1/source:/opt/rustwide/workdir:ro,Z" "-v" "/var/lib/crater-agent-workspace/builds/worker-6-tc1/target:/opt/rustwide/target:rw,Z" "-v" "/var/lib/crater-agent-workspace/cargo-home:/opt/rustwide/cargo-home:ro,Z" "-v" "/var/lib/crater-agent-workspace/rustup-home:/opt/rustwide/rustup-home:ro,Z" "-m" "1610612736" "--network" "none" "ghcr.io/rust-lang/crates-build-env/linux@sha256:8683fc1fc2eb5c9ac98e0d076ab094b2ffac7f99da555d2b6a2e27f346de2ec7" "sleep" "infinity", kill_on_drop: false }`
[INFO] [stdout] 964ce063d711746cd6e7df6338344bc8fbb83a793ba117a6ea5d8e04d34e52b9
[INFO] running `Command { std: "docker" "start" "964ce063d711746cd6e7df6338344bc8fbb83a793ba117a6ea5d8e04d34e52b9", kill_on_drop: false }`
[INFO] running `Command { std: "docker" "inspect" "964ce063d711746cd6e7df6338344bc8fbb83a793ba117a6ea5d8e04d34e52b9", kill_on_drop: false }`
[INFO] running `Command { std: "docker" "exec" "-e" "SOURCE_DIR=/opt/rustwide/workdir" "-e" "CARGO_HOME=/opt/rustwide/cargo-home" "-e" "RUSTUP_HOME=/opt/rustwide/rustup-home" "-e" "CARGO_TARGET_DIR=/opt/rustwide/target" "-w" "/opt/rustwide/workdir" "--user" "0:0" "964ce063d711746cd6e7df6338344bc8fbb83a793ba117a6ea5d8e04d34e52b9" "/opt/rustwide/cargo-home/bin/cargo" "+1.98.0-beta.8" "metadata" "--no-deps" "--format-version=1", kill_on_drop: false }`
[INFO] running `Command { std: "docker" "inspect" "964ce063d711746cd6e7df6338344bc8fbb83a793ba117a6ea5d8e04d34e52b9", kill_on_drop: false }`
[INFO] running `Command { std: "docker" "exec" "-e" "SOURCE_DIR=/opt/rustwide/workdir" "-e" "CARGO_HOME=/opt/rustwide/cargo-home" "-e" "RUSTUP_HOME=/opt/rustwide/rustup-home" "-e" "CARGO_TARGET_DIR=/opt/rustwide/target" "-e" "CARGO_INCREMENTAL=0" "-e" "RUST_BACKTRACE=full" "-e" "RUSTFLAGS=--cap-lints=warn" "-e" "RUSTDOCFLAGS=--cap-lints=warn" "-w" "/opt/rustwide/workdir" "--user" "0:0" "964ce063d711746cd6e7df6338344bc8fbb83a793ba117a6ea5d8e04d34e52b9" "/opt/rustwide/cargo-home/bin/cargo" "+1.98.0-beta.8" "build" "--frozen" "--message-format=json" "--release", kill_on_drop: false }`
[INFO] [stderr]    Compiling libc v0.2.189
[INFO] [stderr]    Compiling cfg-if v1.0.4
[INFO] [stderr]    Compiling find-msvc-tools v0.1.11
[INFO] [stderr]    Compiling shlex v2.0.1
[INFO] [stderr]    Compiling pkg-config v0.3.34
[INFO] [stderr]    Compiling zeroize v1.9.0
[INFO] [stderr]    Compiling typenum v1.20.1
[INFO] [stderr]    Compiling once_cell v1.21.4
[INFO] [stderr]    Compiling proc-macro2 v1.0.107
[INFO] [stderr]    Compiling unicode-ident v1.0.24
[INFO] [stderr]    Compiling quote v1.0.47
[INFO] [stderr]    Compiling zstd-safe v7.2.4
[INFO] [stderr]    Compiling autocfg v1.5.1
[INFO] [stderr]    Compiling cmov v0.5.4
[INFO] [stderr]    Compiling camino v1.2.5
[INFO] [stderr]    Compiling adler2 v2.0.1
[INFO] [stderr]    Compiling ctutils v0.4.2
[INFO] [stderr]    Compiling const-oid v0.10.2
[INFO] [stderr]    Compiling rustix v1.1.4
[INFO] [stderr]    Compiling eyre v0.6.14
[INFO] [stderr]    Compiling crc32fast v1.5.1
[INFO] [stderr]    Compiling serde_core v1.0.229
[INFO] [stderr]    Compiling tracing-core v0.1.36
[INFO] [stderr]    Compiling cpufeatures v0.3.1
[INFO] [stderr]    Compiling linux-raw-sys v0.12.1
[INFO] [stderr]    Compiling bitflags v2.13.1
[INFO] [stderr]    Compiling hybrid-array v0.4.14
[INFO] [stderr]    Compiling jobserver v0.1.35
[INFO] [stderr]    Compiling log v0.4.34
[INFO] [stderr]    Compiling lazy_static v1.5.0
[INFO] [stderr]    Compiling simd-adler32 v0.3.10
[INFO] [stderr]    Compiling getrandom v0.4.3
[INFO] [stderr]    Compiling cc v1.4.4
[INFO] [stderr]    Compiling sharded-slab v0.1.7
[INFO] [stderr]    Compiling getrandom v0.2.17
[INFO] [stderr]    Compiling syn v3.0.4
[INFO] [stderr]    Compiling crypto-common v0.2.2
[INFO] [stderr]    Compiling block-buffer v0.12.1
[INFO] [stderr]    Compiling rustls-pki-types v1.15.1
[INFO] [stderr]    Compiling digest v0.11.3
[INFO] [stderr]    Compiling thread_local v1.1.10
[INFO] [stderr]    Compiling httparse v1.10.1
[INFO] [stderr]    Compiling zstd-sys v2.0.16+zstd.1.5.7
[INFO] [stderr]    Compiling ring v0.17.14
[INFO] [stderr]    Compiling memchr v2.8.3
[INFO] [stderr]    Compiling untrusted v0.9.0
[INFO] [stderr]    Compiling object v0.37.3
[INFO] [stderr]    Compiling pin-project-lite v0.2.17
[INFO] [stderr]    Compiling utf8parse v0.2.2
[INFO] [stderr]    Compiling tracing v0.1.44
[INFO] [stderr]    Compiling anstyle-parse v1.0.0
[INFO] [stderr]    Compiling xattr v1.6.1
[INFO] [stderr]    Compiling tracing-subscriber v0.3.23
[INFO] [stderr]    Compiling inout v0.2.2
[INFO] [stderr]    Compiling miniz_oxide v0.9.1
[INFO] [stderr]    Compiling filetime v0.2.29
[INFO] [stderr]    Compiling anstyle-query v1.1.5
[INFO] [stderr]    Compiling same-file v1.0.6
[INFO] [stderr]    Compiling color-spantrace v0.3.0
[INFO] [stderr]    Compiling indenter v0.3.4
[INFO] [stderr]    Compiling itoa v1.0.18
[INFO] [stderr]    Compiling colorchoice v1.0.5
[INFO] [stderr]    Compiling gimli v0.32.3
[INFO] [stderr]    Compiling portable-atomic v1.15.0
[INFO] [stderr]    Compiling is_terminal_polyfill v1.70.2
[INFO] [stderr]    Compiling bytes v1.12.1
[INFO] [stderr]    Compiling anstyle v1.0.14
[INFO] [stderr]    Compiling zlib-rs v0.6.7
[INFO] [stderr]    Compiling rustls v0.23.43
[INFO] [stderr]    Compiling anstream v1.0.0
[INFO] [stderr]    Compiling http v1.5.0
[INFO] [stderr]    Compiling tracing-error v0.2.1
[INFO] [stderr]    Compiling sha2 v0.11.0
[INFO] [stderr]    Compiling walkdir v2.5.0
[INFO] [stderr]    Compiling tar v0.4.46
[INFO] [stderr]    Compiling cipher v0.5.2
[INFO] [stderr]    Compiling addr2line v0.25.1
[INFO] [stderr]    Compiling hmac v0.13.0
[INFO] [stderr]    Compiling syn v2.0.119
[INFO] [stderr]    Compiling miniz_oxide v0.8.9
[INFO] [stderr]    Compiling flate2 v1.1.10
[INFO] [stderr]    Compiling hex v0.4.3
[INFO] [stderr]    Compiling libbz2-rs-sys v0.2.5
[INFO] [stderr]    Compiling deranged v0.5.8
[INFO] [stderr]    Compiling clap_lex v1.1.0
[INFO] [stderr]    Compiling equivalent v1.0.2
[INFO] [stderr]    Compiling fastrand v2.5.0
[INFO] [stderr]    Compiling cpubits v0.1.1
[INFO] [stderr]    Compiling num-conv v0.2.2
[INFO] [stderr]    Compiling powerfmt v0.2.0
[INFO] [stderr]    Compiling strsim v0.11.1
[INFO] [stderr]    Compiling heck v0.5.0
[INFO] [stderr]    Compiling time-core v0.1.9
[INFO] [stderr]    Compiling hashbrown v0.17.1
[INFO] [stderr]    Compiling bumpalo v3.20.3
[INFO] [stderr]    Compiling rustc-demangle v0.1.28
[INFO] [stderr]    Compiling serde v1.0.229
[INFO] [stderr]    Compiling winnow v1.0.4
[INFO] [stderr]    Compiling subtle v2.6.1
[INFO] [stderr]    Compiling option-ext v0.2.0
[INFO] [stderr]    Compiling owo-colors v4.4.0
[INFO] [stderr]    Compiling unicode-width v0.2.2
[INFO] [stderr]    Compiling base64 v0.23.1
[INFO] [stderr]    Compiling backtrace v0.3.76
[INFO] [stderr]    Compiling toml_parser v1.1.3+spec-1.1.0
[INFO] [stderr]    Compiling ureq-proto v0.6.1
[INFO] [stderr]    Compiling console v0.16.4
[INFO] [stderr]    Compiling indexmap v2.14.1
[INFO] [stderr]    Compiling dirs-sys v0.5.0
[INFO] [stderr]    Compiling bitcode_derive v0.6.9
[INFO] [stderr]    Compiling zopfli v0.8.3
[INFO] [stderr]    Compiling time v0.3.55
[INFO] [stderr]    Compiling clap_derive v4.6.4
[INFO] [stderr]    Compiling clap_builder v4.6.6
[INFO] [stderr]    Compiling aes v0.9.3
[INFO] [stderr]    Compiling tempfile v3.27.0
[INFO] [stderr]    Compiling bzip2 v0.6.1
[INFO] [stderr]    Compiling lzma-rust2 v0.16.5
[INFO] [stderr]    Compiling pbkdf2 v0.13.0
[INFO] [stderr]    Compiling serde_derive v1.0.229
[INFO] [stderr]    Compiling rustls-webpki v0.103.15
[INFO] [stderr]    Compiling serde_spanned v1.1.1
[INFO] [stderr]    Compiling toml_datetime v1.1.1+spec-1.1.0
[INFO] [stderr]    Compiling zstd v0.13.3
[INFO] [stderr]    Compiling queso v0.3.0 (/opt/rustwide/workdir)
[INFO] [stderr]    Compiling sha1 v0.11.0
[INFO] [stderr]    Compiling webpki-roots v1.0.9
[INFO] [stderr]    Compiling typed-path v0.12.3
[INFO] [stderr]    Compiling bytemuck v1.25.2
[INFO] [stderr]    Compiling utf8-zero v0.8.1
[INFO] [stderr]    Compiling deflate64 v0.1.12
[INFO] [stderr]    Compiling ppmd-rust v1.4.1
[INFO] [stderr]    Compiling constant_time_eq v0.4.2
[INFO] [stderr]    Compiling percent-encoding v2.3.2
[INFO] [stderr]    Compiling toml_writer v1.1.2+spec-1.1.0
[INFO] [stderr]    Compiling unit-prefix v0.5.2
[INFO] [stderr]    Compiling toml v1.1.4+spec-1.1.0
[INFO] [stderr]    Compiling bitcode v0.6.9
[INFO] [stderr]    Compiling indicatif v0.18.6
[INFO] [stderr]    Compiling clap v4.6.6
[INFO] [stderr]    Compiling camino-tempfile v1.4.1
[INFO] [stderr]    Compiling color-eyre v0.6.5
[INFO] [stderr]    Compiling directories v6.0.0
[INFO] [stderr]    Compiling byteorder v1.5.0
[INFO] [stderr]    Compiling ureq v3.4.0
[INFO] [stderr]    Compiling zip v8.6.0
[INFO] [stderr]     Finished `release` profile [optimized] target(s) in 4m 54s
[INFO] running `Command { std: "docker" "inspect" "964ce063d711746cd6e7df6338344bc8fbb83a793ba117a6ea5d8e04d34e52b9", kill_on_drop: false }`
[INFO] running `Command { std: "docker" "exec" "-e" "SOURCE_DIR=/opt/rustwide/workdir" "-e" "CARGO_HOME=/opt/rustwide/cargo-home" "-e" "RUSTUP_HOME=/opt/rustwide/rustup-home" "-e" "CARGO_TARGET_DIR=/opt/rustwide/target" "-e" "CARGO_INCREMENTAL=0" "-e" "RUST_BACKTRACE=full" "-e" "RUSTFLAGS=--cap-lints=warn" "-e" "RUSTDOCFLAGS=--cap-lints=warn" "-w" "/opt/rustwide/workdir" "--user" "0:0" "964ce063d711746cd6e7df6338344bc8fbb83a793ba117a6ea5d8e04d34e52b9" "/opt/rustwide/cargo-home/bin/cargo" "+1.98.0-beta.8" "test" "--frozen" "--no-run" "--message-format=json" "--release", kill_on_drop: false }`
[INFO] [stderr]    Compiling log v0.4.34
[INFO] [stderr]    Compiling getrandom v0.4.3
[INFO] [stderr]    Compiling aho-corasick v1.1.5
[INFO] [stderr]    Compiling regex-syntax v0.8.11
[INFO] [stderr]    Compiling rand_core v0.10.1
[INFO] [stderr]    Compiling crossbeam-utils v0.8.22
[INFO] [stderr]    Compiling crossbeam-epoch v0.9.20
[INFO] [stderr]    Compiling syn v2.0.119
[INFO] [stderr]    Compiling crossbeam-deque v0.8.7
[INFO] [stderr]    Compiling bstr v1.13.1
[INFO] [stderr]    Compiling zmij v1.0.23
[INFO] [stderr]    Compiling zopfli v0.8.3
[INFO] [stderr]    Compiling tempfile v3.27.0
[INFO] [stderr]    Compiling rustls v0.23.43
[INFO] [stderr]    Compiling camino-tempfile v1.4.1
[INFO] [stderr]    Compiling ureq-proto v0.6.1
[INFO] [stderr]    Compiling vte v0.14.1
[INFO] [stderr]    Compiling serde_json v1.0.151
[INFO] [stderr]    Compiling zip v8.6.0
[INFO] [stderr]    Compiling strip-ansi-escapes v0.2.1
[INFO] [stderr]    Compiling similar v2.7.0
[INFO] [stderr]    Compiling rand v0.10.2
[INFO] [stderr]    Compiling regex-automata v0.4.18
[INFO] [stderr]    Compiling bitcode_derive v0.6.9
[INFO] [stderr]    Compiling quickcheck_macros v1.2.0
[INFO] [stderr]    Compiling ureq v3.4.0
[INFO] [stderr]    Compiling bitcode v0.6.9
[INFO] [stderr]    Compiling regex v1.13.1
[INFO] [stderr]    Compiling globset v0.4.20
[INFO] [stderr]    Compiling ignore v0.4.33
[INFO] [stderr]    Compiling env_filter v2.0.0
[INFO] [stderr]    Compiling insta v1.48.0
[INFO] [stderr]    Compiling env_logger v0.11.11
[INFO] [stderr]    Compiling quickcheck v1.1.0
[INFO] [stderr]    Compiling queso v0.3.0 (/opt/rustwide/workdir)
[INFO] [stderr]    Compiling globwalk v0.9.1
[INFO] [stderr]    Compiling camino-tempfile-ext v0.3.3
[INFO] [stderr]    Compiling insta-cmd v0.7.0
[INFO] [stderr]     Finished `release` profile [optimized] target(s) in 3m 57s
[INFO] running `Command { std: "docker" "inspect" "964ce063d711746cd6e7df6338344bc8fbb83a793ba117a6ea5d8e04d34e52b9", kill_on_drop: false }`
[INFO] running `Command { std: "docker" "exec" "-e" "SOURCE_DIR=/opt/rustwide/workdir" "-e" "CARGO_HOME=/opt/rustwide/cargo-home" "-e" "RUSTUP_HOME=/opt/rustwide/rustup-home" "-e" "CARGO_TARGET_DIR=/opt/rustwide/target" "-e" "CARGO_INCREMENTAL=0" "-e" "RUST_BACKTRACE=full" "-e" "RUSTFLAGS=--cap-lints=warn" "-e" "RUSTDOCFLAGS=--cap-lints=warn" "-w" "/opt/rustwide/workdir" "--user" "0:0" "964ce063d711746cd6e7df6338344bc8fbb83a793ba117a6ea5d8e04d34e52b9" "/opt/rustwide/cargo-home/bin/cargo" "+1.98.0-beta.8" "test" "--frozen" "--release", kill_on_drop: false }`
[INFO] [stderr]     Finished `release` profile [optimized] target(s) in 0.37s
[INFO] [stderr]      Running unittests src/lib.rs (/opt/rustwide/target/release/deps/queso-00547d657220bb59)
[INFO] [stdout] 
[INFO] [stdout] running 55 tests
[INFO] [stdout] test erts::test::test_corrupt_cache_detected ... ok
[INFO] [stdout] test erts::test::test_download_url_unsupported_target ... ok
[INFO] [stdout] test erl::test::test_walk_app_dependencies_empty_dir ... FAILED
[INFO] [stdout] test erl::test::test_spawn_and_get_otp_version ... FAILED
[INFO] [stdout] test erts::test::test_nonexistent_path ... ok
[INFO] [stdout] test erl::test::test_reused_across_calls ... FAILED
[INFO] [stdout] test erl::test::test_walk_app_dependencies_with_deps ... FAILED
[INFO] [stdout] test erts::test::test_validate_accepts_mock_erts ... ok
[INFO] [stdout] test erts::test::test_cache_dir_contains_version_and_target ... ok
[INFO] [stdout] test format::test::test_trailer_invalid_magic ... ok
[INFO] [stdout] test format::test::test_trailer_metadata_combined_read ... ok
[INFO] [stdout] test format::test::test_trailer_size ... ok
[INFO] [stdout] test format::test::test_trailer_roundtrip ... ok
[INFO] [stdout] test format::test::test_validate_cases ... ok
[INFO] [stdout] test payload::test::test_app_hash_is_deterministic ... FAILED
[INFO] [stdout] test payload::test::test_erts_hash_sensitivity ... ok
[INFO] [stdout] test payload::test::test_erts_payload_contains_expected_structure ... FAILED
[INFO] [stdout] test payload::test::test_app_payload_contains_expected_structure ... FAILED
[INFO] [stdout] test payload::test::test_erts_payload_filters_lib ... FAILED
[INFO] [stdout] test payload::test::test_erts_payload_strips_core_to_bin_only ... FAILED
[INFO] [stdout] test payload::test::test_is_erts_binary ... ok
[INFO] [stdout] test payload::test::test_erts_payload_strips_non_essential_dirs ... FAILED
[INFO] [stdout] test payload::test::test_erts_payload_strips_non_runtime_top_level_dirs ... FAILED
[INFO] [stdout] test project::test::test_entrypoint_beam_file_suffix ... ok
[INFO] [stdout] test project::test::test_load_minimal_project ... ok
[INFO] [stdout] test payload::test::test_erts_payload_strips_unnecessary_binaries ... FAILED
[INFO] [stdout] test project::test::test_load_project_with_queso_config ... ok
[INFO] [stdout] test project::test::test_missing_gleam_toml ... ok
[INFO] [stdout] test project::test::test_resolve_full_erts ... ok
[INFO] [stdout] test project::test::test_resolve_compression_level ... ok
[INFO] [stdout] test project::test::test_resolve_entry ... ok
[INFO] [stdout] test project::test::test_resolve_strip_beam ... ok
[INFO] [stdout] test project::test::test_resolve_targets ... ok
[INFO] [stdout] test target::test::test_display_parse_roundtrip ... ok
[INFO] [stdout] test strip::test::test_empty_input ... FAILED
[INFO] [stdout] test strip::test::test_strip_reduces_size ... FAILED
[INFO] [stdout] test test::test_assemble_binary_creates_valid_output ... ok
[INFO] [stdout] test target::test::test_rust_target_and_exe_suffix ... ok
[INFO] [stdout] test test::test_find_boot_file ... ok
[INFO] [stdout] test test::test_hashing_writer_matches_direct_hash ... ok
[INFO] [stdout] test test::test_validate_entrypoint_found ... ok
[INFO] [stdout] test format::test::test_metadata_validate_cases ... ok
[INFO] [stdout] test tree_shake::test::test_resolve_always_includes_implicit_apps ... ok
[INFO] [stdout] test erts::test::test_download_urls ... ok
[INFO] [stdout] test erts::test::test_no_erts_directory ... ok
[INFO] [stdout] test tree_shake::test::test_resolve_minimal_gleam_app ... ok
[INFO] [stdout] test tree_shake::test::test_resolve_with_transitive_otp_deps ... ok
[INFO] [stdout] test tree_shake::test::test_validate_passes_when_all_apps_available ... ok
[INFO] [stdout] test tree_shake::test::test_validate_fails_when_erts_app_missing ... ok
[INFO] [stdout] test target::test::test_parse_errors ... ok
[INFO] [stdout] test test::test_output_filename ... ok
[INFO] [stdout] test erts::test::test_missing_erl_binary ... ok
[INFO] [stdout] test test::test_validate_entrypoint_not_found ... ok
[INFO] [stdout] test test::test_find_boot_file_missing ... ok
[INFO] [stdout] test tree_shake::test::test_resolve_closed_under_erts_deps ... ok
[INFO] [stdout] 
[INFO] [stdout] failures:
[INFO] [stdout] 
[INFO] [stdout] ---- erl::test::test_walk_app_dependencies_empty_dir stdout ----
[INFO] [stdout] 
[INFO] [stdout] thread 'erl::test::test_walk_app_dependencies_empty_dir' (3569) panicked at src/erl.rs:206:36:
[INFO] [stdout] called `Result::unwrap()` on an `Err` value: escript not found on PATH
[INFO] [stdout] 
[INFO] [stdout] Caused by:
[INFO] [stdout]     No such file or directory (os error 2)
[INFO] [stdout] 
[INFO] [stdout] Location:
[INFO] [stdout]     src/erl.rs:35:14
[INFO] [stdout] 
[INFO] [stdout] Stack backtrace:
[INFO] [stdout]    0: <unknown>
[INFO] [stdout]    1: <unknown>
[INFO] [stdout]    2: <unknown>
[INFO] [stdout]    3: <unknown>
[INFO] [stdout]    4: <unknown>
[INFO] [stdout]    5: <unknown>
[INFO] [stdout]    6: <unknown>
[INFO] [stdout]    7: <unknown>
[INFO] [stdout]    8: <unknown>
[INFO] [stdout]    9: <unknown>
[INFO] [stdout]   10: clone
[INFO] [stdout] 
[INFO] [stdout] stack backtrace:
[INFO] [stdout]    0:     0x5c3075d911a5 - <unknown>
[INFO] [stdout]    1:     0x5c3075c15cba - <unknown>
[INFO] [stdout]    2:     0x5c3075d9081b - <unknown>
[INFO] [stdout]    3:     0x5c3075d9031f - <unknown>
[INFO] [stdout]    4:     0x5c3075d8ff4a - <unknown>
[INFO] [stdout]    5:     0x5c3075d8fab1 - <unknown>
[INFO] [stdout]    6:     0x5c3075db8871 - <unknown>
[INFO] [stdout]    7:     0x5c3075db8829 - <unknown>
[INFO] [stdout]    8:     0x5c3075db8d2c - <unknown>
[INFO] [stdout]    9:     0x5c3075c15b4b - <unknown>
[INFO] [stdout]   10:     0x5c3075c1a971 - <unknown>
[INFO] [stdout]   11:     0x5c3075cceace - <unknown>
[INFO] [stdout]   12:     0x5c3075ddeecb - <unknown>
[INFO] [stdout]   13:     0x5c3075ddaf41 - <unknown>
[INFO] [stdout]   14:     0x5c3075dda72c - <unknown>
[INFO] [stdout]   15:     0x5c3075df4d3c - <unknown>
[INFO] [stdout]   16:     0x5c3075db9de9 - <unknown>
[INFO] [stdout]   17:     0x7fa050e4507a - <unknown>
[INFO] [stdout]   18:     0x7fa050ed8534 - clone
[INFO] [stdout]   19:                0x0 - <unknown>
[INFO] [stdout] 
[INFO] [stdout] ---- erl::test::test_spawn_and_get_otp_version stdout ----
[INFO] [stdout] 
[INFO] [stdout] thread 'erl::test::test_spawn_and_get_otp_version' (3568) panicked at src/erl.rs:190:36:
[INFO] [stdout] called `Result::unwrap()` on an `Err` value: escript not found on PATH
[INFO] [stdout] 
[INFO] [stdout] Caused by:
[INFO] [stdout]     No such file or directory (os error 2)
[INFO] [stdout] 
[INFO] [stdout] Location:
[INFO] [stdout]     src/erl.rs:35:14
[INFO] [stdout] 
[INFO] [stdout] Stack backtrace:
[INFO] [stdout]    0: <unknown>
[INFO] [stdout]    1: <unknown>
[INFO] [stdout]    2: <unknown>
[INFO] [stdout]    3: <unknown>
[INFO] [stdout]    4: <unknown>
[INFO] [stdout]    5: <unknown>
[INFO] [stdout]    6: <unknown>
[INFO] [stdout]    7: <unknown>
[INFO] [stdout]    8: <unknown>
[INFO] [stdout]    9: <unknown>
[INFO] [stdout]   10: clone
[INFO] [stdout] 
[INFO] [stdout] stack backtrace:
[INFO] [stdout]    0:     0x5c3075d911a5 - <unknown>
[INFO] [stdout]    1:     0x5c3075c15cba - <unknown>
[INFO] [stdout]    2:     0x5c3075d9081b - <unknown>
[INFO] [stdout]    3:     0x5c3075d9031f - <unknown>
[INFO] [stdout]    4:     0x5c3075d8ff4a - <unknown>
[INFO] [stdout]    5:     0x5c3075d8fab1 - <unknown>
[INFO] [stdout]    6:     0x5c3075db8871 - <unknown>
[INFO] [stdout]    7:     0x5c3075db8829 - <unknown>
[INFO] [stdout]    8:     0x5c3075db8d2c - <unknown>
[INFO] [stdout]    9:     0x5c3075c15b4b - <unknown>
[INFO] [stdout]   10:     0x5c3075c1a971 - <unknown>
[INFO] [stdout]   11:     0x5c3075ccedb3 - <unknown>
[INFO] [stdout]   12:     0x5c3075ddeecb - <unknown>
[INFO] [stdout]   13:     0x5c3075ddaf41 - <unknown>
[INFO] [stdout]   14:     0x5c3075dda72c - <unknown>
[INFO] [stdout]   15:     0x5c3075df4d3c - <unknown>
[INFO] [stdout]   16:     0x5c3075db9de9 - <unknown>
[INFO] [stdout]   17:     0x7fa050e4507a - <unknown>
[INFO] [stdout]   18:     0x7fa050ed8534 - clone
[INFO] [stdout]   19:                0x0 - <unknown>
[INFO] [stdout] 
[INFO] [stdout] ---- erl::test::test_reused_across_calls stdout ----
[INFO] [stdout] 
[INFO] [stdout] thread 'erl::test::test_reused_across_calls' (3567) panicked at src/erl.rs:198:36:
[INFO] [stdout] called `Result::unwrap()` on an `Err` value: escript not found on PATH
[INFO] [stdout] 
[INFO] [stdout] Caused by:
[INFO] [stdout]     No such file or directory (os error 2)
[INFO] [stdout] 
[INFO] [stdout] Location:
[INFO] [stdout]     src/erl.rs:35:14
[INFO] [stdout] 
[INFO] [stdout] Stack backtrace:
[INFO] [stdout]    0: <unknown>
[INFO] [stdout]    1: <unknown>
[INFO] [stdout]    2: <unknown>
[INFO] [stdout]    3: <unknown>
[INFO] [stdout]    4: <unknown>
[INFO] [stdout]    5: <unknown>
[INFO] [stdout]    6: <unknown>
[INFO] [stdout]    7: <unknown>
[INFO] [stdout]    8: <unknown>
[INFO] [stdout]    9: <unknown>
[INFO] [stdout]   10: clone
[INFO] [stdout] 
[INFO] [stdout] stack backtrace:
[INFO] [stdout]    0:     0x5c3075d911a5 - <unknown>
[INFO] [stdout]    1:     0x5c3075c15cba - <unknown>
[INFO] [stdout]    2:     0x5c3075d9081b - <unknown>
[INFO] [stdout]    3:     0x5c3075d9031f - <unknown>
[INFO] [stdout]    4:     0x5c3075d8ff4a - <unknown>
[INFO] [stdout]    5:     0x5c3075d8fab1 - <unknown>
[INFO] [stdout]    6:     0x5c3075db8871 - <unknown>
[INFO] [stdout]    7:     0x5c3075db8829 - <unknown>
[INFO] [stdout]    8:     0x5c3075db8d2c - <unknown>
[INFO] [stdout]    9:     0x5c3075c15b4b - <unknown>
[INFO] [stdout]   10:     0x5c3075c1a971 - <unknown>
[INFO] [stdout]   11:     0x5c3075ccf006 - <unknown>
[INFO] [stdout]   12:     0x5c3075ddeecb - <unknown>
[INFO] [stdout]   13:     0x5c3075ddaf41 - <unknown>
[INFO] [stdout]   14:     0x5c3075dda72c - <unknown>
[INFO] [stdout]   15:     0x5c3075df4d3c - <unknown>
[INFO] [stdout]   16:     0x5c3075db9de9 - <unknown>
[INFO] [stdout]   17:     0x7fa050e4507a - <unknown>
[INFO] [stdout]   18:     0x7fa050ed8534 - clone
[INFO] [stdout]   19:                0x0 - <unknown>
[INFO] [stdout] 
[INFO] [stdout] ---- erl::test::test_walk_app_dependencies_with_deps stdout ----
[INFO] [stdout] 
[INFO] [stdout] thread 'erl::test::test_walk_app_dependencies_with_deps' (3570) panicked at src/erl.rs:214:36:
[INFO] [stdout] called `Result::unwrap()` on an `Err` value: escript not found on PATH
[INFO] [stdout] 
[INFO] [stdout] Caused by:
[INFO] [stdout]     No such file or directory (os error 2)
[INFO] [stdout] 
[INFO] [stdout] Location:
[INFO] [stdout]     src/erl.rs:35:14
[INFO] [stdout] 
[INFO] [stdout] Stack backtrace:
[INFO] [stdout]    0: <unknown>
[INFO] [stdout]    1: <unknown>
[INFO] [stdout]    2: <unknown>
[INFO] [stdout]    3: <unknown>
[INFO] [stdout]    4: <unknown>
[INFO] [stdout]    5: <unknown>
[INFO] [stdout]    6: <unknown>
[INFO] [stdout]    7: <unknown>
[INFO] [stdout]    8: <unknown>
[INFO] [stdout]    9: <unknown>
[INFO] [stdout]   10: clone
[INFO] [stdout] 
[INFO] [stdout] stack backtrace:
[INFO] [stdout]    0:     0x5c3075d911a5 - <unknown>
[INFO] [stdout]    1:     0x5c3075c15cba - <unknown>
[INFO] [stdout]    2:     0x5c3075d9081b - <unknown>
[INFO] [stdout]    3:     0x5c3075d9031f - <unknown>
[INFO] [stdout]    4:     0x5c3075d8ff4a - <unknown>
[INFO] [stdout]    5:     0x5c3075d8fab1 - <unknown>
[INFO] [stdout]    6:     0x5c3075db8871 - <unknown>
[INFO] [stdout]    7:     0x5c3075db8829 - <unknown>
[INFO] [stdout]    8:     0x5c3075db8d2c - <unknown>
[INFO] [stdout]    9:     0x5c3075c15b4b - <unknown>
[INFO] [stdout]   10:     0x5c3075c1a971 - <unknown>
[INFO] [stdout]   11:     0x5c3075cce706 - <unknown>
[INFO] [stdout]   12:     0x5c3075ddeecb - <unknown>
[INFO] [stdout]   13:     0x5c3075ddaf41 - <unknown>
[INFO] [stdout]   14:     0x5c3075dda72c - <unknown>
[INFO] [stdout]   15:     0x5c3075df4d3c - <unknown>
[INFO] [stdout]   16:     0x5c3075db9de9 - <unknown>
[INFO] [stdout]   17:     0x7fa050e4507a - <unknown>
[INFO] [stdout]   18:     0x7fa050ed8534 - clone
[INFO] [stdout]   19:                0x0 - <unknown>
[INFO] [stdout] 
[INFO] [stdout] ---- payload::test::test_app_hash_is_deterministic stdout ----
[INFO] [stdout] 
[INFO] [stdout] thread 'payload::test::test_app_hash_is_deterministic' (3590) panicked at src/payload.rs:644:36:
[INFO] [stdout] called `Result::unwrap()` on an `Err` value: escript not found on PATH
[INFO] [stdout] 
[INFO] [stdout] Caused by:
[INFO] [stdout]     No such file or directory (os error 2)
[INFO] [stdout] 
[INFO] [stdout] Location:
[INFO] [stdout]     src/erl.rs:35:14
[INFO] [stdout] 
[INFO] [stdout] Stack backtrace:
[INFO] [stdout]    0: <unknown>
[INFO] [stdout]    1: <unknown>
[INFO] [stdout]    2: <unknown>
[INFO] [stdout]    3: <unknown>
[INFO] [stdout]    4: <unknown>
[INFO] [stdout]    5: <unknown>
[INFO] [stdout]    6: <unknown>
[INFO] [stdout]    7: <unknown>
[INFO] [stdout]    8: <unknown>
[INFO] [stdout]    9: <unknown>
[INFO] [stdout]   10: clone
[INFO] [stdout] 
[INFO] [stdout] stack backtrace:
[INFO] [stdout]    0:     0x5c3075d911a5 - <unknown>
[INFO] [stdout]    1:     0x5c3075c15cba - <unknown>
[INFO] [stdout]    2:     0x5c3075d9081b - <unknown>
[INFO] [stdout]    3:     0x5c3075d9031f - <unknown>
[INFO] [stdout]    4:     0x5c3075d8ff4a - <unknown>
[INFO] [stdout]    5:     0x5c3075d8fab1 - <unknown>
[INFO] [stdout]    6:     0x5c3075db8871 - <unknown>
[INFO] [stdout]    7:     0x5c3075db8829 - <unknown>
[INFO] [stdout]    8:     0x5c3075db8d2c - <unknown>
[INFO] [stdout]    9:     0x5c3075c15b4b - <unknown>
[INFO] [stdout]   10:     0x5c3075c1a971 - <unknown>
[INFO] [stdout]   11:     0x5c3075cc7ed0 - <unknown>
[INFO] [stdout]   12:     0x5c3075ddeecb - <unknown>
[INFO] [stdout]   13:     0x5c3075ddaf41 - <unknown>
[INFO] [stdout]   14:     0x5c3075dda72c - <unknown>
[INFO] [stdout]   15:     0x5c3075df4d3c - <unknown>
[INFO] [stdout]   16:     0x5c3075db9de9 - <unknown>
[INFO] [stdout]   17:     0x7fa050e4507a - <unknown>
[INFO] [stdout]   18:     0x7fa050ed8534 - clone
[INFO] [stdout]   19:                0x0 - <unknown>
[INFO] [stdout] 
[INFO] [stdout] ---- payload::test::test_erts_payload_contains_expected_structure stdout ----
[INFO] [stdout] 
[INFO] [stdout] thread 'payload::test::test_erts_payload_contains_expected_structure' (3594) panicked at src/payload.rs:580:36:
[INFO] [stdout] called `Result::unwrap()` on an `Err` value: escript not found on PATH
[INFO] [stdout] 
[INFO] [stdout] Caused by:
[INFO] [stdout]     No such file or directory (os error 2)
[INFO] [stdout] 
[INFO] [stdout] Location:
[INFO] [stdout]     src/erl.rs:35:14
[INFO] [stdout] 
[INFO] [stdout] Stack backtrace:
[INFO] [stdout]    0: <unknown>
[INFO] [stdout]    1: <unknown>
[INFO] [stdout]    2: <unknown>
[INFO] [stdout]    3: <unknown>
[INFO] [stdout]    4: <unknown>
[INFO] [stdout]    5: <unknown>
[INFO] [stdout]    6: <unknown>
[INFO] [stdout]    7: <unknown>
[INFO] [stdout]    8: <unknown>
[INFO] [stdout]    9: <unknown>
[INFO] [stdout]   10: clone
[INFO] [stdout] 
[INFO] [stdout] stack backtrace:
[INFO] [stdout]    0:     0x5c3075d911a5 - <unknown>
[INFO] [stdout]    1:     0x5c3075c15cba - <unknown>
[INFO] [stdout]    2:     0x5c3075d9081b - <unknown>
[INFO] [stdout]    3:     0x5c3075d9031f - <unknown>
[INFO] [stdout]    4:     0x5c3075d8ff4a - <unknown>
[INFO] [stdout]    5:     0x5c3075d8fab1 - <unknown>
[INFO] [stdout]    6:     0x5c3075db8871 - <unknown>
[INFO] [stdout]    7:     0x5c3075db8829 - <unknown>
[INFO] [stdout]    8:     0x5c3075db8d2c - <unknown>
[INFO] [stdout]    9:     0x5c3075c15b4b - <unknown>
[INFO] [stdout]   10:     0x5c3075c1a971 - <unknown>
[INFO] [stdout]   11:     0x5c3075cc6ce0 - <unknown>
[INFO] [stdout]   12:     0x5c3075ddeecb - <unknown>
[INFO] [stdout]   13:     0x5c3075ddaf41 - <unknown>
[INFO] [stdout]   14:     0x5c3075dda72c - <unknown>
[INFO] [stdout]   15:     0x5c3075df4d3c - <unknown>
[INFO] [stdout]   16:     0x5c3075db9de9 - <unknown>
[INFO] [stdout]   17:     0x7fa050e4507a - <unknown>
[INFO] [stdout]   18:     0x7fa050ed8534 - clone
[INFO] [stdout]   19:                0x0 - <unknown>
[INFO] [stdout] 
[INFO] [stdout] ---- payload::test::test_app_payload_contains_expected_structure stdout ----
[INFO] [stdout] 
[INFO] [stdout] thread 'payload::test::test_app_payload_contains_expected_structure' (3591) panicked at src/payload.rs:590:36:
[INFO] [stdout] called `Result::unwrap()` on an `Err` value: escript not found on PATH
[INFO] [stdout] 
[INFO] [stdout] Caused by:
[INFO] [stdout]     No such file or directory (os error 2)
[INFO] [stdout] 
[INFO] [stdout] Location:
[INFO] [stdout]     src/erl.rs:35:14
[INFO] [stdout] 
[INFO] [stdout] Stack backtrace:
[INFO] [stdout]    0: <unknown>
[INFO] [stdout]    1: <unknown>
[INFO] [stdout]    2: <unknown>
[INFO] [stdout]    3: <unknown>
[INFO] [stdout]    4: <unknown>
[INFO] [stdout]    5: <unknown>
[INFO] [stdout]    6: <unknown>
[INFO] [stdout]    7: <unknown>
[INFO] [stdout]    8: <unknown>
[INFO] [stdout]    9: <unknown>
[INFO] [stdout]   10: clone
[INFO] [stdout] 
[INFO] [stdout] stack backtrace:
[INFO] [stdout]    0:     0x5c3075d911a5 - <unknown>
[INFO] [stdout]    1:     0x5c3075c15cba - <unknown>
[INFO] [stdout]    2:     0x5c3075d9081b - <unknown>
[INFO] [stdout]    3:     0x5c3075d9031f - <unknown>
[INFO] [stdout]    4:     0x5c3075d8ff4a - <unknown>
[INFO] [stdout]    5:     0x5c3075d8fab1 - <unknown>
[INFO] [stdout]    6:     0x5c3075db8871 - <unknown>
[INFO] [stdout]    7:     0x5c3075db8829 - <unknown>
[INFO] [stdout]    8:     0x5c3075db8d2c - <unknown>
[INFO] [stdout]    9:     0x5c3075c15b4b - <unknown>
[INFO] [stdout]   10:     0x5c3075c1a971 - <unknown>
[INFO] [stdout]   11:     0x5c3075cc797e - <unknown>
[INFO] [stdout]   12:     0x5c3075ddeecb - <unknown>
[INFO] [stdout]   13:     0x5c3075ddaf41 - <unknown>
[INFO] [stdout]   14:     0x5c3075dda72c - <unknown>
[INFO] [stdout]   15:     0x5c3075df4d3c - <unknown>
[INFO] [stdout]   16:     0x5c3075db9de9 - <unknown>
[INFO] [stdout]   17:     0x7fa050e4507a - <unknown>
[INFO] [stdout]   18:     0x7fa050ed8534 - clone
[INFO] [stdout]   19:                0x0 - <unknown>
[INFO] [stdout] 
[INFO] [stdout] ---- payload::test::test_erts_payload_filters_lib stdout ----
[INFO] [stdout] 
[INFO] [stdout] thread 'payload::test::test_erts_payload_filters_lib' (3597) panicked at src/payload.rs:379:36:
[INFO] [stdout] called `Result::unwrap()` on an `Err` value: escript not found on PATH
[INFO] [stdout] 
[INFO] [stdout] Caused by:
[INFO] [stdout]     No such file or directory (os error 2)
[INFO] [stdout] 
[INFO] [stdout] Location:
[INFO] [stdout]     src/erl.rs:35:14
[INFO] [stdout] 
[INFO] [stdout] Stack backtrace:
[INFO] [stdout]    0: <unknown>
[INFO] [stdout]    1: <unknown>
[INFO] [stdout]    2: <unknown>
[INFO] [stdout]    3: <unknown>
[INFO] [stdout]    4: <unknown>
[INFO] [stdout]    5: <unknown>
[INFO] [stdout]    6: <unknown>
[INFO] [stdout]    7: <unknown>
[INFO] [stdout]    8: <unknown>
[INFO] [stdout]    9: <unknown>
[INFO] [stdout]   10: clone
[INFO] [stdout] 
[INFO] [stdout] stack backtrace:
[INFO] [stdout]    0:     0x5c3075d911a5 - <unknown>
[INFO] [stdout]    1:     0x5c3075c15cba - <unknown>
[INFO] [stdout]    2:     0x5c3075d9081b - <unknown>
[INFO] [stdout]    3:     0x5c3075d9031f - <unknown>
[INFO] [stdout]    4:     0x5c3075d8ff4a - <unknown>
[INFO] [stdout]    5:     0x5c3075d8fab1 - <unknown>
[INFO] [stdout]    6:     0x5c3075db8871 - <unknown>
[INFO] [stdout]    7:     0x5c3075db8829 - <unknown>
[INFO] [stdout]    8:     0x5c3075db8d2c - <unknown>
[INFO] [stdout]    9:     0x5c3075c15b4b - <unknown>
[INFO] [stdout]   10:     0x5c3075c1a971 - <unknown>
[INFO] [stdout]   11:     0x5c3075cc671d - <unknown>
[INFO] [stdout]   12:     0x5c3075ddeecb - <unknown>
[INFO] [stdout]   13:     0x5c3075ddaf41 - <unknown>
[INFO] [stdout]   14:     0x5c3075dda72c - <unknown>
[INFO] [stdout]   15:     0x5c3075df4d3c - <unknown>
[INFO] [stdout]   16:     0x5c3075db9de9 - <unknown>
[INFO] [stdout]   17:     0x7fa050e4507a - <unknown>
[INFO] [stdout]   18:     0x7fa050ed8534 - clone
[INFO] [stdout]   19:                0x0 - <unknown>
[INFO] [stdout] 
[INFO] [stdout] ---- payload::test::test_erts_payload_strips_core_to_bin_only stdout ----
[INFO] [stdout] 
[INFO] [stdout] thread 'payload::test::test_erts_payload_strips_core_to_bin_only' (3599) panicked at src/payload.rs:440:36:
[INFO] [stdout] called `Result::unwrap()` on an `Err` value: escript not found on PATH
[INFO] [stdout] 
[INFO] [stdout] Caused by:
[INFO] [stdout]     No such file or directory (os error 2)
[INFO] [stdout] 
[INFO] [stdout] Location:
[INFO] [stdout]     src/erl.rs:35:14
[INFO] [stdout] 
[INFO] [stdout] Stack backtrace:
[INFO] [stdout]    0: <unknown>
[INFO] [stdout]    1: <unknown>
[INFO] [stdout]    2: <unknown>
[INFO] [stdout]    3: <unknown>
[INFO] [stdout]    4: <unknown>
[INFO] [stdout]    5: <unknown>
[INFO] [stdout]    6: <unknown>
[INFO] [stdout]    7: <unknown>
[INFO] [stdout]    8: <unknown>
[INFO] [stdout]    9: <unknown>
[INFO] [stdout]   10: clone
[INFO] [stdout] 
[INFO] [stdout] stack backtrace:
[INFO] [stdout]    0:     0x5c3075d911a5 - <unknown>
[INFO] [stdout]    1:     0x5c3075c15cba - <unknown>
[INFO] [stdout]    2:     0x5c3075d9081b - <unknown>
[INFO] [stdout]    3:     0x5c3075d9031f - <unknown>
[INFO] [stdout]    4:     0x5c3075d8ff4a - <unknown>
[INFO] [stdout]    5:     0x5c3075d8fab1 - <unknown>
[INFO] [stdout]    6:     0x5c3075db8871 - <unknown>
[INFO] [stdout]    7:     0x5c3075db8829 - <unknown>
[INFO] [stdout]    8:     0x5c3075db8d2c - <unknown>
[INFO] [stdout]    9:     0x5c3075c15b4b - <unknown>
[INFO] [stdout]   10:     0x5c3075c1a971 - <unknown>
[INFO] [stdout]   11:     0x5c3075cc5cee - <unknown>
[INFO] [stdout]   12:     0x5c3075ddeecb - <unknown>
[INFO] [stdout]   13:     0x5c3075ddaf41 - <unknown>
[INFO] [stdout]   14:     0x5c3075dda72c - <unknown>
[INFO] [stdout]   15:     0x5c3075df4d3c - <unknown>
[INFO] [stdout]   16:     0x5c3075db9de9 - <unknown>
[INFO] [stdout]   17:     0x7fa050e4507a - <unknown>
[INFO] [stdout]   18:     0x7fa050ed8534 - clone
[INFO] [stdout]   19:                0x0 - <unknown>
[INFO] [stdout] 
[INFO] [stdout] ---- payload::test::test_erts_payload_strips_non_essential_dirs stdout ----
[INFO] [stdout] 
[INFO] [stdout] thread 'payload::test::test_erts_payload_strips_non_essential_dirs' (3600) panicked at src/payload.rs:404:36:
[INFO] [stdout] called `Result::unwrap()` on an `Err` value: escript not found on PATH
[INFO] [stdout] 
[INFO] [stdout] Caused by:
[INFO] [stdout]     No such file or directory (os error 2)
[INFO] [stdout] 
[INFO] [stdout] Location:
[INFO] [stdout]     src/erl.rs:35:14
[INFO] [stdout] 
[INFO] [stdout] Stack backtrace:
[INFO] [stdout]    0: <unknown>
[INFO] [stdout]    1: <unknown>
[INFO] [stdout]    2: <unknown>
[INFO] [stdout]    3: <unknown>
[INFO] [stdout]    4: <unknown>
[INFO] [stdout]    5: <unknown>
[INFO] [stdout]    6: <unknown>
[INFO] [stdout]    7: <unknown>
[INFO] [stdout]    8: <unknown>
[INFO] [stdout]    9: <unknown>
[INFO] [stdout]   10: clone
[INFO] [stdout] 
[INFO] [stdout] stack backtrace:
[INFO] [stdout]    0:     0x5c3075d911a5 - <unknown>
[INFO] [stdout]    1:     0x5c3075c15cba - <unknown>
[INFO] [stdout]    2:     0x5c3075d9081b - <unknown>
[INFO] [stdout]    3:     0x5c3075d9031f - <unknown>
[INFO] [stdout]    4:     0x5c3075d8ff4a - <unknown>
[INFO] [stdout]    5:     0x5c3075d8fab1 - <unknown>
[INFO] [stdout]    6:     0x5c3075db8871 - <unknown>
[INFO] [stdout]    7:     0x5c3075db8829 - <unknown>
[INFO] [stdout]    8:     0x5c3075db8d2c - <unknown>
[INFO] [stdout]    9:     0x5c3075c15b4b - <unknown>
[INFO] [stdout]   10:     0x5c3075c1a971 - <unknown>
[INFO] [stdout]   11:     0x5c3075cc524a - <unknown>
[INFO] [stdout]   12:     0x5c3075ddeecb - <unknown>
[INFO] [stdout]   13:     0x5c3075ddaf41 - <unknown>
[INFO] [stdout]   14:     0x5c3075dda72c - <unknown>
[INFO] [stdout]   15:     0x5c3075df4d3c - <unknown>
[INFO] [stdout]   16:     0x5c3075db9de9 - <unknown>
[INFO] [stdout]   17:     0x7fa050e4507a - <unknown>
[INFO] [stdout]   18:     0x7fa050ed8534 - clone
[INFO] [stdout]   19:                0x0 - <unknown>
[INFO] [stdout] 
[INFO] [stdout] ---- payload::test::test_erts_payload_strips_non_runtime_top_level_dirs stdout ----
[INFO] [stdout] 
[INFO] [stdout] thread 'payload::test::test_erts_payload_strips_non_runtime_top_level_dirs' (3602) panicked at src/payload.rs:513:36:
[INFO] [stdout] called `Result::unwrap()` on an `Err` value: escript not found on PATH
[INFO] [stdout] 
[INFO] [stdout] Caused by:
[INFO] [stdout]     No such file or directory (os error 2)
[INFO] [stdout] 
[INFO] [stdout] Location:
[INFO] [stdout]     src/erl.rs:35:14
[INFO] [stdout] 
[INFO] [stdout] Stack backtrace:
[INFO] [stdout]    0: <unknown>
[INFO] [stdout]    1: <unknown>
[INFO] [stdout]    2: <unknown>
[INFO] [stdout]    3: <unknown>
[INFO] [stdout]    4: <unknown>
[INFO] [stdout]    5: <unknown>
[INFO] [stdout]    6: <unknown>
[INFO] [stdout]    7: <unknown>
[INFO] [stdout]    8: <unknown>
[INFO] [stdout]    9: <unknown>
[INFO] [stdout]   10: clone
[INFO] [stdout] 
[INFO] [stdout] stack backtrace:
[INFO] [stdout]    0:     0x5c3075d911a5 - <unknown>
[INFO] [stdout]    1:     0x5c3075c15cba - <unknown>
[INFO] [stdout]    2:     0x5c3075d9081b - <unknown>
[INFO] [stdout]    3:     0x5c3075d9031f - <unknown>
[INFO] [stdout]    4:     0x5c3075d8ff4a - <unknown>
[INFO] [stdout]    5:     0x5c3075d8fab1 - <unknown>
[INFO] [stdout]    6:     0x5c3075db8871 - <unknown>
[INFO] [stdout]    7:     0x5c3075db8829 - <unknown>
[INFO] [stdout]    8:     0x5c3075db8d2c - <unknown>
[INFO] [stdout]    9:     0x5c3075c15b4b - <unknown>
[INFO] [stdout]   10:     0x5c3075c1a971 - <unknown>
[INFO] [stdout]   11:     0x5c3075cc456d - <unknown>
[INFO] [stdout]   12:     0x5c3075ddeecb - <unknown>
[INFO] [stdout]   13:     0x5c3075ddaf41 - <unknown>
[INFO] [stdout]   14:     0x5c3075dda72c - <unknown>
[INFO] [stdout]   15:     0x5c3075df4d3c - <unknown>
[INFO] [stdout]   16:     0x5c3075db9de9 - <unknown>
[INFO] [stdout]   17:     0x7fa050e4507a - <unknown>
[INFO] [stdout]   18:     0x7fa050ed8534 - clone
[INFO] [stdout]   19:                0x0 - <unknown>
[INFO] [stdout] 
[INFO] [stdout] ---- payload::test::test_erts_payload_strips_unnecessary_binaries stdout ----
[INFO] [stdout] 
[INFO] [stdout] thread 'payload::test::test_erts_payload_strips_unnecessary_binaries' (3605) panicked at src/payload.rs:477:36:
[INFO] [stdout] called `Result::unwrap()` on an `Err` value: escript not found on PATH
[INFO] [stdout] 
[INFO] [stdout] Caused by:
[INFO] [stdout]     No such file or directory (os error 2)
[INFO] [stdout] 
[INFO] [stdout] Location:
[INFO] [stdout]     src/erl.rs:35:14
[INFO] [stdout] 
[INFO] [stdout] Stack backtrace:
[INFO] [stdout]    0: <unknown>
[INFO] [stdout]    1: <unknown>
[INFO] [stdout]    2: <unknown>
[INFO] [stdout]    3: <unknown>
[INFO] [stdout]    4: <unknown>
[INFO] [stdout]    5: <unknown>
[INFO] [stdout]    6: <unknown>
[INFO] [stdout]    7: <unknown>
[INFO] [stdout]    8: <unknown>
[INFO] [stdout]    9: <unknown>
[INFO] [stdout]   10: clone
[INFO] [stdout] 
[INFO] [stdout] stack backtrace:
[INFO] [stdout]    0:     0x5c3075d911a5 - <unknown>
[INFO] [stdout]    1:     0x5c3075c15cba - <unknown>
[INFO] [stdout]    2:     0x5c3075d9081b - <unknown>
[INFO] [stdout]    3:     0x5c3075d9031f - <unknown>
[INFO] [stdout]    4:     0x5c3075d8ff4a - <unknown>
[INFO] [stdout]    5:     0x5c3075d8fab1 - <unknown>
[INFO] [stdout]    6:     0x5c3075db8871 - <unknown>
[INFO] [stdout]    7:     0x5c3075db8829 - <unknown>
[INFO] [stdout]    8:     0x5c3075db8d2c - <unknown>
[INFO] [stdout]    9:     0x5c3075c15b4b - <unknown>
[INFO] [stdout]   10:     0x5c3075c1a971 - <unknown>
[INFO] [stdout]   11:     0x5c3075cc3537 - <unknown>
[INFO] [stdout]   12:     0x5c3075ddeecb - <unknown>
[INFO] [stdout]   13:     0x5c3075ddaf41 - <unknown>
[INFO] [stdout]   14:     0x5c3075dda72c - <unknown>
[INFO] [stdout]   15:     0x5c3075df4d3c - <unknown>
[INFO] [stdout]   16:     0x5c3075db9de9 - <unknown>
[INFO] [stdout]   17:     0x7fa050e4507a - <unknown>
[INFO] [stdout]   18:     0x7fa050ed8534 - clone
[INFO] [stdout]   19:                0x0 - <unknown>
[INFO] [stdout] 
[INFO] [stdout] ---- strip::test::test_empty_input stdout ----
[INFO] [stdout] 
[INFO] [stdout] thread 'strip::test::test_empty_input' (3617) panicked at src/strip.rs:43:36:
[INFO] [stdout] called `Result::unwrap()` on an `Err` value: escript not found on PATH
[INFO] [stdout] 
[INFO] [stdout] Caused by:
[INFO] [stdout]     No such file or directory (os error 2)
[INFO] [stdout] 
[INFO] [stdout] Location:
[INFO] [stdout]     src/erl.rs:35:14
[INFO] [stdout] 
[INFO] [stdout] Stack backtrace:
[INFO] [stdout]    0: <unknown>
[INFO] [stdout]    1: <unknown>
[INFO] [stdout]    2: <unknown>
[INFO] [stdout]    3: <unknown>
[INFO] [stdout]    4: <unknown>
[INFO] [stdout]    5: <unknown>
[INFO] [stdout]    6: <unknown>
[INFO] [stdout]    7: <unknown>
[INFO] [stdout]    8: <unknown>
[INFO] [stdout]    9: <unknown>
[INFO] [stdout]   10: clone
[INFO] [stdout] 
[INFO] [stdout] stack backtrace:
[INFO] [stdout]    0:     0x5c3075d911a5 - <unknown>
[INFO] [stdout]    1:     0x5c3075c15cba - <unknown>
[INFO] [stdout]    2:     0x5c3075d9081b - <unknown>
[INFO] [stdout]    3:     0x5c3075d9031f - <unknown>
[INFO] [stdout]    4:     0x5c3075d8ff4a - <unknown>
[INFO] [stdout]    5:     0x5c3075d8fab1 - <unknown>
[INFO] [stdout]    6:     0x5c3075db8871 - <unknown>
[INFO] [stdout]    7:     0x5c3075db8829 - <unknown>
[INFO] [stdout]    8:     0x5c3075db8d2c - <unknown>
[INFO] [stdout]    9:     0x5c3075c15b4b - <unknown>
[INFO] [stdout]   10:     0x5c3075c1a971 - <unknown>
[INFO] [stdout]   11:     0x5c3075cc03d1 - <unknown>
[INFO] [stdout]   12:     0x5c3075ddeecb - <unknown>
[INFO] [stdout]   13:     0x5c3075ddaf41 - <unknown>
[INFO] [stdout]   14:     0x5c3075dda72c - <unknown>
[INFO] [stdout]   15:     0x5c3075df4d3c - <unknown>
[INFO] [stdout]   16:     0x5c3075db9de9 - <unknown>
[INFO] [stdout]   17:     0x7fa050e4507a - <unknown>
[INFO] [stdout]   18:     0x7fa050ed8534 - clone
[INFO] [stdout]   19:                0x0 - <unknown>
[INFO] [stdout] 
[INFO] [stdout] ---- strip::test::test_strip_reduces_size stdout ----
[INFO] [stdout] 
[INFO] [stdout] thread 'strip::test::test_strip_reduces_size' (3619) panicked at src/strip.rs:56:36:
[INFO] [stdout] called `Result::unwrap()` on an `Err` value: escript not found on PATH
[INFO] [stdout] 
[INFO] [stdout] Caused by:
[INFO] [stdout]     No such file or directory (os error 2)
[INFO] [stdout] 
[INFO] [stdout] Location:
[INFO] [stdout]     src/erl.rs:35:14
[INFO] [stdout] 
[INFO] [stdout] Stack backtrace:
[INFO] [stdout]    0: <unknown>
[INFO] [stdout]    1: <unknown>
[INFO] [stdout]    2: <unknown>
[INFO] [stdout]    3: <unknown>
[INFO] [stdout]    4: <unknown>
[INFO] [stdout]    5: <unknown>
[INFO] [stdout]    6: <unknown>
[INFO] [stdout]    7: <unknown>
[INFO] [stdout]    8: <unknown>
[INFO] [stdout]    9: <unknown>
[INFO] [stdout]   10: clone
[INFO] [stdout] 
[INFO] [stdout] stack backtrace:
[INFO] [stdout]    0:     0x5c3075d911a5 - <unknown>
[INFO] [stdout]    1:     0x5c3075c15cba - <unknown>
[INFO] [stdout]    2:     0x5c3075d9081b - <unknown>
[INFO] [stdout]    3:     0x5c3075d9031f - <unknown>
[INFO] [stdout]    4:     0x5c3075d8ff4a - <unknown>
[INFO] [stdout]    5:     0x5c3075d8fab1 - <unknown>
[INFO] [stdout]    6:     0x5c3075db8871 - <unknown>
[INFO] [stdout]    7:     0x5c3075db8829 - <unknown>
[INFO] [stdout]    8:     0x5c3075db8d2c - <unknown>
[INFO] [stdout]    9:     0x5c3075c15b4b - <unknown>
[INFO] [stdout]   10:     0x5c3075c1a971 - <unknown>
[INFO] [stdout]   11:     0x5c3075cc0116 - <unknown>
[INFO] [stdout]   12:     0x5c3075ddeecb - <unknown>
[INFO] [stdout]   13:     0x5c3075ddaf41 - <unknown>
[INFO] [stdout]   14:     0x5c3075dda72c - <unknown>
[INFO] [stdout]   15:     0x5c3075df4d3c - <unknown>
[INFO] [stdout]   16:     0x5c3075db9de9 - <unknown>
[INFO] [stdout]   17:     0x7fa050e4507a - <unknown>
[INFO] [stdout]   18:     0x7fa050ed8534 - clone
[INFO] [stdout]   19:                0x0 - <unknown>
[INFO] [stdout] 
[INFO] [stdout] 
[INFO] [stdout] failures:
[INFO] [stdout]     erl::test::test_reused_across_calls
[INFO] [stdout]     erl::test::test_spawn_and_get_otp_version
[INFO] [stdout]     erl::test::test_walk_app_dependencies_empty_dir
[INFO] [stdout]     erl::test::test_walk_app_dependencies_with_deps
[INFO] [stdout]     payload::test::test_app_hash_is_deterministic
[INFO] [stdout]     payload::test::test_app_payload_contains_expected_structure
[INFO] [stdout]     payload::test::test_erts_payload_contains_expected_structure
[INFO] [stdout]     payload::test::test_erts_payload_filters_lib
[INFO] [stdout]     payload::test::test_erts_payload_strips_core_to_bin_only
[INFO] [stdout]     payload::test::test_erts_payload_strips_non_essential_dirs
[INFO] [stdout]     payload::test::test_erts_payload_strips_non_runtime_top_level_dirs
[INFO] [stdout]     payload::test::test_erts_payload_strips_unnecessary_binaries
[INFO] [stdout]     strip::test::test_empty_input
[INFO] [stdout]     strip::test::test_strip_reduces_size
[INFO] [stdout] 
[INFO] [stdout] test result: FAILED. 41 passed; 14 failed; 0 ignored; 0 measured; 0 filtered out; finished in 0.14s
[INFO] [stdout] 
[INFO] [stderr] error: test failed, to rerun pass `--lib`
[INFO] running `Command { std: "docker" "inspect" "964ce063d711746cd6e7df6338344bc8fbb83a793ba117a6ea5d8e04d34e52b9", kill_on_drop: false }`
[INFO] running `Command { std: "docker" "rm" "-f" "964ce063d711746cd6e7df6338344bc8fbb83a793ba117a6ea5d8e04d34e52b9", kill_on_drop: false }`
[INFO] [stdout] 964ce063d711746cd6e7df6338344bc8fbb83a793ba117a6ea5d8e04d34e52b9
