[INFO] cloning repository https://github.com/josiahdenton/advent24
[INFO] running `Command { std: "git" "-c" "credential.helper=" "-c" "credential.helper=/workspace/cargo-home/bin/git-credential-null" "clone" "--bare" "https://github.com/josiahdenton/advent24" "/workspace/cache/git-repos/https%3A%2F%2Fgithub.com%2Fjosiahdenton%2Fadvent24", kill_on_drop: false }`
[INFO] [stderr] Cloning into bare repository '/workspace/cache/git-repos/https%3A%2F%2Fgithub.com%2Fjosiahdenton%2Fadvent24'...
[INFO] running `Command { std: "git" "rev-parse" "HEAD", kill_on_drop: false }`
[INFO] [stdout] d3dbe395b94198a0d1cab841bcb55631c6f135ae
[INFO] testing josiahdenton/advent24 against 1.98.0-beta.8+cargoflags=--release for beta-release-1.99-2
[INFO] running `Command { std: "git" "clone" "/workspace/cache/git-repos/https%3A%2F%2Fgithub.com%2Fjosiahdenton%2Fadvent24" "/workspace/builds/worker-6-tc1/source", kill_on_drop: false }`
[INFO] [stderr] Cloning into '/workspace/builds/worker-6-tc1/source'...
[INFO] [stderr] done.
[INFO] started tweaking git repo https://github.com/josiahdenton/advent24
[INFO] finished tweaking git repo https://github.com/josiahdenton/advent24
[INFO] tweaked toml for git repo https://github.com/josiahdenton/advent24 written to /workspace/builds/worker-6-tc1/source/Cargo.toml
[INFO] validating manifest of git repo https://github.com/josiahdenton/advent24 on toolchain 1.98.0-beta.8
[INFO] running `Command { std: CARGO_HOME="/workspace/cargo-home" RUSTUP_HOME="/workspace/rustup-home" "/workspace/cargo-home/bin/cargo" "+1.98.0-beta.8" "metadata" "--manifest-path" "Cargo.toml" "--no-deps", kill_on_drop: false }`
[INFO] crate git repo https://github.com/josiahdenton/advent24 already has a lockfile, it will not be regenerated
[INFO] running `Command { std: CARGO_HOME="/workspace/cargo-home" RUSTUP_HOME="/workspace/rustup-home" "/workspace/cargo-home/bin/cargo" "+1.98.0-beta.8" "fetch" "--manifest-path" "Cargo.toml", kill_on_drop: false }`
[INFO] [stderr]  Downloading crates ...
[INFO] [stderr]   Downloaded foldhash v0.1.3
[INFO] [stderr]   Downloaded instability v0.3.3
[INFO] [stderr]   Downloaded indoc v2.0.5
[INFO] [stderr]   Downloaded clap_lex v0.7.3
[INFO] [stderr]   Downloaded castaway v0.2.3
[INFO] [stderr]   Downloaded allocator-api2 v0.2.20
[INFO] [stderr]   Downloaded clap v4.5.21
[INFO] [stderr]   Downloaded compact_str v0.8.0
[INFO] [stderr]   Downloaded clap_builder v4.5.21
[INFO] [stderr]   Downloaded syn v2.0.90
[INFO] [stderr]   Downloaded rustix v0.38.41
[INFO] [stderr]   Downloaded ratatui v0.29.0
[INFO] [stderr]   Downloaded libc v0.2.167
[INFO] running `Command { std: "docker" "create" "-v" "/var/lib/crater-agent-workspace/builds/worker-6-tc1/source:/opt/rustwide/workdir:ro,Z" "-v" "/var/lib/crater-agent-workspace/builds/worker-6-tc1/target:/opt/rustwide/target:rw,Z" "-v" "/var/lib/crater-agent-workspace/cargo-home:/opt/rustwide/cargo-home:ro,Z" "-v" "/var/lib/crater-agent-workspace/rustup-home:/opt/rustwide/rustup-home:ro,Z" "-m" "1610612736" "--network" "none" "ghcr.io/rust-lang/crates-build-env/linux@sha256:8683fc1fc2eb5c9ac98e0d076ab094b2ffac7f99da555d2b6a2e27f346de2ec7" "sleep" "infinity", kill_on_drop: false }`
[INFO] [stdout] 46c822cdb81380893f6a326e4a09ca67890ecf243e53e73a07ac8ac67aab7d39
[INFO] running `Command { std: "docker" "start" "46c822cdb81380893f6a326e4a09ca67890ecf243e53e73a07ac8ac67aab7d39", kill_on_drop: false }`
[INFO] running `Command { std: "docker" "inspect" "46c822cdb81380893f6a326e4a09ca67890ecf243e53e73a07ac8ac67aab7d39", kill_on_drop: false }`
[INFO] running `Command { std: "docker" "exec" "-e" "SOURCE_DIR=/opt/rustwide/workdir" "-e" "CARGO_HOME=/opt/rustwide/cargo-home" "-e" "RUSTUP_HOME=/opt/rustwide/rustup-home" "-e" "CARGO_TARGET_DIR=/opt/rustwide/target" "-w" "/opt/rustwide/workdir" "--user" "0:0" "46c822cdb81380893f6a326e4a09ca67890ecf243e53e73a07ac8ac67aab7d39" "/opt/rustwide/cargo-home/bin/cargo" "+1.98.0-beta.8" "metadata" "--no-deps" "--format-version=1", kill_on_drop: false }`
[INFO] running `Command { std: "docker" "inspect" "46c822cdb81380893f6a326e4a09ca67890ecf243e53e73a07ac8ac67aab7d39", kill_on_drop: false }`
[INFO] running `Command { std: "docker" "exec" "-e" "SOURCE_DIR=/opt/rustwide/workdir" "-e" "CARGO_HOME=/opt/rustwide/cargo-home" "-e" "RUSTUP_HOME=/opt/rustwide/rustup-home" "-e" "CARGO_TARGET_DIR=/opt/rustwide/target" "-e" "CARGO_INCREMENTAL=0" "-e" "RUST_BACKTRACE=full" "-e" "RUSTFLAGS=--cap-lints=warn" "-e" "RUSTDOCFLAGS=--cap-lints=warn" "-w" "/opt/rustwide/workdir" "--user" "0:0" "46c822cdb81380893f6a326e4a09ca67890ecf243e53e73a07ac8ac67aab7d39" "/opt/rustwide/cargo-home/bin/cargo" "+1.98.0-beta.8" "build" "--frozen" "--message-format=json" "--release", kill_on_drop: false }`
[INFO] [stderr]    Compiling proc-macro2 v1.0.92
[INFO] [stderr]    Compiling libc v0.2.167
[INFO] [stderr]    Compiling unicode-ident v1.0.14
[INFO] [stderr]    Compiling rustversion v1.0.18
[INFO] [stderr]    Compiling signal-hook v0.3.17
[INFO] [stderr]    Compiling parking_lot_core v0.9.10
[INFO] [stderr]    Compiling lock_api v0.4.12
[INFO] [stderr]    Compiling rustix v0.38.41
[INFO] [stderr]    Compiling smallvec v1.13.2
[INFO] [stderr]    Compiling log v0.4.22
[INFO] [stderr]    Compiling anstyle-parse v0.2.6
[INFO] [stderr]    Compiling allocator-api2 v0.2.20
[INFO] [stderr]    Compiling yansi v1.0.1
[INFO] [stderr]    Compiling memchr v2.7.4
[INFO] [stderr]    Compiling either v1.13.0
[INFO] [stderr]    Compiling anstyle v1.0.10
[INFO] [stderr]    Compiling diff v0.1.13
[INFO] [stderr]    Compiling bitflags v2.6.0
[INFO] [stderr]    Compiling linux-raw-sys v0.4.14
[INFO] [stderr]    Compiling is_terminal_polyfill v1.70.1
[INFO] [stderr]    Compiling colorchoice v1.0.3
[INFO] [stderr]    Compiling equivalent v1.0.1
[INFO] [stderr]    Compiling quote v1.0.37
[INFO] [stderr]    Compiling foldhash v0.1.3
[INFO] [stderr]    Compiling anstyle-query v1.1.2
[INFO] [stderr]    Compiling anstream v0.6.18
[INFO] [stderr]    Compiling hashbrown v0.15.2
[INFO] [stderr]    Compiling syn v2.0.90
[INFO] [stderr]    Compiling aho-corasick v1.1.3
[INFO] [stderr]    Compiling signal-hook-registry v1.4.2
[INFO] [stderr]    Compiling mio v1.0.3
[INFO] [stderr]    Compiling signal-hook-mio v0.2.4
[INFO] [stderr]    Compiling parking_lot v0.12.3
[INFO] [stderr]    Compiling castaway v0.2.3
[INFO] [stderr]    Compiling itertools v0.13.0
[INFO] [stderr]    Compiling pretty_assertions v1.4.1
[INFO] [stderr]    Compiling anyhow v1.0.93
[INFO] [stderr]    Compiling static_assertions v1.1.0
[INFO] [stderr]    Compiling regex-syntax v0.8.5
[INFO] [stderr]    Compiling unicode-segmentation v1.12.0
[INFO] [stderr]    Compiling unicode-width v0.1.14
[INFO] [stderr]    Compiling itoa v1.0.14
[INFO] [stderr]    Compiling clap_lex v0.7.3
[INFO] [stderr]    Compiling ryu v1.0.18
[INFO] [stderr]    Compiling indoc v2.0.5
[INFO] [stderr]    Compiling compact_str v0.8.0
[INFO] [stderr]    Compiling clap_builder v4.5.21
[INFO] [stderr]    Compiling crossterm v0.28.1
[INFO] [stderr]    Compiling lru v0.12.5
[INFO] [stderr]    Compiling unicode-width v0.2.0
[INFO] [stderr]    Compiling cassowary v0.3.0
[INFO] [stderr]    Compiling unicode-truncate v1.1.0
[INFO] [stderr]    Compiling regex-automata v0.4.9
[INFO] [stderr]    Compiling darling_core v0.20.10
[INFO] [stderr]    Compiling clap v4.5.21
[INFO] [stderr]    Compiling strum_macros v0.26.4
[INFO] [stderr]    Compiling darling_macro v0.20.10
[INFO] [stderr]    Compiling darling v0.20.10
[INFO] [stderr]    Compiling instability v0.3.3
[INFO] [stderr]    Compiling strum v0.26.3
[INFO] [stderr]    Compiling ratatui v0.29.0
[INFO] [stderr]    Compiling regex v1.11.1
[INFO] [stderr]    Compiling advent24 v0.1.0 (/opt/rustwide/workdir)
[INFO] [stdout] warning: unused import: `std::error::Error`
[INFO] [stdout]  --> src/lib.rs:1:5
[INFO] [stdout]   |
[INFO] [stdout] 1 | use std::error::Error;
[INFO] [stdout]   |     ^^^^^^^^^^^^^^^^^
[INFO] [stdout]   |
[INFO] [stdout]   = note: `#[warn(unused_imports)]` (part of `#[warn(unused)]`) on by default
[INFO] [stdout] 
[INFO] [stdout] 
[INFO] [stderr]     Finished `release` profile [optimized] target(s) in 1m 41s
[INFO] running `Command { std: "docker" "inspect" "46c822cdb81380893f6a326e4a09ca67890ecf243e53e73a07ac8ac67aab7d39", kill_on_drop: false }`
[INFO] running `Command { std: "docker" "exec" "-e" "SOURCE_DIR=/opt/rustwide/workdir" "-e" "CARGO_HOME=/opt/rustwide/cargo-home" "-e" "RUSTUP_HOME=/opt/rustwide/rustup-home" "-e" "CARGO_TARGET_DIR=/opt/rustwide/target" "-e" "CARGO_INCREMENTAL=0" "-e" "RUST_BACKTRACE=full" "-e" "RUSTFLAGS=--cap-lints=warn" "-e" "RUSTDOCFLAGS=--cap-lints=warn" "-w" "/opt/rustwide/workdir" "--user" "0:0" "46c822cdb81380893f6a326e4a09ca67890ecf243e53e73a07ac8ac67aab7d39" "/opt/rustwide/cargo-home/bin/cargo" "+1.98.0-beta.8" "test" "--frozen" "--no-run" "--message-format=json" "--release", kill_on_drop: false }`
[INFO] [stdout] warning: unused import: `std::error::Error`
[INFO] [stdout]  --> src/lib.rs:1:5
[INFO] [stdout]   |
[INFO] [stdout] 1 | use std::error::Error;
[INFO] [stdout]   |     ^^^^^^^^^^^^^^^^^
[INFO] [stdout]   |
[INFO] [stdout]   = note: `#[warn(unused_imports)]` (part of `#[warn(unused)]`) on by default
[INFO] [stdout] 
[INFO] [stdout] 
[INFO] [stderr]    Compiling advent24 v0.1.0 (/opt/rustwide/workdir)
[INFO] [stdout] warning: unused import: `std::error::Error`
[INFO] [stdout]  --> src/lib.rs:1:5
[INFO] [stdout]   |
[INFO] [stdout] 1 | use std::error::Error;
[INFO] [stdout]   |     ^^^^^^^^^^^^^^^^^
[INFO] [stdout]   |
[INFO] [stdout]   = note: `#[warn(unused_imports)]` (part of `#[warn(unused)]`) on by default
[INFO] [stdout] 
[INFO] [stdout] 
[INFO] [stderr]     Finished `release` profile [optimized] target(s) in 2.28s
[INFO] running `Command { std: "docker" "inspect" "46c822cdb81380893f6a326e4a09ca67890ecf243e53e73a07ac8ac67aab7d39", kill_on_drop: false }`
[INFO] running `Command { std: "docker" "exec" "-e" "SOURCE_DIR=/opt/rustwide/workdir" "-e" "CARGO_HOME=/opt/rustwide/cargo-home" "-e" "RUSTUP_HOME=/opt/rustwide/rustup-home" "-e" "CARGO_TARGET_DIR=/opt/rustwide/target" "-e" "CARGO_INCREMENTAL=0" "-e" "RUST_BACKTRACE=full" "-e" "RUSTFLAGS=--cap-lints=warn" "-e" "RUSTDOCFLAGS=--cap-lints=warn" "-w" "/opt/rustwide/workdir" "--user" "0:0" "46c822cdb81380893f6a326e4a09ca67890ecf243e53e73a07ac8ac67aab7d39" "/opt/rustwide/cargo-home/bin/cargo" "+1.98.0-beta.8" "test" "--frozen" "--release", kill_on_drop: false }`
[INFO] [stderr] warning: unused import: `std::error::Error`
[INFO] [stderr]  --> src/lib.rs:1:5
[INFO] [stderr]   |
[INFO] [stderr] 1 | use std::error::Error;
[INFO] [stderr]   |     ^^^^^^^^^^^^^^^^^
[INFO] [stderr]   |
[INFO] [stderr]   = note: `#[warn(unused_imports)]` (part of `#[warn(unused)]`) on by default
[INFO] [stderr] 
[INFO] [stderr] warning: `advent24` (lib) generated 1 warning (run `cargo fix --lib -p advent24` to apply 1 suggestion)
[INFO] [stderr] warning: `advent24` (lib test) generated 1 warning (1 duplicate)
[INFO] [stderr]     Finished `release` profile [optimized] target(s) in 0.11s
[INFO] [stderr]      Running unittests src/lib.rs (/opt/rustwide/target/release/deps/advent24-8de51c45564746c6)
[INFO] [stdout] 
[INFO] [stdout] running 10 tests
[INFO] [stdout] test days::day2::tests::test_simple_input_p2 ... ok
[INFO] [stdout] test days::day2::tests::test_simple_input_p1 ... ok
[INFO] [stderr] error: test failed, to rerun pass `--lib`
[INFO] [stdout] test days::day1::tests::test_p1_day_input ... FAILED
[INFO] [stdout] test days::day2::tests::test_day_input_p2 ... FAILED
[INFO] [stdout] test days::day1::tests::test_p2_day_input ... FAILED
[INFO] [stdout] test days::day2::tests::test_day_input_p1 ... FAILED
[INFO] [stdout] test days::day3::tests::test_p2_day_input ... FAILED
[INFO] [stdout] test days::day3::tests::test_p1_day_input ... FAILED
[INFO] [stdout] test days::day3::tests::test_single_match ... ok
[INFO] [stdout] test days::day3::tests::test_multi_match ... ok
[INFO] [stdout] 
[INFO] [stdout] failures:
[INFO] [stdout] 
[INFO] [stdout] ---- days::day1::tests::test_p1_day_input stdout ----
[INFO] [stdout] 
[INFO] [stdout] thread 'days::day1::tests::test_p1_day_input' (1315) panicked at src/days/day1.rs:93:9:
[INFO] [stdout] assertion failed: process(Part::P1, "./inputs/day1.txt").is_ok()
[INFO] [stdout] stack backtrace:
[INFO] [stdout]    0:     0x633b007d52d1 - <<std[97b98282bc616a66]::sys::backtrace::BacktraceLock>::print::DisplayBacktrace as core[832e9a552fc17241]::fmt::Display>::fmt
[INFO] [stdout]    1:     0x633b007eac7a - core[832e9a552fc17241]::fmt::write
[INFO] [stdout]    2:     0x633b007d9c8c - <alloc[3ecab9f82c41dc7d]::vec::Vec<u8> as std[97b98282bc616a66]::io::Write>::write_fmt
[INFO] [stdout]    3:     0x633b007b30d6 - std[97b98282bc616a66]::panicking::default_hook::{closure#0}
[INFO] [stdout]    4:     0x633b007cd169 - std[97b98282bc616a66]::panicking::default_hook
[INFO] [stdout]    5:     0x633b006a4bb0 - test[39766f3d73431624]::test_main_inner::<test[39766f3d73431624]::test_main_static::{closure#0}>::{closure#0}
[INFO] [stdout]    6:     0x633b007cd322 - std[97b98282bc616a66]::panicking::panic_with_hook
[INFO] [stdout]    7:     0x633b007b31b4 - std[97b98282bc616a66]::panicking::panic_handler::{closure#0}
[INFO] [stdout]    8:     0x633b007aa3a9 - std[97b98282bc616a66]::sys::backtrace::__rust_end_short_backtrace::<std[97b98282bc616a66]::panicking::panic_handler::{closure#0}, !>
[INFO] [stdout]    9:     0x633b007b3e8d - __rustc[e3d8617bb01b7f69]::rust_begin_unwind
[INFO] [stdout]   10:     0x633b007eb45c - core[832e9a552fc17241]::panicking::panic_fmt
[INFO] [stdout]   11:     0x633b007eb422 - core[832e9a552fc17241]::panicking::panic
[INFO] [stdout]   12:     0x633b0068e358 - <advent24[4659e6f57dc9e22f]::days::day1::tests::test_p1_day_input::{closure#0} as core[832e9a552fc17241]::ops::function::FnOnce<()>>::call_once
[INFO] [stdout]   13:     0x633b00697eeb - test[39766f3d73431624]::__rust_begin_short_backtrace::<core[832e9a552fc17241]::result::Result<(), alloc[3ecab9f82c41dc7d]::string::String>, fn() -> core[832e9a552fc17241]::result::Result<(), alloc[3ecab9f82c41dc7d]::string::String>>
[INFO] [stdout]   14:     0x633b006a5535 - test[39766f3d73431624]::run_test::{closure#0}
[INFO] [stdout]   15:     0x633b0069ffe4 - std[97b98282bc616a66]::sys::backtrace::__rust_begin_short_backtrace::<test[39766f3d73431624]::run_test::{closure#1}, ()>
[INFO] [stdout]   16:     0x633b006a8682 - <std[97b98282bc616a66]::thread::lifecycle::spawn_unchecked<test[39766f3d73431624]::run_test::{closure#1}, ()>::{closure#1} as core[832e9a552fc17241]::ops::function::FnOnce<()>>::call_once::{shim:vtable#0}
[INFO] [stdout]   17:     0x633b007d47ef - <std[97b98282bc616a66]::sys::thread::unix::Thread>::new::thread_start
[INFO] [stdout]   18:     0x752fc25e407a - <unknown>
[INFO] [stdout]   19:     0x752fc2677534 - clone
[INFO] [stdout]   20:                0x0 - <unknown>
[INFO] [stdout] 
[INFO] [stdout] ---- days::day2::tests::test_day_input_p2 stdout ----
[INFO] [stdout] 
[INFO] [stdout] thread 'days::day2::tests::test_day_input_p2' (1318) panicked at src/days/day2.rs:149:9:
[INFO] [stdout] failed to process day2 user input
[INFO] [stdout] stack backtrace:
[INFO] [stdout]    0:     0x633b007d52d1 - <<std[97b98282bc616a66]::sys::backtrace::BacktraceLock>::print::DisplayBacktrace as core[832e9a552fc17241]::fmt::Display>::fmt
[INFO] [stdout]    1:     0x633b007eac7a - core[832e9a552fc17241]::fmt::write
[INFO] [stdout]    2:     0x633b007d9c8c - <alloc[3ecab9f82c41dc7d]::vec::Vec<u8> as std[97b98282bc616a66]::io::Write>::write_fmt
[INFO] [stdout]    3:     0x633b007b30d6 - std[97b98282bc616a66]::panicking::default_hook::{closure#0}
[INFO] [stdout]    4:     0x633b007cd169 - std[97b98282bc616a66]::panicking::default_hook
[INFO] [stdout]    5:     0x633b006a4bb0 - test[39766f3d73431624]::test_main_inner::<test[39766f3d73431624]::test_main_static::{closure#0}>::{closure#0}
[INFO] [stdout]    6:     0x633b007cd322 - std[97b98282bc616a66]::panicking::panic_with_hook
[INFO] [stdout]    7:     0x633b007b31b4 - std[97b98282bc616a66]::panicking::panic_handler::{closure#0}
[INFO] [stdout]    8:     0x633b007aa3a9 - std[97b98282bc616a66]::sys::backtrace::__rust_end_short_backtrace::<std[97b98282bc616a66]::panicking::panic_handler::{closure#0}, !>
[INFO] [stdout]    9:     0x633b007b3e8d - __rustc[e3d8617bb01b7f69]::rust_begin_unwind
[INFO] [stdout]   10:     0x633b007eb45c - core[832e9a552fc17241]::panicking::panic_fmt
[INFO] [stdout]   11:     0x633b0068e47b - <advent24[4659e6f57dc9e22f]::days::day2::tests::test_day_input_p2::{closure#0} as core[832e9a552fc17241]::ops::function::FnOnce<()>>::call_once
[INFO] [stdout]   12:     0x633b00697eeb - test[39766f3d73431624]::__rust_begin_short_backtrace::<core[832e9a552fc17241]::result::Result<(), alloc[3ecab9f82c41dc7d]::string::String>, fn() -> core[832e9a552fc17241]::result::Result<(), alloc[3ecab9f82c41dc7d]::string::String>>
[INFO] [stdout]   13:     0x633b006a5535 - test[39766f3d73431624]::run_test::{closure#0}
[INFO] [stdout]   14:     0x633b0069ffe4 - std[97b98282bc616a66]::sys::backtrace::__rust_begin_short_backtrace::<test[39766f3d73431624]::run_test::{closure#1}, ()>
[INFO] [stdout]   15:     0x633b006a8682 - <std[97b98282bc616a66]::thread::lifecycle::spawn_unchecked<test[39766f3d73431624]::run_test::{closure#1}, ()>::{closure#1} as core[832e9a552fc17241]::ops::function::FnOnce<()>>::call_once::{shim:vtable#0}
[INFO] [stdout]   16:     0x633b007d47ef - <std[97b98282bc616a66]::sys::thread::unix::Thread>::new::thread_start
[INFO] [stdout]   17:     0x752fc25e407a - <unknown>
[INFO] [stdout]   18:     0x752fc2677534 - clone
[INFO] [stdout]   19:                0x0 - <unknown>
[INFO] [stdout] 
[INFO] [stdout] ---- days::day1::tests::test_p2_day_input stdout ----
[INFO] [stdout] 
[INFO] [stdout] thread 'days::day1::tests::test_p2_day_input' (1316) panicked at src/days/day1.rs:98:9:
[INFO] [stdout] assertion failed: process(Part::P2, "./inputs/day1.txt").is_ok()
[INFO] [stdout] stack backtrace:
[INFO] [stdout]    0:     0x633b007d52d1 - <<std[97b98282bc616a66]::sys::backtrace::BacktraceLock>::print::DisplayBacktrace as core[832e9a552fc17241]::fmt::Display>::fmt
[INFO] [stdout]    1:     0x633b007eac7a - core[832e9a552fc17241]::fmt::write
[INFO] [stdout]    2:     0x633b007d9c8c - <alloc[3ecab9f82c41dc7d]::vec::Vec<u8> as std[97b98282bc616a66]::io::Write>::write_fmt
[INFO] [stdout]    3:     0x633b007b30d6 - std[97b98282bc616a66]::panicking::default_hook::{closure#0}
[INFO] [stdout]    4:     0x633b007cd169 - std[97b98282bc616a66]::panicking::default_hook
[INFO] [stdout]    5:     0x633b006a4bb0 - test[39766f3d73431624]::test_main_inner::<test[39766f3d73431624]::test_main_static::{closure#0}>::{closure#0}
[INFO] [stdout]    6:     0x633b007cd322 - std[97b98282bc616a66]::panicking::panic_with_hook
[INFO] [stdout]    7:     0x633b007b31b4 - std[97b98282bc616a66]::panicking::panic_handler::{closure#0}
[INFO] [stdout]    8:     0x633b007aa3a9 - std[97b98282bc616a66]::sys::backtrace::__rust_end_short_backtrace::<std[97b98282bc616a66]::panicking::panic_handler::{closure#0}, !>
[INFO] [stdout]    9:     0x633b007b3e8d - __rustc[e3d8617bb01b7f69]::rust_begin_unwind
[INFO] [stdout]   10:     0x633b007eb45c - core[832e9a552fc17241]::panicking::panic_fmt
[INFO] [stdout]   11:     0x633b007eb422 - core[832e9a552fc17241]::panicking::panic
[INFO] [stdout]   12:     0x633b0068e3bb - <advent24[4659e6f57dc9e22f]::days::day1::tests::test_p2_day_input::{closure#0} as core[832e9a552fc17241]::ops::function::FnOnce<()>>::call_once
[INFO] [stdout]   13:     0x633b00697eeb - test[39766f3d73431624]::__rust_begin_short_backtrace::<core[832e9a552fc17241]::result::Result<(), alloc[3ecab9f82c41dc7d]::string::String>, fn() -> core[832e9a552fc17241]::result::Result<(), alloc[3ecab9f82c41dc7d]::string::String>>
[INFO] [stdout]   14:     0x633b006a5535 - test[39766f3d73431624]::run_test::{closure#0}
[INFO] [stdout]   15:     0x633b0069ffe4 - std[97b98282bc616a66]::sys::backtrace::__rust_begin_short_backtrace::<test[39766f3d73431624]::run_test::{closure#1}, ()>
[INFO] [stdout]   16:     0x633b006a8682 - <std[97b98282bc616a66]::thread::lifecycle::spawn_unchecked<test[39766f3d73431624]::run_test::{closure#1}, ()>::{closure#1} as core[832e9a552fc17241]::ops::function::FnOnce<()>>::call_once::{shim:vtable#0}
[INFO] [stdout]   17:     0x633b007d47ef - <std[97b98282bc616a66]::sys::thread::unix::Thread>::new::thread_start
[INFO] [stdout]   18:     0x752fc25e407a - <unknown>
[INFO] [stdout]   19:     0x752fc2677534 - clone
[INFO] [stdout]   20:                0x0 - <unknown>
[INFO] [stdout] 
[INFO] [stdout] ---- days::day2::tests::test_day_input_p1 stdout ----
[INFO] [stdout] 
[INFO] [stdout] thread 'days::day2::tests::test_day_input_p1' (1317) panicked at src/days/day2.rs:141:9:
[INFO] [stdout] failed to process day2 user input
[INFO] [stdout] stack backtrace:
[INFO] [stdout]    0:     0x633b007d52d1 - <<std[97b98282bc616a66]::sys::backtrace::BacktraceLock>::print::DisplayBacktrace as core[832e9a552fc17241]::fmt::Display>::fmt
[INFO] [stdout]    1:     0x633b007eac7a - core[832e9a552fc17241]::fmt::write
[INFO] [stdout]    2:     0x633b007d9c8c - <alloc[3ecab9f82c41dc7d]::vec::Vec<u8> as std[97b98282bc616a66]::io::Write>::write_fmt
[INFO] [stdout]    3:     0x633b007b30d6 - std[97b98282bc616a66]::panicking::default_hook::{closure#0}
[INFO] [stdout]    4:     0x633b007cd169 - std[97b98282bc616a66]::panicking::default_hook
[INFO] [stdout]    5:     0x633b006a4bb0 - test[39766f3d73431624]::test_main_inner::<test[39766f3d73431624]::test_main_static::{closure#0}>::{closure#0}
[INFO] [stdout]    6:     0x633b007cd322 - std[97b98282bc616a66]::panicking::panic_with_hook
[INFO] [stdout]    7:     0x633b007b31b4 - std[97b98282bc616a66]::panicking::panic_handler::{closure#0}
[INFO] [stdout]    8:     0x633b007aa3a9 - std[97b98282bc616a66]::sys::backtrace::__rust_end_short_backtrace::<std[97b98282bc616a66]::panicking::panic_handler::{closure#0}, !>
[INFO] [stdout]    9:     0x633b007b3e8d - __rustc[e3d8617bb01b7f69]::rust_begin_unwind
[INFO] [stdout]   10:     0x633b007eb45c - core[832e9a552fc17241]::panicking::panic_fmt
[INFO] [stdout]   11:     0x633b0068e418 - <advent24[4659e6f57dc9e22f]::days::day2::tests::test_day_input_p1::{closure#0} as core[832e9a552fc17241]::ops::function::FnOnce<()>>::call_once
[INFO] [stdout]   12:     0x633b00697eeb - test[39766f3d73431624]::__rust_begin_short_backtrace::<core[832e9a552fc17241]::result::Result<(), alloc[3ecab9f82c41dc7d]::string::String>, fn() -> core[832e9a552fc17241]::result::Result<(), alloc[3ecab9f82c41dc7d]::string::String>>
[INFO] [stdout]   13:     0x633b006a5535 - test[39766f3d73431624]::run_test::{closure#0}
[INFO] [stdout]   14:     0x633b0069ffe4 - std[97b98282bc616a66]::sys::backtrace::__rust_begin_short_backtrace::<test[39766f3d73431624]::run_test::{closure#1}, ()>
[INFO] [stdout]   15:     0x633b006a8682 - <std[97b98282bc616a66]::thread::lifecycle::spawn_unchecked<test[39766f3d73431624]::run_test::{closure#1}, ()>::{closure#1} as core[832e9a552fc17241]::ops::function::FnOnce<()>>::call_once::{shim:vtable#0}
[INFO] [stdout]   16:     0x633b007d47ef - <std[97b98282bc616a66]::sys::thread::unix::Thread>::new::thread_start
[INFO] [stdout]   17:     0x752fc25e407a - <unknown>
[INFO] [stdout]   18:     0x752fc2677534 - clone
[INFO] [stdout]   19:                0x0 - <unknown>
[INFO] [stdout] 
[INFO] [stdout] ---- days::day3::tests::test_p2_day_input stdout ----
[INFO] [stdout] 
[INFO] [stdout] thread 'days::day3::tests::test_p2_day_input' (1323) panicked at src/days/day3.rs:110:9:
[INFO] [stdout] assertion failed: process(Part::P2, "./inputs/day3.txt").is_ok()
[INFO] [stdout] stack backtrace:
[INFO] [stdout]    0:     0x633b007d52d1 - <<std[97b98282bc616a66]::sys::backtrace::BacktraceLock>::print::DisplayBacktrace as core[832e9a552fc17241]::fmt::Display>::fmt
[INFO] [stdout]    1:     0x633b007eac7a - core[832e9a552fc17241]::fmt::write
[INFO] [stdout]    2:     0x633b007d9c8c - <alloc[3ecab9f82c41dc7d]::vec::Vec<u8> as std[97b98282bc616a66]::io::Write>::write_fmt
[INFO] [stdout]    3:     0x633b007b30d6 - std[97b98282bc616a66]::panicking::default_hook::{closure#0}
[INFO] [stdout]    4:     0x633b007cd169 - std[97b98282bc616a66]::panicking::default_hook
[INFO] [stdout]    5:     0x633b006a4bb0 - test[39766f3d73431624]::test_main_inner::<test[39766f3d73431624]::test_main_static::{closure#0}>::{closure#0}
[INFO] [stdout]    6:     0x633b007cd322 - std[97b98282bc616a66]::panicking::panic_with_hook
[INFO] [stdout]    7:     0x633b007b31b4 - std[97b98282bc616a66]::panicking::panic_handler::{closure#0}
[INFO] [stdout]    8:     0x633b007aa3a9 - std[97b98282bc616a66]::sys::backtrace::__rust_end_short_backtrace::<std[97b98282bc616a66]::panicking::panic_handler::{closure#0}, !>
[INFO] [stdout]    9:     0x633b007b3e8d - __rustc[e3d8617bb01b7f69]::rust_begin_unwind
[INFO] [stdout]   10:     0x633b007eb45c - core[832e9a552fc17241]::panicking::panic_fmt
[INFO] [stdout]   11:     0x633b007eb422 - core[832e9a552fc17241]::panicking::panic
[INFO] [stdout]   12:     0x633b0068eb6b - <advent24[4659e6f57dc9e22f]::days::day3::tests::test_p2_day_input::{closure#0} as core[832e9a552fc17241]::ops::function::FnOnce<()>>::call_once
[INFO] [stdout]   13:     0x633b00697eeb - test[39766f3d73431624]::__rust_begin_short_backtrace::<core[832e9a552fc17241]::result::Result<(), alloc[3ecab9f82c41dc7d]::string::String>, fn() -> core[832e9a552fc17241]::result::Result<(), alloc[3ecab9f82c41dc7d]::string::String>>
[INFO] [stdout]   14:     0x633b006a5535 - test[39766f3d73431624]::run_test::{closure#0}
[INFO] [stdout]   15:     0x633b0069ffe4 - std[97b98282bc616a66]::sys::backtrace::__rust_begin_short_backtrace::<test[39766f3d73431624]::run_test::{closure#1}, ()>
[INFO] [stdout]   16:     0x633b006a8682 - <std[97b98282bc616a66]::thread::lifecycle::spawn_unchecked<test[39766f3d73431624]::run_test::{closure#1}, ()>::{closure#1} as core[832e9a552fc17241]::ops::function::FnOnce<()>>::call_once::{shim:vtable#0}
[INFO] [stdout]   17:     0x633b007d47ef - <std[97b98282bc616a66]::sys::thread::unix::Thread>::new::thread_start
[INFO] [stdout]   18:     0x752fc25e407a - <unknown>
[INFO] [stdout]   19:     0x752fc2677534 - clone
[INFO] [stdout]   20:                0x0 - <unknown>
[INFO] [stdout] 
[INFO] [stdout] ---- days::day3::tests::test_p1_day_input stdout ----
[INFO] [stdout] 
[INFO] [stdout] thread 'days::day3::tests::test_p1_day_input' (1322) panicked at src/days/day3.rs:105:9:
[INFO] [stdout] assertion failed: process(Part::P1, "./inputs/day3.txt").is_ok()
[INFO] [stdout] stack backtrace:
[INFO] [stdout]    0:     0x633b007d52d1 - <<std[97b98282bc616a66]::sys::backtrace::BacktraceLock>::print::DisplayBacktrace as core[832e9a552fc17241]::fmt::Display>::fmt
[INFO] [stdout]    1:     0x633b007eac7a - core[832e9a552fc17241]::fmt::write
[INFO] [stdout]    2:     0x633b007d9c8c - <alloc[3ecab9f82c41dc7d]::vec::Vec<u8> as std[97b98282bc616a66]::io::Write>::write_fmt
[INFO] [stdout]    3:     0x633b007b30d6 - std[97b98282bc616a66]::panicking::default_hook::{closure#0}
[INFO] [stdout]    4:     0x633b007cd169 - std[97b98282bc616a66]::panicking::default_hook
[INFO] [stdout]    5:     0x633b006a4bb0 - test[39766f3d73431624]::test_main_inner::<test[39766f3d73431624]::test_main_static::{closure#0}>::{closure#0}
[INFO] [stdout]    6:     0x633b007cd322 - std[97b98282bc616a66]::panicking::panic_with_hook
[INFO] [stdout]    7:     0x633b007b31b4 - std[97b98282bc616a66]::panicking::panic_handler::{closure#0}
[INFO] [stdout]    8:     0x633b007aa3a9 - std[97b98282bc616a66]::sys::backtrace::__rust_end_short_backtrace::<std[97b98282bc616a66]::panicking::panic_handler::{closure#0}, !>
[INFO] [stdout]    9:     0x633b007b3e8d - __rustc[e3d8617bb01b7f69]::rust_begin_unwind
[INFO] [stdout]   10:     0x633b007eb45c - core[832e9a552fc17241]::panicking::panic_fmt
[INFO] [stdout]   11:     0x633b007eb422 - core[832e9a552fc17241]::panicking::panic
[INFO] [stdout]   12:     0x633b0068eb08 - <advent24[4659e6f57dc9e22f]::days::day3::tests::test_p1_day_input::{closure#0} as core[832e9a552fc17241]::ops::function::FnOnce<()>>::call_once
[INFO] [stdout]   13:     0x633b00697eeb - test[39766f3d73431624]::__rust_begin_short_backtrace::<core[832e9a552fc17241]::result::Result<(), alloc[3ecab9f82c41dc7d]::string::String>, fn() -> core[832e9a552fc17241]::result::Result<(), alloc[3ecab9f82c41dc7d]::string::String>>
[INFO] [stdout]   14:     0x633b006a5535 - test[39766f3d73431624]::run_test::{closure#0}
[INFO] [stdout]   15:     0x633b0069ffe4 - std[97b98282bc616a66]::sys::backtrace::__rust_begin_short_backtrace::<test[39766f3d73431624]::run_test::{closure#1}, ()>
[INFO] [stdout]   16:     0x633b006a8682 - <std[97b98282bc616a66]::thread::lifecycle::spawn_unchecked<test[39766f3d73431624]::run_test::{closure#1}, ()>::{closure#1} as core[832e9a552fc17241]::ops::function::FnOnce<()>>::call_once::{shim:vtable#0}
[INFO] [stdout]   17:     0x633b007d47ef - <std[97b98282bc616a66]::sys::thread::unix::Thread>::new::thread_start
[INFO] [stdout]   18:     0x752fc25e407a - <unknown>
[INFO] [stdout]   19:     0x752fc2677534 - clone
[INFO] [stdout]   20:                0x0 - <unknown>
[INFO] [stdout] 
[INFO] [stdout] 
[INFO] [stdout] failures:
[INFO] [stdout]     days::day1::tests::test_p1_day_input
[INFO] [stdout]     days::day1::tests::test_p2_day_input
[INFO] [stdout]     days::day2::tests::test_day_input_p1
[INFO] [stdout]     days::day2::tests::test_day_input_p2
[INFO] [stdout]     days::day3::tests::test_p1_day_input
[INFO] [stdout]     days::day3::tests::test_p2_day_input
[INFO] [stdout] 
[INFO] [stdout] test result: FAILED. 4 passed; 6 failed; 0 ignored; 0 measured; 0 filtered out; finished in 0.01s
[INFO] [stdout] 
[INFO] running `Command { std: "docker" "inspect" "46c822cdb81380893f6a326e4a09ca67890ecf243e53e73a07ac8ac67aab7d39", kill_on_drop: false }`
[INFO] running `Command { std: "docker" "rm" "-f" "46c822cdb81380893f6a326e4a09ca67890ecf243e53e73a07ac8ac67aab7d39", kill_on_drop: false }`
[INFO] [stdout] 46c822cdb81380893f6a326e4a09ca67890ecf243e53e73a07ac8ac67aab7d39
