[INFO] cloning repository https://github.com/jorgealonsodev/net-audit-scanner
[INFO] running `Command { std: "git" "-c" "credential.helper=" "-c" "credential.helper=/workspace/cargo-home/bin/git-credential-null" "clone" "--bare" "https://github.com/jorgealonsodev/net-audit-scanner" "/workspace/cache/git-repos/https%3A%2F%2Fgithub.com%2Fjorgealonsodev%2Fnet-audit-scanner", kill_on_drop: false }`
[INFO] [stderr] Cloning into bare repository '/workspace/cache/git-repos/https%3A%2F%2Fgithub.com%2Fjorgealonsodev%2Fnet-audit-scanner'...
[INFO] running `Command { std: "git" "rev-parse" "HEAD", kill_on_drop: false }`
[INFO] [stdout] 27aa29b1ba4485408f25aac71e0ef8331eefbd25
[INFO] testing jorgealonsodev/net-audit-scanner against 1.99.0-beta.1+cargoflags=--release for beta-release-1.99-2
[INFO] running `Command { std: "git" "clone" "/workspace/cache/git-repos/https%3A%2F%2Fgithub.com%2Fjorgealonsodev%2Fnet-audit-scanner" "/workspace/builds/worker-2-tc2/source", kill_on_drop: false }`
[INFO] [stderr] Cloning into '/workspace/builds/worker-2-tc2/source'...
[INFO] [stderr] done.
[INFO] started tweaking git repo https://github.com/jorgealonsodev/net-audit-scanner
[INFO] finished tweaking git repo https://github.com/jorgealonsodev/net-audit-scanner
[INFO] tweaked toml for git repo https://github.com/jorgealonsodev/net-audit-scanner written to /workspace/builds/worker-2-tc2/source/Cargo.toml
[INFO] validating manifest of git repo https://github.com/jorgealonsodev/net-audit-scanner on toolchain 1.99.0-beta.1
[INFO] running `Command { std: CARGO_HOME="/workspace/cargo-home" RUSTUP_HOME="/workspace/rustup-home" "/workspace/cargo-home/bin/cargo" "+1.99.0-beta.1" "metadata" "--manifest-path" "Cargo.toml" "--no-deps", kill_on_drop: false }`
[INFO] crate git repo https://github.com/jorgealonsodev/net-audit-scanner already has a lockfile, it will not be regenerated
[INFO] running `Command { std: CARGO_HOME="/workspace/cargo-home" RUSTUP_HOME="/workspace/rustup-home" "/workspace/cargo-home/bin/cargo" "+1.99.0-beta.1" "fetch" "--manifest-path" "Cargo.toml", kill_on_drop: false }`
[INFO] running `Command { std: "docker" "create" "-v" "/var/lib/crater-agent-workspace/builds/worker-2-tc2/source:/opt/rustwide/workdir:ro,Z" "-v" "/var/lib/crater-agent-workspace/builds/worker-2-tc2/target:/opt/rustwide/target:rw,Z" "-v" "/var/lib/crater-agent-workspace/cargo-home:/opt/rustwide/cargo-home:ro,Z" "-v" "/var/lib/crater-agent-workspace/rustup-home:/opt/rustwide/rustup-home:ro,Z" "-m" "1610612736" "--network" "none" "ghcr.io/rust-lang/crates-build-env/linux@sha256:8683fc1fc2eb5c9ac98e0d076ab094b2ffac7f99da555d2b6a2e27f346de2ec7" "sleep" "infinity", kill_on_drop: false }`
[INFO] [stdout] 3b61439f3ca01caa80cf912159b2a0e2a9d7ecbd76380f15386624ed9bbc83a8
[INFO] running `Command { std: "docker" "start" "3b61439f3ca01caa80cf912159b2a0e2a9d7ecbd76380f15386624ed9bbc83a8", kill_on_drop: false }`
[INFO] running `Command { std: "docker" "inspect" "3b61439f3ca01caa80cf912159b2a0e2a9d7ecbd76380f15386624ed9bbc83a8", kill_on_drop: false }`
[INFO] running `Command { std: "docker" "exec" "-e" "SOURCE_DIR=/opt/rustwide/workdir" "-e" "CARGO_HOME=/opt/rustwide/cargo-home" "-e" "RUSTUP_HOME=/opt/rustwide/rustup-home" "-e" "CARGO_TARGET_DIR=/opt/rustwide/target" "-w" "/opt/rustwide/workdir" "--user" "0:0" "3b61439f3ca01caa80cf912159b2a0e2a9d7ecbd76380f15386624ed9bbc83a8" "/opt/rustwide/cargo-home/bin/cargo" "+1.99.0-beta.1" "metadata" "--no-deps" "--format-version=1", kill_on_drop: false }`
[INFO] running `Command { std: "docker" "inspect" "3b61439f3ca01caa80cf912159b2a0e2a9d7ecbd76380f15386624ed9bbc83a8", kill_on_drop: false }`
[INFO] running `Command { std: "docker" "exec" "-e" "SOURCE_DIR=/opt/rustwide/workdir" "-e" "CARGO_HOME=/opt/rustwide/cargo-home" "-e" "RUSTUP_HOME=/opt/rustwide/rustup-home" "-e" "CARGO_TARGET_DIR=/opt/rustwide/target" "-e" "CARGO_INCREMENTAL=0" "-e" "RUST_BACKTRACE=full" "-e" "RUSTFLAGS=--cap-lints=warn" "-e" "RUSTDOCFLAGS=--cap-lints=warn" "-w" "/opt/rustwide/workdir" "--user" "0:0" "3b61439f3ca01caa80cf912159b2a0e2a9d7ecbd76380f15386624ed9bbc83a8" "/opt/rustwide/cargo-home/bin/cargo" "+1.99.0-beta.1" "build" "--frozen" "--message-format=json" "--release", kill_on_drop: false }`
[INFO] [stderr]    Compiling proc-macro2 v1.0.106
[INFO] [stderr]    Compiling quote v1.0.45
[INFO] [stderr]    Compiling unicode-ident v1.0.24
[INFO] [stderr]    Compiling libc v0.2.186
[INFO] [stderr]    Compiling cfg-if v1.0.4
[INFO] [stderr]    Compiling version_check v0.9.5
[INFO] [stderr]    Compiling serde_core v1.0.228
[INFO] [stderr]    Compiling find-msvc-tools v0.1.9
[INFO] [stderr]    Compiling shlex v1.3.0
[INFO] [stderr]    Compiling memchr v2.8.0
[INFO] [stderr]    Compiling serde v1.0.228
[INFO] [stderr]    Compiling cc v1.2.62
[INFO] [stderr]    Compiling parking_lot_core v0.9.12
[INFO] [stderr]    Compiling smallvec v1.15.1
[INFO] [stderr]    Compiling icu_normalizer_data v2.2.0
[INFO] [stderr]    Compiling icu_properties_data v2.2.0
[INFO] [stderr]    Compiling futures-core v0.3.32
[INFO] [stderr]    Compiling zerocopy v0.8.48
[INFO] [stderr]    Compiling autocfg v1.5.0
[INFO] [stderr]    Compiling syn v2.0.117
[INFO] [stderr]    Compiling scopeguard v1.2.0
[INFO] [stderr]    Compiling pin-project-lite v0.2.17
[INFO] [stderr]    Compiling lock_api v0.4.14
[INFO] [stderr]    Compiling generic-array v0.14.7
[INFO] [stderr]    Compiling log v0.4.29
[INFO] [stderr]    Compiling once_cell v1.21.4
[INFO] [stderr]    Compiling itoa v1.0.18
[INFO] [stderr]    Compiling stable_deref_trait v1.2.1
[INFO] [stderr]    Compiling crossbeam-utils v0.8.21
[INFO] [stderr]    Compiling bytes v1.11.1
[INFO] [stderr]    Compiling getrandom v0.3.4
[INFO] [stderr]    Compiling futures-sink v0.3.32
[INFO] [stderr]    Compiling getrandom v0.2.17
[INFO] [stderr]    Compiling num-traits v0.2.19
[INFO] [stderr]    Compiling zmij v1.0.21
[INFO] [stderr]    Compiling ahash v0.8.12
[INFO] [stderr]    Compiling errno v0.3.14
[INFO] [stderr]    Compiling serde_json v1.0.149
[INFO] [stderr]    Compiling tracing-core v0.1.36
[INFO] [stderr]    Compiling signal-hook-registry v1.4.8
[INFO] [stderr]    Compiling ring v0.17.14
[INFO] [stderr]    Compiling parking_lot v0.12.5
[INFO] [stderr]    Compiling socket2 v0.6.3
[INFO] [stderr]    Compiling mio v1.2.0
[INFO] [stderr]    Compiling futures-io v0.3.32
[INFO] [stderr]    Compiling futures-task v0.3.32
[INFO] [stderr]    Compiling slab v0.4.12
[INFO] [stderr]    Compiling aho-corasick v1.1.4
[INFO] [stderr]    Compiling percent-encoding v2.3.2
[INFO] [stderr]    Compiling regex-syntax v0.8.10
[INFO] [stderr]    Compiling futures-util v0.3.32
[INFO] [stderr]    Compiling litemap v0.8.2
[INFO] [stderr]    Compiling writeable v0.6.3
[INFO] [stderr]    Compiling untrusted v0.9.0
[INFO] [stderr]    Compiling utf8_iter v1.0.4
[INFO] [stderr]    Compiling rustls v0.21.12
[INFO] [stderr]    Compiling thiserror v1.0.69
[INFO] [stderr]    Compiling http v1.4.0
[INFO] [stderr]    Compiling typenum v1.20.0
[INFO] [stderr]    Compiling regex-automata v0.4.14
[INFO] [stderr]    Compiling synstructure v0.13.2
[INFO] [stderr]    Compiling pkg-config v0.3.33
[INFO] [stderr]    Compiling vcpkg v0.2.15
[INFO] [stderr]    Compiling libsqlite3-sys v0.27.0
[INFO] [stderr]    Compiling siphasher v1.0.3
[INFO] [stderr]    Compiling getrandom v0.4.2
[INFO] [stderr]    Compiling paste v1.0.15
[INFO] [stderr]    Compiling phf_shared v0.11.3
[INFO] [stderr]    Compiling zerofrom-derive v0.1.7
[INFO] [stderr]    Compiling yoke-derive v0.8.2
[INFO] [stderr]    Compiling zerovec-derive v0.11.3
[INFO] [stderr]    Compiling displaydoc v0.2.5
[INFO] [stderr]    Compiling serde_derive v1.0.228
[INFO] [stderr]    Compiling zerofrom v0.1.8
[INFO] [stderr]    Compiling yoke v0.8.2
[INFO] [stderr]    Compiling tracing-attributes v0.1.31
[INFO] [stderr]    Compiling tokio-macros v2.7.0
[INFO] [stderr]    Compiling zerotrie v0.2.4
[INFO] [stderr]    Compiling zerovec v0.11.6
[INFO] [stderr]    Compiling tokio v1.52.3
[INFO] [stderr]    Compiling regex v1.12.3
[INFO] [stderr]    Compiling tinystr v0.8.3
[INFO] [stderr]    Compiling icu_locale_core v2.2.0
[INFO] [stderr]    Compiling tracing v0.1.44
[INFO] [stderr]    Compiling potential_utf v0.1.5
[INFO] [stderr]    Compiling icu_collections v2.2.0
[INFO] [stderr]    Compiling thiserror-impl v1.0.69
[INFO] [stderr]    Compiling icu_provider v2.2.0
[INFO] [stderr]    Compiling icu_normalizer v2.2.0
[INFO] [stderr]    Compiling icu_properties v2.2.0
[INFO] [stderr]    Compiling http-body v1.0.1
[INFO] [stderr]    Compiling form_urlencoded v1.2.2
[INFO] [stderr]    Compiling futures-channel v0.3.32
[INFO] [stderr]    Compiling rand_core v0.6.4
[INFO] [stderr]    Compiling httparse v1.10.1
[INFO] [stderr]    Compiling rand v0.8.6
[INFO] [stderr]    Compiling idna_adapter v1.2.2
[INFO] [stderr]    Compiling crypto-common v0.1.7
[INFO] [stderr]    Compiling block-buffer v0.10.4
[INFO] [stderr]    Compiling zeroize v1.8.2
[INFO] [stderr]    Compiling allocator-api2 v0.2.21
[INFO] [stderr]    Compiling minimal-lexical v0.2.1
[INFO] [stderr]    Compiling tower-service v0.3.3
[INFO] [stderr]    Compiling nom v7.1.3
[INFO] [stderr]    Compiling hashbrown v0.14.5
[INFO] [stderr]    Compiling rustls-pki-types v1.14.1
[INFO] [stderr]    Compiling digest v0.10.7
[INFO] [stderr]    Compiling phf_generator v0.11.3
[INFO] [stderr]    Compiling idna v1.1.0
[INFO] [stderr]    Compiling rustls-webpki v0.101.7
[INFO] [stderr]    Compiling sct v0.7.1
[INFO] [stderr]    Compiling spin v0.9.8
[INFO] [stderr]    Compiling crc-catalog v2.5.0
[INFO] [stderr]    Compiling unicode_categories v0.1.1
[INFO] [stderr]    Compiling equivalent v1.0.2
[INFO] [stderr]    Compiling no-std-net v0.6.0
[INFO] [stderr]    Compiling cpufeatures v0.2.17
[INFO] [stderr]    Compiling hashbrown v0.17.1
[INFO] [stderr]    Compiling try-lock v0.2.5
[INFO] [stderr]    Compiling rustix v1.1.4
[INFO] [stderr]    Compiling base64 v0.21.7
[INFO] [stderr]    Compiling indexmap v2.14.0
[INFO] [stderr]    Compiling want v0.3.1
[INFO] [stderr]    Compiling rustls-pemfile v1.0.4
[INFO] [stderr]    Compiling sha2 v0.10.9
[INFO] [stderr]    Compiling pnet_base v0.34.0
[INFO] [stderr]    Compiling sqlformat v0.2.6
[INFO] [stderr]    Compiling crc v3.4.0
[INFO] [stderr]    Compiling tokio-stream v0.1.18
[INFO] [stderr]    Compiling url v2.5.8
[INFO] [stderr]    Compiling futures-intrusive v0.5.0
[INFO] [stderr]    Compiling phf_codegen v0.11.3
[INFO] [stderr]    Compiling atoi v2.0.0
[INFO] [stderr]    Compiling crossbeam-queue v0.3.12
[INFO] [stderr]    Compiling either v1.15.0
[INFO] [stderr]    Compiling hashlink v0.8.4
[INFO] [stderr]    Compiling parse-zoneinfo v0.3.1
[INFO] [stderr]    Compiling phf v0.11.3
[INFO] [stderr]    Compiling sync_wrapper v1.0.2
[INFO] [stderr]    Compiling httpdate v1.0.3
[INFO] [stderr]    Compiling rustls v0.23.40
[INFO] [stderr]    Compiling ucd-trie v0.1.7
[INFO] [stderr]    Compiling bitflags v2.11.1
[INFO] [stderr]    Compiling event-listener v2.5.3
[INFO] [stderr]    Compiling tower-layer v0.3.3
[INFO] [stderr]    Compiling syn v1.0.109
[INFO] [stderr]    Compiling hex v0.4.3
[INFO] [stderr]    Compiling linux-raw-sys v0.12.1
[INFO] [stderr]    Compiling atomic-waker v1.1.2
[INFO] [stderr]    Compiling byteorder v1.5.0
[INFO] [stderr]    Compiling webpki-roots v0.25.4
[INFO] [stderr]    Compiling hyper v1.9.0
[INFO] [stderr]    Compiling pest v2.8.6
[INFO] [stderr]    Compiling flume v0.11.1
[INFO] [stderr]    Compiling sqlx-core v0.7.4
[INFO] [stderr]    Compiling chrono-tz-build v0.3.0
[INFO] [stderr]    Compiling futures-executor v0.3.32
[INFO] [stderr]    Compiling rustls-webpki v0.103.13
[INFO] [stderr]    Compiling crossbeam-epoch v0.9.18
[INFO] [stderr]    Compiling bstr v1.12.1
[INFO] [stderr]    Compiling ipnet v2.12.0
[INFO] [stderr]    Compiling urlencoding v2.1.3
[INFO] [stderr]    Compiling base64 v0.22.1
[INFO] [stderr]    Compiling rustversion v1.0.22
[INFO] [stderr]    Compiling utf8parse v0.2.2
[INFO] [stderr]    Compiling fastrand v2.4.1
[INFO] [stderr]    Compiling unicode-segmentation v1.13.2
[INFO] [stderr]    Compiling same-file v1.0.6
[INFO] [stderr]    Compiling libm v0.2.16
[INFO] [stderr]    Compiling subtle v2.6.1
[INFO] [stderr]    Compiling heck v0.4.1
[INFO] [stderr]    Compiling walkdir v2.5.0
[INFO] [stderr]    Compiling tempfile v3.27.0
[INFO] [stderr]    Compiling anstyle-parse v1.0.0
[INFO] [stderr]    Compiling hyper-util v0.1.20
[INFO] [stderr]    Compiling globset v0.4.18
[INFO] [stderr]    Compiling crossbeam-deque v0.8.6
[INFO] [stderr]    Compiling sqlx-sqlite v0.7.4
[INFO] [stderr]    Compiling pest_meta v2.8.6
[INFO] [stderr]    Compiling chrono-tz v0.9.0
[INFO] [stderr]    Compiling tower v0.5.3
[INFO] [stderr]    Compiling pnet_macros_support v0.34.0
[INFO] [stderr]    Compiling http-body-util v0.1.3
[INFO] [stderr]    Compiling pnet_macros v0.34.0
[INFO] [stderr]    Compiling ppv-lite86 v0.2.21
[INFO] [stderr]    Compiling pnet_sys v0.34.0
[INFO] [stderr]    Compiling polling v2.8.0
[INFO] [stderr]    Compiling multer v3.1.0
[INFO] [stderr]    Compiling lazy_static v1.5.0
[INFO] [stderr]    Compiling colorchoice v1.0.5
[INFO] [stderr]    Compiling mime v0.3.17
[INFO] [stderr]    Compiling anstyle v1.0.14
[INFO] [stderr]    Compiling ryu v1.0.23
[INFO] [stderr]    Compiling anstyle-query v1.1.5
[INFO] [stderr]    Compiling dotenvy v0.15.7
[INFO] [stderr]    Compiling iana-time-zone v0.1.65
[INFO] [stderr]    Compiling is_terminal_polyfill v1.70.2
[INFO] [stderr]    Compiling sqlx-macros-core v0.7.4
[INFO] [stderr]    Compiling anstream v1.0.0
[INFO] [stderr]    Compiling chrono v0.4.44
[INFO] [stderr]    Compiling serde_urlencoded v0.7.1
[INFO] [stderr]    Compiling pnet_packet v0.34.0
[INFO] [stderr]    Compiling rand_chacha v0.3.1
[INFO] [stderr]    Compiling tokio-rustls v0.26.4
[INFO] [stderr]    Compiling pest_generator v2.8.6
[INFO] [stderr]    Compiling ignore v0.4.25
[INFO] [stderr]    Compiling webpki-roots v1.0.7
[INFO] [stderr]    Compiling toml_datetime v0.6.11
[INFO] [stderr]    Compiling serde_spanned v0.6.9
[INFO] [stderr]    Compiling ipnetwork v0.20.0
[INFO] [stderr]    Compiling async-trait v0.1.89
[INFO] [stderr]    Compiling encoding_rs v0.8.35
[INFO] [stderr]    Compiling deunicode v1.6.2
[INFO] [stderr]    Compiling toml_write v0.1.2
[INFO] [stderr]    Compiling strsim v0.11.1
[INFO] [stderr]    Compiling clap_lex v1.1.0
[INFO] [stderr]    Compiling winnow v0.7.15
[INFO] [stderr]    Compiling pnet v0.34.0
[INFO] [stderr]    Compiling anyhow v1.0.102
[INFO] [stderr]    Compiling option-ext v0.2.0
[INFO] [stderr]    Compiling heck v0.5.0
[INFO] [stderr]    Compiling dirs-sys v0.4.1
[INFO] [stderr]    Compiling clap_derive v4.6.1
[INFO] [stderr]    Compiling toml_edit v0.22.27
[INFO] [stderr]    Compiling clap_builder v4.6.0
[INFO] [stderr]    Compiling slug v0.1.6
[INFO] [stderr]    Compiling axum-core v0.4.5
[INFO] [stderr]    Compiling pnet_datalink v0.34.0
[INFO] [stderr]    Compiling pnet_transport v0.34.0
[INFO] [stderr]    Compiling hyper-rustls v0.27.9
[INFO] [stderr]    Compiling humansize v2.1.3
[INFO] [stderr]    Compiling globwalk v0.9.1
[INFO] [stderr]    Compiling pest_derive v2.8.6
[INFO] [stderr]    Compiling sqlx-macros v0.7.4
[INFO] [stderr]    Compiling sharded-slab v0.1.7
[INFO] [stderr]    Compiling tower-http v0.6.10
[INFO] [stderr]    Compiling matchers v0.2.0
[INFO] [stderr]    Compiling serde_path_to_error v0.1.20
[INFO] [stderr]    Compiling tracing-log v0.2.0
[INFO] [stderr]    Compiling socket2 v0.5.10
[INFO] [stderr]    Compiling if-addrs v0.13.4
[INFO] [stderr]    Compiling include_dir_macros v0.7.4
[INFO] [stderr]    Compiling thread_local v1.1.9
[INFO] [stderr]    Compiling nu-ansi-term v0.50.3
[INFO] [stderr]    Compiling matchit v0.7.3
[INFO] [stderr]    Compiling axum v0.7.9
[INFO] [stderr]    Compiling tracing-subscriber v0.3.23
[INFO] [stderr]    Compiling tera v1.20.1
[INFO] [stderr]    Compiling include_dir v0.7.4
[INFO] [stderr]    Compiling mdns-sd v0.11.5
[INFO] [stderr]    Compiling reqwest v0.12.28
[INFO] [stderr]    Compiling clap v4.6.1
[INFO] [stderr]    Compiling toml v0.8.23
[INFO] [stderr]    Compiling uuid v1.23.1
[INFO] [stderr]    Compiling dirs v5.0.1
[INFO] [stderr]    Compiling macaddr v1.0.1
[INFO] [stderr]    Compiling sqlx v0.7.4
[INFO] [stderr]    Compiling netascan v0.2.1 (/opt/rustwide/workdir)
[INFO] [stderr]     Finished `release` profile [optimized] target(s) in 10m 48s
[INFO] running `Command { std: "docker" "inspect" "3b61439f3ca01caa80cf912159b2a0e2a9d7ecbd76380f15386624ed9bbc83a8", kill_on_drop: false }`
[INFO] running `Command { std: "docker" "exec" "-e" "SOURCE_DIR=/opt/rustwide/workdir" "-e" "CARGO_HOME=/opt/rustwide/cargo-home" "-e" "RUSTUP_HOME=/opt/rustwide/rustup-home" "-e" "CARGO_TARGET_DIR=/opt/rustwide/target" "-e" "CARGO_INCREMENTAL=0" "-e" "RUST_BACKTRACE=full" "-e" "RUSTFLAGS=--cap-lints=warn" "-e" "RUSTDOCFLAGS=--cap-lints=warn" "-w" "/opt/rustwide/workdir" "--user" "0:0" "3b61439f3ca01caa80cf912159b2a0e2a9d7ecbd76380f15386624ed9bbc83a8" "/opt/rustwide/cargo-home/bin/cargo" "+1.99.0-beta.1" "test" "--frozen" "--no-run" "--message-format=json" "--release", kill_on_drop: false }`
[INFO] [stderr]    Compiling futures-sink v0.3.32
[INFO] [stderr]    Compiling tokio v1.52.3
[INFO] [stderr]    Compiling slab v0.4.12
[INFO] [stderr]    Compiling zerocopy v0.8.48
[INFO] [stderr]    Compiling futures-macro v0.3.32
[INFO] [stderr]    Compiling zerocopy-derive v0.8.48
[INFO] [stderr]    Compiling num-traits v0.2.19
[INFO] [stderr]    Compiling crossbeam-utils v0.8.21
[INFO] [stderr]    Compiling futures-channel v0.3.32
[INFO] [stderr]    Compiling either v1.15.0
[INFO] [stderr]    Compiling fnv v1.0.7
[INFO] [stderr]    Compiling bitflags v2.11.1
[INFO] [stderr]    Compiling bstr v1.12.1
[INFO] [stderr]    Compiling flume v0.11.1
[INFO] [stderr]    Compiling crossbeam-epoch v0.9.18
[INFO] [stderr]    Compiling crossbeam-queue v0.3.12
[INFO] [stderr]    Compiling futures-util v0.3.32
[INFO] [stderr]    Compiling rayon-core v1.13.0
[INFO] [stderr]    Compiling plotters-backend v0.3.7
[INFO] [stderr]    Compiling predicates-core v1.0.10
[INFO] [stderr]    Compiling crossbeam-deque v0.8.6
[INFO] [stderr]    Compiling atoi v2.0.0
[INFO] [stderr]    Compiling globset v0.4.18
[INFO] [stderr]    Compiling chrono v0.4.44
[INFO] [stderr]    Compiling ciborium-io v0.2.2
[INFO] [stderr]    Compiling float-cmp v0.10.0
[INFO] [stderr]    Compiling plotters-svg v0.3.7
[INFO] [stderr]    Compiling mdns-sd v0.11.5
[INFO] [stderr]    Compiling ignore v0.4.25
[INFO] [stderr]    Compiling globwalk v0.9.1
[INFO] [stderr]    Compiling chrono-tz v0.9.0
[INFO] [stderr]    Compiling futures-executor v0.3.32
[INFO] [stderr]    Compiling axum-core v0.4.5
[INFO] [stderr]    Compiling multer v3.1.0
[INFO] [stderr]    Compiling itertools v0.10.5
[INFO] [stderr]    Compiling tokio-util v0.7.18
[INFO] [stderr]    Compiling ahash v0.8.12
[INFO] [stderr]    Compiling h2 v0.4.14
[INFO] [stderr]    Compiling hashbrown v0.14.5
[INFO] [stderr]    Compiling tokio-stream v0.1.18
[INFO] [stderr]    Compiling ppv-lite86 v0.2.21
[INFO] [stderr]    Compiling tower v0.5.3
[INFO] [stderr]    Compiling hashlink v0.8.4
[INFO] [stderr]    Compiling rand_chacha v0.3.1
[INFO] [stderr]    Compiling tokio-rustls v0.26.4
[INFO] [stderr]    Compiling sqlx-core v0.7.4
[INFO] [stderr]    Compiling tower-http v0.6.10
[INFO] [stderr]    Compiling rand v0.8.6
[INFO] [stderr]    Compiling half v2.7.1
[INFO] [stderr]    Compiling rustix v1.1.4
[INFO] [stderr]    Compiling num_cpus v1.17.0
[INFO] [stderr]    Compiling linux-raw-sys v0.12.1
[INFO] [stderr]    Compiling ciborium-ll v0.2.2
[INFO] [stderr]    Compiling tera v1.20.1
[INFO] [stderr]    Compiling normalize-line-endings v0.3.0
[INFO] [stderr]    Compiling difflib v0.4.0
[INFO] [stderr]    Compiling deadpool-runtime v0.1.4
[INFO] [stderr]    Compiling cast v0.3.0
[INFO] [stderr]    Compiling assert_cmd v2.2.2
[INFO] [stderr]    Compiling termtree v0.5.1
[INFO] [stderr]    Compiling predicates v3.1.4
[INFO] [stderr]    Compiling predicates-tree v1.0.13
[INFO] [stderr]    Compiling criterion-plot v0.5.0
[INFO] [stderr]    Compiling deadpool v0.12.3
[INFO] [stderr]    Compiling sqlx-sqlite v0.7.4
[INFO] [stderr]    Compiling ciborium v0.2.2
[INFO] [stderr]    Compiling hyper v1.9.0
[INFO] [stderr]    Compiling futures v0.3.32
[INFO] [stderr]    Compiling rayon v1.12.0
[INFO] [stderr]    Compiling hyper-util v0.1.20
[INFO] [stderr]    Compiling sqlx v0.7.4
[INFO] [stderr]    Compiling plotters v0.3.7
[INFO] [stderr]    Compiling tinytemplate v1.2.1
[INFO] [stderr]    Compiling assert-json-diff v2.0.2
[INFO] [stderr]    Compiling hyper-rustls v0.27.9
[INFO] [stderr]    Compiling axum v0.7.9
[INFO] [stderr]    Compiling is-terminal v0.4.17
[INFO] [stderr]    Compiling reqwest v0.12.28
[INFO] [stderr]    Compiling wait-timeout v0.2.1
[INFO] [stderr]    Compiling fastrand v2.4.1
[INFO] [stderr]    Compiling anes v0.1.6
[INFO] [stderr]    Compiling oorandom v11.1.5
[INFO] [stderr]    Compiling tempfile v3.27.0
[INFO] [stderr]    Compiling criterion v0.5.1
[INFO] [stderr]    Compiling wiremock v0.6.5
[INFO] [stderr]    Compiling tokio-test v0.4.5
[INFO] [stderr]    Compiling netascan v0.2.1 (/opt/rustwide/workdir)
[INFO] [stdout] warning: unused imports: `DiscoveredHost`, `DiscoveryMethod`, `OpenPort`, `Protocol`, and `ServiceType`
[INFO] [stdout]    --> src/security/mod.rs:444:38
[INFO] [stdout]     |
[INFO] [stdout] 444 |         use crate::scanner::models::{DiscoveredHost, DiscoveryMethod, OpenPort, Protocol, ServiceType};
[INFO] [stdout]     |                                      ^^^^^^^^^^^^^^  ^^^^^^^^^^^^^^^  ^^^^^^^^  ^^^^^^^^  ^^^^^^^^^^^
[INFO] [stdout]     |
[INFO] [stdout]     = note: `#[warn(unused_imports)]` (part of `#[warn(unused)]`) on by default
[INFO] [stdout] 
[INFO] [stdout] 
[INFO] [stderr]     Finished `release` profile [optimized] target(s) in 6m 38s
[INFO] running `Command { std: "docker" "inspect" "3b61439f3ca01caa80cf912159b2a0e2a9d7ecbd76380f15386624ed9bbc83a8", kill_on_drop: false }`
[INFO] running `Command { std: "docker" "exec" "-e" "SOURCE_DIR=/opt/rustwide/workdir" "-e" "CARGO_HOME=/opt/rustwide/cargo-home" "-e" "RUSTUP_HOME=/opt/rustwide/rustup-home" "-e" "CARGO_TARGET_DIR=/opt/rustwide/target" "-e" "CARGO_INCREMENTAL=0" "-e" "RUST_BACKTRACE=full" "-e" "RUSTFLAGS=--cap-lints=warn" "-e" "RUSTDOCFLAGS=--cap-lints=warn" "-w" "/opt/rustwide/workdir" "--user" "0:0" "3b61439f3ca01caa80cf912159b2a0e2a9d7ecbd76380f15386624ed9bbc83a8" "/opt/rustwide/cargo-home/bin/cargo" "+1.99.0-beta.1" "test" "--frozen" "--release", kill_on_drop: false }`
[INFO] [stderr] warning: unused imports: `DiscoveredHost`, `DiscoveryMethod`, `OpenPort`, `Protocol`, and `ServiceType`
[INFO] [stderr]    --> src/security/mod.rs:444:38
[INFO] [stderr]     |
[INFO] [stderr] 444 |         use crate::scanner::models::{DiscoveredHost, DiscoveryMethod, OpenPort, Protocol, ServiceType};
[INFO] [stderr]     |                                      ^^^^^^^^^^^^^^  ^^^^^^^^^^^^^^^  ^^^^^^^^  ^^^^^^^^  ^^^^^^^^^^^
[INFO] [stderr]     |
[INFO] [stderr]     = note: `#[warn(unused_imports)]` (part of `#[warn(unused)]`) on by default
[INFO] [stderr] 
[INFO] [stderr] warning: `netascan` (lib test) generated 1 warning (run `cargo fix --lib -p netascan --tests` to apply 1 suggestion)
[INFO] [stderr]     Finished `release` profile [optimized] target(s) in 0.75s
[INFO] [stderr]      Running unittests src/lib.rs (/opt/rustwide/target/release/deps/netascan-892adbaabda69cf8)
[INFO] [stdout] 
[INFO] [stdout] running 338 tests
[INFO] [stdout] test cli::persist::tests::atomic_write_no_partial_file_on_failure ... ok
[INFO] [stdout] test cli::persist::tests::load_last_scan_no_file_returns_error ... ok
[INFO] [stdout] test cli::persist::tests::atomic_write_creates_file ... ok
[INFO] [stdout] test cli::persist::tests::cleanup_old_scans_preserves_last_json ... ok
[INFO] [stdout] test cli::persist::tests::cleanup_old_scans_under_limit ... ok
[INFO] [stdout] test cli::scan::tests::format_hosts_json_empty_array ... ok
[INFO] [stdout] test cli::persist::tests::cleanup_old_scans_at_limit_deletes_oldest ... ok
[INFO] [stdout] test cli::scan::tests::format_hosts_json_includes_cves ... ok
[INFO] [stdout] test cli::scan::tests::format_hosts_json_serializes_hosts ... ok
[INFO] [stdout] test cli::scan::tests::format_hosts_table_includes_cve_column ... ok
[INFO] [stdout] test cli::scan::tests::format_hosts_table_includes_vendor_column ... ok
[INFO] [stdout] test cli::scan::tests::format_hosts_table_multiple_hosts_sorted ... ok
[INFO] [stdout] test cli::scan::tests::format_hosts_table_missing_vendor_shows_dash ... ok
[INFO] [stdout] test cli::scan::tests::format_hosts_table_shows_dash_when_no_cves ... ok
[INFO] [stdout] test cli::scan::tests::format_hosts_table_single_host ... ok
[INFO] [stdout] test cli::setup::tests::apply_keys_handles_mac_vendors_key ... ok
[INFO] [stdout] test cli::setup::tests::apply_keys_replaces_existing_nvd_key ... ok
[INFO] [stdout] test cli::setup::tests::env_var_to_section_maps_correctly ... ok
[INFO] [stdout] test cli::tests::build_enrichment_config_disables_mac_api_with_flag ... ok
[INFO] [stdout] test cli::tests::build_enrichment_config_enables_mac_api_from_cli ... ok
[INFO] [stdout] test cli::tests::parse_report_subcommand ... ok
[INFO] [stdout] test cli::tests::parse_scan_subcommand ... ok
[INFO] [stdout] test cli::tests::parse_scan_with_mac_api_flag ... ok
[INFO] [stdout] test cli::tests::parse_scan_with_no_update ... ok
[INFO] [stdout] test cli::tests::parse_serve_subcommand ... ok
[INFO] [stdout] test cli::scan::tests::format_hosts_table_shows_cve_count ... ok
[INFO] [stdout] test cli::setup::tests::apply_keys_appends_when_key_missing ... ok
[INFO] [stdout] test cli::scan::tests::format_hosts_table_missing_fields_show_dash ... ok
[INFO] [stdout] test cli::tests::parse_update_subcommand ... ok
[INFO] [stdout] test cli::tests::parse_update_subcommand_with_source ... ok
[INFO] [stdout] test cli::tests::verify_cli ... ok
[INFO] [stdout] test config::tests::default_config_has_expected_values ... ok
[INFO] [stdout] test config::tests::load_returns_defaults_when_file_missing ... ok
[INFO] [stdout] test cli::setup::tests::apply_keys_creates_section_when_missing ... ok
[INFO] [stdout] test cli::setup::tests::env_var_to_toml_key_maps_correctly ... ok
[INFO] [stdout] test config::tests::default_config_has_enrichment_defaults ... ok
[INFO] [stdout] test cve::cache::tests::cache_custom_ttl_respected ... ok
[INFO] [stdout] test cve::cache::tests::cache_lookup_returns_data_when_fresh ... ok
[INFO] [stdout] test cli::update::tests::handle_update_failure_500_no_tmp_residue ... ok
[INFO] [stdout] test cve::cache::tests::cache_lookup_returns_none_when_stale ... ok
[INFO] [stdout] test cve::client::tests::parse_nvd_response_empty_vulnerabilities ... ok
[INFO] [stdout] test cve::client::tests::parse_nvd_response_extracts_cve_fields ... ok
[INFO] [stdout] test cve::client::tests::parse_nvd_response_invalid_json_returns_empty ... ok
[INFO] [stdout] test cve::cache::tests::cache_lookup_returns_none_when_missing ... ok
[INFO] [stdout] test cve::client::tests::parse_nvd_response_missing_impact_defaults_unknown ... ok
[INFO] [stdout] test cve::client::tests::parse_nvd_response_multiple_cves ... ok
[INFO] [stdout] test cve::cache::tests::cache_store_overwrites_existing ... ok
[INFO] [stdout] test cve::cache::tests::cache_store_and_lookup_roundtrip ... ok
[INFO] [stdout] test cve::cache::tests::query_nvd_cached_uses_cache_on_second_call ... ok
[INFO] [stdout] test cli::update::tests::handle_update_success_with_mock_server ... ok
[INFO] [stdout] test cve::models::tests::cve_match_can_be_constructed ... ok
[INFO] [stdout] test cve::models::tests::cve_match_serializes_and_deserializes ... ok
[INFO] [stdout] test cve::client::tests::query_cves_returns_parsed_matches ... ok
[INFO] [stdout] test cve::models::tests::cve_match_with_none_score_roundtrips ... ok
[INFO] [stdout] test cve::models::tests::severity_variants_exist ... ok
[INFO] [stdout] test cve::models::tests::severity_serializes_to_lowercase ... ok
[INFO] [stdout] test cve::parser::tests::build_cpe_nginx ... ok
[INFO] [stdout] test cve::parser::tests::build_cpe_apache ... ok
[INFO] [stdout] test cve::parser::tests::build_cpe_proftpd ... ok
[INFO] [stdout] test cve::parser::tests::build_cpe_openssh ... ok
[INFO] [stdout] test cve::parser::tests::extract_version_apache ... ok
[INFO] [stdout] test cve::parser::tests::extract_version_apache_with_detail ... ok
[INFO] [stdout] test cve::parser::tests::extract_version_generic_fallback ... ok
[INFO] [stdout] test cve::parser::tests::extract_version_exim ... ok
[INFO] [stdout] test cve::parser::tests::extract_version_lighttpd ... ok
[INFO] [stdout] test cve::parser::tests::extract_version_nginx ... ok
[INFO] [stdout] test cve::parser::tests::extract_version_none_banner_returns_none ... ok
[INFO] [stdout] test cli::scan::tests::format_hosts_table_empty_returns_message ... ok
[INFO] [stdout] test cli::persist::tests::save_and_load_last_roundtrip ... ok
[INFO] [stdout] test cve::parser::tests::extract_version_openssh ... ok
[INFO] [stdout] test cve::parser::tests::extract_version_postfix ... ok
[INFO] [stdout] test cve::client::tests::query_cves_includes_api_key_header_when_set ... ok
[INFO] [stdout] test cve::parser::tests::extract_version_ssh_with_p1_suffix ... ok
[INFO] [stdout] test cve::parser::tests::extract_version_proftpd ... ok
[INFO] [stdout] test cve::parser::tests::extract_version_unknown_service_returns_none_for_gibberish ... ok
[INFO] [stdout] test cve::parser::tests::vendor_lookup_postgresql ... ok
[INFO] [stdout] test cve::parser::tests::vendor_lookup_unknown_product_returns_itself ... ok
[INFO] [stdout] test cve::parser::tests::extract_version_vsftpd ... ok
[INFO] [stdout] test cve::parser::tests::vendor_lookup_mysql ... ok
[INFO] [stdout] test cve::parser::tests::extract_version_unrecognized_returns_none ... ok
[INFO] [stdout] test cve::tests::enrich_cve_handles_missing_banner ... ok
[INFO] [stdout] test cve::tests::enrich_cve_graceful_on_api_error ... ok
[INFO] [stdout] test cve::tests::enrich_cve_populates_cves_for_banner ... ok
[INFO] [stdout] test enrichment::mac_vendor::tests::lookup_mac_vendor_returns_none_on_not_found ... ok
[INFO] [stdout] test enrichment::mac_vendor::tests::lookup_mac_vendor_returns_vendor_name_from_api ... ok
[INFO] [stdout] test enrichment::snmp::tests::build_get_request_encodes_expected_bytes ... ok
[INFO] [stdout] test enrichment::snmp::tests::parse_snmp_response_extracts_sysdescr_and_sysname ... ok
[INFO] [stdout] test enrichment::tests::apply_mdns_result_only_fills_empty_fields ... ok
[INFO] [stdout] test enrichment::tests::apply_mdns_result_preserves_existing_hostname ... ok
[INFO] [stdout] test cve::tests::enrich_cve_populates_multiple_ports_per_host ... ok
[INFO] [stdout] test enrichment::tests::apply_snmp_result_preserves_existing_hostname ... ok
[INFO] [stdout] test enrichment::tests::apply_snmp_result_sets_hostname_and_trimmed_model ... ok
[INFO] [stdout] test enrichment::tests::enrichment_config_defaults_match_spec ... ok
[INFO] [stdout] test enrichment::tests::mac_vendor_lookup_only_runs_for_hosts_without_vendor ... ok
[INFO] [stdout] test error::tests::discovery_error_display ... ok
[INFO] [stdout] test error::tests::error_is_debug ... ok
[INFO] [stdout] test error::tests::interface_not_found_error_display ... ok
[INFO] [stdout] test error::tests::permission_error_display ... ok
[INFO] [stdout] test error::tests::persist_error_display ... ok
[INFO] [stdout] test error::tests::persist_error_is_debug ... ok
[INFO] [stdout] test error::tests::report_error_display ... ok
[INFO] [stdout] test error::tests::report_error_is_debug ... ok
[INFO] [stdout] test error::tests::template_error_display ... ok
[INFO] [stdout] test error::tests::template_error_is_debug ... ok
[INFO] [stdout] test fingerprint::tests::banner_case_insensitive ... ok
[INFO] [stdout] test fingerprint::tests::banner_centos ... ok
[INFO] [stdout] test fingerprint::tests::banner_cisco_ios ... ok
[INFO] [stdout] test fingerprint::tests::banner_debian_ssh ... ok
[INFO] [stdout] test fingerprint::tests::banner_empty_returns_none ... ok
[INFO] [stdout] test fingerprint::tests::banner_freebsd_ssh ... ok
[INFO] [stdout] test fingerprint::tests::banner_generic_linux ... ok
[INFO] [stdout] test fingerprint::tests::banner_no_match_returns_none ... ok
[INFO] [stdout] test fingerprint::tests::banner_red_hat ... ok
[INFO] [stdout] test fingerprint::tests::banner_ubuntu_ssh ... ok
[INFO] [stdout] test fingerprint::tests::banner_windows_smb ... ok
[INFO] [stdout] test fingerprint::tests::banner_windows_ssh ... ok
[INFO] [stdout] test fingerprint::tests::ttl_120_maps_to_windows ... ok
[INFO] [stdout] test fingerprint::tests::ttl_128_maps_to_windows ... ok
[INFO] [stdout] test fingerprint::tests::ttl_127_maps_to_windows ... ok
[INFO] [stdout] test fingerprint::tests::ttl_250_maps_to_freebsd ... ok
[INFO] [stdout] test fingerprint::tests::ttl_254_maps_to_freebsd ... ok
[INFO] [stdout] test fingerprint::tests::ttl_255_maps_to_freebsd ... ok
[INFO] [stdout] test fingerprint::tests::ttl_60_maps_to_linux_macos ... ok
[INFO] [stdout] test cve::tests::enrich_cve_skips_when_no_cve_flag_set ... ok
[INFO] [stdout] test fingerprint::tests::ttl_63_maps_to_linux_macos ... ok
[INFO] [stdout] test fingerprint::tests::ttl_64_maps_to_linux_macos ... ok
[INFO] [stdout] test fingerprint::tests::ttl_edge_cases_return_none ... ok
[INFO] [stdout] test fingerprint::tests::ttl_below_32_returns_none ... ok
[INFO] [stdout] test report::engine::tests::engine_creates_successfully ... ok
[INFO] [stdout] test cve::tests::enrich_cve_deduplicates_cpe_across_hosts ... ok
[INFO] [stdout] test report::engine::tests::render_html_fails_with_broken_template ... ok
[INFO] [stdout] test report::engine::tests::render_html_produces_valid_html ... ok
[INFO] [stdout] test report::engine::tests::render_html_shows_device_model ... ok
[INFO] [stdout] test report::engine::tests::render_html_shows_insecure_port_warning ... ok
[INFO] [stdout] test report::engine::tests::render_html_shows_no_cves_message ... ok
[INFO] [stdout] test report::engine::tests::render_html_template_shows_cve_details ... ok
[INFO] [stdout] test report::engine::tests::render_json_has_required_fields ... ok
[INFO] [stdout] test report::engine::tests::render_json_is_pretty_printed ... ok
[INFO] [stdout] test report::engine::tests::render_json_roundtrip ... ok
[INFO] [stdout] test report::engine::tests::render_html_context_has_summary_totals ... ok
[INFO] [stdout] test report::engine::tests::render_json_version_is_cargo_version ... ok
[INFO] [stdout] test report::view_model::tests::report_context_empty_hosts ... ok
[INFO] [stdout] test report::view_model::tests::report_context_json_has_required_fields ... ok
[INFO] [stdout] test report::engine::tests::render_html_empty_hosts_produces_valid_html ... ok
[INFO] [stdout] test report::view_model::tests::report_cve_from_cve_match ... ok
[INFO] [stdout] test report::view_model::tests::report_cve_serializes_to_json ... ok
[INFO] [stdout] test report::view_model::tests::report_cve_with_none_score ... ok
[INFO] [stdout] test report::view_model::tests::report_host_deduplicates_cves_across_ports ... ok
[INFO] [stdout] test report::view_model::tests::report_host_from_discovered_with_cves ... ok
[INFO] [stdout] test report::view_model::tests::report_host_includes_device_model ... ok
[INFO] [stdout] test report::view_model::tests::report_host_insecure_ports_counted ... ok
[INFO] [stdout] test report::view_model::tests::report_host_mac_formatted_as_hex ... ok
[INFO] [stdout] test report::view_model::tests::report_host_mac_is_none_when_missing ... ok
[INFO] [stdout] test report::view_model::tests::report_context_from_vec_hosts ... ok
[INFO] [stdout] test report::view_model::tests::report_context_json_roundtrip ... ok
[INFO] [stdout] test report::view_model::tests::report_host_serializes_to_json ... ok
[INFO] [stdout] test report::view_model::tests::report_port_insecure_flag ... ok
[INFO] [stdout] test report::engine::tests::render_html_contains_host_data ... ok
[INFO] [stdout] test report::view_model::tests::report_host_with_no_cves ... ok
[INFO] [stdout] test report::view_model::tests::report_port_from_open_port ... ok
[INFO] [stdout] test report::view_model::tests::report_port_json_roundtrip ... ok
[INFO] [stdout] test report::view_model::tests::report_port_serializes_to_json ... ok
[INFO] [stdout] test scanner::capabilities::tests::capabilities_root_implies_raw_sockets ... ok
[INFO] [stdout] test scanner::capabilities::tests::capabilities_struct_has_expected_fields ... ok
[INFO] [stdout] test scanner::capabilities::tests::probe_raw_socket_returns_bool ... ok
[INFO] [stdout] test scanner::capabilities::tests::detect_arp_table_is_linux_only ... ok
[INFO] [stdout] test scanner::discovery::tests::apply_banner_hints_empty_ports_no_change ... ok
[INFO] [stdout] test scanner::capabilities::tests::detect_returns_capabilities ... ok
[INFO] [stdout] test scanner::discovery::tests::apply_banner_hints_no_match_keeps_ttl_hint ... ok
[INFO] [stdout] test scanner::discovery::tests::apply_banner_hints_overrides_ttl_with_ubuntu ... ok
[INFO] [stdout] test scanner::discovery::tests::apply_banner_hints_first_matching_port_wins ... ok
[INFO] [stdout] test scanner::discovery::tests::expand_cidr_31_includes_all ... ok
[INFO] [stdout] test scanner::discovery::tests::expand_cidr_single_host ... ok
[INFO] [stdout] test scanner::discovery::tests::expand_cidr_excludes_network_and_broadcast ... ok
[INFO] [stdout] test scanner::discovery::tests::merge_results_deduplicates_same_ip ... ok
[INFO] [stdout] test scanner::discovery::tests::merge_results_empty_inputs ... ok
[INFO] [stdout] test scanner::discovery::tests::merge_results_includes_mac_from_arp ... ok
[INFO] [stdout] test scanner::discovery::tests::expand_cidr_small_network ... ok
[INFO] [stdout] test scanner::discovery::tests::merge_results_multiple_hosts_sorted ... ok
[INFO] [stdout] test scanner::discovery::tests::merge_results_os_hint_none_without_ttl_hint ... ok
[INFO] [stdout] test scanner::discovery::tests::merge_results_single_host ... ok
[INFO] [stdout] test scanner::discovery::tests::apply_banner_hints_sets_os_from_banner_when_no_ttl ... ok
[INFO] [stdout] test scanner::discovery::tests::parse_arp_content_empty_returns_empty ... ok
[INFO] [stdout] test scanner::discovery::tests::detect_local_network_returns_non_loopback ... ok
[INFO] [stdout] test scanner::discovery::tests::parse_arp_content_handles_malformed_lines ... ok
[INFO] [stdout] test scanner::discovery::tests::parse_arp_content_header_only_returns_empty ... ok
[INFO] [stdout] test scanner::discovery::tests::parse_arp_content_from_fixture_file ... ok
[INFO] [stdout] test scanner::discovery::tests::merge_results_propagates_ttl_hint_to_os_hint ... ok
[INFO] [stdout] test scanner::discovery::tests::merge_results_skips_dead_hosts ... ok
[INFO] [stdout] test scanner::discovery::tests::parse_arp_content_parses_valid_entries ... ok
[INFO] [stdout] test scanner::discovery::tests::scanner_config_reflects_custom_values ... ok
[INFO] [stdout] test scanner::discovery::tests::parse_arp_content_skips_incomplete_entries ... ok
[INFO] [stdout] test scanner::models::tests::capabilities_serializes ... ok
[INFO] [stdout] test scanner::models::tests::discovered_host_clone ... ok
[INFO] [stdout] test scanner::models::tests::discovered_host_deserializes_from_json ... ok
[INFO] [stdout] test scanner::models::tests::discovered_host_device_model_roundtrip ... ok
[INFO] [stdout] test scanner::models::tests::discovered_host_os_hint_backward_compat_missing_field ... ok
[INFO] [stdout] test scanner::models::tests::discovered_host_os_hint_deserializes_from_json ... ok
[INFO] [stdout] test scanner::models::tests::discovered_host_os_hint_deserializes_null ... ok
[INFO] [stdout] test scanner::models::tests::discovered_host_os_hint_none_serializes_as_null ... ok
[INFO] [stdout] test scanner::models::tests::discovered_host_os_hint_some_serializes_value ... ok
[INFO] [stdout] test scanner::models::tests::discovered_host_serializes_to_json ... ok
[INFO] [stdout] test scanner::models::tests::discovered_host_vendor_deserializes ... ok
[INFO] [stdout] test scanner::models::tests::discovered_host_vendor_serializes ... ok
[INFO] [stdout] test scanner::models::tests::discovery_method_variants_serialize_correctly ... ok
[INFO] [stdout] test scanner::models::tests::open_port_deserializes ... ok
[INFO] [stdout] test scanner::models::tests::open_port_deserializes_with_empty_cves ... ok
[INFO] [stdout] test scanner::models::tests::open_port_serializes ... ok
[INFO] [stdout] test scanner::models::tests::open_port_with_cves_serializes ... ok
[INFO] [stdout] test scanner::models::tests::ping_result_serializes ... ok
[INFO] [stdout] test scanner::models::tests::protocol_tcp_serializes ... ok
[INFO] [stdout] test scanner::models::tests::protocol_udp_serializes ... ok
[INFO] [stdout] test scanner::models::tests::scan_cli_args_deserializes ... ok
[INFO] [stdout] test scanner::models::tests::scan_cli_args_serializes ... ok
[INFO] [stdout] test scanner::discovery::tests::scanner_new_stores_config ... ok
[INFO] [stdout] test scanner::models::tests::scan_record_deserializes ... ok
[INFO] [stdout] test scanner::models::tests::arp_entry_serializes ... ok
[INFO] [stdout] test scanner::models::tests::discovered_host_debug_output ... ok
[INFO] [stdout] test scanner::models::tests::scan_record_roundtrip ... ok
[INFO] [stdout] test scanner::models::tests::scan_record_empty_hosts_serializes ... ok
[INFO] [stdout] test scanner::models::tests::scan_record_serializes ... ok
[INFO] [stdout] test scanner::models::tests::service_type_variants ... ok
[INFO] [stdout] test scanner::oui::tests::enrich_oui_populates_vendor_for_mac_hosts ... ok
[INFO] [stdout] test scanner::oui::tests::from_file_missing_file_returns_error ... ok
[INFO] [stdout] test scanner::oui::tests::cache_path_returns_cache_dir_netascan_manuf ... ok
[INFO] [stdout] test scanner::oui::tests::enrich_oui_leaves_vendor_none_for_no_mac ... ok
[INFO] [stdout] test scanner::oui::tests::from_reader_empty_input_returns_empty_db ... ok
[INFO] [stdout] test scanner::oui::tests::enrich_oui_mutates_in_place ... ok
[INFO] [stdout] test scanner::oui::tests::from_file_reads_valid_manuf ... ok
[INFO] [stdout] test scanner::oui::tests::from_reader_io_error_propagates ... ok
[INFO] [stdout] test scanner::oui::tests::get_oui_db_from_returns_error_on_corrupted_cache ... ok
[INFO] [stdout] test scanner::oui::tests::from_reader_parses_valid_input ... ok
[INFO] [stdout] test scanner::oui::tests::get_oui_db_from_uses_cache_when_valid ... ok
[INFO] [stdout] test scanner::oui::tests::oui_db_lookup_finds_3byte_exact ... ok
[INFO] [stdout] test scanner::oui::tests::oui_db_lookup_finds_4byte_exact ... ok
[INFO] [stdout] test scanner::oui::tests::get_oui_db_falls_back_to_embedded_on_missing_cache ... ok
[INFO] [stdout] test scanner::oui::tests::oui_db_lookup_finds_5byte_exact ... ok
[INFO] [stdout] test scanner::oui::tests::get_oui_db_from_returns_error_on_missing_cache ... ok
[INFO] [stdout] test scanner::oui::tests::oui_db_lookup_longest_prefix_wins ... ok
[INFO] [stdout] test scanner::oui::tests::parse_manuf_parses_3byte_prefix ... ok
[INFO] [stdout] test scanner::oui::tests::parse_manuf_parses_4byte_prefix ... ok
[INFO] [stdout] test scanner::oui::tests::parse_manuf_parses_5byte_prefix ... ok
[INFO] [stdout] test scanner::oui::tests::oui_db_lookup_unknown_returns_none ... ok
[INFO] [stdout] test scanner::oui::tests::parse_manuf_handles_malformed_lines ... ok
[INFO] [stdout] test scanner::ports::tests::iot_critical_ports_contains_expected_ports ... ok
[INFO] [stdout] test scanner::oui::tests::parse_manuf_skips_comments_and_blank_lines ... ok
[INFO] [stdout] test scanner::oui::tests::parse_manuf_from_fixture_file ... ok
[INFO] [stdout] test scanner::ports::tests::resolve_custom_range_invalid_format_falls_back ... ok
[INFO] [stdout] test scanner::ports::tests::resolve_custom_range_merges_iot ... ok
[INFO] [stdout] test scanner::ports::tests::resolve_custom_range_with_spaces ... ok
[INFO] [stdout] test scanner::ports::tests::resolve_port_list_has_no_duplicates ... ok
[INFO] [stdout] test scanner::ports::tests::resolve_full_returns_all_ports ... ok
[INFO] [stdout] test scanner::ports::tests::resolve_port_list_is_sorted ... ok
[INFO] [stdout] test scanner::ports::tests::resolve_top_1000_includes_iot_ports ... ok
[INFO] [stdout] test scanner::ports::tests::resolve_top_100_includes_iot_ports ... ok
[INFO] [stdout] test scanner::services::tests::build_open_port_dahua_dvr_insecure ... ok
[INFO] [stdout] test scanner::ports::tests::resolve_unknown_falls_back_to_top_1000 ... ok
[INFO] [stdout] test scanner::ports::tests::top_100_is_subset_of_top_1000 ... ok
[INFO] [stdout] test scanner::services::tests::build_open_port_hisilicon_dvr_insecure ... ok
[INFO] [stdout] test scanner::services::tests::build_open_port_http_insecure ... ok
[INFO] [stdout] test scanner::services::tests::build_open_port_stores_banner ... ok
[INFO] [stdout] test scanner::services::tests::build_open_port_telnet_always_insecure ... ok
[INFO] [stdout] test scanner::services::tests::classify_by_port_http ... ok
[INFO] [stdout] test scanner::services::tests::build_open_port_http_secure_when_https_present ... ok
[INFO] [stdout] test scanner::services::tests::classify_by_port_https ... ok
[INFO] [stdout] test scanner::services::tests::classify_by_port_rtsp ... ok
[INFO] [stdout] test scanner::services::tests::classify_by_port_mqtt ... ok
[INFO] [stdout] test scanner::services::tests::classify_by_port_ssh ... ok
[INFO] [stdout] test scanner::services::tests::classify_by_port_telnet ... ok
[INFO] [stdout] test scanner::services::tests::classify_by_port_unknown ... ok
[INFO] [stdout] test scanner::services::tests::classify_by_port_upnp ... ok
[INFO] [stdout] test scanner::services::tests::classify_refined_by_banner_ftp ... ok
[INFO] [stdout] test scanner::services::tests::classify_refined_by_banner_mqtt ... ok
[INFO] [stdout] test scanner::services::tests::classify_refined_by_banner_smtp ... ok
[INFO] [stdout] test scanner::services::tests::classify_refined_by_banner_ssh ... ok
[INFO] [stdout] test scanner::services::tests::classify_refined_by_banner_telnet ... ok
[INFO] [stdout] test scanner::services::tests::dahua_dvr_port_insecure ... ok
[INFO] [stdout] test scanner::services::tests::ftp_always_insecure ... ok
[INFO] [stdout] test scanner::services::tests::ftp_port_insecure_even_with_unknown_service ... ok
[INFO] [stdout] test scanner::services::tests::classify_by_port_dns ... ok
[INFO] [stdout] test scanner::services::tests::classify_by_port_ftp ... ok
[INFO] [stdout] test scanner::services::tests::classify_by_port_smtp ... ok
[INFO] [stdout] test scanner::services::tests::grab_banner_returns_none_on_binary_data ... ok
[INFO] [stdout] test scanner::services::tests::grab_banner_reads_first_line ... ok
[INFO] [stdout] test scanner::services::tests::hisilicon_dvr_port_insecure ... ok
[INFO] [stdout] test scanner::services::tests::grab_banner_returns_none_on_empty ... ok
[INFO] [stdout] test scanner::services::tests::grab_banner_handles_no_newline ... ok
[INFO] [stdout] test scanner::services::tests::http_insecure_without_https ... ok
[INFO] [stdout] test scanner::services::tests::http_secure_with_https ... ok
[INFO] [stdout] test scanner::services::tests::telnet_always_insecure ... ok
[INFO] [stdout] test scanner::services::tests::telnet_port_insecure_even_with_unknown_service ... ok
[INFO] [stdout] test scanner::services::tests::unknown_never_insecure ... ok
[INFO] [stdout] test security::creds_db::tests::creds_cache_path_contains_netascan ... ok
[INFO] [stdout] test security::creds_db::tests::normalize_vendor_lowercases_and_strips_punct ... ok
[INFO] [stdout] test security::creds_db::tests::parse_csv_blank_becomes_empty_string ... ok
[INFO] [stdout] test security::creds_db::tests::parse_csv_deduplicates_same_vendor_user_pass ... ok
[INFO] [stdout] test scanner::services::tests::https_never_insecure ... ok
[INFO] [stdout] test scanner::services::tests::ssh_never_insecure ... ok
[INFO] [stdout] test scanner::services::tests::grab_banner_truncates_to_256_bytes ... ok
[INFO] [stdout] test security::creds_db::tests::parse_csv_different_vendors_same_creds_kept ... ok
[INFO] [stdout] test security::creds_db::tests::parse_csv_empty_content_returns_empty ... ok
[INFO] [stdout] test security::creds_db::tests::parse_csv_header_only_returns_empty ... ok
[INFO] [stdout] test security::creds_db::tests::parse_csv_multiple_pairs ... ok
[INFO] [stdout] test security::creds_db::tests::parse_csv_skips_header ... ok
[INFO] [stdout] test security::creds_db::tests::parse_csv_skips_na_entries ... ok
[INFO] [stdout] test security::tests::check_default_credentials_disabled_returns_early ... ok
[INFO] [stdout] test security::creds_db::tests::vendor_match_tp_link ... ok
[INFO] [stdout] test security::creds_db::tests::vendor_match_zyxel ... ok
[INFO] [stdout] test security::creds_db::tests::vendor_no_match_different_brands ... ok
[INFO] [stdout] test security::tests::check_default_credentials_http_mock_accepts_admin ... ok
[INFO] [stdout] test security::tests::check_default_credentials_http_mock_rejects_all ... ok
[INFO] [stdout] test security::tests::check_default_credentials_ftp_mock_rejects ... ok
[INFO] [stdout] test security::tests::check_default_credentials_ftp_mock_accepts ... ok
[INFO] [stdout] test security::tests::default_creds_contains_guest_guest ... ok
[INFO] [stdout] test security::tests::default_creds_contains_root_root ... ok
[INFO] [stdout] test security::tests::default_creds_has_six_pairs ... ok
[INFO] [stdout] test security::tests::security_finding_clone ... ok
[INFO] [stdout] test security::tests::default_creds_first_pair_is_admin_admin ... ok
[INFO] [stdout] test security::tests::security_finding_debug_output ... ok
[INFO] [stdout] test security::tests::security_finding_deserializes_from_json ... ok
[INFO] [stdout] test security::tests::check_default_credentials_telnet_mock_accepts ... ok
[INFO] [stdout] test security::tests::security_finding_serializes_to_json ... ok
[INFO] [stdout] test server::tests::health_returns_ok ... ok
[INFO] [stdout] test security::tests::security_finding_roundtrip ... ok
[INFO] [stdout] test security::tests::check_default_credentials_telnet_mock_rejects ... ok
[INFO] [stdout] test server::tests::index_returns_html_with_form ... ok
[INFO] [stdout] test server::tests::into_status_code_parse_error_is_400 ... ok
[INFO] [stdout] test server::tests::into_status_code_network_error_is_503 ... ok
[INFO] [stdout] test server::tests::index_accepts_json_files ... ok
[INFO] [stdout] test server::tests::into_status_code_unknown_is_500 ... ok
[INFO] [stdout] test server::tests::report_malformed_json_returns_400 ... ok
[INFO] [stdout] test server::tests::report_empty_file_returns_400 ... ok
[INFO] [stdout] test server::tests::report_missing_file_field_returns_400 ... ok
[INFO] [stdout] test server::tests::report_valid_json_returns_html ... ok
[INFO] [stdout] test cve::parser::tests::extract_version_never_panics_on_arbitrary_banners ... ok
[INFO] [stdout] test cve::client::tests::query_cves_retries_on_429_then_succeeds ... ok
[INFO] [stdout] test cve::client::tests::query_cves_returns_empty_on_403 ... ok
[INFO] [stdout] test cve::client::tests::query_cves_returns_empty_after_max_retries ... ok
[INFO] [stdout] 
[INFO] [stdout] test result: ok. 338 passed; 0 failed; 0 ignored; 0 measured; 0 filtered out; finished in 14.03s
[INFO] [stdout] 
[INFO] [stderr]      Running unittests src/main.rs (/opt/rustwide/target/release/deps/netascan-99ff42d5ee774417)
[INFO] [stdout] 
[INFO] [stdout] running 0 tests
[INFO] [stdout] 
[INFO] [stdout] test result: ok. 0 passed; 0 failed; 0 ignored; 0 measured; 0 filtered out; finished in 0.00s
[INFO] [stdout] 
[INFO] [stderr]      Running tests/cli_tests.rs (/opt/rustwide/target/release/deps/cli_tests-99948bdea8aa8abe)
[INFO] [stdout] 
[INFO] [stdout] running 13 tests
[INFO] [stdout] test scan_concurrency_flag_accepted ... ignored, runs actual TCP probes (~3s)
[INFO] [stdout] test scan_json_flag_accepted ... ignored, runs actual TCP probes (~3s)
[INFO] [stdout] test scan_json_output_format ... ignored, runs actual TCP probes (~3s)
[INFO] [stdout] test scan_network_auto_accepted ... ignored, runs actual TCP probes (~3s)
[INFO] [stdout] test scan_network_loopback_exits_success ... ignored, runs actual TCP probes (~3s)
[INFO] [stdout] test scan_network_loopback_integration ... ignored, runs actual TCP probes (~3s)
[INFO] [stdout] test scan_timeout_ms_flag_accepted ... ignored, runs actual TCP probes (~3s)
[INFO] [stdout] test version_flag_prints_correct_version ... FAILED
[INFO] [stdout] test scan_help_shows_no_update_flag ... ok
[INFO] [stdout] test scan_network_invalid_cidr_shows_error ... ok
[INFO] [stdout] test scan_help_shows_all_flags ... ok
[INFO] [stdout] test help_flag_shows_subcommands ... ok
[INFO] [stdout] test update_help_shows_source_flag ... ok
[INFO] [stdout] 
[INFO] [stdout] failures:
[INFO] [stdout] 
[INFO] [stdout] ---- version_flag_prints_correct_version stdout ----
[INFO] [stdout] 
[INFO] [stdout] thread 'version_flag_prints_correct_version' (7815) panicked at tests/cli_tests.rs:10:10:
[INFO] [stdout] Unexpected stdout, failed var.contains(netascan 0.2.0)
[INFO] [stdout] ├── var: netascan 0.2.1
[INFO] [stdout] └── var as str: netascan 0.2.1
[INFO] [stdout] 
[INFO] [stdout] command=`"/opt/rustwide/target/release/netascan" "--version"`
[INFO] [stdout] code=0
[INFO] [stdout] stdout="netascan 0.2.1\n"
[INFO] [stdout] stderr=""
[INFO] [stdout] 
[INFO] [stdout] stack backtrace:
[INFO] [stdout]    0:     0x641b5d796ac1 - <<std[104cf6e2632825ea]::sys::backtrace::BacktraceLock>::print::DisplayBacktrace as core[7c831bd917ebf35f]::fmt::Display>::fmt
[INFO] [stdout]    1:     0x641b5d7ad52a - core[7c831bd917ebf35f]::fmt::write
[INFO] [stdout]    2:     0x641b5d79c3dc - <alloc[2fdc3f7464fcf288]::vec::Vec<u8> as core[7c831bd917ebf35f]::io::write::Write>::write_fmt
[INFO] [stdout]    3:     0x641b5d7726a6 - std[104cf6e2632825ea]::panicking::default_hook::{closure#0}
[INFO] [stdout]    4:     0x641b5d78f0a9 - std[104cf6e2632825ea]::panicking::default_hook
[INFO] [stdout]    5:     0x641b5d71ac70 - test[73009c9f9aebf890]::test_main_inner::<test[73009c9f9aebf890]::test_main_static::{closure#0}>::{closure#0}
[INFO] [stdout]    6:     0x641b5d78f262 - std[104cf6e2632825ea]::panicking::panic_with_hook
[INFO] [stdout]    7:     0x641b5d772752 - std[104cf6e2632825ea]::panicking::panic_handler::{closure#0}
[INFO] [stdout]    8:     0x641b5d76b0f9 - std[104cf6e2632825ea]::sys::backtrace::__rust_end_short_backtrace::<std[104cf6e2632825ea]::panicking::panic_handler::{closure#0}, !>
[INFO] [stdout]    9:     0x641b5d77334d - __rustc[b0d56fa5b193ad05]::rust_begin_unwind
[INFO] [stdout]   10:     0x641b5d7adcdc - core[7c831bd917ebf35f]::panicking::panic_fmt
[INFO] [stdout]   11:     0x641b5d709e80 - <assert_cmd[a9a1bf55fead2ebb]::assert::AssertError>::panic::<assert_cmd[a9a1bf55fead2ebb]::assert::Assert>
[INFO] [stdout]   12:     0x641b5d70993d - <cli_tests[4922d5f1dc8ba445]::version_flag_prints_correct_version::{closure#0} as core[7c831bd917ebf35f]::ops::function::FnOnce<()>>::call_once
[INFO] [stdout]   13:     0x641b5d70df5b - test[73009c9f9aebf890]::__rust_begin_short_backtrace::<core[7c831bd917ebf35f]::result::Result<(), alloc[2fdc3f7464fcf288]::string::String>, fn() -> core[7c831bd917ebf35f]::result::Result<(), alloc[2fdc3f7464fcf288]::string::String>>
[INFO] [stdout]   14:     0x641b5d71b5c5 - test[73009c9f9aebf890]::run_test::{closure#0}
[INFO] [stdout]   15:     0x641b5d714984 - std[104cf6e2632825ea]::sys::backtrace::__rust_begin_short_backtrace::<test[73009c9f9aebf890]::run_test::{closure#1}, ()>
[INFO] [stdout]   16:     0x641b5d71e722 - <std[104cf6e2632825ea]::thread::lifecycle::spawn_unchecked<test[73009c9f9aebf890]::run_test::{closure#1}, ()>::{closure#1} as core[7c831bd917ebf35f]::ops::function::FnOnce<()>>::call_once::{shim:vtable#0}
[INFO] [stdout]   17:     0x641b5d796319 - <std[104cf6e2632825ea]::sys::thread::unix::Thread>::new::thread_start
[INFO] [stdout]   18:     0x7ec20968907a - <unknown>
[INFO] [stdout]   19:     0x7ec20971c534 - clone
[INFO] [stdout]   20:                0x0 - <unknown>
[INFO] [stdout] 
[INFO] [stdout] 
[INFO] [stdout] failures:
[INFO] [stdout]     version_flag_prints_correct_version
[INFO] [stdout] 
[INFO] [stdout] test result: FAILED. 5 passed; 1 failed; 7 ignored; 0 measured; 0 filtered out; finished in 0.02s
[INFO] [stdout] 
[INFO] [stderr] error: test failed, to rerun pass `--test cli_tests`
[INFO] running `Command { std: "docker" "inspect" "3b61439f3ca01caa80cf912159b2a0e2a9d7ecbd76380f15386624ed9bbc83a8", kill_on_drop: false }`
[INFO] running `Command { std: "docker" "rm" "-f" "3b61439f3ca01caa80cf912159b2a0e2a9d7ecbd76380f15386624ed9bbc83a8", kill_on_drop: false }`
[INFO] [stdout] 3b61439f3ca01caa80cf912159b2a0e2a9d7ecbd76380f15386624ed9bbc83a8
