[INFO] cloning repository https://github.com/jooaoj/minotauros
[INFO] running `Command { std: "git" "-c" "credential.helper=" "-c" "credential.helper=/workspace/cargo-home/bin/git-credential-null" "clone" "--bare" "https://github.com/jooaoj/minotauros" "/workspace/cache/git-repos/https%3A%2F%2Fgithub.com%2Fjooaoj%2Fminotauros", kill_on_drop: false }`
[INFO] [stderr] Cloning into bare repository '/workspace/cache/git-repos/https%3A%2F%2Fgithub.com%2Fjooaoj%2Fminotauros'...
[INFO] running `Command { std: "git" "rev-parse" "HEAD", kill_on_drop: false }`
[INFO] [stdout] 2899c9c3a0ce7ff0fe0f241bcc5c90da8f02f72e
[INFO] testing jooaoj/minotauros against 1.99.0-beta.1+cargoflags=--release for beta-release-1.99-2
[INFO] running `Command { std: "git" "clone" "/workspace/cache/git-repos/https%3A%2F%2Fgithub.com%2Fjooaoj%2Fminotauros" "/workspace/builds/worker-3-tc2/source", kill_on_drop: false }`
[INFO] [stderr] Cloning into '/workspace/builds/worker-3-tc2/source'...
[INFO] [stderr] done.
[INFO] started tweaking git repo https://github.com/jooaoj/minotauros
[INFO] finished tweaking git repo https://github.com/jooaoj/minotauros
[INFO] tweaked toml for git repo https://github.com/jooaoj/minotauros written to /workspace/builds/worker-3-tc2/source/Cargo.toml
[INFO] validating manifest of git repo https://github.com/jooaoj/minotauros on toolchain 1.99.0-beta.1
[INFO] running `Command { std: CARGO_HOME="/workspace/cargo-home" RUSTUP_HOME="/workspace/rustup-home" "/workspace/cargo-home/bin/cargo" "+1.99.0-beta.1" "metadata" "--manifest-path" "Cargo.toml" "--no-deps", kill_on_drop: false }`
[INFO] crate git repo https://github.com/jooaoj/minotauros already has a lockfile, it will not be regenerated
[INFO] running `Command { std: CARGO_HOME="/workspace/cargo-home" RUSTUP_HOME="/workspace/rustup-home" "/workspace/cargo-home/bin/cargo" "+1.99.0-beta.1" "fetch" "--manifest-path" "Cargo.toml", kill_on_drop: false }`
[INFO] [stderr]     Blocking waiting for file lock on package cache
[INFO] running `Command { std: "docker" "create" "-v" "/var/lib/crater-agent-workspace/builds/worker-3-tc2/source:/opt/rustwide/workdir:ro,Z" "-v" "/var/lib/crater-agent-workspace/builds/worker-3-tc2/target:/opt/rustwide/target:rw,Z" "-v" "/var/lib/crater-agent-workspace/cargo-home:/opt/rustwide/cargo-home:ro,Z" "-v" "/var/lib/crater-agent-workspace/rustup-home:/opt/rustwide/rustup-home:ro,Z" "-m" "1610612736" "--network" "none" "ghcr.io/rust-lang/crates-build-env/linux@sha256:8683fc1fc2eb5c9ac98e0d076ab094b2ffac7f99da555d2b6a2e27f346de2ec7" "sleep" "infinity", kill_on_drop: false }`
[INFO] [stdout] 4bfcb1f928ac42c1464aabed296c2ed208bf6ba10f30deb21fa7f7d4f202d91f
[INFO] running `Command { std: "docker" "start" "4bfcb1f928ac42c1464aabed296c2ed208bf6ba10f30deb21fa7f7d4f202d91f", kill_on_drop: false }`
[INFO] running `Command { std: "docker" "inspect" "4bfcb1f928ac42c1464aabed296c2ed208bf6ba10f30deb21fa7f7d4f202d91f", kill_on_drop: false }`
[INFO] running `Command { std: "docker" "exec" "-e" "SOURCE_DIR=/opt/rustwide/workdir" "-e" "CARGO_HOME=/opt/rustwide/cargo-home" "-e" "RUSTUP_HOME=/opt/rustwide/rustup-home" "-e" "CARGO_TARGET_DIR=/opt/rustwide/target" "-w" "/opt/rustwide/workdir" "--user" "0:0" "4bfcb1f928ac42c1464aabed296c2ed208bf6ba10f30deb21fa7f7d4f202d91f" "/opt/rustwide/cargo-home/bin/cargo" "+1.99.0-beta.1" "metadata" "--no-deps" "--format-version=1", kill_on_drop: false }`
[INFO] running `Command { std: "docker" "inspect" "4bfcb1f928ac42c1464aabed296c2ed208bf6ba10f30deb21fa7f7d4f202d91f", kill_on_drop: false }`
[INFO] running `Command { std: "docker" "exec" "-e" "SOURCE_DIR=/opt/rustwide/workdir" "-e" "CARGO_HOME=/opt/rustwide/cargo-home" "-e" "RUSTUP_HOME=/opt/rustwide/rustup-home" "-e" "CARGO_TARGET_DIR=/opt/rustwide/target" "-e" "CARGO_INCREMENTAL=0" "-e" "RUST_BACKTRACE=full" "-e" "RUSTFLAGS=--cap-lints=warn" "-e" "RUSTDOCFLAGS=--cap-lints=warn" "-w" "/opt/rustwide/workdir" "--user" "0:0" "4bfcb1f928ac42c1464aabed296c2ed208bf6ba10f30deb21fa7f7d4f202d91f" "/opt/rustwide/cargo-home/bin/cargo" "+1.99.0-beta.1" "build" "--frozen" "--message-format=json" "--release", kill_on_drop: false }`
[INFO] [stderr]    Compiling proc-macro2 v1.0.95
[INFO] [stderr]    Compiling unicode-ident v1.0.18
[INFO] [stderr]    Compiling autocfg v1.4.0
[INFO] [stderr]    Compiling semver v1.0.26
[INFO] [stderr]    Compiling thiserror v2.0.12
[INFO] [stderr]    Compiling hashbrown v0.15.3
[INFO] [stderr]    Compiling equivalent v1.0.2
[INFO] [stderr]    Compiling rustc-hash v2.1.1
[INFO] [stderr]    Compiling num-traits v0.2.19
[INFO] [stderr]    Compiling quote v1.0.40
[INFO] [stderr]    Compiling indexmap v2.9.0
[INFO] [stderr]    Compiling syn v2.0.101
[INFO] [stderr]    Compiling integer-sqrt v0.1.5
[INFO] [stderr]    Compiling thiserror-impl v2.0.12
[INFO] [stderr]    Compiling deprecate-until v0.1.1
[INFO] [stderr]    Compiling pathfinding v4.14.0
[INFO] [stderr]    Compiling minotauros v0.1.0 (/opt/rustwide/workdir)
[INFO] [stdout] warning: unused imports: `io::Write`, `thread`, and `time::Duration`
[INFO] [stdout]  --> src/lib.rs:9:11
[INFO] [stdout]   |
[INFO] [stdout] 9 | use std::{thread, time::Duration, io::Write};
[INFO] [stdout]   |           ^^^^^^  ^^^^^^^^^^^^^^  ^^^^^^^^^
[INFO] [stdout]   |
[INFO] [stdout]   = note: `#[warn(unused_imports)]` (part of `#[warn(unused)]`) on by default
[INFO] [stdout] 
[INFO] [stdout] 
[INFO] [stderr]     Finished `release` profile [optimized] target(s) in 7.43s
[INFO] running `Command { std: "docker" "inspect" "4bfcb1f928ac42c1464aabed296c2ed208bf6ba10f30deb21fa7f7d4f202d91f", kill_on_drop: false }`
[INFO] running `Command { std: "docker" "exec" "-e" "SOURCE_DIR=/opt/rustwide/workdir" "-e" "CARGO_HOME=/opt/rustwide/cargo-home" "-e" "RUSTUP_HOME=/opt/rustwide/rustup-home" "-e" "CARGO_TARGET_DIR=/opt/rustwide/target" "-e" "CARGO_INCREMENTAL=0" "-e" "RUST_BACKTRACE=full" "-e" "RUSTFLAGS=--cap-lints=warn" "-e" "RUSTDOCFLAGS=--cap-lints=warn" "-w" "/opt/rustwide/workdir" "--user" "0:0" "4bfcb1f928ac42c1464aabed296c2ed208bf6ba10f30deb21fa7f7d4f202d91f" "/opt/rustwide/cargo-home/bin/cargo" "+1.99.0-beta.1" "test" "--frozen" "--no-run" "--message-format=json" "--release", kill_on_drop: false }`
[INFO] [stdout] warning: unused imports: `io::Write`, `thread`, and `time::Duration`
[INFO] [stdout]  --> src/lib.rs:9:11
[INFO] [stdout]   |
[INFO] [stdout] 9 | use std::{thread, time::Duration, io::Write};
[INFO] [stdout]   |           ^^^^^^  ^^^^^^^^^^^^^^  ^^^^^^^^^
[INFO] [stdout]   |
[INFO] [stdout]   = note: `#[warn(unused_imports)]` (part of `#[warn(unused)]`) on by default
[INFO] [stdout] 
[INFO] [stdout] 
[INFO] [stderr]    Compiling minotauros v0.1.0 (/opt/rustwide/workdir)
[INFO] [stdout] warning: unused imports: `io::Write`, `thread`, and `time::Duration`
[INFO] [stdout]  --> src/lib.rs:9:11
[INFO] [stdout]   |
[INFO] [stdout] 9 | use std::{thread, time::Duration, io::Write};
[INFO] [stdout]   |           ^^^^^^  ^^^^^^^^^^^^^^  ^^^^^^^^^
[INFO] [stdout]   |
[INFO] [stdout]   = note: `#[warn(unused_imports)]` (part of `#[warn(unused)]`) on by default
[INFO] [stdout] 
[INFO] [stdout] 
[INFO] [stdout] warning: unused import: `super::*`
[INFO] [stdout]    --> src/lib.rs:293:9
[INFO] [stdout]     |
[INFO] [stdout] 293 |     use super::*;
[INFO] [stdout]     |         ^^^^^^^^
[INFO] [stdout] 
[INFO] [stdout] 
[INFO] [stderr]     Finished `release` profile [optimized] target(s) in 0.31s
[INFO] running `Command { std: "docker" "inspect" "4bfcb1f928ac42c1464aabed296c2ed208bf6ba10f30deb21fa7f7d4f202d91f", kill_on_drop: false }`
[INFO] running `Command { std: "docker" "exec" "-e" "SOURCE_DIR=/opt/rustwide/workdir" "-e" "CARGO_HOME=/opt/rustwide/cargo-home" "-e" "RUSTUP_HOME=/opt/rustwide/rustup-home" "-e" "CARGO_TARGET_DIR=/opt/rustwide/target" "-e" "CARGO_INCREMENTAL=0" "-e" "RUST_BACKTRACE=full" "-e" "RUSTFLAGS=--cap-lints=warn" "-e" "RUSTDOCFLAGS=--cap-lints=warn" "-w" "/opt/rustwide/workdir" "--user" "0:0" "4bfcb1f928ac42c1464aabed296c2ed208bf6ba10f30deb21fa7f7d4f202d91f" "/opt/rustwide/cargo-home/bin/cargo" "+1.99.0-beta.1" "test" "--frozen" "--release", kill_on_drop: false }`
[INFO] [stderr] warning: unused imports: `io::Write`, `thread`, and `time::Duration`
[INFO] [stderr]  --> src/lib.rs:9:11
[INFO] [stderr]   |
[INFO] [stderr] 9 | use std::{thread, time::Duration, io::Write};
[INFO] [stderr]   |           ^^^^^^  ^^^^^^^^^^^^^^  ^^^^^^^^^
[INFO] [stderr]   |
[INFO] [stderr]   = note: `#[warn(unused_imports)]` (part of `#[warn(unused)]`) on by default
[INFO] [stderr] 
[INFO] [stderr] warning: unused import: `super::*`
[INFO] [stderr]    --> src/lib.rs:293:9
[INFO] [stderr]     |
[INFO] [stderr] 293 |     use super::*;
[INFO] [stderr]     |         ^^^^^^^^
[INFO] [stderr] 
[INFO] [stderr] warning: `minotauros` (lib) generated 1 warning (run `cargo fix --lib -p minotauros` to apply 1 suggestion)
[INFO] [stderr] warning: `minotauros` (lib test) generated 2 warnings (1 duplicate) (run `cargo fix --lib -p minotauros --tests` to apply 1 suggestion)
[INFO] [stderr]     Finished `release` profile [optimized] target(s) in 0.04s
[INFO] [stderr]      Running unittests src/lib.rs (/opt/rustwide/target/release/deps/minotauros-35bce1fa009130c0)
[INFO] [stdout] 
[INFO] [stdout] running 1 test
[INFO] [stdout] test tests::failing ... FAILED
[INFO] [stderr] error: test failed, to rerun pass `--lib`
[INFO] [stdout] 
[INFO] [stdout] failures:
[INFO] [stdout] 
[INFO] [stdout] ---- tests::failing stdout ----
[INFO] [stdout] 
[INFO] [stdout] thread 'tests::failing' (548) panicked at src/lib.rs:297:9:
[INFO] [stdout] not yet implemented
[INFO] [stdout] stack backtrace:
[INFO] [stdout]    0:     0x64057d1a3851 - <<std[104cf6e2632825ea]::sys::backtrace::BacktraceLock>::print::DisplayBacktrace as core[7c831bd917ebf35f]::fmt::Display>::fmt
[INFO] [stdout]    1:     0x64057d1b7a2a - core[7c831bd917ebf35f]::fmt::write
[INFO] [stdout]    2:     0x64057d1a7cec - <alloc[2fdc3f7464fcf288]::vec::Vec<u8> as core[7c831bd917ebf35f]::io::write::Write>::write_fmt
[INFO] [stdout]    3:     0x64057d17fe36 - std[104cf6e2632825ea]::panicking::default_hook::{closure#0}
[INFO] [stdout]    4:     0x64057d19bf69 - std[104cf6e2632825ea]::panicking::default_hook
[INFO] [stdout]    5:     0x64057d138420 - test[73009c9f9aebf890]::test_main_inner::<test[73009c9f9aebf890]::test_main_static::{closure#0}>::{closure#0}
[INFO] [stdout]    6:     0x64057d19c122 - std[104cf6e2632825ea]::panicking::panic_with_hook
[INFO] [stdout]    7:     0x64057d17ff14 - std[104cf6e2632825ea]::panicking::panic_handler::{closure#0}
[INFO] [stdout]    8:     0x64057d178889 - std[104cf6e2632825ea]::sys::backtrace::__rust_end_short_backtrace::<std[104cf6e2632825ea]::panicking::panic_handler::{closure#0}, !>
[INFO] [stdout]    9:     0x64057d180add - __rustc[b0d56fa5b193ad05]::rust_begin_unwind
[INFO] [stdout]   10:     0x64057d1b815c - core[7c831bd917ebf35f]::panicking::panic_fmt
[INFO] [stdout]   11:     0x64057d1b8122 - core[7c831bd917ebf35f]::panicking::panic
[INFO] [stdout]   12:     0x64057d12b6aa - <minotauros[1691228888829098]::tests::failing::{closure#0} as core[7c831bd917ebf35f]::ops::function::FnOnce<()>>::call_once
[INFO] [stdout]   13:     0x64057d12b70b - test[73009c9f9aebf890]::__rust_begin_short_backtrace::<core[7c831bd917ebf35f]::result::Result<(), alloc[2fdc3f7464fcf288]::string::String>, fn() -> core[7c831bd917ebf35f]::result::Result<(), alloc[2fdc3f7464fcf288]::string::String>>
[INFO] [stdout]   14:     0x64057d138d75 - test[73009c9f9aebf890]::run_test::{closure#0}
[INFO] [stdout]   15:     0x64057d132134 - std[104cf6e2632825ea]::sys::backtrace::__rust_begin_short_backtrace::<test[73009c9f9aebf890]::run_test::{closure#1}, ()>
[INFO] [stdout]   16:     0x64057d13bed2 - <std[104cf6e2632825ea]::thread::lifecycle::spawn_unchecked<test[73009c9f9aebf890]::run_test::{closure#1}, ()>::{closure#1} as core[7c831bd917ebf35f]::ops::function::FnOnce<()>>::call_once::{shim:vtable#0}
[INFO] [stdout]   17:     0x64057d1a3129 - <std[104cf6e2632825ea]::sys::thread::unix::Thread>::new::thread_start
[INFO] [stdout]   18:     0x72a4ce88f07a - <unknown>
[INFO] [stdout]   19:     0x72a4ce922534 - clone
[INFO] [stdout]   20:                0x0 - <unknown>
[INFO] [stdout] 
[INFO] [stdout] 
[INFO] [stdout] failures:
[INFO] [stdout]     tests::failing
[INFO] [stdout] 
[INFO] [stdout] test result: FAILED. 0 passed; 1 failed; 0 ignored; 0 measured; 0 filtered out; finished in 0.04s
[INFO] [stdout] 
[INFO] running `Command { std: "docker" "inspect" "4bfcb1f928ac42c1464aabed296c2ed208bf6ba10f30deb21fa7f7d4f202d91f", kill_on_drop: false }`
[INFO] running `Command { std: "docker" "rm" "-f" "4bfcb1f928ac42c1464aabed296c2ed208bf6ba10f30deb21fa7f7d4f202d91f", kill_on_drop: false }`
[INFO] [stdout] 4bfcb1f928ac42c1464aabed296c2ed208bf6ba10f30deb21fa7f7d4f202d91f
