[INFO] cloning repository https://github.com/jondpenton/story-tracker-cli
[INFO] running `Command { std: "git" "-c" "credential.helper=" "-c" "credential.helper=/workspace/cargo-home/bin/git-credential-null" "clone" "--bare" "https://github.com/jondpenton/story-tracker-cli" "/workspace/cache/git-repos/https%3A%2F%2Fgithub.com%2Fjondpenton%2Fstory-tracker-cli", kill_on_drop: false }`
[INFO] [stderr] Cloning into bare repository '/workspace/cache/git-repos/https%3A%2F%2Fgithub.com%2Fjondpenton%2Fstory-tracker-cli'...
[INFO] running `Command { std: "git" "rev-parse" "HEAD", kill_on_drop: false }`
[INFO] [stdout] f91b2ff461994ee6f9b9c60ab3a283a990af34bb
[INFO] testing jondpenton/story-tracker-cli against 1.98.0-beta.8+cargoflags=--release for beta-release-1.99-2
[INFO] running `Command { std: "git" "clone" "/workspace/cache/git-repos/https%3A%2F%2Fgithub.com%2Fjondpenton%2Fstory-tracker-cli" "/workspace/builds/worker-6-tc1/source", kill_on_drop: false }`
[INFO] [stderr] Cloning into '/workspace/builds/worker-6-tc1/source'...
[INFO] [stderr] done.
[INFO] started tweaking git repo https://github.com/jondpenton/story-tracker-cli
[INFO] finished tweaking git repo https://github.com/jondpenton/story-tracker-cli
[INFO] tweaked toml for git repo https://github.com/jondpenton/story-tracker-cli written to /workspace/builds/worker-6-tc1/source/Cargo.toml
[INFO] validating manifest of git repo https://github.com/jondpenton/story-tracker-cli on toolchain 1.98.0-beta.8
[INFO] running `Command { std: CARGO_HOME="/workspace/cargo-home" RUSTUP_HOME="/workspace/rustup-home" "/workspace/cargo-home/bin/cargo" "+1.98.0-beta.8" "metadata" "--manifest-path" "Cargo.toml" "--no-deps", kill_on_drop: false }`
[INFO] crate git repo https://github.com/jondpenton/story-tracker-cli already has a lockfile, it will not be regenerated
[INFO] running `Command { std: CARGO_HOME="/workspace/cargo-home" RUSTUP_HOME="/workspace/rustup-home" "/workspace/cargo-home/bin/cargo" "+1.98.0-beta.8" "fetch" "--manifest-path" "Cargo.toml", kill_on_drop: false }`
[INFO] [stderr]     Updating crates.io index
[INFO] [stderr]  Downloading crates ...
[INFO] [stderr]   Downloaded tokio-macros v2.1.0
[INFO] [stderr]   Downloaded quote v1.0.38
[INFO] [stderr]   Downloaded unicode-ident v1.0.11
[INFO] [stderr]   Downloaded terminal-prompt v0.2.3
[INFO] [stderr]   Downloaded libredox v0.1.3
[INFO] [stderr]   Downloaded predicates-tree v1.0.9
[INFO] [stderr]   Downloaded futures-task v0.3.28
[INFO] [stderr]   Downloaded wait-timeout v0.2.0
[INFO] [stderr]   Downloaded once_cell v1.18.0
[INFO] [stderr]   Downloaded assert_cmd v2.0.16
[INFO] [stderr]   Downloaded wasm-bindgen-macro v0.2.95
[INFO] [stderr]   Downloaded form_urlencoded v1.2.0
[INFO] [stderr]   Downloaded windows-registry v0.2.0
[INFO] [stderr]   Downloaded thiserror-impl v1.0.55
[INFO] [stderr]   Downloaded difflib v0.4.0
[INFO] [stderr]   Downloaded predicates-core v1.0.6
[INFO] [stderr]   Downloaded wasm-bindgen-shared v0.2.95
[INFO] [stderr]   Downloaded percent-encoding v2.3.0
[INFO] [stderr]   Downloaded windows-result v0.2.0
[INFO] [stderr]   Downloaded wasm-bindgen-futures v0.4.37
[INFO] [stderr]   Downloaded fastrand v2.0.0
[INFO] [stderr]   Downloaded predicates v3.1.0
[INFO] [stderr]   Downloaded thiserror v1.0.55
[INFO] [stderr]   Downloaded termtree v0.4.1
[INFO] [stderr]   Downloaded sync_wrapper v1.0.1
[INFO] [stderr]   Downloaded http-body-util v0.1.2
[INFO] [stderr]   Downloaded futures-core v0.3.28
[INFO] [stderr]   Downloaded system-configuration-sys v0.6.0
[INFO] [stderr]   Downloaded anstyle-wincon v3.0.3
[INFO] [stderr]   Downloaded futures-sink v0.3.28
[INFO] [stderr]   Downloaded windows-strings v0.1.0
[INFO] [stderr]   Downloaded errno v0.3.9
[INFO] [stderr]   Downloaded try-lock v0.2.4
[INFO] [stderr]   Downloaded is_terminal_polyfill v1.70.0
[INFO] [stderr]   Downloaded bstr v1.8.0
[INFO] [stderr]   Downloaded anstyle v1.0.8
[INFO] [stderr]   Downloaded anstyle-query v1.0.0
[INFO] [stderr]   Downloaded dirs v5.0.1
[INFO] [stderr]   Downloaded tempfile v3.8.0
[INFO] [stderr]   Downloaded rustls-pki-types v1.7.0
[INFO] [stderr]   Downloaded redox_users v0.4.5
[INFO] [stderr]   Downloaded wasm-bindgen-macro-support v0.2.95
[INFO] [stderr]   Downloaded wasm-bindgen-backend v0.2.95
[INFO] [stderr]   Downloaded itoa v1.0.9
[INFO] [stderr]   Downloaded ipnet v2.8.0
[INFO] [stderr]   Downloaded auth-git2 v0.5.5
[INFO] [stderr]   Downloaded lock_api v0.4.10
[INFO] [stderr]   Downloaded clap_lex v0.7.4
[INFO] [stderr]   Downloaded anstyle-parse v0.2.1
[INFO] [stderr]   Downloaded slug v0.1.6
[INFO] [stderr]   Downloaded hermit-abi v0.3.2
[INFO] [stderr]   Downloaded pkg-config v0.3.27
[INFO] [stderr]   Downloaded system-configuration v0.6.1
[INFO] [stderr]   Downloaded futures-channel v0.3.28
[INFO] [stderr]   Downloaded iana-time-zone v0.1.57
[INFO] [stderr]   Downloaded anstream v0.6.14
[INFO] [stderr]   Downloaded signal-hook-registry v1.4.1
[INFO] [stderr]   Downloaded redox_syscall v0.3.5
[INFO] [stderr]   Downloaded jobserver v0.1.26
[INFO] [stderr]   Downloaded ryu v1.0.15
[INFO] [stderr]   Downloaded unicode-bidi v0.3.13
[INFO] [stderr]   Downloaded bitflags v2.4.0
[INFO] [stderr]   Downloaded core-foundation v0.9.3
[INFO] [stderr]   Downloaded tokio-rustls v0.26.0
[INFO] [stderr]   Downloaded clap_derive v4.5.28
[INFO] [stderr]   Downloaded parking_lot_core v0.9.8
[INFO] [stderr]   Downloaded wasm-bindgen v0.2.95
[INFO] [stderr]   Downloaded core-foundation-sys v0.8.4
[INFO] [stderr]   Downloaded schannel v0.1.22
[INFO] [stderr]   Downloaded hyper-rustls v0.27.2
[INFO] [stderr]   Downloaded getrandom v0.2.10
[INFO] [stderr]   Downloaded serde_derive v1.0.217
[INFO] [stderr]   Downloaded miniz_oxide v0.7.1
[INFO] [stderr]   Downloaded tracing-core v0.1.31
[INFO] [stderr]   Downloaded num-traits v0.2.16
[INFO] [stderr]   Downloaded clap v4.5.28
[INFO] [stderr]   Downloaded proc-macro2 v1.0.92
[INFO] [stderr]   Downloaded serde v1.0.217
[INFO] [stderr]   Downloaded hyper-util v0.1.10
[INFO] [stderr]   Downloaded socket2 v0.5.3
[INFO] [stderr]   Downloaded bumpalo v3.13.0
[INFO] [stderr]   Downloaded url v2.4.1
[INFO] [stderr]   Downloaded js-sys v0.3.64
[INFO] [stderr]   Downloaded openssl-sys v0.9.105
[INFO] [stderr]   Downloaded bytes v1.9.0
[INFO] [stderr]   Downloaded memchr v2.6.4
[INFO] [stderr]   Downloaded tokio-util v0.7.8
[INFO] [stderr]   Downloaded syn v2.0.98
[INFO] [stderr]   Downloaded serde_json v1.0.138
[INFO] [stderr]   Downloaded futures-util v0.3.28
[INFO] [stderr]   Downloaded deunicode v1.6.0
[INFO] [stderr]   Downloaded hyper v1.4.1
[INFO] [stderr]   Downloaded h2 v0.4.5
[INFO] [stderr]   Downloaded aho-corasick v1.0.4
[INFO] [stderr]   Downloaded clap_builder v4.5.27
[INFO] [stderr]   Downloaded reqwest v0.12.12
[INFO] [stderr]   Downloaded rustls-webpki v0.102.6
[INFO] [stderr]   Downloaded chrono v0.4.39
[INFO] [stderr]   Downloaded git2 v0.20.0
[INFO] [stderr]   Downloaded gimli v0.28.0
[INFO] [stderr]   Downloaded idna v0.4.0
[INFO] [stderr]   Downloaded object v0.32.0
[INFO] [stderr]   Downloaded openssl v0.10.70
[INFO] [stderr]   Downloaded rustix v0.38.34
[INFO] [stderr]   Downloaded rustls v0.23.11
[INFO] [stderr]   Downloaded libssh2-sys v0.3.0
[INFO] [stderr]   Downloaded regex-automata v0.4.8
[INFO] [stderr]   Downloaded tokio v1.33.0
[INFO] [stderr]   Downloaded web-sys v0.3.64
[INFO] [stderr]   Downloaded libgit2-sys v0.18.0+1.9.0
[INFO] [stderr]   Downloaded linux-raw-sys v0.4.14
[INFO] [stderr]   Downloaded libz-sys v1.1.12
[INFO] [stderr]   Downloaded ring v0.17.8
[INFO] [stderr]   Downloaded windows v0.48.0
[INFO] running `Command { std: "docker" "create" "-v" "/var/lib/crater-agent-workspace/builds/worker-6-tc1/source:/opt/rustwide/workdir:ro,Z" "-v" "/var/lib/crater-agent-workspace/builds/worker-6-tc1/target:/opt/rustwide/target:rw,Z" "-v" "/var/lib/crater-agent-workspace/cargo-home:/opt/rustwide/cargo-home:ro,Z" "-v" "/var/lib/crater-agent-workspace/rustup-home:/opt/rustwide/rustup-home:ro,Z" "-m" "1610612736" "--network" "none" "ghcr.io/rust-lang/crates-build-env/linux@sha256:8683fc1fc2eb5c9ac98e0d076ab094b2ffac7f99da555d2b6a2e27f346de2ec7" "sleep" "infinity", kill_on_drop: false }`
[INFO] [stdout] a48125bc6f1e99c4803803c5861123079d653a6b71ef1326f397b57ead6ee23e
[INFO] running `Command { std: "docker" "start" "a48125bc6f1e99c4803803c5861123079d653a6b71ef1326f397b57ead6ee23e", kill_on_drop: false }`
[INFO] running `Command { std: "docker" "inspect" "a48125bc6f1e99c4803803c5861123079d653a6b71ef1326f397b57ead6ee23e", kill_on_drop: false }`
[INFO] running `Command { std: "docker" "exec" "-e" "SOURCE_DIR=/opt/rustwide/workdir" "-e" "CARGO_HOME=/opt/rustwide/cargo-home" "-e" "RUSTUP_HOME=/opt/rustwide/rustup-home" "-e" "CARGO_TARGET_DIR=/opt/rustwide/target" "-w" "/opt/rustwide/workdir" "--user" "0:0" "a48125bc6f1e99c4803803c5861123079d653a6b71ef1326f397b57ead6ee23e" "/opt/rustwide/cargo-home/bin/cargo" "+1.98.0-beta.8" "metadata" "--no-deps" "--format-version=1", kill_on_drop: false }`
[INFO] running `Command { std: "docker" "inspect" "a48125bc6f1e99c4803803c5861123079d653a6b71ef1326f397b57ead6ee23e", kill_on_drop: false }`
[INFO] running `Command { std: "docker" "exec" "-e" "SOURCE_DIR=/opt/rustwide/workdir" "-e" "CARGO_HOME=/opt/rustwide/cargo-home" "-e" "RUSTUP_HOME=/opt/rustwide/rustup-home" "-e" "CARGO_TARGET_DIR=/opt/rustwide/target" "-e" "CARGO_INCREMENTAL=0" "-e" "RUST_BACKTRACE=full" "-e" "RUSTFLAGS=--cap-lints=warn" "-e" "RUSTDOCFLAGS=--cap-lints=warn" "-w" "/opt/rustwide/workdir" "--user" "0:0" "a48125bc6f1e99c4803803c5861123079d653a6b71ef1326f397b57ead6ee23e" "/opt/rustwide/cargo-home/bin/cargo" "+1.98.0-beta.8" "build" "--frozen" "--message-format=json" "--release", kill_on_drop: false }`
[INFO] [stderr]    Compiling libc v0.2.155
[INFO] [stderr]    Compiling proc-macro2 v1.0.92
[INFO] [stderr]    Compiling unicode-ident v1.0.11
[INFO] [stderr]    Compiling pkg-config v0.3.27
[INFO] [stderr]    Compiling futures-core v0.3.28
[INFO] [stderr]    Compiling parking_lot_core v0.9.8
[INFO] [stderr]    Compiling bytes v1.9.0
[INFO] [stderr]    Compiling smallvec v1.13.2
[INFO] [stderr]    Compiling once_cell v1.18.0
[INFO] [stderr]    Compiling itoa v1.0.9
[INFO] [stderr]    Compiling futures-task v0.3.28
[INFO] [stderr]    Compiling lock_api v0.4.10
[INFO] [stderr]    Compiling serde v1.0.217
[INFO] [stderr]    Compiling futures-util v0.3.28
[INFO] [stderr]    Compiling bitflags v2.4.0
[INFO] [stderr]    Compiling hashbrown v0.14.5
[INFO] [stderr]    Compiling log v0.4.20
[INFO] [stderr]    Compiling futures-channel v0.3.28
[INFO] [stderr]    Compiling tracing-core v0.1.31
[INFO] [stderr]    Compiling openssl v0.10.70
[INFO] [stderr]    Compiling futures-sink v0.3.28
[INFO] [stderr]    Compiling percent-encoding v2.3.0
[INFO] [stderr]    Compiling unicode-normalization v0.1.22
[INFO] [stderr]    Compiling unicode-bidi v0.3.13
[INFO] [stderr]    Compiling try-lock v0.2.4
[INFO] [stderr]    Compiling atomic-waker v1.1.2
[INFO] [stderr]    Compiling form_urlencoded v1.2.0
[INFO] [stderr]    Compiling memchr v2.6.4
[INFO] [stderr]    Compiling want v0.3.1
[INFO] [stderr]    Compiling tracing v0.1.37
[INFO] [stderr]    Compiling tower-service v0.3.3
[INFO] [stderr]    Compiling num-traits v0.2.16
[INFO] [stderr]    Compiling serde_json v1.0.138
[INFO] [stderr]    Compiling ryu v1.0.15
[INFO] [stderr]    Compiling anstyle-parse v0.2.1
[INFO] [stderr]    Compiling sync_wrapper v1.0.1
[INFO] [stderr]    Compiling anstyle v1.0.8
[INFO] [stderr]    Compiling quote v1.0.38
[INFO] [stderr]    Compiling jobserver v0.1.26
[INFO] [stderr]    Compiling option-ext v0.2.0
[INFO] [stderr]    Compiling indexmap v2.2.6
[INFO] [stderr]    Compiling http v1.1.0
[INFO] [stderr]    Compiling cc v1.0.83
[INFO] [stderr]    Compiling syn v2.0.98
[INFO] [stderr]    Compiling idna v0.4.0
[INFO] [stderr]    Compiling signal-hook-registry v1.4.1
[INFO] [stderr]    Compiling mio v0.8.11
[INFO] [stderr]    Compiling num_cpus v1.16.0
[INFO] [stderr]    Compiling socket2 v0.5.3
[INFO] [stderr]    Compiling base64 v0.22.1
[INFO] [stderr]    Compiling tower-layer v0.3.3
[INFO] [stderr]    Compiling parking_lot v0.12.1
[INFO] [stderr]    Compiling aho-corasick v1.0.4
[INFO] [stderr]    Compiling regex-syntax v0.8.5
[INFO] [stderr]    Compiling anstyle-query v1.0.0
[INFO] [stderr]    Compiling is_terminal_polyfill v1.70.0
[INFO] [stderr]    Compiling rustls-pki-types v1.7.0
[INFO] [stderr]    Compiling anstream v0.6.14
[INFO] [stderr]    Compiling dirs-sys v0.4.1
[INFO] [stderr]    Compiling rustls-pemfile v2.1.2
[INFO] [stderr]    Compiling encoding_rs v0.8.33
[INFO] [stderr]    Compiling ipnet v2.8.0
[INFO] [stderr]    Compiling clap_lex v0.7.4
[INFO] [stderr]    Compiling http-body v1.0.1
[INFO] [stderr]    Compiling strsim v0.11.1
[INFO] [stderr]    Compiling openssl-sys v0.9.105
[INFO] [stderr]    Compiling libz-sys v1.1.12
[INFO] [stderr]    Compiling libssh2-sys v0.3.0
[INFO] [stderr]    Compiling libgit2-sys v0.18.0+1.9.0
[INFO] [stderr]    Compiling iana-time-zone v0.1.57
[INFO] [stderr]    Compiling mime v0.3.17
[INFO] [stderr]    Compiling heck v0.5.0
[INFO] [stderr]    Compiling clap_builder v4.5.27
[INFO] [stderr]    Compiling dirs v5.0.1
[INFO] [stderr]    Compiling native-tls v0.2.11
[INFO] [stderr]    Compiling http-body-util v0.1.2
[INFO] [stderr]    Compiling terminal-prompt v0.2.3
[INFO] [stderr]    Compiling deunicode v1.6.0
[INFO] [stderr]    Compiling slug v0.1.6
[INFO] [stderr]    Compiling regex-automata v0.4.8
[INFO] [stderr]    Compiling tokio-macros v2.1.0
[INFO] [stderr]    Compiling serde_derive v1.0.217
[INFO] [stderr]    Compiling openssl-macros v0.1.1
[INFO] [stderr]    Compiling pivotal-tracker-derive v1.0.10 (/opt/rustwide/workdir/crates/pivotal-tracker-derive)
[INFO] [stderr]    Compiling clap_derive v4.5.28
[INFO] [stderr]    Compiling tokio v1.33.0
[INFO] [stderr]    Compiling clap v4.5.28
[INFO] [stderr]    Compiling regex v1.11.1
[INFO] [stderr]    Compiling url v2.4.1
[INFO] [stderr]    Compiling serde_urlencoded v0.7.1
[INFO] [stderr]    Compiling chrono v0.4.39
[INFO] [stderr]    Compiling tokio-util v0.7.8
[INFO] [stderr]    Compiling tokio-native-tls v0.3.1
[INFO] [stderr]    Compiling tower v0.5.2
[INFO] [stderr]    Compiling h2 v0.4.5
[INFO] [stderr]    Compiling hyper v1.4.1
[INFO] [stderr]    Compiling hyper-util v0.1.10
[INFO] [stderr]    Compiling hyper-tls v0.6.0
[INFO] [stderr]    Compiling reqwest v0.12.12
[INFO] [stderr]    Compiling git2 v0.20.0
[INFO] [stderr]    Compiling pivotal-tracker v2.0.14 (/opt/rustwide/workdir/crates/pivotal-tracker)
[INFO] [stderr]    Compiling auth-git2 v0.5.5
[INFO] [stderr]    Compiling story-tracker-cli v2.0.17 (/opt/rustwide/workdir/crates/story-tracker-cli)
[INFO] [stderr]     Finished `release` profile [optimized] target(s) in 2m 32s
[INFO] running `Command { std: "docker" "inspect" "a48125bc6f1e99c4803803c5861123079d653a6b71ef1326f397b57ead6ee23e", kill_on_drop: false }`
[INFO] running `Command { std: "docker" "exec" "-e" "SOURCE_DIR=/opt/rustwide/workdir" "-e" "CARGO_HOME=/opt/rustwide/cargo-home" "-e" "RUSTUP_HOME=/opt/rustwide/rustup-home" "-e" "CARGO_TARGET_DIR=/opt/rustwide/target" "-e" "CARGO_INCREMENTAL=0" "-e" "RUST_BACKTRACE=full" "-e" "RUSTFLAGS=--cap-lints=warn" "-e" "RUSTDOCFLAGS=--cap-lints=warn" "-w" "/opt/rustwide/workdir" "--user" "0:0" "a48125bc6f1e99c4803803c5861123079d653a6b71ef1326f397b57ead6ee23e" "/opt/rustwide/cargo-home/bin/cargo" "+1.98.0-beta.8" "test" "--frozen" "--no-run" "--message-format=json" "--release", kill_on_drop: false }`
[INFO] [stderr]    Compiling regex-automata v0.4.8
[INFO] [stderr]    Compiling predicates-core v1.0.6
[INFO] [stderr]    Compiling difflib v0.4.0
[INFO] [stderr]    Compiling assert_cmd v2.0.16
[INFO] [stderr]    Compiling termtree v0.4.1
[INFO] [stderr]    Compiling wait-timeout v0.2.0
[INFO] [stderr]    Compiling pivotal-tracker-derive v1.0.10 (/opt/rustwide/workdir/crates/pivotal-tracker-derive)
[INFO] [stderr]    Compiling predicates-tree v1.0.9
[INFO] [stderr]    Compiling predicates v3.1.0
[INFO] [stderr]    Compiling regex v1.11.1
[INFO] [stderr]    Compiling bstr v1.8.0
[INFO] [stderr]    Compiling pivotal-tracker v2.0.14 (/opt/rustwide/workdir/crates/pivotal-tracker)
[INFO] [stderr]    Compiling story-tracker-cli v2.0.17 (/opt/rustwide/workdir/crates/story-tracker-cli)
[INFO] [stderr]     Finished `release` profile [optimized] target(s) in 19.41s
[INFO] running `Command { std: "docker" "inspect" "a48125bc6f1e99c4803803c5861123079d653a6b71ef1326f397b57ead6ee23e", kill_on_drop: false }`
[INFO] running `Command { std: "docker" "exec" "-e" "SOURCE_DIR=/opt/rustwide/workdir" "-e" "CARGO_HOME=/opt/rustwide/cargo-home" "-e" "RUSTUP_HOME=/opt/rustwide/rustup-home" "-e" "CARGO_TARGET_DIR=/opt/rustwide/target" "-e" "CARGO_INCREMENTAL=0" "-e" "RUST_BACKTRACE=full" "-e" "RUSTFLAGS=--cap-lints=warn" "-e" "RUSTDOCFLAGS=--cap-lints=warn" "-w" "/opt/rustwide/workdir" "--user" "0:0" "a48125bc6f1e99c4803803c5861123079d653a6b71ef1326f397b57ead6ee23e" "/opt/rustwide/cargo-home/bin/cargo" "+1.98.0-beta.8" "test" "--frozen" "--release", kill_on_drop: false }`
[INFO] [stderr]     Finished `release` profile [optimized] target(s) in 0.23s
[INFO] [stderr]      Running unittests src/lib.rs (/opt/rustwide/target/release/deps/pivotal_tracker-e91cc56cd2a28537)
[INFO] [stdout] 
[INFO] [stdout] running 0 tests
[INFO] [stdout] 
[INFO] [stdout] test result: ok. 0 passed; 0 failed; 0 ignored; 0 measured; 0 filtered out; finished in 0.00s
[INFO] [stdout] 
[INFO] [stderr]      Running unittests src/lib.rs (/opt/rustwide/target/release/deps/pivotal_tracker_derive-625b6a4936897348)
[INFO] [stdout] 
[INFO] [stdout] running 0 tests
[INFO] [stdout] 
[INFO] [stdout] test result: ok. 0 passed; 0 failed; 0 ignored; 0 measured; 0 filtered out; finished in 0.00s
[INFO] [stdout] 
[INFO] [stdout] 
[INFO] [stderr]      Running unittests src/lib.rs (/opt/rustwide/target/release/deps/story_tracker_cli-edad694c6444e3b1)
[INFO] [stdout] running 0 tests
[INFO] [stderr]      Running unittests src/main.rs (/opt/rustwide/target/release/deps/stb-05334a2755a3cb8a)
[INFO] [stdout] 
[INFO] [stdout] test result: ok. 0 passed; 0 failed; 0 ignored; 0 measured; 0 filtered out; finished in 0.00s
[INFO] [stdout] 
[INFO] [stdout] 
[INFO] [stdout] running 8 tests
[INFO] [stdout] test tests::test_generate_story_id ... FAILED
[INFO] [stdout] test tests::test_generate_story_tile_link ... FAILED
[INFO] [stdout] test tests::test_gen_pound_story_id ... FAILED
[INFO] [stdout] test tests::test_gen_story_page_link ... FAILED
[INFO] [stdout] test tests::test_gen_story_id ... FAILED
[INFO] [stdout] test tests::test_generate_story_page_link ... FAILED
[INFO] [stdout] test tests::test_generate_pound_story_id ... FAILED
[INFO] [stdout] test tests::test_gen_story_tile_link ... FAILED
[INFO] [stdout] 
[INFO] [stdout] failures:
[INFO] [stdout] 
[INFO] [stdout] ---- tests::test_generate_story_id stdout ----
[INFO] [stdout] 
[INFO] [stdout] thread 'tests::test_generate_story_id' (3456) panicked at /rustc/04eb0d7194012623e82369b466d5084522957446/library/core/src/ops/function.rs:250:5:
[INFO] [stdout] Unexpected failure.
[INFO] [stdout] code=101
[INFO] [stdout] stderr=``````
[INFO] [stdout] 
[INFO] [stdout] thread \'main\' (3468) panicked at crates/story-tracker-cli/src/main.rs:29:14:
[INFO] [stdout] Environment variable PIVOTAL_TRACKER_TOKEN is required: NotPresent
[INFO] [stdout] stack backtrace:
[INFO] [stdout]    0:     0x64670b672351 - <<std[97b98282bc616a66]::sys::backtrace::BacktraceLock>::print::DisplayBacktrace as core[832e9a552fc17241]::fmt::Display>::fmt
[INFO] [stdout]    1:     0x64670b68aa8a - core[832e9a552fc17241]::fmt::write
[INFO] [stdout]    2:     0x64670b67952c - <std[97b98282bc616a66]::sys::stdio::unix::Stderr as std[97b98282bc616a66]::io::Write>::write_fmt
[INFO] [stdout]    3:     0x64670b6532c6 - std[97b98282bc616a66]::panicking::default_hook::{closure#0}
[INFO] [stdout]    4:     0x64670b66c401 - std[97b98282bc616a66]::panicking::default_hook
[INFO] [stdout]    5:     0x64670b66c72b - std[97b98282bc616a66]::panicking::panic_with_hook
[INFO] [stdout]    6:     0x64670b653372 - std[97b98282bc616a66]::panicking::panic_handler::{closure#0}
[INFO] [stdout]    7:     0x64670b64a9a9 - std[97b98282bc616a66]::sys::backtrace::__rust_end_short_backtrace::<std[97b98282bc616a66]::panicking::panic_handler::{closure#0}, !>
[INFO] [stdout]    8:     0x64670b653dfd - __rustc[e3d8617bb01b7f69]::rust_begin_unwind
[INFO] [stdout]    9:     0x64670b68b26c - core[832e9a552fc17241]::panicking::panic_fmt
[INFO] [stdout]   10:     0x64670b68b042 - core[832e9a552fc17241]::result::unwrap_failed
[INFO] [stdout]   11:     0x64670b30e61f - <tokio[e5248d5b0082a1b3]::runtime::park::CachedParkThread>::block_on::<stb[1bfadf5906861ac6]::main::{closure#0}>
[INFO] [stdout]   12:     0x64670b31f054 - tokio[e5248d5b0082a1b3]::runtime::context::runtime::enter_runtime::<<tokio[e5248d5b0082a1b3]::runtime::scheduler::multi_thread::MultiThread>::block_on<stb[1bfadf5906861ac6]::main::{closure#0}>::{closure#0}, core[832e9a552fc17241]::result::Result<(), alloc[3ecab9f82c41dc7d]::boxed::Box<dyn core[832e9a552fc17241]::error::Error>>>
[INFO] [stdout]   13:     0x64670b32657b - <tokio[e5248d5b0082a1b3]::runtime::runtime::Runtime>::block_on::<stb[1bfadf5906861ac6]::main::{closure#0}>
[INFO] [stdout]   14:     0x64670b32309c - stb[1bfadf5906861ac6]::main
[INFO] [stdout]   15:     0x64670b328a23 - std[97b98282bc616a66]::sys::backtrace::__rust_begin_short_backtrace::<fn() -> core[832e9a552fc17241]::result::Result<(), alloc[3ecab9f82c41dc7d]::boxed::Box<dyn core[832e9a552fc17241]::error::Error>>, core[832e9a552fc17241]::result::Result<(), alloc[3ecab9f82c41dc7d]::boxed::Box<dyn core[832e9a552fc17241]::error::Error>>>
[INFO] [stdout]   16:     0x64670b31a939 - std[97b98282bc616a66]::rt::lang_start::<core[832e9a552fc17241]::result::Result<(), alloc[3ecab9f82c41dc7d]::boxed::Box<dyn core[832e9a552fc17241]::error::Error>>>::{closure#0}
[INFO] [stdout]   17:     0x64670b66b4f7 - std[97b98282bc616a66]::rt::lang_start_internal
[INFO] [stdout]   18:     0x64670b324695 - main
[INFO] [stdout]   19:     0x74c2e2a83601 - <unknown>
[INFO] [stdout]   20:     0x74c2e2a83718 - __libc_start_main
[INFO] [stdout]   21:     0x64670b2f9125 - _start
[INFO] [stdout]   22:                0x0 - <unknown>
[INFO] [stdout] ```
[INFO] [stdout] ```
[INFO] [stdout] command=`exit="0" "/opt/rustwide/target/release/stb" "generate" "185916371"`
[INFO] [stdout] code=101
[INFO] [stdout] stdout=""
[INFO] [stdout] stderr=```
[INFO] [stdout] 
[INFO] [stdout] thread \'main\' (3468) panicked at crates/story-tracker-cli/src/main.rs:29:14:
[INFO] [stdout] Environment variable PIVOTAL_TRACKER_TOKEN is required: NotPresent
[INFO] [stdout] stack backtrace:
[INFO] [stdout]    0:     0x64670b672351 - <<std[97b98282bc616a66]::sys::backtrace::BacktraceLock>::print::DisplayBacktrace as core[832e9a552fc17241]::fmt::Display>::fmt
[INFO] [stdout]    1:     0x64670b68aa8a - core[832e9a552fc17241]::fmt::write
[INFO] [stdout]    2:     0x64670b67952c - <std[97b98282bc616a66]::sys::stdio::unix::Stderr as std[97b98282bc616a66]::io::Write>::write_fmt
[INFO] [stdout]    3:     0x64670b6532c6 - std[97b98282bc616a66]::panicking::default_hook::{closure#0}
[INFO] [stdout]    4:     0x64670b66c401 - std[97b98282bc616a66]::panicking::default_hook
[INFO] [stdout]    5:     0x64670b66c72b - std[97b98282bc616a66]::panicking::panic_with_hook
[INFO] [stdout]    6:     0x64670b653372 - std[97b98282bc616a66]::panicking::panic_handler::{closure#0}
[INFO] [stdout]    7:     0x64670b64a9a9 - std[97b98282bc616a66]::sys::backtrace::__rust_end_short_backtrace::<std[97b98282bc616a66]::panicking::panic_handler::{closure#0}, !>
[INFO] [stdout]    8:     0x64670b653dfd - __rustc[e3d8617bb01b7f69]::rust_begin_unwind
[INFO] [stdout]    9:     0x64670b68b26c - core[832e9a552fc17241]::panicking::panic_fmt
[INFO] [stdout]   10:     0x64670b68b042 - core[832e9a552fc17241]::result::unwrap_failed
[INFO] [stdout]   11:     0x64670b30e61f - <tokio[e5248d5b0082a1b3]::runtime::park::CachedParkThread>::block_on::<stb[1bfadf5906861ac6]::main::{closure#0}>
[INFO] [stdout]   12:     0x64670b31f054 - tokio[e5248d5b0082a1b3]::runtime::context::runtime::enter_runtime::<<tokio[e5248d5b0082a1b3]::runtime::scheduler::multi_thread::MultiThread>::block_on<stb[1bfadf5906861ac6]::main::{closure#0}>::{closure#0}, core[832e9a552fc17241]::result::Result<(), alloc[3ecab9f82c41dc7d]::boxed::Box<dyn core[832e9a552fc17241]::error::Error>>>
[INFO] [stdout]   13:     0x64670b32657b - <tokio[e5248d5b0082a1b3]::runtime::runtime::Runtime>::block_on::<stb[1bfadf5906861ac6]::main::{closure#0}>
[INFO] [stdout]   14:     0x64670b32309c - stb[1bfadf5906861ac6]::main
[INFO] [stdout]   15:     0x64670b328a23 - std[97b98282bc616a66]::sys::backtrace::__rust_begin_short_backtrace::<fn() -> core[832e9a552fc17241]::result::Result<(), alloc[3ecab9f82c41dc7d]::boxed::Box<dyn core[832e9a552fc17241]::error::Error>>, core[832e9a552fc17241]::result::Result<(), alloc[3ecab9f82c41dc7d]::boxed::Box<dyn core[832e9a552fc17241]::error::Error>>>
[INFO] [stdout]   16:     0x64670b31a939 - std[97b98282bc616a66]::rt::lang_start::<core[832e9a552fc17241]::result::Result<(), alloc[3ecab9f82c41dc7d]::boxed::Box<dyn core[832e9a552fc17241]::error::Error>>>::{closure#0}
[INFO] [stdout]   17:     0x64670b66b4f7 - std[97b98282bc616a66]::rt::lang_start_internal
[INFO] [stdout]   18:     0x64670b324695 - main
[INFO] [stdout]   19:     0x74c2e2a83601 - <unknown>
[INFO] [stdout]   20:     0x74c2e2a83718 - __libc_start_main
[INFO] [stdout]   21:     0x64670b2f9125 - _start
[INFO] [stdout]   22:                0x0 - <unknown>
[INFO] [stdout] ```
[INFO] [stdout] 
[INFO] [stdout] 
[INFO] [stdout] stack backtrace:
[INFO] [stdout]    0:     0x5e44d3927041 - <<std[97b98282bc616a66]::sys::backtrace::BacktraceLock>::print::DisplayBacktrace as core[832e9a552fc17241]::fmt::Display>::fmt
[INFO] [stdout]    1:     0x5e44d393d4fa - core[832e9a552fc17241]::fmt::write
[INFO] [stdout]    2:     0x5e44d392c91c - <alloc[3ecab9f82c41dc7d]::vec::Vec<u8> as std[97b98282bc616a66]::io::Write>::write_fmt
[INFO] [stdout]    3:     0x5e44d3904d56 - std[97b98282bc616a66]::panicking::default_hook::{closure#0}
[INFO] [stdout]    4:     0x5e44d391f129 - std[97b98282bc616a66]::panicking::default_hook
[INFO] [stdout]    5:     0x5e44d38a1490 - test[39766f3d73431624]::test_main_inner::<test[39766f3d73431624]::test_main_static::{closure#0}>::{closure#0}
[INFO] [stdout]    6:     0x5e44d391f2e2 - std[97b98282bc616a66]::panicking::panic_with_hook
[INFO] [stdout]    7:     0x5e44d3904e02 - std[97b98282bc616a66]::panicking::panic_handler::{closure#0}
[INFO] [stdout]    8:     0x5e44d38fc759 - std[97b98282bc616a66]::sys::backtrace::__rust_end_short_backtrace::<std[97b98282bc616a66]::panicking::panic_handler::{closure#0}, !>
[INFO] [stdout]    9:     0x5e44d39059fd - __rustc[e3d8617bb01b7f69]::rust_begin_unwind
[INFO] [stdout]   10:     0x5e44d393dc2c - core[832e9a552fc17241]::panicking::panic_fmt
[INFO] [stdout]   11:     0x5e44d38d57b4 - <assert_cmd[3085f317b145649e]::assert::AssertError>::panic::<assert_cmd[3085f317b145649e]::assert::Assert>
[INFO] [stdout]   12:     0x5e44d38d6236 - <assert_cmd[3085f317b145649e]::assert::Assert>::success
[INFO] [stdout]   13:     0x5e44d3892730 - <stb[5d1a954e405bf228]::tests::test_generate_story_id::{closure#0} as core[832e9a552fc17241]::ops::function::FnOnce<()>>::call_once
[INFO] [stdout]   14:     0x5e44d38947cb - test[39766f3d73431624]::__rust_begin_short_backtrace::<core[832e9a552fc17241]::result::Result<(), alloc[3ecab9f82c41dc7d]::string::String>, fn() -> core[832e9a552fc17241]::result::Result<(), alloc[3ecab9f82c41dc7d]::string::String>>
[INFO] [stdout]   15:     0x5e44d38a1e15 - test[39766f3d73431624]::run_test::{closure#0}
[INFO] [stdout]   16:     0x5e44d389c8c4 - std[97b98282bc616a66]::sys::backtrace::__rust_begin_short_backtrace::<test[39766f3d73431624]::run_test::{closure#1}, ()>
[INFO] [stdout]   17:     0x5e44d38a4f62 - <std[97b98282bc616a66]::thread::lifecycle::spawn_unchecked<test[39766f3d73431624]::run_test::{closure#1}, ()>::{closure#1} as core[832e9a552fc17241]::ops::function::FnOnce<()>>::call_once::{shim:vtable#0}
[INFO] [stdout]   18:     0x5e44d392684f - <std[97b98282bc616a66]::sys::thread::unix::Thread>::new::thread_start
[INFO] [stdout]   19:     0x7e764e39707a - <unknown>
[INFO] [stdout]   20:     0x7e764e42a534 - clone
[INFO] [stdout]   21:                0x0 - <unknown>
[INFO] [stdout] 
[INFO] [stdout] ---- tests::test_generate_story_tile_link stdout ----
[INFO] [stdout] 
[INFO] [stdout] thread 'tests::test_generate_story_tile_link' (3461) panicked at /rustc/04eb0d7194012623e82369b466d5084522957446/library/core/src/ops/function.rs:250:5:
[INFO] [stdout] Unexpected failure.
[INFO] [stdout] code=101
[INFO] [stdout] stderr=``````
[INFO] [stdout] 
[INFO] [stdout] thread \'main\' (3465) panicked at crates/story-tracker-cli/src/main.rs:29:14:
[INFO] [stdout] Environment variable PIVOTAL_TRACKER_TOKEN is required: NotPresent
[INFO] [stdout] stack backtrace:
[INFO] [stdout]    0:     0x5a1c86437351 - <<std[97b98282bc616a66]::sys::backtrace::BacktraceLock>::print::DisplayBacktrace as core[832e9a552fc17241]::fmt::Display>::fmt
[INFO] [stdout]    1:     0x5a1c8644fa8a - core[832e9a552fc17241]::fmt::write
[INFO] [stdout]    2:     0x5a1c8643e52c - <std[97b98282bc616a66]::sys::stdio::unix::Stderr as std[97b98282bc616a66]::io::Write>::write_fmt
[INFO] [stdout]    3:     0x5a1c864182c6 - std[97b98282bc616a66]::panicking::default_hook::{closure#0}
[INFO] [stdout]    4:     0x5a1c86431401 - std[97b98282bc616a66]::panicking::default_hook
[INFO] [stdout]    5:     0x5a1c8643172b - std[97b98282bc616a66]::panicking::panic_with_hook
[INFO] [stdout]    6:     0x5a1c86418372 - std[97b98282bc616a66]::panicking::panic_handler::{closure#0}
[INFO] [stdout]    7:     0x5a1c8640f9a9 - std[97b98282bc616a66]::sys::backtrace::__rust_end_short_backtrace::<std[97b98282bc616a66]::panicking::panic_handler::{closure#0}, !>
[INFO] [stdout]    8:     0x5a1c86418dfd - __rustc[e3d8617bb01b7f69]::rust_begin_unwind
[INFO] [stdout]    9:     0x5a1c8645026c - core[832e9a552fc17241]::panicking::panic_fmt
[INFO] [stdout]   10:     0x5a1c86450042 - core[832e9a552fc17241]::result::unwrap_failed
[INFO] [stdout]   11:     0x5a1c860d361f - <tokio[e5248d5b0082a1b3]::runtime::park::CachedParkThread>::block_on::<stb[1bfadf5906861ac6]::main::{closure#0}>
[INFO] [stdout]   12:     0x5a1c860e4054 - tokio[e5248d5b0082a1b3]::runtime::context::runtime::enter_runtime::<<tokio[e5248d5b0082a1b3]::runtime::scheduler::multi_thread::MultiThread>::block_on<stb[1bfadf5906861ac6]::main::{closure#0}>::{closure#0}, core[832e9a552fc17241]::result::Result<(), alloc[3ecab9f82c41dc7d]::boxed::Box<dyn core[832e9a552fc17241]::error::Error>>>
[INFO] [stdout]   13:     0x5a1c860eb57b - <tokio[e5248d5b0082a1b3]::runtime::runtime::Runtime>::block_on::<stb[1bfadf5906861ac6]::main::{closure#0}>
[INFO] [stdout]   14:     0x5a1c860e809c - stb[1bfadf5906861ac6]::main
[INFO] [stdout]   15:     0x5a1c860eda23 - std[97b98282bc616a66]::sys::backtrace::__rust_begin_short_backtrace::<fn() -> core[832e9a552fc17241]::result::Result<(), alloc[3ecab9f82c41dc7d]::boxed::Box<dyn core[832e9a552fc17241]::error::Error>>, core[832e9a552fc17241]::result::Result<(), alloc[3ecab9f82c41dc7d]::boxed::Box<dyn core[832e9a552fc17241]::error::Error>>>
[INFO] [stdout]   16:     0x5a1c860df939 - std[97b98282bc616a66]::rt::lang_start::<core[832e9a552fc17241]::result::Result<(), alloc[3ecab9f82c41dc7d]::boxed::Box<dyn core[832e9a552fc17241]::error::Error>>>::{closure#0}
[INFO] [stdout]   17:     0x5a1c864304f7 - std[97b98282bc616a66]::rt::lang_start_internal
[INFO] [stdout]   18:     0x5a1c860e9695 - main
[INFO] [stdout]   19:     0x755271c99601 - <unknown>
[INFO] [stdout]   20:     0x755271c99718 - __libc_start_main
[INFO] [stdout]   21:     0x5a1c860be125 - _start
[INFO] [stdout]   22:                0x0 - <unknown>
[INFO] [stdout] ```
[INFO] [stdout] ```
[INFO] [stdout] command=`exit="0" "/opt/rustwide/target/release/stb" "generate" "https://www.pivotaltracker.com/story/show/185916371"`
[INFO] [stdout] code=101
[INFO] [stdout] stdout=""
[INFO] [stdout] stderr=```
[INFO] [stdout] 
[INFO] [stdout] thread \'main\' (3465) panicked at crates/story-tracker-cli/src/main.rs:29:14:
[INFO] [stdout] Environment variable PIVOTAL_TRACKER_TOKEN is required: NotPresent
[INFO] [stdout] stack backtrace:
[INFO] [stdout]    0:     0x5a1c86437351 - <<std[97b98282bc616a66]::sys::backtrace::BacktraceLock>::print::DisplayBacktrace as core[832e9a552fc17241]::fmt::Display>::fmt
[INFO] [stdout]    1:     0x5a1c8644fa8a - core[832e9a552fc17241]::fmt::write
[INFO] [stdout]    2:     0x5a1c8643e52c - <std[97b98282bc616a66]::sys::stdio::unix::Stderr as std[97b98282bc616a66]::io::Write>::write_fmt
[INFO] [stdout]    3:     0x5a1c864182c6 - std[97b98282bc616a66]::panicking::default_hook::{closure#0}
[INFO] [stdout]    4:     0x5a1c86431401 - std[97b98282bc616a66]::panicking::default_hook
[INFO] [stdout]    5:     0x5a1c8643172b - std[97b98282bc616a66]::panicking::panic_with_hook
[INFO] [stdout]    6:     0x5a1c86418372 - std[97b98282bc616a66]::panicking::panic_handler::{closure#0}
[INFO] [stdout]    7:     0x5a1c8640f9a9 - std[97b98282bc616a66]::sys::backtrace::__rust_end_short_backtrace::<std[97b98282bc616a66]::panicking::panic_handler::{closure#0}, !>
[INFO] [stdout]    8:     0x5a1c86418dfd - __rustc[e3d8617bb01b7f69]::rust_begin_unwind
[INFO] [stdout]    9:     0x5a1c8645026c - core[832e9a552fc17241]::panicking::panic_fmt
[INFO] [stdout]   10:     0x5a1c86450042 - core[832e9a552fc17241]::result::unwrap_failed
[INFO] [stdout]   11:     0x5a1c860d361f - <tokio[e5248d5b0082a1b3]::runtime::park::CachedParkThread>::block_on::<stb[1bfadf5906861ac6]::main::{closure#0}>
[INFO] [stdout]   12:     0x5a1c860e4054 - tokio[e5248d5b0082a1b3]::runtime::context::runtime::enter_runtime::<<tokio[e5248d5b0082a1b3]::runtime::scheduler::multi_thread::MultiThread>::block_on<stb[1bfadf5906861ac6]::main::{closure#0}>::{closure#0}, core[832e9a552fc17241]::result::Result<(), alloc[3ecab9f82c41dc7d]::boxed::Box<dyn core[832e9a552fc17241]::error::Error>>>
[INFO] [stdout]   13:     0x5a1c860eb57b - <tokio[e5248d5b0082a1b3]::runtime::runtime::Runtime>::block_on::<stb[1bfadf5906861ac6]::main::{closure#0}>
[INFO] [stdout]   14:     0x5a1c860e809c - stb[1bfadf5906861ac6]::main
[INFO] [stdout]   15:     0x5a1c860eda23 - std[97b98282bc616a66]::sys::backtrace::__rust_begin_short_backtrace::<fn() -> core[832e9a552fc17241]::result::Result<(), alloc[3ecab9f82c41dc7d]::boxed::Box<dyn core[832e9a552fc17241]::error::Error>>, core[832e9a552fc17241]::result::Result<(), alloc[3ecab9f82c41dc7d]::boxed::Box<dyn core[832e9a552fc17241]::error::Error>>>
[INFO] [stdout]   16:     0x5a1c860df939 - std[97b98282bc616a66]::rt::lang_start::<core[832e9a552fc17241]::result::Result<(), alloc[3ecab9f82c41dc7d]::boxed::Box<dyn core[832e9a552fc17241]::error::Error>>>::{closure#0}
[INFO] [stdout]   17:     0x5a1c864304f7 - std[97b98282bc616a66]::rt::lang_start_internal
[INFO] [stdout]   18:     0x5a1c860e9695 - main
[INFO] [stdout]   19:     0x755271c99601 - <unknown>
[INFO] [stdout]   20:     0x755271c99718 - __libc_start_main
[INFO] [stdout]   21:     0x5a1c860be125 - _start
[INFO] [stdout]   22:                0x0 - <unknown>
[INFO] [stdout] ```
[INFO] [stdout] 
[INFO] [stdout] 
[INFO] [stdout] stack backtrace:
[INFO] [stdout]    0:     0x5e44d3927041 - <<std[97b98282bc616a66]::sys::backtrace::BacktraceLock>::print::DisplayBacktrace as core[832e9a552fc17241]::fmt::Display>::fmt
[INFO] [stdout]    1:     0x5e44d393d4fa - core[832e9a552fc17241]::fmt::write
[INFO] [stdout]    2:     0x5e44d392c91c - <alloc[3ecab9f82c41dc7d]::vec::Vec<u8> as std[97b98282bc616a66]::io::Write>::write_fmt
[INFO] [stdout]    3:     0x5e44d3904d56 - std[97b98282bc616a66]::panicking::default_hook::{closure#0}
[INFO] [stdout]    4:     0x5e44d391f129 - std[97b98282bc616a66]::panicking::default_hook
[INFO] [stdout]    5:     0x5e44d38a1490 - test[39766f3d73431624]::test_main_inner::<test[39766f3d73431624]::test_main_static::{closure#0}>::{closure#0}
[INFO] [stdout]    6:     0x5e44d391f2e2 - std[97b98282bc616a66]::panicking::panic_with_hook
[INFO] [stdout]    7:     0x5e44d3904e02 - std[97b98282bc616a66]::panicking::panic_handler::{closure#0}
[INFO] [stdout]    8:     0x5e44d38fc759 - std[97b98282bc616a66]::sys::backtrace::__rust_end_short_backtrace::<std[97b98282bc616a66]::panicking::panic_handler::{closure#0}, !>
[INFO] [stdout]    9:     0x5e44d39059fd - __rustc[e3d8617bb01b7f69]::rust_begin_unwind
[INFO] [stdout]   10:     0x5e44d393dc2c - core[832e9a552fc17241]::panicking::panic_fmt
[INFO] [stdout]   11:     0x5e44d38d57b4 - <assert_cmd[3085f317b145649e]::assert::AssertError>::panic::<assert_cmd[3085f317b145649e]::assert::Assert>
[INFO] [stdout]   12:     0x5e44d38d6236 - <assert_cmd[3085f317b145649e]::assert::Assert>::success
[INFO] [stdout]   13:     0x5e44d389433d - <stb[5d1a954e405bf228]::tests::test_generate_story_tile_link::{closure#0} as core[832e9a552fc17241]::ops::function::FnOnce<()>>::call_once
[INFO] [stdout]   14:     0x5e44d38947cb - test[39766f3d73431624]::__rust_begin_short_backtrace::<core[832e9a552fc17241]::result::Result<(), alloc[3ecab9f82c41dc7d]::string::String>, fn() -> core[832e9a552fc17241]::result::Result<(), alloc[3ecab9f82c41dc7d]::string::String>>
[INFO] [stdout]   15:     0x5e44d38a1e15 - test[39766f3d73431624]::run_test::{closure#0}
[INFO] [stdout]   16:     0x5e44d389c8c4 - std[97b98282bc616a66]::sys::backtrace::__rust_begin_short_backtrace::<test[39766f3d73431624]::run_test::{closure#1}, ()>
[INFO] [stdout]   17:     0x5e44d38a4f62 - <std[97b98282bc616a66]::thread::lifecycle::spawn_unchecked<test[39766f3d73431624]::run_test::{closure#1}, ()>::{closure#1} as core[832e9a552fc17241]::ops::function::FnOnce<()>>::call_once::{shim:vtable#0}
[INFO] [stdout]   18:     0x5e44d392684f - <std[97b98282bc616a66]::sys::thread::unix::Thread>::new::thread_start
[INFO] [stdout]   19:     0x7e764e39707a - <unknown>
[INFO] [stdout]   20:     0x7e764e42a534 - clone
[INFO] [stdout]   21:                0x0 - <unknown>
[INFO] [stdout] 
[INFO] [stdout] ---- tests::test_gen_pound_story_id stdout ----
[INFO] [stdout] 
[INFO] [stdout] thread 'tests::test_gen_pound_story_id' (3451) panicked at /rustc/04eb0d7194012623e82369b466d5084522957446/library/core/src/ops/function.rs:250:5:
[INFO] [stdout] Unexpected failure.
[INFO] [stdout] code=101
[INFO] [stdout] stderr=``````
[INFO] [stdout] 
[INFO] [stdout] thread \'main\' (3474) panicked at crates/story-tracker-cli/src/main.rs:29:14:
[INFO] [stdout] Environment variable PIVOTAL_TRACKER_TOKEN is required: NotPresent
[INFO] [stdout] stack backtrace:
[INFO] [stdout]    0:     0x5a9f3fc2b351 - <<std[97b98282bc616a66]::sys::backtrace::BacktraceLock>::print::DisplayBacktrace as core[832e9a552fc17241]::fmt::Display>::fmt
[INFO] [stdout]    1:     0x5a9f3fc43a8a - core[832e9a552fc17241]::fmt::write
[INFO] [stdout]    2:     0x5a9f3fc3252c - <std[97b98282bc616a66]::sys::stdio::unix::Stderr as std[97b98282bc616a66]::io::Write>::write_fmt
[INFO] [stdout]    3:     0x5a9f3fc0c2c6 - std[97b98282bc616a66]::panicking::default_hook::{closure#0}
[INFO] [stdout]    4:     0x5a9f3fc25401 - std[97b98282bc616a66]::panicking::default_hook
[INFO] [stdout]    5:     0x5a9f3fc2572b - std[97b98282bc616a66]::panicking::panic_with_hook
[INFO] [stdout]    6:     0x5a9f3fc0c372 - std[97b98282bc616a66]::panicking::panic_handler::{closure#0}
[INFO] [stdout]    7:     0x5a9f3fc039a9 - std[97b98282bc616a66]::sys::backtrace::__rust_end_short_backtrace::<std[97b98282bc616a66]::panicking::panic_handler::{closure#0}, !>
[INFO] [stdout]    8:     0x5a9f3fc0cdfd - __rustc[e3d8617bb01b7f69]::rust_begin_unwind
[INFO] [stdout]    9:     0x5a9f3fc4426c - core[832e9a552fc17241]::panicking::panic_fmt
[INFO] [stdout]   10:     0x5a9f3fc44042 - core[832e9a552fc17241]::result::unwrap_failed
[INFO] [stdout]   11:     0x5a9f3f8c761f - <tokio[e5248d5b0082a1b3]::runtime::park::CachedParkThread>::block_on::<stb[1bfadf5906861ac6]::main::{closure#0}>
[INFO] [stdout]   12:     0x5a9f3f8d8054 - tokio[e5248d5b0082a1b3]::runtime::context::runtime::enter_runtime::<<tokio[e5248d5b0082a1b3]::runtime::scheduler::multi_thread::MultiThread>::block_on<stb[1bfadf5906861ac6]::main::{closure#0}>::{closure#0}, core[832e9a552fc17241]::result::Result<(), alloc[3ecab9f82c41dc7d]::boxed::Box<dyn core[832e9a552fc17241]::error::Error>>>
[INFO] [stdout]   13:     0x5a9f3f8df57b - <tokio[e5248d5b0082a1b3]::runtime::runtime::Runtime>::block_on::<stb[1bfadf5906861ac6]::main::{closure#0}>
[INFO] [stdout]   14:     0x5a9f3f8dc09c - stb[1bfadf5906861ac6]::main
[INFO] [stdout]   15:     0x5a9f3f8e1a23 - std[97b98282bc616a66]::sys::backtrace::__rust_begin_short_backtrace::<fn() -> core[832e9a552fc17241]::result::Result<(), alloc[3ecab9f82c41dc7d]::boxed::Box<dyn core[832e9a552fc17241]::error::Error>>, core[832e9a552fc17241]::result::Result<(), alloc[3ecab9f82c41dc7d]::boxed::Box<dyn core[832e9a552fc17241]::error::Error>>>
[INFO] [stdout]   16:     0x5a9f3f8d3939 - std[97b98282bc616a66]::rt::lang_start::<core[832e9a552fc17241]::result::Result<(), alloc[3ecab9f82c41dc7d]::boxed::Box<dyn core[832e9a552fc17241]::error::Error>>>::{closure#0}
[INFO] [stdout]   17:     0x5a9f3fc244f7 - std[97b98282bc616a66]::rt::lang_start_internal
[INFO] [stdout]   18:     0x5a9f3f8dd695 - main
[INFO] [stdout]   19:     0x70cb43a09601 - <unknown>
[INFO] [stdout]   20:     0x70cb43a09718 - __libc_start_main
[INFO] [stdout]   21:     0x5a9f3f8b2125 - _start
[INFO] [stdout]   22:                0x0 - <unknown>
[INFO] [stdout] ```
[INFO] [stdout] ```
[INFO] [stdout] command=`exit="0" "/opt/rustwide/target/release/stb" "gen" "#185916371"`
[INFO] [stdout] code=101
[INFO] [stdout] stdout=""
[INFO] [stdout] stderr=```
[INFO] [stdout] 
[INFO] [stdout] thread \'main\' (3474) panicked at crates/story-tracker-cli/src/main.rs:29:14:
[INFO] [stdout] Environment variable PIVOTAL_TRACKER_TOKEN is required: NotPresent
[INFO] [stdout] stack backtrace:
[INFO] [stdout]    0:     0x5a9f3fc2b351 - <<std[97b98282bc616a66]::sys::backtrace::BacktraceLock>::print::DisplayBacktrace as core[832e9a552fc17241]::fmt::Display>::fmt
[INFO] [stdout]    1:     0x5a9f3fc43a8a - core[832e9a552fc17241]::fmt::write
[INFO] [stdout]    2:     0x5a9f3fc3252c - <std[97b98282bc616a66]::sys::stdio::unix::Stderr as std[97b98282bc616a66]::io::Write>::write_fmt
[INFO] [stdout]    3:     0x5a9f3fc0c2c6 - std[97b98282bc616a66]::panicking::default_hook::{closure#0}
[INFO] [stdout]    4:     0x5a9f3fc25401 - std[97b98282bc616a66]::panicking::default_hook
[INFO] [stdout]    5:     0x5a9f3fc2572b - std[97b98282bc616a66]::panicking::panic_with_hook
[INFO] [stdout]    6:     0x5a9f3fc0c372 - std[97b98282bc616a66]::panicking::panic_handler::{closure#0}
[INFO] [stdout]    7:     0x5a9f3fc039a9 - std[97b98282bc616a66]::sys::backtrace::__rust_end_short_backtrace::<std[97b98282bc616a66]::panicking::panic_handler::{closure#0}, !>
[INFO] [stdout]    8:     0x5a9f3fc0cdfd - __rustc[e3d8617bb01b7f69]::rust_begin_unwind
[INFO] [stdout]    9:     0x5a9f3fc4426c - core[832e9a552fc17241]::panicking::panic_fmt
[INFO] [stdout]   10:     0x5a9f3fc44042 - core[832e9a552fc17241]::result::unwrap_failed
[INFO] [stdout]   11:     0x5a9f3f8c761f - <tokio[e5248d5b0082a1b3]::runtime::park::CachedParkThread>::block_on::<stb[1bfadf5906861ac6]::main::{closure#0}>
[INFO] [stdout]   12:     0x5a9f3f8d8054 - tokio[e5248d5b0082a1b3]::runtime::context::runtime::enter_runtime::<<tokio[e5248d5b0082a1b3]::runtime::scheduler::multi_thread::MultiThread>::block_on<stb[1bfadf5906861ac6]::main::{closure#0}>::{closure#0}, core[832e9a552fc17241]::result::Result<(), alloc[3ecab9f82c41dc7d]::boxed::Box<dyn core[832e9a552fc17241]::error::Error>>>
[INFO] [stdout]   13:     0x5a9f3f8df57b - <tokio[e5248d5b0082a1b3]::runtime::runtime::Runtime>::block_on::<stb[1bfadf5906861ac6]::main::{closure#0}>
[INFO] [stdout]   14:     0x5a9f3f8dc09c - stb[1bfadf5906861ac6]::main
[INFO] [stdout]   15:     0x5a9f3f8e1a23 - std[97b98282bc616a66]::sys::backtrace::__rust_begin_short_backtrace::<fn() -> core[832e9a552fc17241]::result::Result<(), alloc[3ecab9f82c41dc7d]::boxed::Box<dyn core[832e9a552fc17241]::error::Error>>, core[832e9a552fc17241]::result::Result<(), alloc[3ecab9f82c41dc7d]::boxed::Box<dyn core[832e9a552fc17241]::error::Error>>>
[INFO] [stdout]   16:     0x5a9f3f8d3939 - std[97b98282bc616a66]::rt::lang_start::<core[832e9a552fc17241]::result::Result<(), alloc[3ecab9f82c41dc7d]::boxed::Box<dyn core[832e9a552fc17241]::error::Error>>>::{closure#0}
[INFO] [stdout]   17:     0x5a9f3fc244f7 - std[97b98282bc616a66]::rt::lang_start_internal
[INFO] [stdout]   18:     0x5a9f3f8dd695 - main
[INFO] [stdout]   19:     0x70cb43a09601 - <unknown>
[INFO] [stdout]   20:     0x70cb43a09718 - __libc_start_main
[INFO] [stdout]   21:     0x5a9f3f8b2125 - _start
[INFO] [stdout]   22:                0x0 - <unknown>
[INFO] [stdout] ```
[INFO] [stdout] 
[INFO] [stdout] 
[INFO] [stdout] stack backtrace:
[INFO] [stdout]    0:     0x5e44d3927041 - <<std[97b98282bc616a66]::sys::backtrace::BacktraceLock>::print::DisplayBacktrace as core[832e9a552fc17241]::fmt::Display>::fmt
[INFO] [stdout]    1:     0x5e44d393d4fa - core[832e9a552fc17241]::fmt::write
[INFO] [stdout]    2:     0x5e44d392c91c - <alloc[3ecab9f82c41dc7d]::vec::Vec<u8> as std[97b98282bc616a66]::io::Write>::write_fmt
[INFO] [stdout]    3:     0x5e44d3904d56 - std[97b98282bc616a66]::panicking::default_hook::{closure#0}
[INFO] [stdout]    4:     0x5e44d391f129 - std[97b98282bc616a66]::panicking::default_hook
[INFO] [stdout]    5:     0x5e44d38a1490 - test[39766f3d73431624]::test_main_inner::<test[39766f3d73431624]::test_main_static::{closure#0}>::{closure#0}
[INFO] [stdout]    6:     0x5e44d391f2e2 - std[97b98282bc616a66]::panicking::panic_with_hook
[INFO] [stdout]    7:     0x5e44d3904e02 - std[97b98282bc616a66]::panicking::panic_handler::{closure#0}
[INFO] [stdout]    8:     0x5e44d38fc759 - std[97b98282bc616a66]::sys::backtrace::__rust_end_short_backtrace::<std[97b98282bc616a66]::panicking::panic_handler::{closure#0}, !>
[INFO] [stdout]    9:     0x5e44d39059fd - __rustc[e3d8617bb01b7f69]::rust_begin_unwind
[INFO] [stdout]   10:     0x5e44d393dc2c - core[832e9a552fc17241]::panicking::panic_fmt
[INFO] [stdout]   11:     0x5e44d38d57b4 - <assert_cmd[3085f317b145649e]::assert::AssertError>::panic::<assert_cmd[3085f317b145649e]::assert::Assert>
[INFO] [stdout]   12:     0x5e44d38d6236 - <assert_cmd[3085f317b145649e]::assert::Assert>::success
[INFO] [stdout]   13:     0x5e44d3892c5e - <stb[5d1a954e405bf228]::tests::test_gen_pound_story_id::{closure#0} as core[832e9a552fc17241]::ops::function::FnOnce<()>>::call_once
[INFO] [stdout]   14:     0x5e44d38947cb - test[39766f3d73431624]::__rust_begin_short_backtrace::<core[832e9a552fc17241]::result::Result<(), alloc[3ecab9f82c41dc7d]::string::String>, fn() -> core[832e9a552fc17241]::result::Result<(), alloc[3ecab9f82c41dc7d]::string::String>>
[INFO] [stdout]   15:     0x5e44d38a1e15 - test[39766f3d73431624]::run_test::{closure#0}
[INFO] [stdout]   16:     0x5e44d389c8c4 - std[97b98282bc616a66]::sys::backtrace::__rust_begin_short_backtrace::<test[39766f3d73431624]::run_test::{closure#1}, ()>
[INFO] [stdout]   17:     0x5e44d38a4f62 - <std[97b98282bc616a66]::thread::lifecycle::spawn_unchecked<test[39766f3d73431624]::run_test::{closure#1}, ()>::{closure#1} as core[832e9a552fc17241]::ops::function::FnOnce<()>>::call_once::{shim:vtable#0}
[INFO] [stdout]   18:     0x5e44d392684f - <std[97b98282bc616a66]::sys::thread::unix::Thread>::new::thread_start
[INFO] [stdout]   19:     0x7e764e39707a - <unknown>
[INFO] [stdout]   20:     0x7e764e42a534 - clone
[INFO] [stdout]   21:                0x0 - <unknown>
[INFO] [stdout] 
[INFO] [stdout] ---- tests::test_gen_story_page_link stdout ----
[INFO] [stdout] 
[INFO] [stdout] thread 'tests::test_gen_story_page_link' (3453) panicked at /rustc/04eb0d7194012623e82369b466d5084522957446/library/core/src/ops/function.rs:250:5:
[INFO] [stdout] Unexpected failure.
[INFO] [stdout] code=101
[INFO] [stdout] stderr=``````
[INFO] [stdout] 
[INFO] [stdout] thread \'main\' (3458) panicked at crates/story-tracker-cli/src/main.rs:29:14:
[INFO] [stdout] Environment variable PIVOTAL_TRACKER_TOKEN is required: NotPresent
[INFO] [stdout] stack backtrace:
[INFO] [stdout]    0:     0x5940182d0351 - <<std[97b98282bc616a66]::sys::backtrace::BacktraceLock>::print::DisplayBacktrace as core[832e9a552fc17241]::fmt::Display>::fmt
[INFO] [stdout]    1:     0x5940182e8a8a - core[832e9a552fc17241]::fmt::write
[INFO] [stdout]    2:     0x5940182d752c - <std[97b98282bc616a66]::sys::stdio::unix::Stderr as std[97b98282bc616a66]::io::Write>::write_fmt
[INFO] [stdout]    3:     0x5940182b12c6 - std[97b98282bc616a66]::panicking::default_hook::{closure#0}
[INFO] [stdout]    4:     0x5940182ca401 - std[97b98282bc616a66]::panicking::default_hook
[INFO] [stdout]    5:     0x5940182ca72b - std[97b98282bc616a66]::panicking::panic_with_hook
[INFO] [stdout]    6:     0x5940182b1372 - std[97b98282bc616a66]::panicking::panic_handler::{closure#0}
[INFO] [stdout]    7:     0x5940182a89a9 - std[97b98282bc616a66]::sys::backtrace::__rust_end_short_backtrace::<std[97b98282bc616a66]::panicking::panic_handler::{closure#0}, !>
[INFO] [stdout]    8:     0x5940182b1dfd - __rustc[e3d8617bb01b7f69]::rust_begin_unwind
[INFO] [stdout]    9:     0x5940182e926c - core[832e9a552fc17241]::panicking::panic_fmt
[INFO] [stdout]   10:     0x5940182e9042 - core[832e9a552fc17241]::result::unwrap_failed
[INFO] [stdout]   11:     0x594017f6c61f - <tokio[e5248d5b0082a1b3]::runtime::park::CachedParkThread>::block_on::<stb[1bfadf5906861ac6]::main::{closure#0}>
[INFO] [stdout]   12:     0x594017f7d054 - tokio[e5248d5b0082a1b3]::runtime::context::runtime::enter_runtime::<<tokio[e5248d5b0082a1b3]::runtime::scheduler::multi_thread::MultiThread>::block_on<stb[1bfadf5906861ac6]::main::{closure#0}>::{closure#0}, core[832e9a552fc17241]::result::Result<(), alloc[3ecab9f82c41dc7d]::boxed::Box<dyn core[832e9a552fc17241]::error::Error>>>
[INFO] [stdout]   13:     0x594017f8457b - <tokio[e5248d5b0082a1b3]::runtime::runtime::Runtime>::block_on::<stb[1bfadf5906861ac6]::main::{closure#0}>
[INFO] [stdout]   14:     0x594017f8109c - stb[1bfadf5906861ac6]::main
[INFO] [stdout]   15:     0x594017f86a23 - std[97b98282bc616a66]::sys::backtrace::__rust_begin_short_backtrace::<fn() -> core[832e9a552fc17241]::result::Result<(), alloc[3ecab9f82c41dc7d]::boxed::Box<dyn core[832e9a552fc17241]::error::Error>>, core[832e9a552fc17241]::result::Result<(), alloc[3ecab9f82c41dc7d]::boxed::Box<dyn core[832e9a552fc17241]::error::Error>>>
[INFO] [stdout]   16:     0x594017f78939 - std[97b98282bc616a66]::rt::lang_start::<core[832e9a552fc17241]::result::Result<(), alloc[3ecab9f82c41dc7d]::boxed::Box<dyn core[832e9a552fc17241]::error::Error>>>::{closure#0}
[INFO] [stdout]   17:     0x5940182c94f7 - std[97b98282bc616a66]::rt::lang_start_internal
[INFO] [stdout]   18:     0x594017f82695 - main
[INFO] [stdout]   19:     0x7d2de8e2a601 - <unknown>
[INFO] [stdout]   20:     0x7d2de8e2a718 - __libc_start_main
[INFO] [stdout]   21:     0x594017f57125 - _start
[INFO] [stdout]   22:                0x0 - <unknown>
[INFO] [stdout] ```
[INFO] [stdout] ```
[INFO] [stdout] command=`exit="0" "/opt/rustwide/target/release/stb" "gen" "https://www.pivotaltracker.com/n/projects/2673618/stories/185916371"`
[INFO] [stdout] code=101
[INFO] [stdout] stdout=""
[INFO] [stdout] stderr=```
[INFO] [stdout] 
[INFO] [stdout] thread \'main\' (3458) panicked at crates/story-tracker-cli/src/main.rs:29:14:
[INFO] [stdout] Environment variable PIVOTAL_TRACKER_TOKEN is required: NotPresent
[INFO] [stdout] stack backtrace:
[INFO] [stdout]    0:     0x5940182d0351 - <<std[97b98282bc616a66]::sys::backtrace::BacktraceLock>::print::DisplayBacktrace as core[832e9a552fc17241]::fmt::Display>::fmt
[INFO] [stdout]    1:     0x5940182e8a8a - core[832e9a552fc17241]::fmt::write
[INFO] [stdout]    2:     0x5940182d752c - <std[97b98282bc616a66]::sys::stdio::unix::Stderr as std[97b98282bc616a66]::io::Write>::write_fmt
[INFO] [stdout]    3:     0x5940182b12c6 - std[97b98282bc616a66]::panicking::default_hook::{closure#0}
[INFO] [stdout]    4:     0x5940182ca401 - std[97b98282bc616a66]::panicking::default_hook
[INFO] [stdout]    5:     0x5940182ca72b - std[97b98282bc616a66]::panicking::panic_with_hook
[INFO] [stdout]    6:     0x5940182b1372 - std[97b98282bc616a66]::panicking::panic_handler::{closure#0}
[INFO] [stdout]    7:     0x5940182a89a9 - std[97b98282bc616a66]::sys::backtrace::__rust_end_short_backtrace::<std[97b98282bc616a66]::panicking::panic_handler::{closure#0}, !>
[INFO] [stdout]    8:     0x5940182b1dfd - __rustc[e3d8617bb01b7f69]::rust_begin_unwind
[INFO] [stdout]    9:     0x5940182e926c - core[832e9a552fc17241]::panicking::panic_fmt
[INFO] [stdout]   10:     0x5940182e9042 - core[832e9a552fc17241]::result::unwrap_failed
[INFO] [stdout]   11:     0x594017f6c61f - <tokio[e5248d5b0082a1b3]::runtime::park::CachedParkThread>::block_on::<stb[1bfadf5906861ac6]::main::{closure#0}>
[INFO] [stdout]   12:     0x594017f7d054 - tokio[e5248d5b0082a1b3]::runtime::context::runtime::enter_runtime::<<tokio[e5248d5b0082a1b3]::runtime::scheduler::multi_thread::MultiThread>::block_on<stb[1bfadf5906861ac6]::main::{closure#0}>::{closure#0}, core[832e9a552fc17241]::result::Result<(), alloc[3ecab9f82c41dc7d]::boxed::Box<dyn core[832e9a552fc17241]::error::Error>>>
[INFO] [stdout]   13:     0x594017f8457b - <tokio[e5248d5b0082a1b3]::runtime::runtime::Runtime>::block_on::<stb[1bfadf5906861ac6]::main::{closure#0}>
[INFO] [stdout]   14:     0x594017f8109c - stb[1bfadf5906861ac6]::main
[INFO] [stdout]   15:     0x594017f86a23 - std[97b98282bc616a66]::sys::backtrace::__rust_begin_short_backtrace::<fn() -> core[832e9a552fc17241]::result::Result<(), alloc[3ecab9f82c41dc7d]::boxed::Box<dyn core[832e9a552fc17241]::error::Error>>, core[832e9a552fc17241]::result::Result<(), alloc[3ecab9f82c41dc7d]::boxed::Box<dyn core[832e9a552fc17241]::error::Error>>>
[INFO] [stdout]   16:     0x594017f78939 - std[97b98282bc616a66]::rt::lang_start::<core[832e9a552fc17241]::result::Result<(), alloc[3ecab9f82c41dc7d]::boxed::Box<dyn core[832e9a552fc17241]::error::Error>>>::{closure#0}
[INFO] [stdout]   17:     0x5940182c94f7 - std[97b98282bc616a66]::rt::lang_start_internal
[INFO] [stdout]   18:     0x594017f82695 - main
[INFO] [stdout]   19:     0x7d2de8e2a601 - <unknown>
[INFO] [stdout]   20:     0x7d2de8e2a718 - __libc_start_main
[INFO] [stdout]   21:     0x594017f57125 - _start
[INFO] [stdout]   22:                0x0 - <unknown>
[INFO] [stdout] ```
[INFO] [stdout] 
[INFO] [stdout] 
[INFO] [stdout] stack backtrace:
[INFO] [stdout]    0:     0x5e44d3927041 - <<std[97b98282bc616a66]::sys::backtrace::BacktraceLock>::print::DisplayBacktrace as core[832e9a552fc17241]::fmt::Display>::fmt
[INFO] [stdout]    1:     0x5e44d393d4fa - core[832e9a552fc17241]::fmt::write
[INFO] [stdout]    2:     0x5e44d392c91c - <alloc[3ecab9f82c41dc7d]::vec::Vec<u8> as std[97b98282bc616a66]::io::Write>::write_fmt
[INFO] [stdout]    3:     0x5e44d3904d56 - std[97b98282bc616a66]::panicking::default_hook::{closure#0}
[INFO] [stdout]    4:     0x5e44d391f129 - std[97b98282bc616a66]::panicking::default_hook
[INFO] [stdout]    5:     0x5e44d38a1490 - test[39766f3d73431624]::test_main_inner::<test[39766f3d73431624]::test_main_static::{closure#0}>::{closure#0}
[INFO] [stdout]    6:     0x5e44d391f2e2 - std[97b98282bc616a66]::panicking::panic_with_hook
[INFO] [stdout]    7:     0x5e44d3904e02 - std[97b98282bc616a66]::panicking::panic_handler::{closure#0}
[INFO] [stdout]    8:     0x5e44d38fc759 - std[97b98282bc616a66]::sys::backtrace::__rust_end_short_backtrace::<std[97b98282bc616a66]::panicking::panic_handler::{closure#0}, !>
[INFO] [stdout]    9:     0x5e44d39059fd - __rustc[e3d8617bb01b7f69]::rust_begin_unwind
[INFO] [stdout]   10:     0x5e44d393dc2c - core[832e9a552fc17241]::panicking::panic_fmt
[INFO] [stdout]   11:     0x5e44d38d57b4 - <assert_cmd[3085f317b145649e]::assert::AssertError>::panic::<assert_cmd[3085f317b145649e]::assert::Assert>
[INFO] [stdout]   12:     0x5e44d38d6236 - <assert_cmd[3085f317b145649e]::assert::Assert>::success
[INFO] [stdout]   13:     0x5e44d38930fd - <stb[5d1a954e405bf228]::tests::test_gen_story_page_link::{closure#0} as core[832e9a552fc17241]::ops::function::FnOnce<()>>::call_once
[INFO] [stdout]   14:     0x5e44d38947cb - test[39766f3d73431624]::__rust_begin_short_backtrace::<core[832e9a552fc17241]::result::Result<(), alloc[3ecab9f82c41dc7d]::string::String>, fn() -> core[832e9a552fc17241]::result::Result<(), alloc[3ecab9f82c41dc7d]::string::String>>
[INFO] [stdout]   15:     0x5e44d38a1e15 - test[39766f3d73431624]::run_test::{closure#0}
[INFO] [stdout]   16:     0x5e44d389c8c4 - std[97b98282bc616a66]::sys::backtrace::__rust_begin_short_backtrace::<test[39766f3d73431624]::run_test::{closure#1}, ()>
[INFO] [stdout]   17:     0x5e44d38a4f62 - <std[97b98282bc616a66]::thread::lifecycle::spawn_unchecked<test[39766f3d73431624]::run_test::{closure#1}, ()>::{closure#1} as core[832e9a552fc17241]::ops::function::FnOnce<()>>::call_once::{shim:vtable#0}
[INFO] [stdout]   18:     0x5e44d392684f - <std[97b98282bc616a66]::sys::thread::unix::Thread>::new::thread_start
[INFO] [stdout]   19:     0x7e764e39707a - <unknown>
[INFO] [stdout]   20:     0x7e764e42a534 - clone
[INFO] [stdout]   21:                0x0 - <unknown>
[INFO] [stdout] 
[INFO] [stdout] ---- tests::test_gen_story_id stdout ----
[INFO] [stdout] 
[INFO] [stdout] thread 'tests::test_gen_story_id' (3452) panicked at /rustc/04eb0d7194012623e82369b466d5084522957446/library/core/src/ops/function.rs:250:5:
[INFO] [stdout] Unexpected failure.
[INFO] [stdout] code=101
[INFO] [stdout] stderr=``````
[INFO] [stdout] 
[INFO] [stdout] thread \'main\' (3457) panicked at crates/story-tracker-cli/src/main.rs:29:14:
[INFO] [stdout] Environment variable PIVOTAL_TRACKER_TOKEN is required: NotPresent
[INFO] [stdout] stack backtrace:
[INFO] [stdout]    0:     0x5ad29e5c7351 - <<std[97b98282bc616a66]::sys::backtrace::BacktraceLock>::print::DisplayBacktrace as core[832e9a552fc17241]::fmt::Display>::fmt
[INFO] [stdout]    1:     0x5ad29e5dfa8a - core[832e9a552fc17241]::fmt::write
[INFO] [stdout]    2:     0x5ad29e5ce52c - <std[97b98282bc616a66]::sys::stdio::unix::Stderr as std[97b98282bc616a66]::io::Write>::write_fmt
[INFO] [stdout]    3:     0x5ad29e5a82c6 - std[97b98282bc616a66]::panicking::default_hook::{closure#0}
[INFO] [stdout]    4:     0x5ad29e5c1401 - std[97b98282bc616a66]::panicking::default_hook
[INFO] [stdout]    5:     0x5ad29e5c172b - std[97b98282bc616a66]::panicking::panic_with_hook
[INFO] [stdout]    6:     0x5ad29e5a8372 - std[97b98282bc616a66]::panicking::panic_handler::{closure#0}
[INFO] [stdout]    7:     0x5ad29e59f9a9 - std[97b98282bc616a66]::sys::backtrace::__rust_end_short_backtrace::<std[97b98282bc616a66]::panicking::panic_handler::{closure#0}, !>
[INFO] [stdout]    8:     0x5ad29e5a8dfd - __rustc[e3d8617bb01b7f69]::rust_begin_unwind
[INFO] [stdout]    9:     0x5ad29e5e026c - core[832e9a552fc17241]::panicking::panic_fmt
[INFO] [stdout]   10:     0x5ad29e5e0042 - core[832e9a552fc17241]::result::unwrap_failed
[INFO] [stdout]   11:     0x5ad29e26361f - <tokio[e5248d5b0082a1b3]::runtime::park::CachedParkThread>::block_on::<stb[1bfadf5906861ac6]::main::{closure#0}>
[INFO] [stdout]   12:     0x5ad29e274054 - tokio[e5248d5b0082a1b3]::runtime::context::runtime::enter_runtime::<<tokio[e5248d5b0082a1b3]::runtime::scheduler::multi_thread::MultiThread>::block_on<stb[1bfadf5906861ac6]::main::{closure#0}>::{closure#0}, core[832e9a552fc17241]::result::Result<(), alloc[3ecab9f82c41dc7d]::boxed::Box<dyn core[832e9a552fc17241]::error::Error>>>
[INFO] [stdout]   13:     0x5ad29e27b57b - <tokio[e5248d5b0082a1b3]::runtime::runtime::Runtime>::block_on::<stb[1bfadf5906861ac6]::main::{closure#0}>
[INFO] [stdout]   14:     0x5ad29e27809c - stb[1bfadf5906861ac6]::main
[INFO] [stdout]   15:     0x5ad29e27da23 - std[97b98282bc616a66]::sys::backtrace::__rust_begin_short_backtrace::<fn() -> core[832e9a552fc17241]::result::Result<(), alloc[3ecab9f82c41dc7d]::boxed::Box<dyn core[832e9a552fc17241]::error::Error>>, core[832e9a552fc17241]::result::Result<(), alloc[3ecab9f82c41dc7d]::boxed::Box<dyn core[832e9a552fc17241]::error::Error>>>
[INFO] [stdout]   16:     0x5ad29e26f939 - std[97b98282bc616a66]::rt::lang_start::<core[832e9a552fc17241]::result::Result<(), alloc[3ecab9f82c41dc7d]::boxed::Box<dyn core[832e9a552fc17241]::error::Error>>>::{closure#0}
[INFO] [stdout]   17:     0x5ad29e5c04f7 - std[97b98282bc616a66]::rt::lang_start_internal
[INFO] [stdout]   18:     0x5ad29e279695 - main
[INFO] [stdout]   19:     0x771b6529c601 - <unknown>
[INFO] [stdout]   20:     0x771b6529c718 - __libc_start_main
[INFO] [stdout]   21:     0x5ad29e24e125 - _start
[INFO] [stdout]   22:                0x0 - <unknown>
[INFO] [stdout] ```
[INFO] [stdout] ```
[INFO] [stdout] command=`exit="0" "/opt/rustwide/target/release/stb" "gen" "185916371"`
[INFO] [stdout] code=101
[INFO] [stdout] stdout=""
[INFO] [stdout] stderr=```
[INFO] [stdout] 
[INFO] [stdout] thread \'main\' (3457) panicked at crates/story-tracker-cli/src/main.rs:29:14:
[INFO] [stdout] Environment variable PIVOTAL_TRACKER_TOKEN is required: NotPresent
[INFO] [stdout] stack backtrace:
[INFO] [stdout]    0:     0x5ad29e5c7351 - <<std[97b98282bc616a66]::sys::backtrace::BacktraceLock>::print::DisplayBacktrace as core[832e9a552fc17241]::fmt::Display>::fmt
[INFO] [stdout]    1:     0x5ad29e5dfa8a - core[832e9a552fc17241]::fmt::write
[INFO] [stdout]    2:     0x5ad29e5ce52c - <std[97b98282bc616a66]::sys::stdio::unix::Stderr as std[97b98282bc616a66]::io::Write>::write_fmt
[INFO] [stdout]    3:     0x5ad29e5a82c6 - std[97b98282bc616a66]::panicking::default_hook::{closure#0}
[INFO] [stdout]    4:     0x5ad29e5c1401 - std[97b98282bc616a66]::panicking::default_hook
[INFO] [stdout]    5:     0x5ad29e5c172b - std[97b98282bc616a66]::panicking::panic_with_hook
[INFO] [stdout]    6:     0x5ad29e5a8372 - std[97b98282bc616a66]::panicking::panic_handler::{closure#0}
[INFO] [stdout]    7:     0x5ad29e59f9a9 - std[97b98282bc616a66]::sys::backtrace::__rust_end_short_backtrace::<std[97b98282bc616a66]::panicking::panic_handler::{closure#0}, !>
[INFO] [stdout]    8:     0x5ad29e5a8dfd - __rustc[e3d8617bb01b7f69]::rust_begin_unwind
[INFO] [stdout]    9:     0x5ad29e5e026c - core[832e9a552fc17241]::panicking::panic_fmt
[INFO] [stdout]   10:     0x5ad29e5e0042 - core[832e9a552fc17241]::result::unwrap_failed
[INFO] [stdout]   11:     0x5ad29e26361f - <tokio[e5248d5b0082a1b3]::runtime::park::CachedParkThread>::block_on::<stb[1bfadf5906861ac6]::main::{closure#0}>
[INFO] [stdout]   12:     0x5ad29e274054 - tokio[e5248d5b0082a1b3]::runtime::context::runtime::enter_runtime::<<tokio[e5248d5b0082a1b3]::runtime::scheduler::multi_thread::MultiThread>::block_on<stb[1bfadf5906861ac6]::main::{closure#0}>::{closure#0}, core[832e9a552fc17241]::result::Result<(), alloc[3ecab9f82c41dc7d]::boxed::Box<dyn core[832e9a552fc17241]::error::Error>>>
[INFO] [stdout]   13:     0x5ad29e27b57b - <tokio[e5248d5b0082a1b3]::runtime::runtime::Runtime>::block_on::<stb[1bfadf5906861ac6]::main::{closure#0}>
[INFO] [stdout]   14:     0x5ad29e27809c - stb[1bfadf5906861ac6]::main
[INFO] [stdout]   15:     0x5ad29e27da23 - std[97b98282bc616a66]::sys::backtrace::__rust_begin_short_backtrace::<fn() -> core[832e9a552fc17241]::result::Result<(), alloc[3ecab9f82c41dc7d]::boxed::Box<dyn core[832e9a552fc17241]::error::Error>>, core[832e9a552fc17241]::result::Result<(), alloc[3ecab9f82c41dc7d]::boxed::Box<dyn core[832e9a552fc17241]::error::Error>>>
[INFO] [stdout]   16:     0x5ad29e26f939 - std[97b98282bc616a66]::rt::lang_start::<core[832e9a552fc17241]::result::Result<(), alloc[3ecab9f82c41dc7d]::boxed::Box<dyn core[832e9a552fc17241]::error::Error>>>::{closure#0}
[INFO] [stdout]   17:     0x5ad29e5c04f7 - std[97b98282bc616a66]::rt::lang_start_internal
[INFO] [stdout]   18:     0x5ad29e279695 - main
[INFO] [stdout]   19:     0x771b6529c601 - <unknown>
[INFO] [stdout]   20:     0x771b6529c718 - __libc_start_main
[INFO] [stdout]   21:     0x5ad29e24e125 - _start
[INFO] [stdout]   22:                0x0 - <unknown>
[INFO] [stdout] ```
[INFO] [stdout] 
[INFO] [stdout] 
[INFO] [stdout] stack backtrace:
[INFO] [stdout]    0:     0x5e44d3927041 - <<std[97b98282bc616a66]::sys::backtrace::BacktraceLock>::print::DisplayBacktrace as core[832e9a552fc17241]::fmt::Display>::fmt
[INFO] [stdout]    1:     0x5e44d393d4fa - core[832e9a552fc17241]::fmt::write
[INFO] [stdout]    2:     0x5e44d392c91c - <alloc[3ecab9f82c41dc7d]::vec::Vec<u8> as std[97b98282bc616a66]::io::Write>::write_fmt
[INFO] [stdout]    3:     0x5e44d3904d56 - std[97b98282bc616a66]::panicking::default_hook::{closure#0}
[INFO] [stdout]    4:     0x5e44d391f129 - std[97b98282bc616a66]::panicking::default_hook
[INFO] [stdout]    5:     0x5e44d38a1490 - test[39766f3d73431624]::test_main_inner::<test[39766f3d73431624]::test_main_static::{closure#0}>::{closure#0}
[INFO] [stdout]    6:     0x5e44d391f2e2 - std[97b98282bc616a66]::panicking::panic_with_hook
[INFO] [stdout]    7:     0x5e44d3904e02 - std[97b98282bc616a66]::panicking::panic_handler::{closure#0}
[INFO] [stdout]    8:     0x5e44d38fc759 - std[97b98282bc616a66]::sys::backtrace::__rust_end_short_backtrace::<std[97b98282bc616a66]::panicking::panic_handler::{closure#0}, !>
[INFO] [stdout]    9:     0x5e44d39059fd - __rustc[e3d8617bb01b7f69]::rust_begin_unwind
[INFO] [stdout]   10:     0x5e44d393dc2c - core[832e9a552fc17241]::panicking::panic_fmt
[INFO] [stdout]   11:     0x5e44d38d57b4 - <assert_cmd[3085f317b145649e]::assert::AssertError>::panic::<assert_cmd[3085f317b145649e]::assert::Assert>
[INFO] [stdout]   12:     0x5e44d38d6236 - <assert_cmd[3085f317b145649e]::assert::Assert>::success
[INFO] [stdout]   13:     0x5e44d38921c0 - <stb[5d1a954e405bf228]::tests::test_gen_story_id::{closure#0} as core[832e9a552fc17241]::ops::function::FnOnce<()>>::call_once
[INFO] [stdout]   14:     0x5e44d38947cb - test[39766f3d73431624]::__rust_begin_short_backtrace::<core[832e9a552fc17241]::result::Result<(), alloc[3ecab9f82c41dc7d]::string::String>, fn() -> core[832e9a552fc17241]::result::Result<(), alloc[3ecab9f82c41dc7d]::string::String>>
[INFO] [stdout]   15:     0x5e44d38a1e15 - test[39766f3d73431624]::run_test::{closure#0}
[INFO] [stdout]   16:     0x5e44d389c8c4 - std[97b98282bc616a66]::sys::backtrace::__rust_begin_short_backtrace::<test[39766f3d73431624]::run_test::{closure#1}, ()>
[INFO] [stdout]   17:     0x5e44d38a4f62 - <std[97b98282bc616a66]::thread::lifecycle::spawn_unchecked<test[39766f3d73431624]::run_test::{closure#1}, ()>::{closure#1} as core[832e9a552fc17241]::ops::function::FnOnce<()>>::call_once::{shim:vtable#0}
[INFO] [stdout]   18:     0x5e44d392684f - <std[97b98282bc616a66]::sys::thread::unix::Thread>::new::thread_start
[INFO] [stdout]   19:     0x7e764e39707a - <unknown>
[INFO] [stdout]   20:     0x7e764e42a534 - clone
[INFO] [stdout]   21:                0x0 - <unknown>
[INFO] [stdout] 
[INFO] [stdout] ---- tests::test_generate_story_page_link stdout ----
[INFO] [stdout] 
[INFO] [stdout] thread 'tests::test_generate_story_page_link' (3459) panicked at /rustc/04eb0d7194012623e82369b466d5084522957446/library/core/src/ops/function.rs:250:5:
[INFO] [stdout] Unexpected failure.
[INFO] [stdout] code=101
[INFO] [stdout] stderr=``````
[INFO] [stdout] 
[INFO] [stdout] thread \'main\' (3471) panicked at crates/story-tracker-cli/src/main.rs:29:14:
[INFO] [stdout] Environment variable PIVOTAL_TRACKER_TOKEN is required: NotPresent
[INFO] [stdout] stack backtrace:
[INFO] [stdout]    0:     0x5fdd8d1d1351 - <<std[97b98282bc616a66]::sys::backtrace::BacktraceLock>::print::DisplayBacktrace as core[832e9a552fc17241]::fmt::Display>::fmt
[INFO] [stdout]    1:     0x5fdd8d1e9a8a - core[832e9a552fc17241]::fmt::write
[INFO] [stdout]    2:     0x5fdd8d1d852c - <std[97b98282bc616a66]::sys::stdio::unix::Stderr as std[97b98282bc616a66]::io::Write>::write_fmt
[INFO] [stdout]    3:     0x5fdd8d1b22c6 - std[97b98282bc616a66]::panicking::default_hook::{closure#0}
[INFO] [stdout]    4:     0x5fdd8d1cb401 - std[97b98282bc616a66]::panicking::default_hook
[INFO] [stdout]    5:     0x5fdd8d1cb72b - std[97b98282bc616a66]::panicking::panic_with_hook
[INFO] [stdout]    6:     0x5fdd8d1b2372 - std[97b98282bc616a66]::panicking::panic_handler::{closure#0}
[INFO] [stdout]    7:     0x5fdd8d1a99a9 - std[97b98282bc616a66]::sys::backtrace::__rust_end_short_backtrace::<std[97b98282bc616a66]::panicking::panic_handler::{closure#0}, !>
[INFO] [stdout]    8:     0x5fdd8d1b2dfd - __rustc[e3d8617bb01b7f69]::rust_begin_unwind
[INFO] [stdout]    9:     0x5fdd8d1ea26c - core[832e9a552fc17241]::panicking::panic_fmt
[INFO] [stdout]   10:     0x5fdd8d1ea042 - core[832e9a552fc17241]::result::unwrap_failed
[INFO] [stdout]   11:     0x5fdd8ce6d61f - <tokio[e5248d5b0082a1b3]::runtime::park::CachedParkThread>::block_on::<stb[1bfadf5906861ac6]::main::{closure#0}>
[INFO] [stdout]   12:     0x5fdd8ce7e054 - tokio[e5248d5b0082a1b3]::runtime::context::runtime::enter_runtime::<<tokio[e5248d5b0082a1b3]::runtime::scheduler::multi_thread::MultiThread>::block_on<stb[1bfadf5906861ac6]::main::{closure#0}>::{closure#0}, core[832e9a552fc17241]::result::Result<(), alloc[3ecab9f82c41dc7d]::boxed::Box<dyn core[832e9a552fc17241]::error::Error>>>
[INFO] [stdout]   13:     0x5fdd8ce8557b - <tokio[e5248d5b0082a1b3]::runtime::runtime::Runtime>::block_on::<stb[1bfadf5906861ac6]::main::{closure#0}>
[INFO] [stdout]   14:     0x5fdd8ce8209c - stb[1bfadf5906861ac6]::main
[INFO] [stdout]   15:     0x5fdd8ce87a23 - std[97b98282bc616a66]::sys::backtrace::__rust_begin_short_backtrace::<fn() -> core[832e9a552fc17241]::result::Result<(), alloc[3ecab9f82c41dc7d]::boxed::Box<dyn core[832e9a552fc17241]::error::Error>>, core[832e9a552fc17241]::result::Result<(), alloc[3ecab9f82c41dc7d]::boxed::Box<dyn core[832e9a552fc17241]::error::Error>>>
[INFO] [stdout]   16:     0x5fdd8ce79939 - std[97b98282bc616a66]::rt::lang_start::<core[832e9a552fc17241]::result::Result<(), alloc[3ecab9f82c41dc7d]::boxed::Box<dyn core[832e9a552fc17241]::error::Error>>>::{closure#0}
[INFO] [stdout]   17:     0x5fdd8d1ca4f7 - std[97b98282bc616a66]::rt::lang_start_internal
[INFO] [stdout]   18:     0x5fdd8ce83695 - main
[INFO] [stdout]   19:     0x77369743a601 - <unknown>
[INFO] [stdout]   20:     0x77369743a718 - __libc_start_main
[INFO] [stdout]   21:     0x5fdd8ce58125 - _start
[INFO] [stderr] error: test failed, to rerun pass `-p story-tracker-cli --bin stb`
[INFO] [stdout]   22:                0x0 - <unknown>
[INFO] [stdout] ```
[INFO] [stdout] ```
[INFO] [stdout] command=`exit="0" "/opt/rustwide/target/release/stb" "generate" "https://www.pivotaltracker.com/n/projects/2673618/stories/185916371"`
[INFO] [stdout] code=101
[INFO] [stdout] stdout=""
[INFO] [stdout] stderr=```
[INFO] [stdout] 
[INFO] [stdout] thread \'main\' (3471) panicked at crates/story-tracker-cli/src/main.rs:29:14:
[INFO] [stdout] Environment variable PIVOTAL_TRACKER_TOKEN is required: NotPresent
[INFO] [stdout] stack backtrace:
[INFO] [stdout]    0:     0x5fdd8d1d1351 - <<std[97b98282bc616a66]::sys::backtrace::BacktraceLock>::print::DisplayBacktrace as core[832e9a552fc17241]::fmt::Display>::fmt
[INFO] [stdout]    1:     0x5fdd8d1e9a8a - core[832e9a552fc17241]::fmt::write
[INFO] [stdout]    2:     0x5fdd8d1d852c - <std[97b98282bc616a66]::sys::stdio::unix::Stderr as std[97b98282bc616a66]::io::Write>::write_fmt
[INFO] [stdout]    3:     0x5fdd8d1b22c6 - std[97b98282bc616a66]::panicking::default_hook::{closure#0}
[INFO] [stdout]    4:     0x5fdd8d1cb401 - std[97b98282bc616a66]::panicking::default_hook
[INFO] [stdout]    5:     0x5fdd8d1cb72b - std[97b98282bc616a66]::panicking::panic_with_hook
[INFO] [stdout]    6:     0x5fdd8d1b2372 - std[97b98282bc616a66]::panicking::panic_handler::{closure#0}
[INFO] [stdout]    7:     0x5fdd8d1a99a9 - std[97b98282bc616a66]::sys::backtrace::__rust_end_short_backtrace::<std[97b98282bc616a66]::panicking::panic_handler::{closure#0}, !>
[INFO] [stdout]    8:     0x5fdd8d1b2dfd - __rustc[e3d8617bb01b7f69]::rust_begin_unwind
[INFO] [stdout]    9:     0x5fdd8d1ea26c - core[832e9a552fc17241]::panicking::panic_fmt
[INFO] [stdout]   10:     0x5fdd8d1ea042 - core[832e9a552fc17241]::result::unwrap_failed
[INFO] [stdout]   11:     0x5fdd8ce6d61f - <tokio[e5248d5b0082a1b3]::runtime::park::CachedParkThread>::block_on::<stb[1bfadf5906861ac6]::main::{closure#0}>
[INFO] [stdout]   12:     0x5fdd8ce7e054 - tokio[e5248d5b0082a1b3]::runtime::context::runtime::enter_runtime::<<tokio[e5248d5b0082a1b3]::runtime::scheduler::multi_thread::MultiThread>::block_on<stb[1bfadf5906861ac6]::main::{closure#0}>::{closure#0}, core[832e9a552fc17241]::result::Result<(), alloc[3ecab9f82c41dc7d]::boxed::Box<dyn core[832e9a552fc17241]::error::Error>>>
[INFO] [stdout]   13:     0x5fdd8ce8557b - <tokio[e5248d5b0082a1b3]::runtime::runtime::Runtime>::block_on::<stb[1bfadf5906861ac6]::main::{closure#0}>
[INFO] [stdout]   14:     0x5fdd8ce8209c - stb[1bfadf5906861ac6]::main
[INFO] [stdout]   15:     0x5fdd8ce87a23 - std[97b98282bc616a66]::sys::backtrace::__rust_begin_short_backtrace::<fn() -> core[832e9a552fc17241]::result::Result<(), alloc[3ecab9f82c41dc7d]::boxed::Box<dyn core[832e9a552fc17241]::error::Error>>, core[832e9a552fc17241]::result::Result<(), alloc[3ecab9f82c41dc7d]::boxed::Box<dyn core[832e9a552fc17241]::error::Error>>>
[INFO] [stdout]   16:     0x5fdd8ce79939 - std[97b98282bc616a66]::rt::lang_start::<core[832e9a552fc17241]::result::Result<(), alloc[3ecab9f82c41dc7d]::boxed::Box<dyn core[832e9a552fc17241]::error::Error>>>::{closure#0}
[INFO] [stdout]   17:     0x5fdd8d1ca4f7 - std[97b98282bc616a66]::rt::lang_start_internal
[INFO] [stdout]   18:     0x5fdd8ce83695 - main
[INFO] [stdout]   19:     0x77369743a601 - <unknown>
[INFO] [stdout]   20:     0x77369743a718 - __libc_start_main
[INFO] [stdout]   21:     0x5fdd8ce58125 - _start
[INFO] [stdout]   22:                0x0 - <unknown>
[INFO] [stdout] ```
[INFO] [stdout] 
[INFO] [stdout] 
[INFO] [stdout] stack backtrace:
[INFO] [stdout]    0:     0x5e44d3927041 - <<std[97b98282bc616a66]::sys::backtrace::BacktraceLock>::print::DisplayBacktrace as core[832e9a552fc17241]::fmt::Display>::fmt
[INFO] [stdout]    1:     0x5e44d393d4fa - core[832e9a552fc17241]::fmt::write
[INFO] [stdout]    2:     0x5e44d392c91c - <alloc[3ecab9f82c41dc7d]::vec::Vec<u8> as std[97b98282bc616a66]::io::Write>::write_fmt
[INFO] [stdout]    3:     0x5e44d3904d56 - std[97b98282bc616a66]::panicking::default_hook::{closure#0}
[INFO] [stdout]    4:     0x5e44d391f129 - std[97b98282bc616a66]::panicking::default_hook
[INFO] [stdout]    5:     0x5e44d38a1490 - test[39766f3d73431624]::test_main_inner::<test[39766f3d73431624]::test_main_static::{closure#0}>::{closure#0}
[INFO] [stdout]    6:     0x5e44d391f2e2 - std[97b98282bc616a66]::panicking::panic_with_hook
[INFO] [stdout]    7:     0x5e44d3904e02 - std[97b98282bc616a66]::panicking::panic_handler::{closure#0}
[INFO] [stdout]    8:     0x5e44d38fc759 - std[97b98282bc616a66]::sys::backtrace::__rust_end_short_backtrace::<std[97b98282bc616a66]::panicking::panic_handler::{closure#0}, !>
[INFO] [stdout]    9:     0x5e44d39059fd - __rustc[e3d8617bb01b7f69]::rust_begin_unwind
[INFO] [stdout]   10:     0x5e44d393dc2c - core[832e9a552fc17241]::panicking::panic_fmt
[INFO] [stdout]   11:     0x5e44d38d57b4 - <assert_cmd[3085f317b145649e]::assert::AssertError>::panic::<assert_cmd[3085f317b145649e]::assert::Assert>
[INFO] [stdout]   12:     0x5e44d38d6236 - <assert_cmd[3085f317b145649e]::assert::Assert>::success
[INFO] [stdout]   13:     0x5e44d3893ecd - <stb[5d1a954e405bf228]::tests::test_generate_story_page_link::{closure#0} as core[832e9a552fc17241]::ops::function::FnOnce<()>>::call_once
[INFO] [stdout]   14:     0x5e44d38947cb - test[39766f3d73431624]::__rust_begin_short_backtrace::<core[832e9a552fc17241]::result::Result<(), alloc[3ecab9f82c41dc7d]::string::String>, fn() -> core[832e9a552fc17241]::result::Result<(), alloc[3ecab9f82c41dc7d]::string::String>>
[INFO] [stdout]   15:     0x5e44d38a1e15 - test[39766f3d73431624]::run_test::{closure#0}
[INFO] [stdout]   16:     0x5e44d389c8c4 - std[97b98282bc616a66]::sys::backtrace::__rust_begin_short_backtrace::<test[39766f3d73431624]::run_test::{closure#1}, ()>
[INFO] [stdout]   17:     0x5e44d38a4f62 - <std[97b98282bc616a66]::thread::lifecycle::spawn_unchecked<test[39766f3d73431624]::run_test::{closure#1}, ()>::{closure#1} as core[832e9a552fc17241]::ops::function::FnOnce<()>>::call_once::{shim:vtable#0}
[INFO] [stdout]   18:     0x5e44d392684f - <std[97b98282bc616a66]::sys::thread::unix::Thread>::new::thread_start
[INFO] [stdout]   19:     0x7e764e39707a - <unknown>
[INFO] [stdout]   20:     0x7e764e42a534 - clone
[INFO] [stdout]   21:                0x0 - <unknown>
[INFO] [stdout] 
[INFO] [stdout] ---- tests::test_generate_pound_story_id stdout ----
[INFO] [stdout] 
[INFO] [stdout] thread 'tests::test_generate_pound_story_id' (3455) panicked at /rustc/04eb0d7194012623e82369b466d5084522957446/library/core/src/ops/function.rs:250:5:
[INFO] [stdout] Unexpected failure.
[INFO] [stdout] code=101
[INFO] [stdout] stderr=``````
[INFO] [stdout] 
[INFO] [stdout] thread \'main\' (3462) panicked at crates/story-tracker-cli/src/main.rs:29:14:
[INFO] [stdout] Environment variable PIVOTAL_TRACKER_TOKEN is required: NotPresent
[INFO] [stdout] stack backtrace:
[INFO] [stdout]    0:     0x593331fa5351 - <<std[97b98282bc616a66]::sys::backtrace::BacktraceLock>::print::DisplayBacktrace as core[832e9a552fc17241]::fmt::Display>::fmt
[INFO] [stdout]    1:     0x593331fbda8a - core[832e9a552fc17241]::fmt::write
[INFO] [stdout]    2:     0x593331fac52c - <std[97b98282bc616a66]::sys::stdio::unix::Stderr as std[97b98282bc616a66]::io::Write>::write_fmt
[INFO] [stdout]    3:     0x593331f862c6 - std[97b98282bc616a66]::panicking::default_hook::{closure#0}
[INFO] [stdout]    4:     0x593331f9f401 - std[97b98282bc616a66]::panicking::default_hook
[INFO] [stdout]    5:     0x593331f9f72b - std[97b98282bc616a66]::panicking::panic_with_hook
[INFO] [stdout]    6:     0x593331f86372 - std[97b98282bc616a66]::panicking::panic_handler::{closure#0}
[INFO] [stdout]    7:     0x593331f7d9a9 - std[97b98282bc616a66]::sys::backtrace::__rust_end_short_backtrace::<std[97b98282bc616a66]::panicking::panic_handler::{closure#0}, !>
[INFO] [stdout]    8:     0x593331f86dfd - __rustc[e3d8617bb01b7f69]::rust_begin_unwind
[INFO] [stdout]    9:     0x593331fbe26c - core[832e9a552fc17241]::panicking::panic_fmt
[INFO] [stdout]   10:     0x593331fbe042 - core[832e9a552fc17241]::result::unwrap_failed
[INFO] [stdout]   11:     0x593331c4161f - <tokio[e5248d5b0082a1b3]::runtime::park::CachedParkThread>::block_on::<stb[1bfadf5906861ac6]::main::{closure#0}>
[INFO] [stdout]   12:     0x593331c52054 - tokio[e5248d5b0082a1b3]::runtime::context::runtime::enter_runtime::<<tokio[e5248d5b0082a1b3]::runtime::scheduler::multi_thread::MultiThread>::block_on<stb[1bfadf5906861ac6]::main::{closure#0}>::{closure#0}, core[832e9a552fc17241]::result::Result<(), alloc[3ecab9f82c41dc7d]::boxed::Box<dyn core[832e9a552fc17241]::error::Error>>>
[INFO] [stdout]   13:     0x593331c5957b - <tokio[e5248d5b0082a1b3]::runtime::runtime::Runtime>::block_on::<stb[1bfadf5906861ac6]::main::{closure#0}>
[INFO] [stdout]   14:     0x593331c5609c - stb[1bfadf5906861ac6]::main
[INFO] [stdout]   15:     0x593331c5ba23 - std[97b98282bc616a66]::sys::backtrace::__rust_begin_short_backtrace::<fn() -> core[832e9a552fc17241]::result::Result<(), alloc[3ecab9f82c41dc7d]::boxed::Box<dyn core[832e9a552fc17241]::error::Error>>, core[832e9a552fc17241]::result::Result<(), alloc[3ecab9f82c41dc7d]::boxed::Box<dyn core[832e9a552fc17241]::error::Error>>>
[INFO] [stdout]   16:     0x593331c4d939 - std[97b98282bc616a66]::rt::lang_start::<core[832e9a552fc17241]::result::Result<(), alloc[3ecab9f82c41dc7d]::boxed::Box<dyn core[832e9a552fc17241]::error::Error>>>::{closure#0}
[INFO] [stdout]   17:     0x593331f9e4f7 - std[97b98282bc616a66]::rt::lang_start_internal
[INFO] [stdout]   18:     0x593331c57695 - main
[INFO] [stdout]   19:     0x744d60472601 - <unknown>
[INFO] [stdout]   20:     0x744d60472718 - __libc_start_main
[INFO] [stdout]   21:     0x593331c2c125 - _start
[INFO] [stdout]   22:                0x0 - <unknown>
[INFO] [stdout] ```
[INFO] [stdout] ```
[INFO] [stdout] command=`exit="0" "/opt/rustwide/target/release/stb" "generate" "#185916371"`
[INFO] [stdout] code=101
[INFO] [stdout] stdout=""
[INFO] [stdout] stderr=```
[INFO] [stdout] 
[INFO] [stdout] thread \'main\' (3462) panicked at crates/story-tracker-cli/src/main.rs:29:14:
[INFO] [stdout] Environment variable PIVOTAL_TRACKER_TOKEN is required: NotPresent
[INFO] [stdout] stack backtrace:
[INFO] [stdout]    0:     0x593331fa5351 - <<std[97b98282bc616a66]::sys::backtrace::BacktraceLock>::print::DisplayBacktrace as core[832e9a552fc17241]::fmt::Display>::fmt
[INFO] [stdout]    1:     0x593331fbda8a - core[832e9a552fc17241]::fmt::write
[INFO] [stdout]    2:     0x593331fac52c - <std[97b98282bc616a66]::sys::stdio::unix::Stderr as std[97b98282bc616a66]::io::Write>::write_fmt
[INFO] [stdout]    3:     0x593331f862c6 - std[97b98282bc616a66]::panicking::default_hook::{closure#0}
[INFO] [stdout]    4:     0x593331f9f401 - std[97b98282bc616a66]::panicking::default_hook
[INFO] [stdout]    5:     0x593331f9f72b - std[97b98282bc616a66]::panicking::panic_with_hook
[INFO] [stdout]    6:     0x593331f86372 - std[97b98282bc616a66]::panicking::panic_handler::{closure#0}
[INFO] [stdout]    7:     0x593331f7d9a9 - std[97b98282bc616a66]::sys::backtrace::__rust_end_short_backtrace::<std[97b98282bc616a66]::panicking::panic_handler::{closure#0}, !>
[INFO] [stdout]    8:     0x593331f86dfd - __rustc[e3d8617bb01b7f69]::rust_begin_unwind
[INFO] [stdout]    9:     0x593331fbe26c - core[832e9a552fc17241]::panicking::panic_fmt
[INFO] [stdout]   10:     0x593331fbe042 - core[832e9a552fc17241]::result::unwrap_failed
[INFO] [stdout]   11:     0x593331c4161f - <tokio[e5248d5b0082a1b3]::runtime::park::CachedParkThread>::block_on::<stb[1bfadf5906861ac6]::main::{closure#0}>
[INFO] [stdout]   12:     0x593331c52054 - tokio[e5248d5b0082a1b3]::runtime::context::runtime::enter_runtime::<<tokio[e5248d5b0082a1b3]::runtime::scheduler::multi_thread::MultiThread>::block_on<stb[1bfadf5906861ac6]::main::{closure#0}>::{closure#0}, core[832e9a552fc17241]::result::Result<(), alloc[3ecab9f82c41dc7d]::boxed::Box<dyn core[832e9a552fc17241]::error::Error>>>
[INFO] [stdout]   13:     0x593331c5957b - <tokio[e5248d5b0082a1b3]::runtime::runtime::Runtime>::block_on::<stb[1bfadf5906861ac6]::main::{closure#0}>
[INFO] [stdout]   14:     0x593331c5609c - stb[1bfadf5906861ac6]::main
[INFO] [stdout]   15:     0x593331c5ba23 - std[97b98282bc616a66]::sys::backtrace::__rust_begin_short_backtrace::<fn() -> core[832e9a552fc17241]::result::Result<(), alloc[3ecab9f82c41dc7d]::boxed::Box<dyn core[832e9a552fc17241]::error::Error>>, core[832e9a552fc17241]::result::Result<(), alloc[3ecab9f82c41dc7d]::boxed::Box<dyn core[832e9a552fc17241]::error::Error>>>
[INFO] [stdout]   16:     0x593331c4d939 - std[97b98282bc616a66]::rt::lang_start::<core[832e9a552fc17241]::result::Result<(), alloc[3ecab9f82c41dc7d]::boxed::Box<dyn core[832e9a552fc17241]::error::Error>>>::{closure#0}
[INFO] [stdout]   17:     0x593331f9e4f7 - std[97b98282bc616a66]::rt::lang_start_internal
[INFO] [stdout]   18:     0x593331c57695 - main
[INFO] [stdout]   19:     0x744d60472601 - <unknown>
[INFO] [stdout]   20:     0x744d60472718 - __libc_start_main
[INFO] [stdout]   21:     0x593331c2c125 - _start
[INFO] [stdout]   22:                0x0 - <unknown>
[INFO] [stdout] ```
[INFO] [stdout] 
[INFO] [stdout] 
[INFO] [stdout] stack backtrace:
[INFO] [stdout]    0:     0x5e44d3927041 - <<std[97b98282bc616a66]::sys::backtrace::BacktraceLock>::print::DisplayBacktrace as core[832e9a552fc17241]::fmt::Display>::fmt
[INFO] [stdout]    1:     0x5e44d393d4fa - core[832e9a552fc17241]::fmt::write
[INFO] [stdout]    2:     0x5e44d392c91c - <alloc[3ecab9f82c41dc7d]::vec::Vec<u8> as std[97b98282bc616a66]::io::Write>::write_fmt
[INFO] [stdout]    3:     0x5e44d3904d56 - std[97b98282bc616a66]::panicking::default_hook::{closure#0}
[INFO] [stdout]    4:     0x5e44d391f129 - std[97b98282bc616a66]::panicking::default_hook
[INFO] [stdout]    5:     0x5e44d38a1490 - test[39766f3d73431624]::test_main_inner::<test[39766f3d73431624]::test_main_static::{closure#0}>::{closure#0}
[INFO] [stdout]    6:     0x5e44d391f2e2 - std[97b98282bc616a66]::panicking::panic_with_hook
[INFO] [stdout]    7:     0x5e44d3904e02 - std[97b98282bc616a66]::panicking::panic_handler::{closure#0}
[INFO] [stdout]    8:     0x5e44d38fc759 - std[97b98282bc616a66]::sys::backtrace::__rust_end_short_backtrace::<std[97b98282bc616a66]::panicking::panic_handler::{closure#0}, !>
[INFO] [stdout]    9:     0x5e44d39059fd - __rustc[e3d8617bb01b7f69]::rust_begin_unwind
[INFO] [stdout]   10:     0x5e44d393dc2c - core[832e9a552fc17241]::panicking::panic_fmt
[INFO] [stdout]   11:     0x5e44d38d57b4 - <assert_cmd[3085f317b145649e]::assert::AssertError>::panic::<assert_cmd[3085f317b145649e]::assert::Assert>
[INFO] [stdout]   12:     0x5e44d38d6236 - <assert_cmd[3085f317b145649e]::assert::Assert>::success
[INFO] [stdout]   13:     0x5e44d3893a2e - <stb[5d1a954e405bf228]::tests::test_generate_pound_story_id::{closure#0} as core[832e9a552fc17241]::ops::function::FnOnce<()>>::call_once
[INFO] [stdout]   14:     0x5e44d38947cb - test[39766f3d73431624]::__rust_begin_short_backtrace::<core[832e9a552fc17241]::result::Result<(), alloc[3ecab9f82c41dc7d]::string::String>, fn() -> core[832e9a552fc17241]::result::Result<(), alloc[3ecab9f82c41dc7d]::string::String>>
[INFO] [stdout]   15:     0x5e44d38a1e15 - test[39766f3d73431624]::run_test::{closure#0}
[INFO] [stdout]   16:     0x5e44d389c8c4 - std[97b98282bc616a66]::sys::backtrace::__rust_begin_short_backtrace::<test[39766f3d73431624]::run_test::{closure#1}, ()>
[INFO] [stdout]   17:     0x5e44d38a4f62 - <std[97b98282bc616a66]::thread::lifecycle::spawn_unchecked<test[39766f3d73431624]::run_test::{closure#1}, ()>::{closure#1} as core[832e9a552fc17241]::ops::function::FnOnce<()>>::call_once::{shim:vtable#0}
[INFO] [stdout]   18:     0x5e44d392684f - <std[97b98282bc616a66]::sys::thread::unix::Thread>::new::thread_start
[INFO] [stdout]   19:     0x7e764e39707a - <unknown>
[INFO] [stdout]   20:     0x7e764e42a534 - clone
[INFO] [stdout]   21:                0x0 - <unknown>
[INFO] [stdout] 
[INFO] [stdout] ---- tests::test_gen_story_tile_link stdout ----
[INFO] [stdout] 
[INFO] [stdout] thread 'tests::test_gen_story_tile_link' (3454) panicked at /rustc/04eb0d7194012623e82369b466d5084522957446/library/core/src/ops/function.rs:250:5:
[INFO] [stdout] Unexpected failure.
[INFO] [stdout] code=101
[INFO] [stdout] stderr=``````
[INFO] [stdout] 
[INFO] [stdout] thread \'main\' (3460) panicked at crates/story-tracker-cli/src/main.rs:29:14:
[INFO] [stdout] Environment variable PIVOTAL_TRACKER_TOKEN is required: NotPresent
[INFO] [stdout] stack backtrace:
[INFO] [stdout]    0:     0x55594187c351 - <<std[97b98282bc616a66]::sys::backtrace::BacktraceLock>::print::DisplayBacktrace as core[832e9a552fc17241]::fmt::Display>::fmt
[INFO] [stdout]    1:     0x555941894a8a - core[832e9a552fc17241]::fmt::write
[INFO] [stdout]    2:     0x55594188352c - <std[97b98282bc616a66]::sys::stdio::unix::Stderr as std[97b98282bc616a66]::io::Write>::write_fmt
[INFO] [stdout]    3:     0x55594185d2c6 - std[97b98282bc616a66]::panicking::default_hook::{closure#0}
[INFO] [stdout]    4:     0x555941876401 - std[97b98282bc616a66]::panicking::default_hook
[INFO] [stdout]    5:     0x55594187672b - std[97b98282bc616a66]::panicking::panic_with_hook
[INFO] [stdout]    6:     0x55594185d372 - std[97b98282bc616a66]::panicking::panic_handler::{closure#0}
[INFO] [stdout]    7:     0x5559418549a9 - std[97b98282bc616a66]::sys::backtrace::__rust_end_short_backtrace::<std[97b98282bc616a66]::panicking::panic_handler::{closure#0}, !>
[INFO] [stdout]    8:     0x55594185ddfd - __rustc[e3d8617bb01b7f69]::rust_begin_unwind
[INFO] [stdout]    9:     0x55594189526c - core[832e9a552fc17241]::panicking::panic_fmt
[INFO] [stdout]   10:     0x555941895042 - core[832e9a552fc17241]::result::unwrap_failed
[INFO] [stdout]   11:     0x55594151861f - <tokio[e5248d5b0082a1b3]::runtime::park::CachedParkThread>::block_on::<stb[1bfadf5906861ac6]::main::{closure#0}>
[INFO] [stdout]   12:     0x555941529054 - tokio[e5248d5b0082a1b3]::runtime::context::runtime::enter_runtime::<<tokio[e5248d5b0082a1b3]::runtime::scheduler::multi_thread::MultiThread>::block_on<stb[1bfadf5906861ac6]::main::{closure#0}>::{closure#0}, core[832e9a552fc17241]::result::Result<(), alloc[3ecab9f82c41dc7d]::boxed::Box<dyn core[832e9a552fc17241]::error::Error>>>
[INFO] [stdout]   13:     0x55594153057b - <tokio[e5248d5b0082a1b3]::runtime::runtime::Runtime>::block_on::<stb[1bfadf5906861ac6]::main::{closure#0}>
[INFO] [stdout]   14:     0x55594152d09c - stb[1bfadf5906861ac6]::main
[INFO] [stdout]   15:     0x555941532a23 - std[97b98282bc616a66]::sys::backtrace::__rust_begin_short_backtrace::<fn() -> core[832e9a552fc17241]::result::Result<(), alloc[3ecab9f82c41dc7d]::boxed::Box<dyn core[832e9a552fc17241]::error::Error>>, core[832e9a552fc17241]::result::Result<(), alloc[3ecab9f82c41dc7d]::boxed::Box<dyn core[832e9a552fc17241]::error::Error>>>
[INFO] [stdout]   16:     0x555941524939 - std[97b98282bc616a66]::rt::lang_start::<core[832e9a552fc17241]::result::Result<(), alloc[3ecab9f82c41dc7d]::boxed::Box<dyn core[832e9a552fc17241]::error::Error>>>::{closure#0}
[INFO] [stdout]   17:     0x5559418754f7 - std[97b98282bc616a66]::rt::lang_start_internal
[INFO] [stdout]   18:     0x55594152e695 - main
[INFO] [stdout]   19:     0x7bba34baa601 - <unknown>
[INFO] [stdout]   20:     0x7bba34baa718 - __libc_start_main
[INFO] [stdout]   21:     0x555941503125 - _start
[INFO] [stdout]   22:                0x0 - <unknown>
[INFO] [stdout] ```
[INFO] [stdout] ```
[INFO] [stdout] command=`exit="0" "/opt/rustwide/target/release/stb" "gen" "https://www.pivotaltracker.com/story/show/185916371"`
[INFO] [stdout] code=101
[INFO] [stdout] stdout=""
[INFO] [stdout] stderr=```
[INFO] [stdout] 
[INFO] [stdout] thread \'main\' (3460) panicked at crates/story-tracker-cli/src/main.rs:29:14:
[INFO] [stdout] Environment variable PIVOTAL_TRACKER_TOKEN is required: NotPresent
[INFO] [stdout] stack backtrace:
[INFO] [stdout]    0:     0x55594187c351 - <<std[97b98282bc616a66]::sys::backtrace::BacktraceLock>::print::DisplayBacktrace as core[832e9a552fc17241]::fmt::Display>::fmt
[INFO] [stdout]    1:     0x555941894a8a - core[832e9a552fc17241]::fmt::write
[INFO] [stdout]    2:     0x55594188352c - <std[97b98282bc616a66]::sys::stdio::unix::Stderr as std[97b98282bc616a66]::io::Write>::write_fmt
[INFO] [stdout]    3:     0x55594185d2c6 - std[97b98282bc616a66]::panicking::default_hook::{closure#0}
[INFO] [stdout]    4:     0x555941876401 - std[97b98282bc616a66]::panicking::default_hook
[INFO] [stdout]    5:     0x55594187672b - std[97b98282bc616a66]::panicking::panic_with_hook
[INFO] [stdout]    6:     0x55594185d372 - std[97b98282bc616a66]::panicking::panic_handler::{closure#0}
[INFO] [stdout]    7:     0x5559418549a9 - std[97b98282bc616a66]::sys::backtrace::__rust_end_short_backtrace::<std[97b98282bc616a66]::panicking::panic_handler::{closure#0}, !>
[INFO] [stdout]    8:     0x55594185ddfd - __rustc[e3d8617bb01b7f69]::rust_begin_unwind
[INFO] [stdout]    9:     0x55594189526c - core[832e9a552fc17241]::panicking::panic_fmt
[INFO] [stdout]   10:     0x555941895042 - core[832e9a552fc17241]::result::unwrap_failed
[INFO] [stdout]   11:     0x55594151861f - <tokio[e5248d5b0082a1b3]::runtime::park::CachedParkThread>::block_on::<stb[1bfadf5906861ac6]::main::{closure#0}>
[INFO] [stdout]   12:     0x555941529054 - tokio[e5248d5b0082a1b3]::runtime::context::runtime::enter_runtime::<<tokio[e5248d5b0082a1b3]::runtime::scheduler::multi_thread::MultiThread>::block_on<stb[1bfadf5906861ac6]::main::{closure#0}>::{closure#0}, core[832e9a552fc17241]::result::Result<(), alloc[3ecab9f82c41dc7d]::boxed::Box<dyn core[832e9a552fc17241]::error::Error>>>
[INFO] [stdout]   13:     0x55594153057b - <tokio[e5248d5b0082a1b3]::runtime::runtime::Runtime>::block_on::<stb[1bfadf5906861ac6]::main::{closure#0}>
[INFO] [stdout]   14:     0x55594152d09c - stb[1bfadf5906861ac6]::main
[INFO] [stdout]   15:     0x555941532a23 - std[97b98282bc616a66]::sys::backtrace::__rust_begin_short_backtrace::<fn() -> core[832e9a552fc17241]::result::Result<(), alloc[3ecab9f82c41dc7d]::boxed::Box<dyn core[832e9a552fc17241]::error::Error>>, core[832e9a552fc17241]::result::Result<(), alloc[3ecab9f82c41dc7d]::boxed::Box<dyn core[832e9a552fc17241]::error::Error>>>
[INFO] [stdout]   16:     0x555941524939 - std[97b98282bc616a66]::rt::lang_start::<core[832e9a552fc17241]::result::Result<(), alloc[3ecab9f82c41dc7d]::boxed::Box<dyn core[832e9a552fc17241]::error::Error>>>::{closure#0}
[INFO] [stdout]   17:     0x5559418754f7 - std[97b98282bc616a66]::rt::lang_start_internal
[INFO] [stdout]   18:     0x55594152e695 - main
[INFO] [stdout]   19:     0x7bba34baa601 - <unknown>
[INFO] [stdout]   20:     0x7bba34baa718 - __libc_start_main
[INFO] [stdout]   21:     0x555941503125 - _start
[INFO] [stdout]   22:                0x0 - <unknown>
[INFO] [stdout] ```
[INFO] [stdout] 
[INFO] [stdout] 
[INFO] [stdout] stack backtrace:
[INFO] [stdout]    0:     0x5e44d3927041 - <<std[97b98282bc616a66]::sys::backtrace::BacktraceLock>::print::DisplayBacktrace as core[832e9a552fc17241]::fmt::Display>::fmt
[INFO] [stdout]    1:     0x5e44d393d4fa - core[832e9a552fc17241]::fmt::write
[INFO] [stdout]    2:     0x5e44d392c91c - <alloc[3ecab9f82c41dc7d]::vec::Vec<u8> as std[97b98282bc616a66]::io::Write>::write_fmt
[INFO] [stdout]    3:     0x5e44d3904d56 - std[97b98282bc616a66]::panicking::default_hook::{closure#0}
[INFO] [stdout]    4:     0x5e44d391f129 - std[97b98282bc616a66]::panicking::default_hook
[INFO] [stdout]    5:     0x5e44d38a1490 - test[39766f3d73431624]::test_main_inner::<test[39766f3d73431624]::test_main_static::{closure#0}>::{closure#0}
[INFO] [stdout]    6:     0x5e44d391f2e2 - std[97b98282bc616a66]::panicking::panic_with_hook
[INFO] [stdout]    7:     0x5e44d3904e02 - std[97b98282bc616a66]::panicking::panic_handler::{closure#0}
[INFO] [stdout]    8:     0x5e44d38fc759 - std[97b98282bc616a66]::sys::backtrace::__rust_end_short_backtrace::<std[97b98282bc616a66]::panicking::panic_handler::{closure#0}, !>
[INFO] [stdout]    9:     0x5e44d39059fd - __rustc[e3d8617bb01b7f69]::rust_begin_unwind
[INFO] [stdout]   10:     0x5e44d393dc2c - core[832e9a552fc17241]::panicking::panic_fmt
[INFO] [stdout]   11:     0x5e44d38d57b4 - <assert_cmd[3085f317b145649e]::assert::AssertError>::panic::<assert_cmd[3085f317b145649e]::assert::Assert>
[INFO] [stdout]   12:     0x5e44d38d6236 - <assert_cmd[3085f317b145649e]::assert::Assert>::success
[INFO] [stdout]   13:     0x5e44d389356d - <stb[5d1a954e405bf228]::tests::test_gen_story_tile_link::{closure#0} as core[832e9a552fc17241]::ops::function::FnOnce<()>>::call_once
[INFO] [stdout]   14:     0x5e44d38947cb - test[39766f3d73431624]::__rust_begin_short_backtrace::<core[832e9a552fc17241]::result::Result<(), alloc[3ecab9f82c41dc7d]::string::String>, fn() -> core[832e9a552fc17241]::result::Result<(), alloc[3ecab9f82c41dc7d]::string::String>>
[INFO] [stdout]   15:     0x5e44d38a1e15 - test[39766f3d73431624]::run_test::{closure#0}
[INFO] [stdout]   16:     0x5e44d389c8c4 - std[97b98282bc616a66]::sys::backtrace::__rust_begin_short_backtrace::<test[39766f3d73431624]::run_test::{closure#1}, ()>
[INFO] [stdout]   17:     0x5e44d38a4f62 - <std[97b98282bc616a66]::thread::lifecycle::spawn_unchecked<test[39766f3d73431624]::run_test::{closure#1}, ()>::{closure#1} as core[832e9a552fc17241]::ops::function::FnOnce<()>>::call_once::{shim:vtable#0}
[INFO] [stdout]   18:     0x5e44d392684f - <std[97b98282bc616a66]::sys::thread::unix::Thread>::new::thread_start
[INFO] [stdout]   19:     0x7e764e39707a - <unknown>
[INFO] [stdout]   20:     0x7e764e42a534 - clone
[INFO] [stdout]   21:                0x0 - <unknown>
[INFO] [stdout] 
[INFO] [stdout] 
[INFO] [stdout] failures:
[INFO] [stdout]     tests::test_gen_pound_story_id
[INFO] [stdout]     tests::test_gen_story_id
[INFO] [stdout]     tests::test_gen_story_page_link
[INFO] [stdout]     tests::test_gen_story_tile_link
[INFO] [stdout]     tests::test_generate_pound_story_id
[INFO] [stdout]     tests::test_generate_story_id
[INFO] [stdout]     tests::test_generate_story_page_link
[INFO] [stdout]     tests::test_generate_story_tile_link
[INFO] [stdout] 
[INFO] [stdout] test result: FAILED. 0 passed; 8 failed; 0 ignored; 0 measured; 0 filtered out; finished in 0.10s
[INFO] [stdout] 
[INFO] running `Command { std: "docker" "inspect" "a48125bc6f1e99c4803803c5861123079d653a6b71ef1326f397b57ead6ee23e", kill_on_drop: false }`
[INFO] running `Command { std: "docker" "rm" "-f" "a48125bc6f1e99c4803803c5861123079d653a6b71ef1326f397b57ead6ee23e", kill_on_drop: false }`
[INFO] [stdout] a48125bc6f1e99c4803803c5861123079d653a6b71ef1326f397b57ead6ee23e
