[INFO] cloning repository https://github.com/jomaway/graca
[INFO] running `Command { std: "git" "-c" "credential.helper=" "-c" "credential.helper=/workspace/cargo-home/bin/git-credential-null" "clone" "--bare" "https://github.com/jomaway/graca" "/workspace/cache/git-repos/https%3A%2F%2Fgithub.com%2Fjomaway%2Fgraca", kill_on_drop: false }`
[INFO] [stderr] Cloning into bare repository '/workspace/cache/git-repos/https%3A%2F%2Fgithub.com%2Fjomaway%2Fgraca'...
[INFO] running `Command { std: "git" "rev-parse" "HEAD", kill_on_drop: false }`
[INFO] [stdout] 96223025fff4dc9cb95244b39fbf08e77be86482
[INFO] testing jomaway/graca against 1.98.0-beta.8+cargoflags=--release for beta-release-1.99-2
[INFO] running `Command { std: "git" "clone" "/workspace/cache/git-repos/https%3A%2F%2Fgithub.com%2Fjomaway%2Fgraca" "/workspace/builds/worker-6-tc1/source", kill_on_drop: false }`
[INFO] [stderr] Cloning into '/workspace/builds/worker-6-tc1/source'...
[INFO] [stderr] done.
[INFO] started tweaking git repo https://github.com/jomaway/graca
[INFO] finished tweaking git repo https://github.com/jomaway/graca
[INFO] tweaked toml for git repo https://github.com/jomaway/graca written to /workspace/builds/worker-6-tc1/source/Cargo.toml
[INFO] validating manifest of git repo https://github.com/jomaway/graca on toolchain 1.98.0-beta.8
[INFO] running `Command { std: CARGO_HOME="/workspace/cargo-home" RUSTUP_HOME="/workspace/rustup-home" "/workspace/cargo-home/bin/cargo" "+1.98.0-beta.8" "metadata" "--manifest-path" "Cargo.toml" "--no-deps", kill_on_drop: false }`
[INFO] crate git repo https://github.com/jomaway/graca already has a lockfile, it will not be regenerated
[INFO] running `Command { std: CARGO_HOME="/workspace/cargo-home" RUSTUP_HOME="/workspace/rustup-home" "/workspace/cargo-home/bin/cargo" "+1.98.0-beta.8" "fetch" "--manifest-path" "Cargo.toml", kill_on_drop: false }`
[INFO] [stderr]     Updating crates.io index
[INFO] [stderr]  Downloading crates ...
[INFO] [stderr]   Downloaded tui-input v0.11.1
[INFO] [stderr]   Downloaded unicode-truncate v1.1.0
[INFO] [stderr]   Downloaded unicode-segmentation v1.12.0
[INFO] [stderr]   Downloaded crossterm_winapi v0.9.1
[INFO] [stderr]   Downloaded signal-hook-mio v0.2.4
[INFO] [stderr]   Downloaded serde_spanned v0.6.8
[INFO] [stderr]   Downloaded instability v0.3.7
[INFO] [stderr]   Downloaded errno v0.3.10
[INFO] [stderr]   Downloaded indoc v2.0.5
[INFO] [stderr]   Downloaded foldhash v0.1.4
[INFO] [stderr]   Downloaded castaway v0.2.3
[INFO] [stderr]   Downloaded colorchoice v1.0.3
[INFO] [stderr]   Downloaded anstyle-wincon v3.0.7
[INFO] [stderr]   Downloaded lockfree-object-pool v0.1.6
[INFO] [stderr]   Downloaded anstyle v1.0.10
[INFO] [stderr]   Downloaded is_terminal_polyfill v1.70.1
[INFO] [stderr]   Downloaded anstyle-query v1.1.2
[INFO] [stderr]   Downloaded simd-adler32 v0.3.7
[INFO] [stderr]   Downloaded redox_users v0.5.0
[INFO] [stderr]   Downloaded lru v0.12.5
[INFO] [stderr]   Downloaded derive_arbitrary v1.4.1
[INFO] [stderr]   Downloaded indenter v0.3.3
[INFO] [stderr]   Downloaded clap_lex v0.7.4
[INFO] [stderr]   Downloaded anstyle-parse v0.2.6
[INFO] [stderr]   Downloaded cassowary v0.3.0
[INFO] [stderr]   Downloaded tracing-error v0.2.1
[INFO] [stderr]   Downloaded thiserror v2.0.11
[INFO] [stderr]   Downloaded owo-colors v3.5.0
[INFO] [stderr]   Downloaded either v1.13.0
[INFO] [stderr]   Downloaded paste v1.0.15
[INFO] [stderr]   Downloaded displaydoc v0.2.5
[INFO] [stderr]   Downloaded anstream v0.6.18
[INFO] [stderr]   Downloaded thiserror-impl v2.0.11
[INFO] [stderr]   Downloaded arbitrary v1.4.1
[INFO] [stderr]   Downloaded directories v6.0.0
[INFO] [stderr]   Downloaded clap_derive v4.5.28
[INFO] [stderr]   Downloaded once_cell v1.20.3
[INFO] [stderr]   Downloaded eyre v0.6.12
[INFO] [stderr]   Downloaded unicode-ident v1.0.14
[INFO] [stderr]   Downloaded toml v0.8.20
[INFO] [stderr]   Downloaded zopfli v0.8.1
[INFO] [stderr]   Downloaded miniz_oxide v0.7.4
[INFO] [stderr]   Downloaded addr2line v0.21.0
[INFO] [stderr]   Downloaded clap v4.5.29
[INFO] [stderr]   Downloaded signal-hook v0.3.17
[INFO] [stderr]   Downloaded compact_str v0.8.1
[INFO] [stderr]   Downloaded miniz_oxide v0.8.4
[INFO] [stderr]   Downloaded bumpalo v3.17.0
[INFO] [stderr]   Downloaded indexmap v2.7.1
[INFO] [stderr]   Downloaded backtrace v0.3.71
[INFO] [stderr]   Downloaded zip v2.2.2
[INFO] [stderr]   Downloaded flate2 v1.0.35
[INFO] [stderr]   Downloaded cc v1.2.13
[INFO] [stderr]   Downloaded toml_edit v0.22.24
[INFO] [stderr]   Downloaded crossterm v0.28.1
[INFO] [stderr]   Downloaded itertools v0.13.0
[INFO] [stderr]   Downloaded winnow v0.7.2
[INFO] [stderr]   Downloaded color-spantrace v0.2.1
[INFO] [stderr]   Downloaded clap_builder v4.5.29
[INFO] [stderr]   Downloaded unicode-width v0.2.0
[INFO] [stderr]   Downloaded regex v1.11.1
[INFO] [stderr]   Downloaded gimli v0.28.1
[INFO] [stderr]   Downloaded object v0.32.2
[INFO] [stderr]   Downloaded rustix v0.38.43
[INFO] [stderr]   Downloaded ratatui v0.29.0
[INFO] [stderr]   Downloaded regex-automata v0.4.9
[INFO] [stderr]   Downloaded color-eyre v0.6.3
[INFO] [stderr]   Downloaded csv v1.3.1
[INFO] [stderr]   Downloaded linux-raw-sys v0.4.15
[INFO] [stderr]   Downloaded rust_xlsxwriter v0.84.0
[INFO] running `Command { std: "docker" "create" "-v" "/var/lib/crater-agent-workspace/builds/worker-6-tc1/source:/opt/rustwide/workdir:ro,Z" "-v" "/var/lib/crater-agent-workspace/builds/worker-6-tc1/target:/opt/rustwide/target:rw,Z" "-v" "/var/lib/crater-agent-workspace/cargo-home:/opt/rustwide/cargo-home:ro,Z" "-v" "/var/lib/crater-agent-workspace/rustup-home:/opt/rustwide/rustup-home:ro,Z" "-m" "1610612736" "--network" "none" "ghcr.io/rust-lang/crates-build-env/linux@sha256:8683fc1fc2eb5c9ac98e0d076ab094b2ffac7f99da555d2b6a2e27f346de2ec7" "sleep" "infinity", kill_on_drop: false }`
[INFO] [stdout] 473f3daf805274dec29f52db718257453c86d16fe92f802d7da4dbb9ef237962
[INFO] running `Command { std: "docker" "start" "473f3daf805274dec29f52db718257453c86d16fe92f802d7da4dbb9ef237962", kill_on_drop: false }`
[INFO] running `Command { std: "docker" "inspect" "473f3daf805274dec29f52db718257453c86d16fe92f802d7da4dbb9ef237962", kill_on_drop: false }`
[INFO] running `Command { std: "docker" "exec" "-e" "SOURCE_DIR=/opt/rustwide/workdir" "-e" "CARGO_HOME=/opt/rustwide/cargo-home" "-e" "RUSTUP_HOME=/opt/rustwide/rustup-home" "-e" "CARGO_TARGET_DIR=/opt/rustwide/target" "-w" "/opt/rustwide/workdir" "--user" "0:0" "473f3daf805274dec29f52db718257453c86d16fe92f802d7da4dbb9ef237962" "/opt/rustwide/cargo-home/bin/cargo" "+1.98.0-beta.8" "metadata" "--no-deps" "--format-version=1", kill_on_drop: false }`
[INFO] running `Command { std: "docker" "inspect" "473f3daf805274dec29f52db718257453c86d16fe92f802d7da4dbb9ef237962", kill_on_drop: false }`
[INFO] running `Command { std: "docker" "exec" "-e" "SOURCE_DIR=/opt/rustwide/workdir" "-e" "CARGO_HOME=/opt/rustwide/cargo-home" "-e" "RUSTUP_HOME=/opt/rustwide/rustup-home" "-e" "CARGO_TARGET_DIR=/opt/rustwide/target" "-e" "CARGO_INCREMENTAL=0" "-e" "RUST_BACKTRACE=full" "-e" "RUSTFLAGS=--cap-lints=warn" "-e" "RUSTDOCFLAGS=--cap-lints=warn" "-w" "/opt/rustwide/workdir" "--user" "0:0" "473f3daf805274dec29f52db718257453c86d16fe92f802d7da4dbb9ef237962" "/opt/rustwide/cargo-home/bin/cargo" "+1.98.0-beta.8" "build" "--frozen" "--message-format=json" "--release", kill_on_drop: false }`
[INFO] [stderr]    Compiling proc-macro2 v1.0.93
[INFO] [stderr]    Compiling unicode-ident v1.0.14
[INFO] [stderr]    Compiling cfg-if v1.0.0
[INFO] [stderr]    Compiling libc v0.2.169
[INFO] [stderr]    Compiling log v0.4.25
[INFO] [stderr]    Compiling once_cell v1.20.3
[INFO] [stderr]    Compiling smallvec v1.13.2
[INFO] [stderr]    Compiling equivalent v1.0.1
[INFO] [stderr]    Compiling rustversion v1.0.19
[INFO] [stderr]    Compiling foldhash v0.1.4
[INFO] [stderr]    Compiling allocator-api2 v0.2.21
[INFO] [stderr]    Compiling autocfg v1.4.0
[INFO] [stderr]    Compiling serde v1.0.217
[INFO] [stderr]    Compiling memchr v2.7.4
[INFO] [stderr]    Compiling heck v0.5.0
[INFO] [stderr]    Compiling tracing-core v0.1.33
[INFO] [stderr]    Compiling strsim v0.11.1
[INFO] [stderr]    Compiling lock_api v0.4.12
[INFO] [stderr]    Compiling fnv v1.0.7
[INFO] [stderr]    Compiling regex-syntax v0.6.29
[INFO] [stderr]    Compiling quote v1.0.38
[INFO] [stderr]    Compiling hashbrown v0.15.2
[INFO] [stderr]    Compiling regex-syntax v0.8.5
[INFO] [stderr]    Compiling syn v2.0.96
[INFO] [stderr]    Compiling parking_lot_core v0.9.10
[INFO] [stderr]    Compiling signal-hook v0.3.17
[INFO] [stderr]    Compiling ident_case v1.0.1
[INFO] [stderr]    Compiling signal-hook-registry v1.4.2
[INFO] [stderr]    Compiling shlex v1.3.0
[INFO] [stderr]    Compiling pin-project-lite v0.2.16
[INFO] [stderr]    Compiling overload v0.1.1
[INFO] [stderr]    Compiling rustix v0.38.43
[INFO] [stderr]    Compiling lazy_static v1.5.0
[INFO] [stderr]    Compiling scopeguard v1.2.0
[INFO] [stderr]    Compiling sharded-slab v0.1.7
[INFO] [stderr]    Compiling indexmap v2.7.1
[INFO] [stderr]    Compiling nu-ansi-term v0.46.0
[INFO] [stderr]    Compiling cc v1.2.13
[INFO] [stderr]    Compiling mio v1.0.3
[INFO] [stderr]    Compiling tracing-log v0.2.0
[INFO] [stderr]    Compiling thread_local v1.1.8
[INFO] [stderr]    Compiling regex-automata v0.1.10
[INFO] [stderr]    Compiling regex-automata v0.4.9
[INFO] [stderr]    Compiling crc32fast v1.4.2
[INFO] [stderr]    Compiling utf8parse v0.2.2
[INFO] [stderr]    Compiling either v1.13.0
[INFO] [stderr]    Compiling linux-raw-sys v0.4.15
[INFO] [stderr]    Compiling adler2 v2.0.0
[INFO] [stderr]    Compiling ryu v1.0.18
[INFO] [stderr]    Compiling itoa v1.0.14
[INFO] [stderr]    Compiling bitflags v2.8.0
[INFO] [stderr]    Compiling thiserror v2.0.11
[INFO] [stderr]    Compiling paste v1.0.15
[INFO] [stderr]    Compiling matchers v0.1.0
[INFO] [stderr]    Compiling miniz_oxide v0.8.4
[INFO] [stderr]    Compiling itertools v0.13.0
[INFO] [stderr]    Compiling darling_core v0.20.10
[INFO] [stderr]    Compiling regex v1.11.1
[INFO] [stderr]    Compiling backtrace v0.3.71
[INFO] [stderr]    Compiling anstyle-parse v0.2.6
[INFO] [stderr]    Compiling signal-hook-mio v0.2.4
[INFO] [stderr]    Compiling parking_lot v0.12.3
[INFO] [stderr]    Compiling serde_derive v1.0.217
[INFO] [stderr]    Compiling tracing-attributes v0.1.28
[INFO] [stderr]    Compiling strum_macros v0.26.4
[INFO] [stderr]    Compiling thiserror-impl v2.0.11
[INFO] [stderr]    Compiling tracing v0.1.41
[INFO] [stderr]    Compiling darling_macro v0.20.10
[INFO] [stderr]    Compiling darling v0.20.10
[INFO] [stderr]    Compiling tracing-subscriber v0.3.19
[INFO] [stderr]    Compiling castaway v0.2.3
[INFO] [stderr]    Compiling eyre v0.6.12
[INFO] [stderr]    Compiling anstyle v1.0.10
[INFO] [stderr]    Compiling zip v2.2.2
[INFO] [stderr]    Compiling indoc v2.0.5
[INFO] [stderr]    Compiling lockfree-object-pool v0.1.6
[INFO] [stderr]    Compiling adler v1.0.2
[INFO] [stderr]    Compiling anstyle-query v1.1.2
[INFO] [stderr]    Compiling is_terminal_polyfill v1.70.1
[INFO] [stderr]    Compiling static_assertions v1.1.0
[INFO] [stderr]    Compiling simd-adler32 v0.3.7
[INFO] [stderr]    Compiling bumpalo v3.17.0
[INFO] [stderr]    Compiling gimli v0.28.1
[INFO] [stderr]    Compiling unicode-segmentation v1.12.0
[INFO] [stderr]    Compiling unicode-width v0.1.14
[INFO] [stderr]    Compiling colorchoice v1.0.3
[INFO] [stderr]    Compiling anstream v0.6.18
[INFO] [stderr]    Compiling unicode-truncate v1.1.0
[INFO] [stderr]    Compiling zopfli v0.8.1
[INFO] [stderr]    Compiling strum v0.26.3
[INFO] [stderr]    Compiling compact_str v0.8.1
[INFO] [stderr]    Compiling instability v0.3.7
[INFO] [stderr]    Compiling miniz_oxide v0.7.4
[INFO] [stderr]    Compiling tracing-error v0.2.1
[INFO] [stderr]    Compiling crossterm v0.28.1
[INFO] [stderr]    Compiling displaydoc v0.2.5
[INFO] [stderr]    Compiling flate2 v1.0.35
[INFO] [stderr]    Compiling lru v0.12.5
[INFO] [stderr]    Compiling object v0.32.2
[INFO] [stderr]    Compiling winnow v0.7.2
[INFO] [stderr]    Compiling option-ext v0.2.0
[INFO] [stderr]    Compiling unicode-width v0.2.0
[INFO] [stderr]    Compiling rustc-demangle v0.1.24
[INFO] [stderr]    Compiling addr2line v0.21.0
[INFO] [stderr]    Compiling indenter v0.3.3
[INFO] [stderr]    Compiling owo-colors v3.5.0
[INFO] [stderr]    Compiling cassowary v0.3.0
[INFO] [stderr]    Compiling clap_lex v0.7.4
[INFO] [stderr]    Compiling clap_builder v4.5.29
[INFO] [stderr]    Compiling color-spantrace v0.2.1
[INFO] [stderr]    Compiling ratatui v0.29.0
[INFO] [stderr]    Compiling dirs-sys v0.5.0
[INFO] [stderr]    Compiling toml_datetime v0.6.8
[INFO] [stderr]    Compiling serde_spanned v0.6.8
[INFO] [stderr]    Compiling clap_derive v4.5.28
[INFO] [stderr]    Compiling toml_edit v0.22.24
[INFO] [stderr]    Compiling csv-core v0.1.11
[INFO] [stderr]    Compiling csv v1.3.1
[INFO] [stderr]    Compiling directories v6.0.0
[INFO] [stderr]    Compiling rust_xlsxwriter v0.84.0
[INFO] [stderr]    Compiling strum_macros v0.27.1
[INFO] [stderr]    Compiling clap v4.5.29
[INFO] [stderr]    Compiling color-eyre v0.6.3
[INFO] [stderr]    Compiling tui-input v0.11.1
[INFO] [stderr]    Compiling toml v0.8.20
[INFO] [stderr]    Compiling strum v0.27.1
[INFO] [stderr]    Compiling graca v0.3.0 (/opt/rustwide/workdir)
[INFO] [stdout] warning: unused import: `tracing::debug`
[INFO] [stdout]  --> src/model/mod.rs:8:5
[INFO] [stdout]   |
[INFO] [stdout] 8 | use tracing::debug;
[INFO] [stdout]   |     ^^^^^^^^^^^^^^
[INFO] [stdout]   |
[INFO] [stdout]   = note: `#[warn(unused_imports)]` (part of `#[warn(unused)]`) on by default
[INFO] [stdout] 
[INFO] [stdout] 
[INFO] [stdout] warning: struct `ExportError` is never constructed
[INFO] [stdout]   --> src/export.rs:16:12
[INFO] [stdout]    |
[INFO] [stdout] 16 | pub struct ExportError {
[INFO] [stdout]    |            ^^^^^^^^^^^
[INFO] [stdout]    |
[INFO] [stdout]    = note: `#[warn(dead_code)]` (part of `#[warn(unused)]`) on by default
[INFO] [stdout] 
[INFO] [stdout] 
[INFO] [stdout] warning: method `msg` is never used
[INFO] [stdout]   --> src/export.rs:21:12
[INFO] [stdout]    |
[INFO] [stdout] 20 | impl ExportError {
[INFO] [stdout]    | ---------------- method in this implementation
[INFO] [stdout] 21 |     pub fn msg(&self) -> String {
[INFO] [stdout]    |            ^^^
[INFO] [stdout] 
[INFO] [stdout] 
[INFO] [stdout] warning: trait `Exporter` is never used
[INFO] [stdout]   --> src/export.rs:72:11
[INFO] [stdout]    |
[INFO] [stdout] 72 | pub trait Exporter {
[INFO] [stdout]    |           ^^^^^^^^
[INFO] [stdout] 
[INFO] [stdout] 
[INFO] [stdout] warning: struct `CsvExporter` is never constructed
[INFO] [stdout]   --> src/export.rs:76:12
[INFO] [stdout]    |
[INFO] [stdout] 76 | pub struct CsvExporter;
[INFO] [stdout]    |            ^^^^^^^^^^^
[INFO] [stdout] 
[INFO] [stdout] 
[INFO] [stdout] warning: struct `TomlExporter` is never constructed
[INFO] [stdout]   --> src/export.rs:77:12
[INFO] [stdout]    |
[INFO] [stdout] 77 | pub struct TomlExporter;
[INFO] [stdout]    |            ^^^^^^^^^^^^
[INFO] [stdout] 
[INFO] [stdout] 
[INFO] [stdout] warning: struct `XlsxExporter` is never constructed
[INFO] [stdout]   --> src/export.rs:78:12
[INFO] [stdout]    |
[INFO] [stdout] 78 | pub struct XlsxExporter;
[INFO] [stdout]    |            ^^^^^^^^^^^^
[INFO] [stdout] 
[INFO] [stdout] 
[INFO] [stdout] warning: function `export` is never used
[INFO] [stdout]    --> src/export.rs:138:8
[INFO] [stdout]     |
[INFO] [stdout] 138 | pub fn export(path: &Path, data: &Vec<GradingScaleTableRowData>) -> Result<(), ExportError> {
[INFO] [stdout]     |        ^^^^^^
[INFO] [stdout] 
[INFO] [stdout] 
[INFO] [stdout] warning: function `resolve_path` is never used
[INFO] [stdout]    --> src/export.rs:149:8
[INFO] [stdout]     |
[INFO] [stdout] 149 | pub fn resolve_path(user_input: &str) -> Option<PathBuf> {
[INFO] [stdout]     |        ^^^^^^^^^^^^
[INFO] [stdout] 
[INFO] [stdout] 
[INFO] [stdout] warning: function `expand_home` is never used
[INFO] [stdout]    --> src/export.rs:162:4
[INFO] [stdout]     |
[INFO] [stdout] 162 | fn expand_home(path: &PathBuf) -> Option<PathBuf> {
[INFO] [stdout]     |    ^^^^^^^^^^^
[INFO] [stdout] 
[INFO] [stdout] 
[INFO] [stdout] warning: method `get_class_name` is never used
[INFO] [stdout]    --> src/model/mod.rs:122:12
[INFO] [stdout]     |
[INFO] [stdout]  21 | impl Model {
[INFO] [stdout]     | ---------- method in this implementation
[INFO] [stdout] ...
[INFO] [stdout] 122 |     pub fn get_class_name(&self) -> &str {
[INFO] [stdout]     |            ^^^^^^^^^^^^^^
[INFO] [stdout] 
[INFO] [stdout] 
[INFO] [stdout] warning: methods `label` and `next_better` are never used
[INFO] [stdout]    --> src/model/scale.rs:277:8
[INFO] [stdout]     |
[INFO] [stdout] 265 | impl Grade {
[INFO] [stdout]     | ---------- methods in this implementation
[INFO] [stdout] ...
[INFO] [stdout] 277 |     fn label(&self) -> &'static str {
[INFO] [stdout]     |        ^^^^^
[INFO] [stdout] ...
[INFO] [stdout] 288 |     pub fn next_better(self) -> Option<Self> {
[INFO] [stdout]     |            ^^^^^^^^^^^
[INFO] [stdout] 
[INFO] [stdout] 
[INFO] [stdout] warning: associated items `new` and `with_points` are never used
[INFO] [stdout]   --> src/model/students.rs:16:12
[INFO] [stdout]    |
[INFO] [stdout] 15 | impl Student {
[INFO] [stdout]    | ------------ associated items in this implementation
[INFO] [stdout] 16 |     pub fn new(name: &str) -> Self {
[INFO] [stdout]    |            ^^^
[INFO] [stdout] ...
[INFO] [stdout] 23 |     pub fn with_points(mut self, points: f64) -> Self {
[INFO] [stdout]    |            ^^^^^^^^^^^
[INFO] [stdout] 
[INFO] [stdout] 
[INFO] [stdout] warning: methods `class_name`, `iter_students_mut`, and `get_student` are never used
[INFO] [stdout]   --> src/model/students.rs:83:12
[INFO] [stdout]    |
[INFO] [stdout] 48 | impl StudentList {
[INFO] [stdout]    | ---------------- methods in this implementation
[INFO] [stdout] ...
[INFO] [stdout] 83 |     pub fn class_name(&self) -> &str {
[INFO] [stdout]    |            ^^^^^^^^^^
[INFO] [stdout] ...
[INFO] [stdout] 91 |     pub fn iter_students_mut(&mut self) -> impl Iterator<Item = &mut Student> {
[INFO] [stdout]    |            ^^^^^^^^^^^^^^^^^
[INFO] [stdout] ...
[INFO] [stdout] 95 |     pub fn get_student(&self, name: &str) -> Option<&Student> {
[INFO] [stdout]    |            ^^^^^^^^^^^
[INFO] [stdout] 
[INFO] [stdout] 
[INFO] [stdout] warning: method `background` is never used
[INFO] [stdout]   --> src/ui/theme.rs:19:8
[INFO] [stdout]    |
[INFO] [stdout]  5 | pub trait AppStyle {
[INFO] [stdout]    |           -------- method in this trait
[INFO] [stdout] ...
[INFO] [stdout] 19 |     fn background(&self) -> Style {
[INFO] [stdout]    |        ^^^^^^^^^^
[INFO] [stdout] 
[INFO] [stdout] 
[INFO] [stderr]     Finished `release` profile [optimized] target(s) in 3m 47s
[INFO] running `Command { std: "docker" "inspect" "473f3daf805274dec29f52db718257453c86d16fe92f802d7da4dbb9ef237962", kill_on_drop: false }`
[INFO] running `Command { std: "docker" "exec" "-e" "SOURCE_DIR=/opt/rustwide/workdir" "-e" "CARGO_HOME=/opt/rustwide/cargo-home" "-e" "RUSTUP_HOME=/opt/rustwide/rustup-home" "-e" "CARGO_TARGET_DIR=/opt/rustwide/target" "-e" "CARGO_INCREMENTAL=0" "-e" "RUST_BACKTRACE=full" "-e" "RUSTFLAGS=--cap-lints=warn" "-e" "RUSTDOCFLAGS=--cap-lints=warn" "-w" "/opt/rustwide/workdir" "--user" "0:0" "473f3daf805274dec29f52db718257453c86d16fe92f802d7da4dbb9ef237962" "/opt/rustwide/cargo-home/bin/cargo" "+1.98.0-beta.8" "test" "--frozen" "--no-run" "--message-format=json" "--release", kill_on_drop: false }`
[INFO] [stderr]    Compiling graca v0.3.0 (/opt/rustwide/workdir)
[INFO] [stdout] warning: unused import: `tracing::debug`
[INFO] [stdout]  --> src/model/mod.rs:8:5
[INFO] [stdout]   |
[INFO] [stdout] 8 | use tracing::debug;
[INFO] [stdout]   |     ^^^^^^^^^^^^^^
[INFO] [stdout]   |
[INFO] [stdout]   = note: `#[warn(unused_imports)]` (part of `#[warn(unused)]`) on by default
[INFO] [stdout] 
[INFO] [stdout] 
[INFO] [stdout] warning: method `msg` is never used
[INFO] [stdout]   --> src/export.rs:21:12
[INFO] [stdout]    |
[INFO] [stdout] 20 | impl ExportError {
[INFO] [stdout]    | ---------------- method in this implementation
[INFO] [stdout] 21 |     pub fn msg(&self) -> String {
[INFO] [stdout]    |            ^^^
[INFO] [stdout]    |
[INFO] [stdout]    = note: `#[warn(dead_code)]` (part of `#[warn(unused)]`) on by default
[INFO] [stdout] 
[INFO] [stdout] 
[INFO] [stdout] warning: method `get_class_name` is never used
[INFO] [stdout]    --> src/model/mod.rs:122:12
[INFO] [stdout]     |
[INFO] [stdout]  21 | impl Model {
[INFO] [stdout]     | ---------- method in this implementation
[INFO] [stdout] ...
[INFO] [stdout] 122 |     pub fn get_class_name(&self) -> &str {
[INFO] [stdout]     |            ^^^^^^^^^^^^^^
[INFO] [stdout] 
[INFO] [stdout] 
[INFO] [stdout] warning: methods `label` and `next_better` are never used
[INFO] [stdout]    --> src/model/scale.rs:277:8
[INFO] [stdout]     |
[INFO] [stdout] 265 | impl Grade {
[INFO] [stdout]     | ---------- methods in this implementation
[INFO] [stdout] ...
[INFO] [stdout] 277 |     fn label(&self) -> &'static str {
[INFO] [stdout]     |        ^^^^^
[INFO] [stdout] ...
[INFO] [stdout] 288 |     pub fn next_better(self) -> Option<Self> {
[INFO] [stdout]     |            ^^^^^^^^^^^
[INFO] [stdout] 
[INFO] [stdout] 
[INFO] [stdout] warning: associated items `new` and `with_points` are never used
[INFO] [stdout]   --> src/model/students.rs:16:12
[INFO] [stdout]    |
[INFO] [stdout] 15 | impl Student {
[INFO] [stdout]    | ------------ associated items in this implementation
[INFO] [stdout] 16 |     pub fn new(name: &str) -> Self {
[INFO] [stdout]    |            ^^^
[INFO] [stdout] ...
[INFO] [stdout] 23 |     pub fn with_points(mut self, points: f64) -> Self {
[INFO] [stdout]    |            ^^^^^^^^^^^
[INFO] [stdout] 
[INFO] [stdout] 
[INFO] [stdout] warning: methods `class_name`, `iter_students_mut`, and `get_student` are never used
[INFO] [stdout]   --> src/model/students.rs:83:12
[INFO] [stdout]    |
[INFO] [stdout] 48 | impl StudentList {
[INFO] [stdout]    | ---------------- methods in this implementation
[INFO] [stdout] ...
[INFO] [stdout] 83 |     pub fn class_name(&self) -> &str {
[INFO] [stdout]    |            ^^^^^^^^^^
[INFO] [stdout] ...
[INFO] [stdout] 91 |     pub fn iter_students_mut(&mut self) -> impl Iterator<Item = &mut Student> {
[INFO] [stdout]    |            ^^^^^^^^^^^^^^^^^
[INFO] [stdout] ...
[INFO] [stdout] 95 |     pub fn get_student(&self, name: &str) -> Option<&Student> {
[INFO] [stdout]    |            ^^^^^^^^^^^
[INFO] [stdout] 
[INFO] [stdout] 
[INFO] [stdout] warning: method `background` is never used
[INFO] [stdout]   --> src/ui/theme.rs:19:8
[INFO] [stdout]    |
[INFO] [stdout]  5 | pub trait AppStyle {
[INFO] [stdout]    |           -------- method in this trait
[INFO] [stdout] ...
[INFO] [stdout] 19 |     fn background(&self) -> Style {
[INFO] [stdout]    |        ^^^^^^^^^^
[INFO] [stdout] 
[INFO] [stdout] 
[INFO] [stderr]     Finished `release` profile [optimized] target(s) in 7.62s
[INFO] running `Command { std: "docker" "inspect" "473f3daf805274dec29f52db718257453c86d16fe92f802d7da4dbb9ef237962", kill_on_drop: false }`
[INFO] running `Command { std: "docker" "exec" "-e" "SOURCE_DIR=/opt/rustwide/workdir" "-e" "CARGO_HOME=/opt/rustwide/cargo-home" "-e" "RUSTUP_HOME=/opt/rustwide/rustup-home" "-e" "CARGO_TARGET_DIR=/opt/rustwide/target" "-e" "CARGO_INCREMENTAL=0" "-e" "RUST_BACKTRACE=full" "-e" "RUSTFLAGS=--cap-lints=warn" "-e" "RUSTDOCFLAGS=--cap-lints=warn" "-w" "/opt/rustwide/workdir" "--user" "0:0" "473f3daf805274dec29f52db718257453c86d16fe92f802d7da4dbb9ef237962" "/opt/rustwide/cargo-home/bin/cargo" "+1.98.0-beta.8" "test" "--frozen" "--release", kill_on_drop: false }`
[INFO] [stderr] warning: unused import: `tracing::debug`
[INFO] [stderr]  --> src/model/mod.rs:8:5
[INFO] [stderr]   |
[INFO] [stderr] 8 | use tracing::debug;
[INFO] [stderr]   |     ^^^^^^^^^^^^^^
[INFO] [stderr]   |
[INFO] [stderr]   = note: `#[warn(unused_imports)]` (part of `#[warn(unused)]`) on by default
[INFO] [stderr] 
[INFO] [stderr] warning: method `msg` is never used
[INFO] [stderr]   --> src/export.rs:21:12
[INFO] [stderr]    |
[INFO] [stderr] 20 | impl ExportError {
[INFO] [stderr]    | ---------------- method in this implementation
[INFO] [stderr] 21 |     pub fn msg(&self) -> String {
[INFO] [stderr]    |            ^^^
[INFO] [stderr]    |
[INFO] [stderr]    = note: `#[warn(dead_code)]` (part of `#[warn(unused)]`) on by default
[INFO] [stderr] 
[INFO] [stderr] warning: method `get_class_name` is never used
[INFO] [stderr]    --> src/model/mod.rs:122:12
[INFO] [stderr]     |
[INFO] [stderr]  21 | impl Model {
[INFO] [stderr]     | ---------- method in this implementation
[INFO] [stderr] ...
[INFO] [stderr] 122 |     pub fn get_class_name(&self) -> &str {
[INFO] [stderr]     |            ^^^^^^^^^^^^^^
[INFO] [stderr] 
[INFO] [stderr] warning: methods `label` and `next_better` are never used
[INFO] [stderr]    --> src/model/scale.rs:277:8
[INFO] [stderr]     |
[INFO] [stderr] 265 | impl Grade {
[INFO] [stderr]     | ---------- methods in this implementation
[INFO] [stderr] ...
[INFO] [stderr] 277 |     fn label(&self) -> &'static str {
[INFO] [stderr]     |        ^^^^^
[INFO] [stderr] ...
[INFO] [stderr] 288 |     pub fn next_better(self) -> Option<Self> {
[INFO] [stderr]     |            ^^^^^^^^^^^
[INFO] [stderr] 
[INFO] [stderr] warning: associated items `new` and `with_points` are never used
[INFO] [stderr]   --> src/model/students.rs:16:12
[INFO] [stderr]    |
[INFO] [stderr] 15 | impl Student {
[INFO] [stderr]    | ------------ associated items in this implementation
[INFO] [stderr] 16 |     pub fn new(name: &str) -> Self {
[INFO] [stderr]    |            ^^^
[INFO] [stderr] ...
[INFO] [stderr] 23 |     pub fn with_points(mut self, points: f64) -> Self {
[INFO] [stderr]    |            ^^^^^^^^^^^
[INFO] [stderr] 
[INFO] [stderr] warning: methods `class_name`, `iter_students_mut`, and `get_student` are never used
[INFO] [stderr]   --> src/model/students.rs:83:12
[INFO] [stderr]    |
[INFO] [stderr] 48 | impl StudentList {
[INFO] [stderr]    | ---------------- methods in this implementation
[INFO] [stderr] ...
[INFO] [stderr] 83 |     pub fn class_name(&self) -> &str {
[INFO] [stderr]    |            ^^^^^^^^^^
[INFO] [stderr] ...
[INFO] [stderr] 91 |     pub fn iter_students_mut(&mut self) -> impl Iterator<Item = &mut Student> {
[INFO] [stderr]    |            ^^^^^^^^^^^^^^^^^
[INFO] [stderr] ...
[INFO] [stderr] 95 |     pub fn get_student(&self, name: &str) -> Option<&Student> {
[INFO] [stderr]    |            ^^^^^^^^^^^
[INFO] [stderr] 
[INFO] [stderr] warning: method `background` is never used
[INFO] [stderr]   --> src/ui/theme.rs:19:8
[INFO] [stderr]    |
[INFO] [stderr]  5 | pub trait AppStyle {
[INFO] [stderr]    |           -------- method in this trait
[INFO] [stderr] ...
[INFO] [stderr] 19 |     fn background(&self) -> Style {
[INFO] [stderr]    |        ^^^^^^^^^^
[INFO] [stderr] 
[INFO] [stderr] warning: `graca` (bin "graca" test) generated 7 warnings (run `cargo fix --bin "graca" -p graca --tests` to apply 1 suggestion)
[INFO] [stderr]     Finished `release` profile [optimized] target(s) in 0.21s
[INFO] [stderr]      Running unittests src/main.rs (/opt/rustwide/target/release/deps/graca-fe706f46849dbd52)
[INFO] [stdout] 
[INFO] [stdout] running 3 tests
[INFO] [stdout] test export::tests::test_resolve_path ... ok
[INFO] [stdout] test export::tests::test_export ... FAILED
[INFO] [stdout] test export::tests::test_expand_home ... ok
[INFO] [stdout] 
[INFO] [stdout] failures:
[INFO] [stdout] 
[INFO] [stdout] ---- export::tests::test_export stdout ----
[INFO] [stdout] 
[INFO] [stdout] thread 'export::tests::test_export' (2416) panicked at src/export.rs:198:9:
[INFO] [stdout] assertion `left == right` failed
[INFO] [stdout]   left: Err(ExportError { details: "Read-only file system (os error 30)" })
[INFO] [stdout]  right: Ok(())
[INFO] [stdout] stack backtrace:
[INFO] [stdout]    0:     0x59d61aa2fac1 - <<std[97b98282bc616a66]::sys::backtrace::BacktraceLock>::print::DisplayBacktrace as core[832e9a552fc17241]::fmt::Display>::fmt
[INFO] [stdout]    1:     0x59d61aa469da - core[832e9a552fc17241]::fmt::write
[INFO] [stdout]    2:     0x59d61aa3411c - <alloc[3ecab9f82c41dc7d]::vec::Vec<u8> as std[97b98282bc616a66]::io::Write>::write_fmt
[INFO] [stdout]    3:     0x59d61aa0d716 - std[97b98282bc616a66]::panicking::default_hook::{closure#0}
[INFO] [stdout]    4:     0x59d61aa27739 - std[97b98282bc616a66]::panicking::default_hook
[INFO] [stdout]    5:     0x59d61a8f95c0 - test[39766f3d73431624]::test_main_inner::<test[39766f3d73431624]::test_main_static::{closure#0}>::{closure#0}
[INFO] [stdout]    6:     0x59d61aa27a62 - std[97b98282bc616a66]::panicking::panic_with_hook
[INFO] [stdout]    7:     0x59d61aa0d7c2 - std[97b98282bc616a66]::panicking::panic_handler::{closure#0}
[INFO] [stdout]    8:     0x59d61aa05119 - std[97b98282bc616a66]::sys::backtrace::__rust_end_short_backtrace::<std[97b98282bc616a66]::panicking::panic_handler::{closure#0}, !>
[INFO] [stdout]    9:     0x59d61aa0e3bd - __rustc[e3d8617bb01b7f69]::rust_begin_unwind
[INFO] [stdout]   10:     0x59d61aa4710c - core[832e9a552fc17241]::panicking::panic_fmt
[INFO] [stdout]   11:     0x59d61aa47023 - core[832e9a552fc17241]::panicking::assert_failed_inner
[INFO] [stdout]   12:     0x59d61a8d4129 - core[832e9a552fc17241]::panicking::assert_failed::<core[832e9a552fc17241]::result::Result<(), graca[ed8ec353b37f98e9]::export::ExportError>, core[832e9a552fc17241]::result::Result<(), graca[ed8ec353b37f98e9]::export::ExportError>>
[INFO] [stdout]   13:     0x59d61a8c950a - <graca[ed8ec353b37f98e9]::export::tests::test_export::{closure#0} as core[832e9a552fc17241]::ops::function::FnOnce<()>>::call_once
[INFO] [stdout]   14:     0x59d61a8ec8fb - test[39766f3d73431624]::__rust_begin_short_backtrace::<core[832e9a552fc17241]::result::Result<(), alloc[3ecab9f82c41dc7d]::string::String>, fn() -> core[832e9a552fc17241]::result::Result<(), alloc[3ecab9f82c41dc7d]::string::String>>
[INFO] [stdout]   15:     0x59d61a8f9f45 - test[39766f3d73431624]::run_test::{closure#0}
[INFO] [stdout]   16:     0x59d61a8f49f4 - std[97b98282bc616a66]::sys::backtrace::__rust_begin_short_backtrace::<test[39766f3d73431624]::run_test::{closure#1}, ()>
[INFO] [stdout]   17:     0x59d61a8fd092 - <std[97b98282bc616a66]::thread::lifecycle::spawn_unchecked<test[39766f3d73431624]::run_test::{closure#1}, ()>::{closure#1} as core[832e9a552fc17241]::ops::function::FnOnce<()>>::call_once::{shim:vtable#0}
[INFO] [stdout]   18:     0x59d61aa2f10f - <std[97b98282bc616a66]::sys::thread::unix::Thread>::new::thread_start
[INFO] [stdout]   19:     0x7311a08d707a - <unknown>
[INFO] [stdout]   20:     0x7311a096a534 - clone
[INFO] [stdout]   21:                0x0 - <unknown>
[INFO] [stdout] 
[INFO] [stdout] 
[INFO] [stdout] failures:
[INFO] [stdout]     export::tests::test_export
[INFO] [stdout] 
[INFO] [stdout] test result: FAILED. 2 passed; 1 failed; 0 ignored; 0 measured; 0 filtered out; finished in 0.01s
[INFO] [stdout] 
[INFO] [stderr] error: test failed, to rerun pass `--bin graca`
[INFO] running `Command { std: "docker" "inspect" "473f3daf805274dec29f52db718257453c86d16fe92f802d7da4dbb9ef237962", kill_on_drop: false }`
[INFO] running `Command { std: "docker" "rm" "-f" "473f3daf805274dec29f52db718257453c86d16fe92f802d7da4dbb9ef237962", kill_on_drop: false }`
[INFO] [stdout] 473f3daf805274dec29f52db718257453c86d16fe92f802d7da4dbb9ef237962
