[INFO] cloning repository https://github.com/johnsonpeter20057-hub/campus_coffee_loyalty
[INFO] running `Command { std: "git" "-c" "credential.helper=" "-c" "credential.helper=/workspace/cargo-home/bin/git-credential-null" "clone" "--bare" "https://github.com/johnsonpeter20057-hub/campus_coffee_loyalty" "/workspace/cache/git-repos/https%3A%2F%2Fgithub.com%2Fjohnsonpeter20057-hub%2Fcampus_coffee_loyalty", kill_on_drop: false }`
[INFO] [stderr] Cloning into bare repository '/workspace/cache/git-repos/https%3A%2F%2Fgithub.com%2Fjohnsonpeter20057-hub%2Fcampus_coffee_loyalty'...
[INFO] running `Command { std: "git" "rev-parse" "HEAD", kill_on_drop: false }`
[INFO] [stdout] 25460a31933999fb7906dd666cd4a0c8d396837c
[INFO] testing johnsonpeter20057-hub/campus_coffee_loyalty against 1.98.0-beta.8+cargoflags=--release for beta-release-1.99-2
[INFO] running `Command { std: "git" "clone" "/workspace/cache/git-repos/https%3A%2F%2Fgithub.com%2Fjohnsonpeter20057-hub%2Fcampus_coffee_loyalty" "/workspace/builds/worker-6-tc1/source", kill_on_drop: false }`
[INFO] [stderr] Cloning into '/workspace/builds/worker-6-tc1/source'...
[INFO] [stderr] done.
[INFO] started tweaking git repo https://github.com/johnsonpeter20057-hub/campus_coffee_loyalty
[INFO] finished tweaking git repo https://github.com/johnsonpeter20057-hub/campus_coffee_loyalty
[INFO] tweaked toml for git repo https://github.com/johnsonpeter20057-hub/campus_coffee_loyalty written to /workspace/builds/worker-6-tc1/source/Cargo.toml
[INFO] validating manifest of git repo https://github.com/johnsonpeter20057-hub/campus_coffee_loyalty on toolchain 1.98.0-beta.8
[INFO] running `Command { std: CARGO_HOME="/workspace/cargo-home" RUSTUP_HOME="/workspace/rustup-home" "/workspace/cargo-home/bin/cargo" "+1.98.0-beta.8" "metadata" "--manifest-path" "Cargo.toml" "--no-deps", kill_on_drop: false }`
[INFO] crate git repo https://github.com/johnsonpeter20057-hub/campus_coffee_loyalty already has a lockfile, it will not be regenerated
[INFO] running `Command { std: CARGO_HOME="/workspace/cargo-home" RUSTUP_HOME="/workspace/rustup-home" "/workspace/cargo-home/bin/cargo" "+1.98.0-beta.8" "fetch" "--manifest-path" "Cargo.toml", kill_on_drop: false }`
[INFO] [stderr]     Blocking waiting for file lock on package cache
[INFO] [stderr]     Updating crates.io index
[INFO] [stderr]     Blocking waiting for file lock on package cache
[INFO] [stderr]  Downloading crates ...
[INFO] [stderr]   Downloaded visibility v0.1.1
[INFO] [stderr]   Downloaded stellar-strkey v0.0.16
[INFO] [stderr]   Downloaded soroban-sdk v25.3.1
[INFO] [stderr]   Downloaded quote v1.0.46
[INFO] [stderr]   Downloaded wasm-bindgen-shared v0.2.125
[INFO] [stderr]   Downloaded cfg_eval v0.1.2
[INFO] [stderr]   Downloaded ark-serialize-derive v0.4.2
[INFO] [stderr]   Downloaded crate-git-revision v0.0.6
[INFO] [stderr]   Downloaded dyn-clone v1.0.20
[INFO] [stderr]   Downloaded curve25519-dalek-derive v0.1.1
[INFO] [stderr]   Downloaded ark-bn254 v0.4.0
[INFO] [stderr]   Downloaded ctor v0.5.0
[INFO] [stderr]   Downloaded indexmap-nostd v0.4.0
[INFO] [stderr]   Downloaded base16ct v0.2.0
[INFO] [stderr]   Downloaded hex-literal v0.4.1
[INFO] [stderr]   Downloaded ref-cast-impl v1.0.25
[INFO] [stderr]   Downloaded rfc6979 v0.4.0
[INFO] [stderr]   Downloaded hash32 v0.3.1
[INFO] [stderr]   Downloaded num-conv v0.2.2
[INFO] [stderr]   Downloaded wasm-bindgen-macro v0.2.125
[INFO] [stderr]   Downloaded escape-bytes v0.1.1
[INFO] [stderr]   Downloaded ctor-proc-macro v0.0.6
[INFO] [stderr]   Downloaded bytes-lit v0.0.5
[INFO] [stderr]   Downloaded soroban-spec v25.3.1
[INFO] [stderr]   Downloaded darling_macro v0.23.0
[INFO] [stderr]   Downloaded num-derive v0.4.2
[INFO] [stderr]   Downloaded soroban-builtin-sdk-macros v25.0.1
[INFO] [stderr]   Downloaded zeroize_derive v1.5.0
[INFO] [stderr]   Downloaded wasmi_arena v0.4.1
[INFO] [stderr]   Downloaded ref-cast v1.0.25
[INFO] [stderr]   Downloaded ark-serialize v0.4.2
[INFO] [stderr]   Downloaded ark-ff-macros v0.4.2
[INFO] [stderr]   Downloaded ark-poly v0.4.2
[INFO] [stderr]   Downloaded macro-string v0.1.4
[INFO] [stderr]   Downloaded ark-ec v0.4.2
[INFO] [stderr]   Downloaded keccak v0.1.6
[INFO] [stderr]   Downloaded signature v2.2.0
[INFO] [stderr]   Downloaded sha2 v0.10.9
[INFO] [stderr]   Downloaded deranged v0.5.8
[INFO] [stderr]   Downloaded bs58 v0.5.1
[INFO] [stderr]   Downloaded derive_arbitrary v1.3.2
[INFO] [stderr]   Downloaded soroban-spec-rust v25.3.1
[INFO] [stderr]   Downloaded wasmi_core v0.13.0
[INFO] [stderr]   Downloaded soroban-ledger-snapshot v25.3.1
[INFO] [stderr]   Downloaded sec1 v0.7.3
[INFO] [stderr]   Downloaded ff v0.13.1
[INFO] [stderr]   Downloaded ed25519 v2.2.3
[INFO] [stderr]   Downloaded spki v0.7.3
[INFO] [stderr]   Downloaded base64ct v1.8.3
[INFO] [stderr]   Downloaded ark-ff-asm v0.4.2
[INFO] [stderr]   Downloaded soroban-env-guest v25.0.1
[INFO] [stderr]   Downloaded data-encoding v2.11.0
[INFO] [stderr]   Downloaded stellar-strkey v0.0.13
[INFO] [stderr]   Downloaded arbitrary v1.3.2
[INFO] [stderr]   Downloaded generic-array v0.14.9
[INFO] [stderr]   Downloaded pkcs8 v0.10.2
[INFO] [stderr]   Downloaded ark-bls12-381 v0.4.0
[INFO] [stderr]   Downloaded time-core v0.1.9
[INFO] [stderr]   Downloaded soroban-env-macros v25.0.1
[INFO] [stderr]   Downloaded primeorder v0.13.6
[INFO] [stderr]   Downloaded group v0.13.0
[INFO] [stderr]   Downloaded ecdsa v0.16.9
[INFO] [stderr]   Downloaded hmac v0.12.1
[INFO] [stderr]   Downloaded num-integer v0.1.46
[INFO] [stderr]   Downloaded ark-std v0.4.0
[INFO] [stderr]   Downloaded derivative v2.2.0
[INFO] [stderr]   Downloaded const-oid v0.9.6
[INFO] [stderr]   Downloaded time-macros v0.2.30
[INFO] [stderr]   Downloaded serde_with_macros v3.21.0
[INFO] [stderr]   Downloaded darling v0.23.0
[INFO] [stderr]   Downloaded spin v0.9.8
[INFO] [stderr]   Downloaded p256 v0.13.2
[INFO] [stderr]   Downloaded elliptic-curve v0.13.8
[INFO] [stderr]   Downloaded tinyvec v1.11.0
[INFO] [stderr]   Downloaded ethnum v1.5.3
[INFO] [stderr]   Downloaded soroban-sdk-macros v25.3.1
[INFO] [stderr]   Downloaded ark-ff v0.4.2
[INFO] [stderr]   Downloaded heapless v0.8.0
[INFO] [stderr]   Downloaded darling_core v0.23.0
[INFO] [stderr]   Downloaded wasm-bindgen v0.2.125
[INFO] [stderr]   Downloaded soroban-env-common v25.0.1
[INFO] [stderr]   Downloaded rand v0.8.6
[INFO] [stderr]   Downloaded crypto-bigint v0.5.5
[INFO] [stderr]   Downloaded schemars v1.2.1
[INFO] [stderr]   Downloaded wasm-bindgen-macro-support v0.2.125
[INFO] [stderr]   Downloaded cc v1.2.65
[INFO] [stderr]   Downloaded k256 v0.13.4
[INFO] [stderr]   Downloaded typenum v1.20.1
[INFO] [stderr]   Downloaded schemars v0.9.0
[INFO] [stderr]   Downloaded der v0.7.10
[INFO] [stderr]   Downloaded ed25519-dalek v2.2.0
[INFO] [stderr]   Downloaded hashbrown v0.13.2
[INFO] [stderr]   Downloaded js-sys v0.3.102
[INFO] [stderr]   Downloaded num-bigint v0.4.6
[INFO] [stderr]   Downloaded memchr v2.8.2
[INFO] [stderr]   Downloaded soroban-wasmi v0.31.1-soroban.20.0.1
[INFO] [stderr]   Downloaded wasmparser-nostd v0.100.2
[INFO] [stderr]   Downloaded zerocopy-derive v0.8.52
[INFO] [stderr]   Downloaded libm v0.2.16
[INFO] [stderr]   Downloaded wasmparser v0.116.1
[INFO] [stderr]   Downloaded syn v2.0.118
[INFO] [stderr]   Downloaded serde_with v3.21.0
[INFO] [stderr]   Downloaded curve25519-dalek v4.1.3
[INFO] [stderr]   Downloaded time v0.3.51
[INFO] [stderr]   Downloaded zerocopy v0.8.52
[INFO] [stderr]   Downloaded fiat-crypto v0.2.9
[INFO] [stderr]   Downloaded soroban-env-host v25.0.1
[INFO] [stderr]   Downloaded sha3 v0.10.9
[INFO] [stderr]   Downloaded stellar-xdr v25.0.0
[INFO] running `Command { std: "docker" "create" "-v" "/var/lib/crater-agent-workspace/builds/worker-6-tc1/source:/opt/rustwide/workdir:ro,Z" "-v" "/var/lib/crater-agent-workspace/builds/worker-6-tc1/target:/opt/rustwide/target:rw,Z" "-v" "/var/lib/crater-agent-workspace/cargo-home:/opt/rustwide/cargo-home:ro,Z" "-v" "/var/lib/crater-agent-workspace/rustup-home:/opt/rustwide/rustup-home:ro,Z" "-m" "1610612736" "--network" "none" "ghcr.io/rust-lang/crates-build-env/linux@sha256:8683fc1fc2eb5c9ac98e0d076ab094b2ffac7f99da555d2b6a2e27f346de2ec7" "sleep" "infinity", kill_on_drop: false }`
[INFO] [stdout] bb2ed693862a1db1e1f2a32d078ed78a35ee18abae490df03d8a30eab9d9f236
[INFO] running `Command { std: "docker" "start" "bb2ed693862a1db1e1f2a32d078ed78a35ee18abae490df03d8a30eab9d9f236", kill_on_drop: false }`
[INFO] running `Command { std: "docker" "inspect" "bb2ed693862a1db1e1f2a32d078ed78a35ee18abae490df03d8a30eab9d9f236", kill_on_drop: false }`
[INFO] running `Command { std: "docker" "exec" "-e" "SOURCE_DIR=/opt/rustwide/workdir" "-e" "CARGO_HOME=/opt/rustwide/cargo-home" "-e" "RUSTUP_HOME=/opt/rustwide/rustup-home" "-e" "CARGO_TARGET_DIR=/opt/rustwide/target" "-w" "/opt/rustwide/workdir" "--user" "0:0" "bb2ed693862a1db1e1f2a32d078ed78a35ee18abae490df03d8a30eab9d9f236" "/opt/rustwide/cargo-home/bin/cargo" "+1.98.0-beta.8" "metadata" "--no-deps" "--format-version=1", kill_on_drop: false }`
[INFO] running `Command { std: "docker" "inspect" "bb2ed693862a1db1e1f2a32d078ed78a35ee18abae490df03d8a30eab9d9f236", kill_on_drop: false }`
[INFO] running `Command { std: "docker" "exec" "-e" "SOURCE_DIR=/opt/rustwide/workdir" "-e" "CARGO_HOME=/opt/rustwide/cargo-home" "-e" "RUSTUP_HOME=/opt/rustwide/rustup-home" "-e" "CARGO_TARGET_DIR=/opt/rustwide/target" "-e" "CARGO_INCREMENTAL=0" "-e" "RUST_BACKTRACE=full" "-e" "RUSTFLAGS=--cap-lints=warn" "-e" "RUSTDOCFLAGS=--cap-lints=warn" "-w" "/opt/rustwide/workdir" "--user" "0:0" "bb2ed693862a1db1e1f2a32d078ed78a35ee18abae490df03d8a30eab9d9f236" "/opt/rustwide/cargo-home/bin/cargo" "+1.98.0-beta.8" "build" "--frozen" "--message-format=json" "--release", kill_on_drop: false }`
[INFO] [stderr]    Compiling proc-macro2 v1.0.106
[INFO] [stderr]    Compiling unicode-ident v1.0.24
[INFO] [stderr]    Compiling quote v1.0.46
[INFO] [stderr]    Compiling version_check v0.9.5
[INFO] [stderr]    Compiling zmij v1.0.21
[INFO] [stderr]    Compiling serde_core v1.0.228
[INFO] [stderr]    Compiling serde v1.0.228
[INFO] [stderr]    Compiling serde_json v1.0.150
[INFO] [stderr]    Compiling itoa v1.0.18
[INFO] [stderr]    Compiling memchr v2.8.2
[INFO] [stderr]    Compiling cfg-if v1.0.4
[INFO] [stderr]    Compiling typenum v1.20.1
[INFO] [stderr]    Compiling subtle v2.6.1
[INFO] [stderr]    Compiling const-oid v0.9.6
[INFO] [stderr]    Compiling autocfg v1.5.1
[INFO] [stderr]    Compiling libc v0.2.186
[INFO] [stderr]    Compiling ident_case v1.0.1
[INFO] [stderr]    Compiling strsim v0.11.1
[INFO] [stderr]    Compiling zerocopy v0.8.52
[INFO] [stderr]    Compiling syn v1.0.109
[INFO] [stderr]    Compiling semver v1.0.28
[INFO] [stderr]    Compiling paste v1.0.15
[INFO] [stderr]    Compiling schemars v0.8.22
[INFO] [stderr]    Compiling generic-array v0.14.9
[INFO] [stderr]    Compiling dyn-clone v1.0.20
[INFO] [stderr]    Compiling cpufeatures v0.2.17
[INFO] [stderr]    Compiling data-encoding v2.11.0
[INFO] [stderr]    Compiling ahash v0.8.12
[INFO] [stderr]    Compiling escape-bytes v0.1.1
[INFO] [stderr]    Compiling ethnum v1.5.3
[INFO] [stderr]    Compiling rustc_version v0.4.1
[INFO] [stderr]    Compiling once_cell v1.21.4
[INFO] [stderr]    Compiling either v1.16.0
[INFO] [stderr]    Compiling num-traits v0.2.19
[INFO] [stderr]    Compiling base16ct v0.2.0
[INFO] [stderr]    Compiling itertools v0.10.5
[INFO] [stderr]    Compiling libm v0.2.16
[INFO] [stderr]    Compiling equivalent v1.0.2
[INFO] [stderr]    Compiling hashbrown v0.17.1
[INFO] [stderr]    Compiling thiserror v1.0.69
[INFO] [stderr]    Compiling curve25519-dalek v4.1.3
[INFO] [stderr]    Compiling syn v2.0.118
[INFO] [stderr]    Compiling indexmap-nostd v0.4.0
[INFO] [stderr]    Compiling prettyplease v0.2.37
[INFO] [stderr]    Compiling downcast-rs v1.2.1
[INFO] [stderr]    Compiling num-integer v0.1.46
[INFO] [stderr]    Compiling indexmap v2.14.0
[INFO] [stderr]    Compiling fnv v1.0.7
[INFO] [stderr]    Compiling getrandom v0.2.17
[INFO] [stderr]    Compiling wasmparser-nostd v0.100.2
[INFO] [stderr]    Compiling rand_core v0.6.4
[INFO] [stderr]    Compiling base64 v0.22.1
[INFO] [stderr]    Compiling smallvec v1.15.2
[INFO] [stderr]    Compiling block-buffer v0.10.4
[INFO] [stderr]    Compiling crypto-common v0.1.6
[INFO] [stderr]    Compiling ff v0.13.1
[INFO] [stderr]    Compiling num-bigint v0.4.6
[INFO] [stderr]    Compiling digest v0.10.7
[INFO] [stderr]    Compiling group v0.13.0
[INFO] [stderr]    Compiling heapless v0.8.0
[INFO] [stderr]    Compiling hex v0.4.3
[INFO] [stderr]    Compiling wasmi_arena v0.4.1
[INFO] [stderr]    Compiling sha2 v0.10.9
[INFO] [stderr]    Compiling byteorder v1.5.0
[INFO] [stderr]    Compiling wasmparser v0.116.1
[INFO] [stderr]    Compiling wasmi_core v0.13.0
[INFO] [stderr]    Compiling spin v0.9.8
[INFO] [stderr]    Compiling hash32 v0.3.1
[INFO] [stderr]    Compiling soroban-env-host v25.0.1
[INFO] [stderr]    Compiling keccak v0.1.6
[INFO] [stderr]    Compiling stable_deref_trait v1.2.1
[INFO] [stderr]    Compiling static_assertions v1.1.0
[INFO] [stderr]    Compiling heck v0.5.0
[INFO] [stderr]    Compiling hex-literal v0.4.1
[INFO] [stderr]    Compiling ark-serialize-derive v0.4.2
[INFO] [stderr]    Compiling ark-ff-macros v0.4.2
[INFO] [stderr]    Compiling derivative v2.2.0
[INFO] [stderr]    Compiling ark-ff-asm v0.4.2
[INFO] [stderr]    Compiling ppv-lite86 v0.2.21
[INFO] [stderr]    Compiling soroban-wasmi v0.31.1-soroban.20.0.1
[INFO] [stderr]    Compiling hashbrown v0.13.2
[INFO] [stderr]    Compiling darling_core v0.23.0
[INFO] [stderr]    Compiling darling_core v0.20.11
[INFO] [stderr]    Compiling macro-string v0.1.4
[INFO] [stderr]    Compiling rand_chacha v0.3.1
[INFO] [stderr]    Compiling rand v0.8.6
[INFO] [stderr]    Compiling serde_derive v1.0.228
[INFO] [stderr]    Compiling zeroize_derive v1.5.0
[INFO] [stderr]    Compiling cfg_eval v0.1.2
[INFO] [stderr]    Compiling num-derive v0.4.2
[INFO] [stderr]    Compiling thiserror-impl v1.0.69
[INFO] [stderr]    Compiling curve25519-dalek-derive v0.1.1
[INFO] [stderr]    Compiling soroban-builtin-sdk-macros v25.0.1
[INFO] [stderr]    Compiling visibility v0.1.1
[INFO] [stderr]    Compiling bytes-lit v0.0.5
[INFO] [stderr]    Compiling zeroize v1.9.0
[INFO] [stderr]    Compiling ark-std v0.4.0
[INFO] [stderr]    Compiling der v0.7.10
[INFO] [stderr]    Compiling crypto-bigint v0.5.5
[INFO] [stderr]    Compiling signature v2.2.0
[INFO] [stderr]    Compiling ark-serialize v0.4.2
[INFO] [stderr]    Compiling hmac v0.12.1
[INFO] [stderr]    Compiling ed25519 v2.2.3
[INFO] [stderr]    Compiling sha3 v0.10.9
[INFO] [stderr]    Compiling rfc6979 v0.4.0
[INFO] [stderr]    Compiling darling_macro v0.23.0
[INFO] [stderr]    Compiling sec1 v0.7.3
[INFO] [stderr]    Compiling darling v0.23.0
[INFO] [stderr]    Compiling serde_with_macros v3.21.0
[INFO] [stderr]    Compiling ark-ff v0.4.2
[INFO] [stderr]    Compiling darling_macro v0.20.11
[INFO] [stderr]    Compiling darling v0.20.11
[INFO] [stderr]    Compiling elliptic-curve v0.13.8
[INFO] [stderr]    Compiling ed25519-dalek v2.2.0
[INFO] [stderr]    Compiling ecdsa v0.16.9
[INFO] [stderr]    Compiling primeorder v0.13.6
[INFO] [stderr]    Compiling crate-git-revision v0.0.6
[INFO] [stderr]    Compiling p256 v0.13.2
[INFO] [stderr]    Compiling k256 v0.13.4
[INFO] [stderr]    Compiling stellar-strkey v0.0.13
[INFO] [stderr]    Compiling stellar-xdr v25.0.0
[INFO] [stderr]    Compiling soroban-env-common v25.0.1
[INFO] [stderr]    Compiling stellar-strkey v0.0.16
[INFO] [stderr]    Compiling soroban-sdk v25.3.1
[INFO] [stderr]    Compiling serde_with v3.21.0
[INFO] [stderr]    Compiling ark-poly v0.4.2
[INFO] [stderr]    Compiling ark-ec v0.4.2
[INFO] [stderr]    Compiling ark-bls12-381 v0.4.0
[INFO] [stderr]    Compiling ark-bn254 v0.4.0
[INFO] [stderr]    Compiling soroban-spec v25.3.1
[INFO] [stderr]    Compiling soroban-spec-rust v25.3.1
[INFO] [stderr]    Compiling soroban-env-macros v25.0.1
[INFO] [stderr]    Compiling soroban-sdk-macros v25.3.1
[INFO] [stderr]    Compiling coffee-loyalty v1.0.0 (/opt/rustwide/workdir/contracts/coffee-loyalty)
[INFO] [stderr]     Finished `release` profile [optimized] target(s) in 2m 29s
[INFO] running `Command { std: "docker" "inspect" "bb2ed693862a1db1e1f2a32d078ed78a35ee18abae490df03d8a30eab9d9f236", kill_on_drop: false }`
[INFO] running `Command { std: "docker" "exec" "-e" "SOURCE_DIR=/opt/rustwide/workdir" "-e" "CARGO_HOME=/opt/rustwide/cargo-home" "-e" "RUSTUP_HOME=/opt/rustwide/rustup-home" "-e" "CARGO_TARGET_DIR=/opt/rustwide/target" "-e" "CARGO_INCREMENTAL=0" "-e" "RUST_BACKTRACE=full" "-e" "RUSTFLAGS=--cap-lints=warn" "-e" "RUSTDOCFLAGS=--cap-lints=warn" "-w" "/opt/rustwide/workdir" "--user" "0:0" "bb2ed693862a1db1e1f2a32d078ed78a35ee18abae490df03d8a30eab9d9f236" "/opt/rustwide/cargo-home/bin/cargo" "+1.98.0-beta.8" "test" "--frozen" "--no-run" "--message-format=json" "--release", kill_on_drop: false }`
[INFO] [stderr]    Compiling cfg-if v1.0.4
[INFO] [stderr]    Compiling typenum v1.20.1
[INFO] [stderr]    Compiling subtle v2.6.1
[INFO] [stderr]    Compiling const-oid v0.9.6
[INFO] [stderr]    Compiling libc v0.2.186
[INFO] [stderr]    Compiling num-traits v0.2.19
[INFO] [stderr]    Compiling serde_core v1.0.228
[INFO] [stderr]    Compiling zerocopy v0.8.52
[INFO] [stderr]    Compiling zeroize v1.9.0
[INFO] [stderr]    Compiling cpufeatures v0.2.17
[INFO] [stderr]    Compiling either v1.16.0
[INFO] [stderr]    Compiling once_cell v1.21.4
[INFO] [stderr]    Compiling base16ct v0.2.0
[INFO] [stderr]    Compiling zmij v1.0.21
[INFO] [stderr]    Compiling serde_json v1.0.150
[INFO] [stderr]    Compiling itoa v1.0.18
[INFO] [stderr]    Compiling memchr v2.8.2
[INFO] [stderr]    Compiling schemars v0.8.22
[INFO] [stderr]    Compiling data-encoding v2.11.0
[INFO] [stderr]    Compiling dyn-clone v1.0.20
[INFO] [stderr]    Compiling libm v0.2.16
[INFO] [stderr]    Compiling stellar-xdr v25.0.0
[INFO] [stderr]    Compiling derive_arbitrary v1.3.2
[INFO] [stderr]    Compiling hashbrown v0.17.1
[INFO] [stderr]    Compiling indexmap-nostd v0.4.0
[INFO] [stderr]    Compiling equivalent v1.0.2
[INFO] [stderr]    Compiling downcast-rs v1.2.1
[INFO] [stderr]    Compiling soroban-env-common v25.0.1
[INFO] [stderr]    Compiling smallvec v1.15.2
[INFO] [stderr]    Compiling spin v0.9.8
[INFO] [stderr]    Compiling der v0.7.10
[INFO] [stderr]    Compiling stellar-strkey v0.0.13
[INFO] [stderr]    Compiling itertools v0.10.5
[INFO] [stderr]    Compiling wasmparser-nostd v0.100.2
[INFO] [stderr]    Compiling semver v1.0.28
[INFO] [stderr]    Compiling escape-bytes v0.1.1
[INFO] [stderr]    Compiling ethnum v1.5.3
[INFO] [stderr]    Compiling indexmap v2.14.0
[INFO] [stderr]    Compiling wasmi_arena v0.4.1
[INFO] [stderr]    Compiling arbitrary v1.3.2
[INFO] [stderr]    Compiling base64 v0.22.1
[INFO] [stderr]    Compiling static_assertions v1.1.0
[INFO] [stderr]    Compiling generic-array v0.14.9
[INFO] [stderr]    Compiling keccak v0.1.6
[INFO] [stderr]    Compiling soroban-env-host v25.0.1
[INFO] [stderr]    Compiling num-integer v0.1.46
[INFO] [stderr]    Compiling wasmi_core v0.13.0
[INFO] [stderr]    Compiling byteorder v1.5.0
[INFO] [stderr]    Compiling thiserror v1.0.69
[INFO] [stderr]    Compiling dtor-proc-macro v0.0.6
[INFO] [stderr]    Compiling wasmparser v0.116.1
[INFO] [stderr]    Compiling hash32 v0.3.1
[INFO] [stderr]    Compiling getrandom v0.2.17
[INFO] [stderr]    Compiling num-bigint v0.4.6
[INFO] [stderr]    Compiling stable_deref_trait v1.2.1
[INFO] [stderr]    Compiling hex-literal v0.4.1
[INFO] [stderr]    Compiling heapless v0.8.0
[INFO] [stderr]    Compiling soroban-sdk v25.3.1
[INFO] [stderr]    Compiling dtor v0.1.1
[INFO] [stderr]    Compiling ctor-proc-macro v0.0.6
[INFO] [stderr]    Compiling soroban-sdk-macros v25.3.1
[INFO] [stderr]    Compiling rand_core v0.6.4
[INFO] [stderr]    Compiling crypto-common v0.1.6
[INFO] [stderr]    Compiling block-buffer v0.10.4
[INFO] [stderr]    Compiling sec1 v0.7.3
[INFO] [stderr]    Compiling ctor v0.5.0
[INFO] [stderr]    Compiling ff v0.13.1
[INFO] [stderr]    Compiling crypto-bigint v0.5.5
[INFO] [stderr]    Compiling group v0.13.0
[INFO] [stderr]    Compiling digest v0.10.7
[INFO] [stderr]    Compiling serde v1.0.228
[INFO] [stderr]    Compiling stellar-strkey v0.0.16
[INFO] [stderr]    Compiling sha2 v0.10.9
[INFO] [stderr]    Compiling signature v2.2.0
[INFO] [stderr]    Compiling hmac v0.12.1
[INFO] [stderr]    Compiling curve25519-dalek v4.1.3
[INFO] [stderr]    Compiling sha3 v0.10.9
[INFO] [stderr]    Compiling rfc6979 v0.4.0
[INFO] [stderr]    Compiling ed25519 v2.2.3
[INFO] [stderr]    Compiling hex v0.4.3
[INFO] [stderr]    Compiling elliptic-curve v0.13.8
[INFO] [stderr]    Compiling ed25519-dalek v2.2.0
[INFO] [stderr]    Compiling ecdsa v0.16.9
[INFO] [stderr]    Compiling primeorder v0.13.6
[INFO] [stderr]    Compiling p256 v0.13.2
[INFO] [stderr]    Compiling k256 v0.13.4
[INFO] [stderr]    Compiling serde_with v3.21.0
[INFO] [stderr]    Compiling soroban-wasmi v0.31.1-soroban.20.0.1
[INFO] [stderr]    Compiling ppv-lite86 v0.2.21
[INFO] [stderr]    Compiling ahash v0.8.12
[INFO] [stderr]    Compiling hashbrown v0.13.2
[INFO] [stderr]    Compiling rand_chacha v0.3.1
[INFO] [stderr]    Compiling rand v0.8.6
[INFO] [stderr]    Compiling ark-std v0.4.0
[INFO] [stderr]    Compiling ark-serialize v0.4.2
[INFO] [stderr]    Compiling ark-ff v0.4.2
[INFO] [stderr]    Compiling ark-poly v0.4.2
[INFO] [stderr]    Compiling ark-ec v0.4.2
[INFO] [stderr]    Compiling ark-bls12-381 v0.4.0
[INFO] [stderr]    Compiling ark-bn254 v0.4.0
[INFO] [stderr]    Compiling soroban-ledger-snapshot v25.3.1
[INFO] [stderr]    Compiling coffee-loyalty v1.0.0 (/opt/rustwide/workdir/contracts/coffee-loyalty)
[INFO] [stderr]     Finished `release` profile [optimized] target(s) in 2m 36s
[INFO] running `Command { std: "docker" "inspect" "bb2ed693862a1db1e1f2a32d078ed78a35ee18abae490df03d8a30eab9d9f236", kill_on_drop: false }`
[INFO] running `Command { std: "docker" "exec" "-e" "SOURCE_DIR=/opt/rustwide/workdir" "-e" "CARGO_HOME=/opt/rustwide/cargo-home" "-e" "RUSTUP_HOME=/opt/rustwide/rustup-home" "-e" "CARGO_TARGET_DIR=/opt/rustwide/target" "-e" "CARGO_INCREMENTAL=0" "-e" "RUST_BACKTRACE=full" "-e" "RUSTFLAGS=--cap-lints=warn" "-e" "RUSTDOCFLAGS=--cap-lints=warn" "-w" "/opt/rustwide/workdir" "--user" "0:0" "bb2ed693862a1db1e1f2a32d078ed78a35ee18abae490df03d8a30eab9d9f236" "/opt/rustwide/cargo-home/bin/cargo" "+1.98.0-beta.8" "test" "--frozen" "--release", kill_on_drop: false }`
[INFO] [stderr]     Finished `release` profile [optimized] target(s) in 0.35s
[INFO] [stderr]      Running unittests src/lib.rs (/opt/rustwide/target/release/deps/coffee_loyalty-3c682bcfac4a0630)
[INFO] [stdout] 
[INFO] [stdout] running 14 tests
[INFO] [stdout] test test::rejects_second_initialization ... FAILED
[INFO] [stdout] test test::repeated_purchases_accumulate_student_data ... FAILED
[INFO] [stdout] test test::initializes_default_configuration_and_empty_state ... FAILED
[INFO] [stdout] test test::admin_updates_rules_and_points_preview ... FAILED
[INFO] [stdout] test test::admin_can_transfer_program_control ... FAILED
[INFO] [stdout] test test::admin_can_pause_and_resume_program ... FAILED
[INFO] [stdout] test test::student_can_redeem_points ... FAILED
[INFO] [stdout] test test::student_earns_points_and_profile_updates ... FAILED
[INFO] [stdout] test test::invalid_reward_rules_are_rejected ... FAILED
[INFO] [stdout] test test::spend_below_reward_threshold_is_rejected ... FAILED
[INFO] [stdout] test test::uninitialized_contract_rejects_configured_operations ... FAILED
[INFO] [stdout] test test::unauthorized_admin_operations_are_rejected ... FAILED
[INFO] [stdout] test test::invalid_redemptions_are_rejected ... FAILED
[INFO] [stdout] test test::program_stats_track_multiple_students ... FAILED
[INFO] [stdout] 
[INFO] [stdout] failures:
[INFO] [stdout] 
[INFO] [stdout] ---- test::rejects_second_initialization stdout ----
[INFO] [stdout] Writing test snapshot file for test "test::rejects_second_initialization" to "test_snapshots/test/rejects_second_initialization.1.json".
[INFO] [stdout] 
[INFO] [stdout] thread 'test::rejects_second_initialization' (4115) panicked at /opt/rustwide/cargo-home/registry/src/index.crates.io-1949cf8c6b5b557f/soroban-sdk-25.3.1/src/env.rs:1970:32:
[INFO] [stdout] called `Result::unwrap()` on an `Err` value: Os { code: 30, kind: ReadOnlyFilesystem, message: "Read-only file system" }
[INFO] [stdout] stack backtrace:
[INFO] [stdout]    0:     0x5e5db8b6c44d - <unknown>
[INFO] [stdout]    1:     0x5e5db8a09ec4 - <unknown>
[INFO] [stdout]    2:     0x5e5db8b6ba7b - <unknown>
[INFO] [stdout]    3:     0x5e5db8b6b619 - <unknown>
[INFO] [stdout]    4:     0x5e5db8b6b29a - <unknown>
[INFO] [stdout]    5:     0x5e5db8b6ae22 - <unknown>
[INFO] [stdout]    6:     0x5e5db8b91801 - <unknown>
[INFO] [stdout]    7:     0x5e5db8b917b9 - <unknown>
[INFO] [stdout]    8:     0x5e5db8b91cac - <unknown>
[INFO] [stdout]    9:     0x5e5db8a09d5b - <unknown>
[INFO] [stdout]   10:     0x5e5db8a0d4b1 - <unknown>
[INFO] [stdout]   11:     0x5e5db8b34998 - <unknown>
[INFO] [stdout]   12:     0x5e5db89f7cd8 - <unknown>
[INFO] [stdout]   13:     0x5e5db8a02056 - <unknown>
[INFO] [stdout]   14:     0x5e5db8baa6db - <unknown>
[INFO] [stdout]   15:     0x5e5db8ba6ab7 - <unknown>
[INFO] [stdout]   16:     0x5e5db8ba657c - <unknown>
[INFO] [stdout]   17:     0x5e5db8bbfcfc - <unknown>
[INFO] [stdout]   18:     0x5e5db8b92d02 - <unknown>
[INFO] [stdout]   19:     0x7b2d9a86907a - <unknown>
[INFO] [stdout]   20:     0x7b2d9a8fc534 - clone
[INFO] [stdout]   21:                0x0 - <unknown>
[INFO] [stdout] 
[INFO] [stdout] ---- test::repeated_purchases_accumulate_student_data stdout ----
[INFO] [stdout] Writing test snapshot file for test "test::repeated_purchases_accumulate_student_data" to "test_snapshots/test/repeated_purchases_accumulate_student_data.1.json".
[INFO] [stdout] 
[INFO] [stdout] thread 'test::repeated_purchases_accumulate_student_data' (4116) panicked at /opt/rustwide/cargo-home/registry/src/index.crates.io-1949cf8c6b5b557f/soroban-sdk-25.3.1/src/env.rs:1970:32:
[INFO] [stdout] called `Result::unwrap()` on an `Err` value: Os { code: 30, kind: ReadOnlyFilesystem, message: "Read-only file system" }
[INFO] [stdout] stack backtrace:
[INFO] [stdout]    0:     0x5e5db8b6c44d - <unknown>
[INFO] [stdout]    1:     0x5e5db8a09ec4 - <unknown>
[INFO] [stdout]    2:     0x5e5db8b6ba7b - <unknown>
[INFO] [stdout]    3:     0x5e5db8b6b619 - <unknown>
[INFO] [stdout]    4:     0x5e5db8b6b29a - <unknown>
[INFO] [stdout]    5:     0x5e5db8b6ae22 - <unknown>
[INFO] [stdout]    6:     0x5e5db8b91801 - <unknown>
[INFO] [stdout]    7:     0x5e5db8b917b9 - <unknown>
[INFO] [stdout]    8:     0x5e5db8b91cac - <unknown>
[INFO] [stdout]    9:     0x5e5db8a09d5b - <unknown>
[INFO] [stdout]   10:     0x5e5db8a0d4b1 - <unknown>
[INFO] [stdout]   11:     0x5e5db8b34998 - <unknown>
[INFO] [stdout]   12:     0x5e5db89f7cd8 - <unknown>
[INFO] [stdout]   13:     0x5e5db8a03ea2 - <unknown>
[INFO] [stdout]   14:     0x5e5db8baa6db - <unknown>
[INFO] [stdout]   15:     0x5e5db8ba6ab7 - <unknown>
[INFO] [stdout]   16:     0x5e5db8ba657c - <unknown>
[INFO] [stdout]   17:     0x5e5db8bbfcfc - <unknown>
[INFO] [stdout]   18:     0x5e5db8b92d02 - <unknown>
[INFO] [stdout]   19:     0x7b2d9a86907a - <unknown>
[INFO] [stdout]   20:     0x7b2d9a8fc534 - clone
[INFO] [stdout]   21:                0x0 - <unknown>
[INFO] [stdout] 
[INFO] [stdout] ---- test::initializes_default_configuration_and_empty_state stdout ----
[INFO] [stdout] Writing test snapshot file for test "test::initializes_default_configuration_and_empty_state" to "test_snapshots/test/initializes_default_configuration_and_empty_state.1.json".
[INFO] [stdout] 
[INFO] [stdout] thread 'test::initializes_default_configuration_and_empty_state' (4111) panicked at /opt/rustwide/cargo-home/registry/src/index.crates.io-1949cf8c6b5b557f/soroban-sdk-25.3.1/src/env.rs:1970:32:
[INFO] [stdout] called `Result::unwrap()` on an `Err` value: Os { code: 30, kind: ReadOnlyFilesystem, message: "Read-only file system" }
[INFO] [stdout] stack backtrace:
[INFO] [stdout]    0:     0x5e5db8b6c44d - <unknown>
[INFO] [stdout]    1:     0x5e5db8a09ec4 - <unknown>
[INFO] [stdout]    2:     0x5e5db8b6ba7b - <unknown>
[INFO] [stdout]    3:     0x5e5db8b6b619 - <unknown>
[INFO] [stdout]    4:     0x5e5db8b6b29a - <unknown>
[INFO] [stdout]    5:     0x5e5db8b6ae22 - <unknown>
[INFO] [stdout]    6:     0x5e5db8b91801 - <unknown>
[INFO] [stdout]    7:     0x5e5db8b917b9 - <unknown>
[INFO] [stdout]    8:     0x5e5db8b91cac - <unknown>
[INFO] [stdout]    9:     0x5e5db8a09d5b - <unknown>
[INFO] [stdout]   10:     0x5e5db8a0d4b1 - <unknown>
[INFO] [stdout]   11:     0x5e5db8b34998 - <unknown>
[INFO] [stdout]   12:     0x5e5db89f7cd8 - <unknown>
[INFO] [stdout]   13:     0x5e5db8a04709 - <unknown>
[INFO] [stdout]   14:     0x5e5db8baa6db - <unknown>
[INFO] [stdout]   15:     0x5e5db8ba6ab7 - <unknown>
[INFO] [stdout]   16:     0x5e5db8ba657c - <unknown>
[INFO] [stdout]   17:     0x5e5db8bbfcfc - <unknown>
[INFO] [stdout]   18:     0x5e5db8b92d02 - <unknown>
[INFO] [stdout]   19:     0x7b2d9a86907a - <unknown>
[INFO] [stdout]   20:     0x7b2d9a8fc534 - clone
[INFO] [stdout]   21:                0x0 - <unknown>
[INFO] [stdout] 
[INFO] [stdout] ---- test::admin_updates_rules_and_points_preview stdout ----
[INFO] [stdout] Writing test snapshot file for test "test::admin_updates_rules_and_points_preview" to "test_snapshots/test/admin_updates_rules_and_points_preview.1.json".
[INFO] [stdout] 
[INFO] [stdout] thread 'test::admin_updates_rules_and_points_preview' (4110) panicked at /opt/rustwide/cargo-home/registry/src/index.crates.io-1949cf8c6b5b557f/soroban-sdk-25.3.1/src/env.rs:1970:32:
[INFO] [stdout] called `Result::unwrap()` on an `Err` value: Os { code: 30, kind: ReadOnlyFilesystem, message: "Read-only file system" }
[INFO] [stdout] stack backtrace:
[INFO] [stdout]    0:     0x5e5db8b6c44d - <unknown>
[INFO] [stdout]    1:     0x5e5db8a09ec4 - <unknown>
[INFO] [stdout]    2:     0x5e5db8b6ba7b - <unknown>
[INFO] [stdout]    3:     0x5e5db8b6b619 - <unknown>
[INFO] [stdout]    4:     0x5e5db8b6b29a - <unknown>
[INFO] [stdout]    5:     0x5e5db8b6ae22 - <unknown>
[INFO] [stdout]    6:     0x5e5db8b91801 - <unknown>
[INFO] [stdout]    7:     0x5e5db8b917b9 - <unknown>
[INFO] [stdout]    8:     0x5e5db8b91cac - <unknown>
[INFO] [stdout]    9:     0x5e5db8a09d5b - <unknown>
[INFO] [stdout]   10:     0x5e5db8a0d4b1 - <unknown>
[INFO] [stdout]   11:     0x5e5db8b34998 - <unknown>
[INFO] [stdout]   12:     0x5e5db89f7cd8 - <unknown>
[INFO] [stdout]   13:     0x5e5db8a03699 - <unknown>
[INFO] [stdout]   14:     0x5e5db8baa6db - <unknown>
[INFO] [stdout]   15:     0x5e5db8ba6ab7 - <unknown>
[INFO] [stdout]   16:     0x5e5db8ba657c - <unknown>
[INFO] [stdout]   17:     0x5e5db8bbfcfc - <unknown>
[INFO] [stdout]   18:     0x5e5db8b92d02 - <unknown>
[INFO] [stdout]   19:     0x7b2d9a86907a - <unknown>
[INFO] [stdout]   20:     0x7b2d9a8fc534 - clone
[INFO] [stdout]   21:                0x0 - <unknown>
[INFO] [stdout] 
[INFO] [stdout] ---- test::admin_can_transfer_program_control stdout ----
[INFO] [stdout] Writing test snapshot file for test "test::admin_can_transfer_program_control" to "test_snapshots/test/admin_can_transfer_program_control.1.json".
[INFO] [stdout] 
[INFO] [stdout] thread 'test::admin_can_transfer_program_control' (4109) panicked at /opt/rustwide/cargo-home/registry/src/index.crates.io-1949cf8c6b5b557f/soroban-sdk-25.3.1/src/env.rs:1970:32:
[INFO] [stdout] called `Result::unwrap()` on an `Err` value: Os { code: 30, kind: ReadOnlyFilesystem, message: "Read-only file system" }
[INFO] [stdout] stack backtrace:
[INFO] [stdout]    0:     0x5e5db8b6c44d - <unknown>
[INFO] [stdout]    1:     0x5e5db8a09ec4 - <unknown>
[INFO] [stdout]    2:     0x5e5db8b6ba7b - <unknown>
[INFO] [stdout]    3:     0x5e5db8b6b619 - <unknown>
[INFO] [stdout]    4:     0x5e5db8b6b29a - <unknown>
[INFO] [stdout]    5:     0x5e5db8b6ae22 - <unknown>
[INFO] [stdout]    6:     0x5e5db8b91801 - <unknown>
[INFO] [stdout]    7:     0x5e5db8b917b9 - <unknown>
[INFO] [stdout]    8:     0x5e5db8b91cac - <unknown>
[INFO] [stdout]    9:     0x5e5db8a09d5b - <unknown>
[INFO] [stdout]   10:     0x5e5db8a0d4b1 - <unknown>
[INFO] [stdout]   11:     0x5e5db8b34998 - <unknown>
[INFO] [stdout]   12:     0x5e5db89f7cd8 - <unknown>
[INFO] [stdout]   13:     0x5e5db8a02d3c - <unknown>
[INFO] [stdout]   14:     0x5e5db8baa6db - <unknown>
[INFO] [stdout]   15:     0x5e5db8ba6ab7 - <unknown>
[INFO] [stdout]   16:     0x5e5db8ba657c - <unknown>
[INFO] [stdout]   17:     0x5e5db8bbfcfc - <unknown>
[INFO] [stdout]   18:     0x5e5db8b92d02 - <unknown>
[INFO] [stdout]   19:     0x7b2d9a86907a - <unknown>
[INFO] [stdout]   20:     0x7b2d9a8fc534 - clone
[INFO] [stdout]   21:                0x0 - <unknown>
[INFO] [stdout] 
[INFO] [stdout] ---- test::admin_can_pause_and_resume_program stdout ----
[INFO] [stdout] Writing test snapshot file for test "test::admin_can_pause_and_resume_program" to "test_snapshots/test/admin_can_pause_and_resume_program.1.json".
[INFO] [stdout] 
[INFO] [stdout] thread 'test::admin_can_pause_and_resume_program' (4108) panicked at /opt/rustwide/cargo-home/registry/src/index.crates.io-1949cf8c6b5b557f/soroban-sdk-25.3.1/src/env.rs:1970:32:
[INFO] [stdout] called `Result::unwrap()` on an `Err` value: Os { code: 30, kind: ReadOnlyFilesystem, message: "Read-only file system" }
[INFO] [stdout] stack backtrace:
[INFO] [stdout]    0:     0x5e5db8b6c44d - <unknown>
[INFO] [stdout]    1:     0x5e5db8a09ec4 - <unknown>
[INFO] [stdout]    2:     0x5e5db8b6ba7b - <unknown>
[INFO] [stdout]    3:     0x5e5db8b6b619 - <unknown>
[INFO] [stdout]    4:     0x5e5db8b6b29a - <unknown>
[INFO] [stdout]    5:     0x5e5db8b6ae22 - <unknown>
[INFO] [stdout]    6:     0x5e5db8b91801 - <unknown>
[INFO] [stdout]    7:     0x5e5db8b917b9 - <unknown>
[INFO] [stdout]    8:     0x5e5db8b91cac - <unknown>
[INFO] [stdout]    9:     0x5e5db8a09d5b - <unknown>
[INFO] [stdout]   10:     0x5e5db8a0d4b1 - <unknown>
[INFO] [stdout]   11:     0x5e5db8b34998 - <unknown>
[INFO] [stdout]   12:     0x5e5db89f7cd8 - <unknown>
[INFO] [stdout]   13:     0x5e5db8a02885 - <unknown>
[INFO] [stdout]   14:     0x5e5db8baa6db - <unknown>
[INFO] [stdout]   15:     0x5e5db8ba6ab7 - <unknown>
[INFO] [stdout]   16:     0x5e5db8ba657c - <unknown>
[INFO] [stdout]   17:     0x5e5db8bbfcfc - <unknown>
[INFO] [stdout]   18:     0x5e5db8b92d02 - <unknown>
[INFO] [stdout]   19:     0x7b2d9a86907a - <unknown>
[INFO] [stdout]   20:     0x7b2d9a8fc534 - clone
[INFO] [stdout]   21:                0x0 - <unknown>
[INFO] [stdout] 
[INFO] [stdout] ---- test::student_can_redeem_points stdout ----
[INFO] [stdout] Writing test snapshot file for test "test::student_can_redeem_points" to "test_snapshots/test/student_can_redeem_points.1.json".
[INFO] [stdout] 
[INFO] [stdout] thread 'test::student_can_redeem_points' (4118) panicked at /opt/rustwide/cargo-home/registry/src/index.crates.io-1949cf8c6b5b557f/soroban-sdk-25.3.1/src/env.rs:1970:32:
[INFO] [stdout] called `Result::unwrap()` on an `Err` value: Os { code: 30, kind: ReadOnlyFilesystem, message: "Read-only file system" }
[INFO] [stdout] stack backtrace:
[INFO] [stdout]    0:     0x5e5db8b6c44d - <unknown>
[INFO] [stdout]    1:     0x5e5db8a09ec4 - <unknown>
[INFO] [stdout]    2:     0x5e5db8b6ba7b - <unknown>
[INFO] [stdout]    3:     0x5e5db8b6b619 - <unknown>
[INFO] [stdout]    4:     0x5e5db8b6b29a - <unknown>
[INFO] [stdout]    5:     0x5e5db8b6ae22 - <unknown>
[INFO] [stdout]    6:     0x5e5db8b91801 - <unknown>
[INFO] [stdout]    7:     0x5e5db8b917b9 - <unknown>
[INFO] [stdout]    8:     0x5e5db8b91cac - <unknown>
[INFO] [stdout]    9:     0x5e5db8a09d5b - <unknown>
[INFO] [stdout]   10:     0x5e5db8a0d4b1 - <unknown>
[INFO] [stdout]   11:     0x5e5db8b34998 - <unknown>
[INFO] [stdout]   12:     0x5e5db89f7cd8 - <unknown>
[INFO] [stdout]   13:     0x5e5db8a01d25 - <unknown>
[INFO] [stdout]   14:     0x5e5db8baa6db - <unknown>
[INFO] [stdout]   15:     0x5e5db8ba6ab7 - <unknown>
[INFO] [stdout]   16:     0x5e5db8ba657c - <unknown>
[INFO] [stdout]   17:     0x5e5db8bbfcfc - <unknown>
[INFO] [stdout]   18:     0x5e5db8b92d02 - <unknown>
[INFO] [stdout]   19:     0x7b2d9a86907a - <unknown>
[INFO] [stdout]   20:     0x7b2d9a8fc534 - clone
[INFO] [stdout]   21:                0x0 - <unknown>
[INFO] [stdout] 
[INFO] [stdout] ---- test::student_earns_points_and_profile_updates stdout ----
[INFO] [stdout] Writing test snapshot file for test "test::student_earns_points_and_profile_updates" to "test_snapshots/test/student_earns_points_and_profile_updates.1.json".
[INFO] [stdout] 
[INFO] [stdout] thread 'test::student_earns_points_and_profile_updates' (4119) panicked at /opt/rustwide/cargo-home/registry/src/index.crates.io-1949cf8c6b5b557f/soroban-sdk-25.3.1/src/env.rs:1970:32:
[INFO] [stdout] called `Result::unwrap()` on an `Err` value: Os { code: 30, kind: ReadOnlyFilesystem, message: "Read-only file system" }
[INFO] [stdout] stack backtrace:
[INFO] [stdout]    0:     0x5e5db8b6c44d - <unknown>
[INFO] [stdout]    1:     0x5e5db8a09ec4 - <unknown>
[INFO] [stdout]    2:     0x5e5db8b6ba7b - <unknown>
[INFO] [stdout]    3:     0x5e5db8b6b619 - <unknown>
[INFO] [stdout]    4:     0x5e5db8b6b29a - <unknown>
[INFO] [stdout]    5:     0x5e5db8b6ae22 - <unknown>
[INFO] [stdout]    6:     0x5e5db8b91801 - <unknown>
[INFO] [stdout]    7:     0x5e5db8b917b9 - <unknown>
[INFO] [stdout]    8:     0x5e5db8b91cac - <unknown>
[INFO] [stdout]    9:     0x5e5db8a09d5b - <unknown>
[INFO] [stdout]   10:     0x5e5db8a0d4b1 - <unknown>
[INFO] [stdout]   11:     0x5e5db8b34998 - <unknown>
[INFO] [stdout]   12:     0x5e5db89f7cd8 - <unknown>
[INFO] [stdout]   13:     0x5e5db8a03c20 - <unknown>
[INFO] [stdout]   14:     0x5e5db8baa6db - <unknown>
[INFO] [stdout]   15:     0x5e5db8ba6ab7 - <unknown>
[INFO] [stdout]   16:     0x5e5db8ba657c - <unknown>
[INFO] [stdout]   17:     0x5e5db8bbfcfc - <unknown>
[INFO] [stdout]   18:     0x5e5db8b92d02 - <unknown>
[INFO] [stdout]   19:     0x7b2d9a86907a - <unknown>
[INFO] [stdout]   20:     0x7b2d9a8fc534 - clone
[INFO] [stdout]   21:                0x0 - <unknown>
[INFO] [stdout] 
[INFO] [stdout] ---- test::invalid_reward_rules_are_rejected stdout ----
[INFO] [stdout] Writing test snapshot file for test "test::invalid_reward_rules_are_rejected" to "test_snapshots/test/invalid_reward_rules_are_rejected.1.json".
[INFO] [stdout] 
[INFO] [stdout] thread 'test::invalid_reward_rules_are_rejected' (4113) panicked at /opt/rustwide/cargo-home/registry/src/index.crates.io-1949cf8c6b5b557f/soroban-sdk-25.3.1/src/env.rs:1970:32:
[INFO] [stdout] called `Result::unwrap()` on an `Err` value: Os { code: 30, kind: ReadOnlyFilesystem, message: "Read-only file system" }
[INFO] [stdout] stack backtrace:
[INFO] [stdout]    0:     0x5e5db8b6c44d - <unknown>
[INFO] [stdout]    1:     0x5e5db8a09ec4 - <unknown>
[INFO] [stdout]    2:     0x5e5db8b6ba7b - <unknown>
[INFO] [stdout]    3:     0x5e5db8b6b619 - <unknown>
[INFO] [stdout]    4:     0x5e5db8b6b29a - <unknown>
[INFO] [stdout]    5:     0x5e5db8b6ae22 - <unknown>
[INFO] [stdout]    6:     0x5e5db8b91801 - <unknown>
[INFO] [stdout]    7:     0x5e5db8b917b9 - <unknown>
[INFO] [stdout]    8:     0x5e5db8b91cac - <unknown>
[INFO] [stdout]    9:     0x5e5db8a09d5b - <unknown>
[INFO] [stdout]   10:     0x5e5db8a0d4b1 - <unknown>
[INFO] [stdout]   11:     0x5e5db8b34998 - <unknown>
[INFO] [stdout]   12:     0x5e5db89f7cd8 - <unknown>
[INFO] [stdout]   13:     0x5e5db8a025a4 - <unknown>
[INFO] [stdout]   14:     0x5e5db8baa6db - <unknown>
[INFO] [stdout]   15:     0x5e5db8ba6ab7 - <unknown>
[INFO] [stdout]   16:     0x5e5db8ba657c - <unknown>
[INFO] [stdout]   17:     0x5e5db8bbfcfc - <unknown>
[INFO] [stdout]   18:     0x5e5db8b92d02 - <unknown>
[INFO] [stdout]   19:     0x7b2d9a86907a - <unknown>
[INFO] [stdout]   20:     0x7b2d9a8fc534 - clone
[INFO] [stdout]   21:                0x0 - <unknown>
[INFO] [stdout] 
[INFO] [stdout] ---- test::spend_below_reward_threshold_is_rejected stdout ----
[INFO] [stdout] Writing test snapshot file for test "test::spend_below_reward_threshold_is_rejected" to "test_snapshots/test/spend_below_reward_threshold_is_rejected.1.json".
[INFO] [stdout] 
[INFO] [stdout] thread 'test::spend_below_reward_threshold_is_rejected' (4117) panicked at /opt/rustwide/cargo-home/registry/src/index.crates.io-1949cf8c6b5b557f/soroban-sdk-25.3.1/src/env.rs:1970:32:
[INFO] [stdout] called `Result::unwrap()` on an `Err` value: Os { code: 30, kind: ReadOnlyFilesystem, message: "Read-only file system" }
[INFO] [stdout] stack backtrace:
[INFO] [stdout]    0:     0x5e5db8b6c44d - <unknown>
[INFO] [stdout]    1:     0x5e5db8a09ec4 - <unknown>
[INFO] [stdout]    2:     0x5e5db8b6ba7b - <unknown>
[INFO] [stdout]    3:     0x5e5db8b6b619 - <unknown>
[INFO] [stdout]    4:     0x5e5db8b6b29a - <unknown>
[INFO] [stdout]    5:     0x5e5db8b6ae22 - <unknown>
[INFO] [stdout]    6:     0x5e5db8b91801 - <unknown>
[INFO] [stdout]    7:     0x5e5db8b917b9 - <unknown>
[INFO] [stdout]    8:     0x5e5db8b91cac - <unknown>
[INFO] [stdout]    9:     0x5e5db8a09d5b - <unknown>
[INFO] [stdout]   10:     0x5e5db8a0d4b1 - <unknown>
[INFO] [stdout]   11:     0x5e5db8b34998 - <unknown>
[INFO] [stdout]   12:     0x5e5db89f7cd8 - <unknown>
[INFO] [stdout]   13:     0x5e5db8a03981 - <unknown>
[INFO] [stdout]   14:     0x5e5db8baa6db - <unknown>
[INFO] [stdout]   15:     0x5e5db8ba6ab7 - <unknown>
[INFO] [stdout]   16:     0x5e5db8ba657c - <unknown>
[INFO] [stdout]   17:     0x5e5db8bbfcfc - <unknown>
[INFO] [stdout]   18:     0x5e5db8b92d02 - <unknown>
[INFO] [stdout]   19:     0x7b2d9a86907a - <unknown>
[INFO] [stdout]   20:     0x7b2d9a8fc534 - clone
[INFO] [stdout]   21:                0x0 - <unknown>
[INFO] [stdout] 
[INFO] [stdout] ---- test::uninitialized_contract_rejects_configured_operations stdout ----
[INFO] [stdout] Writing test snapshot file for test "test::uninitialized_contract_rejects_configured_operations" to "test_snapshots/test/uninitialized_contract_rejects_configured_operations.1.json".
[INFO] [stdout] 
[INFO] [stdout] thread 'test::uninitialized_contract_rejects_configured_operations' (4121) panicked at /opt/rustwide/cargo-home/registry/src/index.crates.io-1949cf8c6b5b557f/soroban-sdk-25.3.1/src/env.rs:1970:32:
[INFO] [stdout] called `Result::unwrap()` on an `Err` value: Os { code: 30, kind: ReadOnlyFilesystem, message: "Read-only file system" }
[INFO] [stdout] stack backtrace:
[INFO] [stdout]    0:     0x5e5db8b6c44d - <unknown>
[INFO] [stdout]    1:     0x5e5db8a09ec4 - <unknown>
[INFO] [stdout]    2:     0x5e5db8b6ba7b - <unknown>
[INFO] [stdout]    3:     0x5e5db8b6b619 - <unknown>
[INFO] [stdout]    4:     0x5e5db8b6b29a - <unknown>
[INFO] [stdout]    5:     0x5e5db8b6ae22 - <unknown>
[INFO] [stdout]    6:     0x5e5db8b91801 - <unknown>
[INFO] [stdout]    7:     0x5e5db8b917b9 - <unknown>
[INFO] [stdout]    8:     0x5e5db8b91cac - <unknown>
[INFO] [stdout]    9:     0x5e5db8a09d5b - <unknown>
[INFO] [stdout]   10:     0x5e5db8a0d4b1 - <unknown>
[INFO] [stdout]   11:     0x5e5db8b34998 - <unknown>
[INFO] [stdout]   12:     0x5e5db89f7cd8 - <unknown>
[INFO] [stdout]   13:     0x5e5db8a04bb0 - <unknown>
[INFO] [stdout]   14:     0x5e5db8baa6db - <unknown>
[INFO] [stdout]   15:     0x5e5db8ba6ab7 - <unknown>
[INFO] [stdout]   16:     0x5e5db8ba657c - <unknown>
[INFO] [stdout]   17:     0x5e5db8bbfcfc - <unknown>
[INFO] [stdout]   18:     0x5e5db8b92d02 - <unknown>
[INFO] [stdout]   19:     0x7b2d9a86907a - <unknown>
[INFO] [stdout]   20:     0x7b2d9a8fc534 - clone
[INFO] [stdout]   21:                0x0 - <unknown>
[INFO] [stdout] 
[INFO] [stdout] ---- test::unauthorized_admin_operations_are_rejected stdout ----
[INFO] [stdout] Writing test snapshot file for test "test::unauthorized_admin_operations_are_rejected" to "test_snapshots/test/unauthorized_admin_operations_are_rejected.1.json".
[INFO] [stdout] 
[INFO] [stdout] thread 'test::unauthorized_admin_operations_are_rejected' (4120) panicked at /opt/rustwide/cargo-home/registry/src/index.crates.io-1949cf8c6b5b557f/soroban-sdk-25.3.1/src/env.rs:1970:32:
[INFO] [stdout] called `Result::unwrap()` on an `Err` value: Os { code: 30, kind: ReadOnlyFilesystem, message: "Read-only file system" }
[INFO] [stdout] stack backtrace:
[INFO] [stdout]    0:     0x5e5db8b6c44d - <unknown>
[INFO] [stdout]    1:     0x5e5db8a09ec4 - <unknown>
[INFO] [stdout]    2:     0x5e5db8b6ba7b - <unknown>
[INFO] [stdout]    3:     0x5e5db8b6b619 - <unknown>
[INFO] [stdout]    4:     0x5e5db8b6b29a - <unknown>
[INFO] [stdout]    5:     0x5e5db8b6ae22 - <unknown>
[INFO] [stdout]    6:     0x5e5db8b91801 - <unknown>
[INFO] [stdout]    7:     0x5e5db8b917b9 - <unknown>
[INFO] [stdout]    8:     0x5e5db8b91cac - <unknown>
[INFO] [stdout]    9:     0x5e5db8a09d5b - <unknown>
[INFO] [stdout]   10:     0x5e5db8a0d4b1 - <unknown>
[INFO] [stdout]   11:     0x5e5db8b34998 - <unknown>
[INFO] [stdout]   12:     0x5e5db89f7cd8 - <unknown>
[INFO] [stdout]   13:     0x5e5db8a042bf - <unknown>
[INFO] [stdout]   14:     0x5e5db8baa6db - <unknown>
[INFO] [stdout]   15:     0x5e5db8ba6ab7 - <unknown>
[INFO] [stdout]   16:     0x5e5db8ba657c - <unknown>
[INFO] [stdout]   17:     0x5e5db8bbfcfc - <unknown>
[INFO] [stdout]   18:     0x5e5db8b92d02 - <unknown>
[INFO] [stdout]   19:     0x7b2d9a86907a - <unknown>
[INFO] [stdout]   20:     0x7b2d9a8fc534 - clone
[INFO] [stdout]   21:                0x0 - <unknown>
[INFO] [stdout] 
[INFO] [stdout] ---- test::invalid_redemptions_are_rejected stdout ----
[INFO] [stdout] Writing test snapshot file for test "test::invalid_redemptions_are_rejected" to "test_snapshots/test/invalid_redemptions_are_rejected.1.json".
[INFO] [stdout] 
[INFO] [stdout] thread 'test::invalid_redemptions_are_rejected' (4112) panicked at /opt/rustwide/cargo-home/registry/src/index.crates.io-1949cf8c6b5b557f/soroban-sdk-25.3.1/src/env.rs:1970:32:
[INFO] [stdout] called `Result::unwrap()` on an `Err` value: Os { code: 30, kind: ReadOnlyFilesystem, message: "Read-only file system" }
[INFO] [stdout] stack backtrace:
[INFO] [stdout]    0:     0x5e5db8b6c44d - <unknown>
[INFO] [stdout]    1:     0x5e5db8a09ec4 - <unknown>
[INFO] [stdout]    2:     0x5e5db8b6ba7b - <unknown>
[INFO] [stdout]    3:     0x5e5db8b6b619 - <unknown>
[INFO] [stdout]    4:     0x5e5db8b6b29a - <unknown>
[INFO] [stdout]    5:     0x5e5db8b6ae22 - <unknown>
[INFO] [stdout]    6:     0x5e5db8b91801 - <unknown>
[INFO] [stdout]    7:     0x5e5db8b917b9 - <unknown>
[INFO] [stdout]    8:     0x5e5db8b91cac - <unknown>
[INFO] [stdout]    9:     0x5e5db8a09d5b - <unknown>
[INFO] [stdout]   10:     0x5e5db8a0d4b1 - <unknown>
[INFO] [stdout]   11:     0x5e5db8b34998 - <unknown>
[INFO] [stdout]   12:     0x5e5db89f7cd8 - <unknown>
[INFO] [stdout]   13:     0x5e5db8a02325 - <unknown>
[INFO] [stdout]   14:     0x5e5db8baa6db - <unknown>
[INFO] [stdout]   15:     0x5e5db8ba6ab7 - <unknown>
[INFO] [stdout]   16:     0x5e5db8ba657c - <unknown>
[INFO] [stdout]   17:     0x5e5db8bbfcfc - <unknown>
[INFO] [stdout]   18:     0x5e5db8b92d02 - <unknown>
[INFO] [stdout]   19:     0x7b2d9a86907a - <unknown>
[INFO] [stdout]   20:     0x7b2d9a8fc534 - clone
[INFO] [stdout]   21:                0x0 - <unknown>
[INFO] [stdout] 
[INFO] [stdout] ---- test::program_stats_track_multiple_students stdout ----
[INFO] [stdout] Writing test snapshot file for test "test::program_stats_track_multiple_students" to "test_snapshots/test/program_stats_track_multiple_students.1.json".
[INFO] [stdout] 
[INFO] [stdout] thread 'test::program_stats_track_multiple_students' (4114) panicked at /opt/rustwide/cargo-home/registry/src/index.crates.io-1949cf8c6b5b557f/soroban-sdk-25.3.1/src/env.rs:1970:32:
[INFO] [stdout] called `Result::unwrap()` on an `Err` value: Os { code: 30, kind: ReadOnlyFilesystem, message: "Read-only file system" }
[INFO] [stdout] stack backtrace:
[INFO] [stdout]    0:     0x5e5db8b6c44d - <unknown>
[INFO] [stdout]    1:     0x5e5db8a09ec4 - <unknown>
[INFO] [stdout]    2:     0x5e5db8b6ba7b - <unknown>
[INFO] [stdout]    3:     0x5e5db8b6b619 - <unknown>
[INFO] [stdout]    4:     0x5e5db8b6b29a - <unknown>
[INFO] [stdout]    5:     0x5e5db8b6ae22 - <unknown>
[INFO] [stdout]    6:     0x5e5db8b91801 - <unknown>
[INFO] [stdout]    7:     0x5e5db8b917b9 - <unknown>
[INFO] [stdout]    8:     0x5e5db8b91cac - <unknown>
[INFO] [stdout]    9:     0x5e5db8a09d5b - <unknown>
[INFO] [stdout]   10:     0x5e5db8a0d4b1 - <unknown>
[INFO] [stdout]   11:     0x5e5db8b34998 - <unknown>
[INFO] [stdout]   12:     0x5e5db89f7cd8 - <unknown>
[INFO] [stdout]   13:     0x5e5db8a031f2 - <unknown>
[INFO] [stdout]   14:     0x5e5db8baa6db - <unknown>
[INFO] [stdout]   15:     0x5e5db8ba6ab7 - <unknown>
[INFO] [stdout]   16:     0x5e5db8ba657c - <unknown>
[INFO] [stdout]   17:     0x5e5db8bbfcfc - <unknown>
[INFO] [stdout]   18:     0x5e5db8b92d02 - <unknown>
[INFO] [stdout]   19:     0x7b2d9a86907a - <unknown>
[INFO] [stdout]   20:     0x7b2d9a8fc534 - clone
[INFO] [stdout]   21:                0x0 - <unknown>
[INFO] [stdout] 
[INFO] [stdout] 
[INFO] [stdout] failures:
[INFO] [stdout]     test::admin_can_pause_and_resume_program
[INFO] [stdout]     test::admin_can_transfer_program_control
[INFO] [stdout]     test::admin_updates_rules_and_points_preview
[INFO] [stdout]     test::initializes_default_configuration_and_empty_state
[INFO] [stdout]     test::invalid_redemptions_are_rejected
[INFO] [stdout]     test::invalid_reward_rules_are_rejected
[INFO] [stdout]     test::program_stats_track_multiple_students
[INFO] [stdout]     test::rejects_second_initialization
[INFO] [stdout]     test::repeated_purchases_accumulate_student_data
[INFO] [stdout]     test::spend_below_reward_threshold_is_rejected
[INFO] [stdout]     test::student_can_redeem_points
[INFO] [stdout]     test::student_earns_points_and_profile_updates
[INFO] [stdout]     test::unauthorized_admin_operations_are_rejected
[INFO] [stdout]     test::uninitialized_contract_rejects_configured_operations
[INFO] [stdout] 
[INFO] [stdout] test result: FAILED. 0 passed; 14 failed; 0 ignored; 0 measured; 0 filtered out; finished in 0.01s
[INFO] [stdout] 
[INFO] [stderr] error: test failed, to rerun pass `--lib`
[INFO] running `Command { std: "docker" "inspect" "bb2ed693862a1db1e1f2a32d078ed78a35ee18abae490df03d8a30eab9d9f236", kill_on_drop: false }`
[INFO] running `Command { std: "docker" "rm" "-f" "bb2ed693862a1db1e1f2a32d078ed78a35ee18abae490df03d8a30eab9d9f236", kill_on_drop: false }`
[INFO] [stdout] bb2ed693862a1db1e1f2a32d078ed78a35ee18abae490df03d8a30eab9d9f236
