[INFO] cloning repository https://github.com/joesaby/sip-edge-rs
[INFO] running `Command { std: "git" "-c" "credential.helper=" "-c" "credential.helper=/workspace/cargo-home/bin/git-credential-null" "clone" "--bare" "https://github.com/joesaby/sip-edge-rs" "/workspace/cache/git-repos/https%3A%2F%2Fgithub.com%2Fjoesaby%2Fsip-edge-rs", kill_on_drop: false }`
[INFO] [stderr] Cloning into bare repository '/workspace/cache/git-repos/https%3A%2F%2Fgithub.com%2Fjoesaby%2Fsip-edge-rs'...
[INFO] running `Command { std: "git" "rev-parse" "HEAD", kill_on_drop: false }`
[INFO] [stdout] fcca3d503fbfc8490ce48aa7baa56b215193d11d
[INFO] testing joesaby/sip-edge-rs against 1.99.0-beta.1+cargoflags=--release for beta-release-1.99-2
[INFO] running `Command { std: "git" "clone" "/workspace/cache/git-repos/https%3A%2F%2Fgithub.com%2Fjoesaby%2Fsip-edge-rs" "/workspace/builds/worker-2-tc2/source", kill_on_drop: false }`
[INFO] [stderr] Cloning into '/workspace/builds/worker-2-tc2/source'...
[INFO] [stderr] done.
[INFO] started tweaking git repo https://github.com/joesaby/sip-edge-rs
[INFO] finished tweaking git repo https://github.com/joesaby/sip-edge-rs
[INFO] tweaked toml for git repo https://github.com/joesaby/sip-edge-rs written to /workspace/builds/worker-2-tc2/source/Cargo.toml
[INFO] validating manifest of git repo https://github.com/joesaby/sip-edge-rs on toolchain 1.99.0-beta.1
[INFO] running `Command { std: CARGO_HOME="/workspace/cargo-home" RUSTUP_HOME="/workspace/rustup-home" "/workspace/cargo-home/bin/cargo" "+1.99.0-beta.1" "metadata" "--manifest-path" "Cargo.toml" "--no-deps", kill_on_drop: false }`
[INFO] crate git repo https://github.com/joesaby/sip-edge-rs already has a lockfile, it will not be regenerated
[INFO] running `Command { std: CARGO_HOME="/workspace/cargo-home" RUSTUP_HOME="/workspace/rustup-home" "/workspace/cargo-home/bin/cargo" "+1.99.0-beta.1" "fetch" "--manifest-path" "Cargo.toml", kill_on_drop: false }`
[INFO] [stderr]     Blocking waiting for file lock on package cache
[INFO] running `Command { std: "docker" "create" "-v" "/var/lib/crater-agent-workspace/builds/worker-2-tc2/source:/opt/rustwide/workdir:ro,Z" "-v" "/var/lib/crater-agent-workspace/builds/worker-2-tc2/target:/opt/rustwide/target:rw,Z" "-v" "/var/lib/crater-agent-workspace/cargo-home:/opt/rustwide/cargo-home:ro,Z" "-v" "/var/lib/crater-agent-workspace/rustup-home:/opt/rustwide/rustup-home:ro,Z" "-m" "1610612736" "--network" "none" "ghcr.io/rust-lang/crates-build-env/linux@sha256:8683fc1fc2eb5c9ac98e0d076ab094b2ffac7f99da555d2b6a2e27f346de2ec7" "sleep" "infinity", kill_on_drop: false }`
[INFO] [stdout] 2c9c57730545c1ce910e226dd911c5665224d11eb17c51224523582eb62b7fe9
[INFO] running `Command { std: "docker" "start" "2c9c57730545c1ce910e226dd911c5665224d11eb17c51224523582eb62b7fe9", kill_on_drop: false }`
[INFO] running `Command { std: "docker" "inspect" "2c9c57730545c1ce910e226dd911c5665224d11eb17c51224523582eb62b7fe9", kill_on_drop: false }`
[INFO] running `Command { std: "docker" "exec" "-e" "SOURCE_DIR=/opt/rustwide/workdir" "-e" "CARGO_HOME=/opt/rustwide/cargo-home" "-e" "RUSTUP_HOME=/opt/rustwide/rustup-home" "-e" "CARGO_TARGET_DIR=/opt/rustwide/target" "-w" "/opt/rustwide/workdir" "--user" "0:0" "2c9c57730545c1ce910e226dd911c5665224d11eb17c51224523582eb62b7fe9" "/opt/rustwide/cargo-home/bin/cargo" "+1.99.0-beta.1" "metadata" "--no-deps" "--format-version=1", kill_on_drop: false }`
[INFO] running `Command { std: "docker" "inspect" "2c9c57730545c1ce910e226dd911c5665224d11eb17c51224523582eb62b7fe9", kill_on_drop: false }`
[INFO] running `Command { std: "docker" "exec" "-e" "SOURCE_DIR=/opt/rustwide/workdir" "-e" "CARGO_HOME=/opt/rustwide/cargo-home" "-e" "RUSTUP_HOME=/opt/rustwide/rustup-home" "-e" "CARGO_TARGET_DIR=/opt/rustwide/target" "-e" "CARGO_INCREMENTAL=0" "-e" "RUST_BACKTRACE=full" "-e" "RUSTFLAGS=--cap-lints=warn" "-e" "RUSTDOCFLAGS=--cap-lints=warn" "-w" "/opt/rustwide/workdir" "--user" "0:0" "2c9c57730545c1ce910e226dd911c5665224d11eb17c51224523582eb62b7fe9" "/opt/rustwide/cargo-home/bin/cargo" "+1.99.0-beta.1" "build" "--frozen" "--message-format=json" "--release", kill_on_drop: false }`
[INFO] [stderr]    Compiling proc-macro2 v1.0.95
[INFO] [stderr]    Compiling unicode-ident v1.0.18
[INFO] [stderr]    Compiling libc v0.2.172
[INFO] [stderr]    Compiling cfg-if v1.0.0
[INFO] [stderr]    Compiling autocfg v1.4.0
[INFO] [stderr]    Compiling stable_deref_trait v1.2.0
[INFO] [stderr]    Compiling smallvec v1.15.0
[INFO] [stderr]    Compiling pin-project-lite v0.2.16
[INFO] [stderr]    Compiling memchr v2.7.4
[INFO] [stderr]    Compiling shlex v1.3.0
[INFO] [stderr]    Compiling parking_lot_core v0.9.11
[INFO] [stderr]    Compiling litemap v0.8.0
[INFO] [stderr]    Compiling writeable v0.6.1
[INFO] [stderr]    Compiling futures-core v0.3.31
[INFO] [stderr]    Compiling icu_normalizer_data v2.0.0
[INFO] [stderr]    Compiling scopeguard v1.2.0
[INFO] [stderr]    Compiling zerocopy v0.8.25
[INFO] [stderr]    Compiling once_cell v1.21.3
[INFO] [stderr]    Compiling icu_properties_data v2.0.1
[INFO] [stderr]    Compiling futures-sink v0.3.31
[INFO] [stderr]    Compiling untrusted v0.9.0
[INFO] [stderr]    Compiling bytes v1.10.1
[INFO] [stderr]    Compiling cc v1.2.25
[INFO] [stderr]    Compiling log v0.4.27
[INFO] [stderr]    Compiling futures-channel v0.3.31
[INFO] [stderr]    Compiling futures-task v0.3.31
[INFO] [stderr]    Compiling futures-io v0.3.31
[INFO] [stderr]    Compiling rustls v0.21.12
[INFO] [stderr]    Compiling tracing-core v0.1.33
[INFO] [stderr]    Compiling regex-syntax v0.8.5
[INFO] [stderr]    Compiling pin-utils v0.1.0
[INFO] [stderr]    Compiling getrandom v0.3.3
[INFO] [stderr]    Compiling regex-syntax v0.6.29
[INFO] [stderr]    Compiling version_check v0.9.5
[INFO] [stderr]    Compiling serde v1.0.219
[INFO] [stderr]    Compiling lazy_static v1.5.0
[INFO] [stderr]    Compiling serde_json v1.0.140
[INFO] [stderr]    Compiling lock_api v0.4.13
[INFO] [stderr]    Compiling slab v0.4.9
[INFO] [stderr]    Compiling percent-encoding v2.3.1
[INFO] [stderr]    Compiling thiserror v1.0.69
[INFO] [stderr]    Compiling anyhow v1.0.98
[INFO] [stderr]    Compiling overload v0.1.1
[INFO] [stderr]    Compiling ahash v0.8.12
[INFO] [stderr]    Compiling utf8_iter v1.0.4
[INFO] [stderr]    Compiling quote v1.0.40
[INFO] [stderr]    Compiling form_urlencoded v1.2.1
[INFO] [stderr]    Compiling nu-ansi-term v0.46.0
[INFO] [stderr]    Compiling aho-corasick v1.1.3
[INFO] [stderr]    Compiling tracing-log v0.2.0
[INFO] [stderr]    Compiling sharded-slab v0.1.7
[INFO] [stderr]    Compiling thread_local v1.1.8
[INFO] [stderr]    Compiling ryu v1.0.20
[INFO] [stderr]    Compiling itoa v1.0.15
[INFO] [stderr]    Compiling syn v2.0.101
[INFO] [stderr]    Compiling minimal-lexical v0.2.1
[INFO] [stderr]    Compiling getrandom v0.2.16
[INFO] [stderr]    Compiling mio v1.0.4
[INFO] [stderr]    Compiling signal-hook-registry v1.4.5
[INFO] [stderr]    Compiling socket2 v0.5.10
[INFO] [stderr]    Compiling base64 v0.21.7
[INFO] [stderr]    Compiling rand_core v0.6.4
[INFO] [stderr]    Compiling rustls-pemfile v1.0.4
[INFO] [stderr]    Compiling nom v7.1.3
[INFO] [stderr]    Compiling webpki-roots v0.25.4
[INFO] [stderr]    Compiling parking_lot v0.12.4
[INFO] [stderr]    Compiling ring v0.17.14
[INFO] [stderr]    Compiling ppv-lite86 v0.2.21
[INFO] [stderr]    Compiling rand_chacha v0.3.1
[INFO] [stderr]    Compiling regex-automata v0.1.10
[INFO] [stderr]    Compiling rand v0.8.5
[INFO] [stderr]    Compiling regex-automata v0.4.9
[INFO] [stderr]    Compiling matchers v0.1.0
[INFO] [stderr]    Compiling synstructure v0.13.2
[INFO] [stderr]    Compiling zerovec-derive v0.11.1
[INFO] [stderr]    Compiling displaydoc v0.2.5
[INFO] [stderr]    Compiling tokio-macros v2.5.0
[INFO] [stderr]    Compiling futures-macro v0.3.31
[INFO] [stderr]    Compiling tracing-attributes v0.1.28
[INFO] [stderr]    Compiling serde_derive v1.0.219
[INFO] [stderr]    Compiling thiserror-impl v1.0.69
[INFO] [stderr]    Compiling zerofrom-derive v0.1.6
[INFO] [stderr]    Compiling yoke-derive v0.8.0
[INFO] [stderr]    Compiling regex v1.11.1
[INFO] [stderr]    Compiling tokio v1.45.1
[INFO] [stderr]    Compiling futures-util v0.3.31
[INFO] [stderr]    Compiling zerofrom v0.1.6
[INFO] [stderr]    Compiling yoke v0.8.0
[INFO] [stderr]    Compiling tracing v0.1.41
[INFO] [stderr]    Compiling zerovec v0.11.2
[INFO] [stderr]    Compiling zerotrie v0.2.2
[INFO] [stderr]    Compiling tracing-subscriber v0.3.19
[INFO] [stderr]    Compiling tinystr v0.8.1
[INFO] [stderr]    Compiling potential_utf v0.1.2
[INFO] [stderr]    Compiling icu_collections v2.0.0
[INFO] [stderr]    Compiling icu_locale_core v2.0.0
[INFO] [stderr]    Compiling icu_provider v2.0.0
[INFO] [stderr]    Compiling icu_normalizer v2.0.0
[INFO] [stderr]    Compiling icu_properties v2.0.1
[INFO] [stderr]    Compiling futures-executor v0.3.31
[INFO] [stderr]    Compiling futures v0.3.31
[INFO] [stderr]    Compiling idna_adapter v1.2.1
[INFO] [stderr]    Compiling idna v1.0.3
[INFO] [stderr]    Compiling tokio-stream v0.1.17
[INFO] [stderr]    Compiling tokio-util v0.7.15
[INFO] [stderr]    Compiling url v2.5.4
[INFO] [stderr]    Compiling rustls-webpki v0.101.7
[INFO] [stderr]    Compiling sct v0.7.1
[INFO] [stderr]    Compiling tokio-rustls v0.24.1
[INFO] [stderr]    Compiling sip-edge-rs v0.1.0 (/opt/rustwide/workdir)
[INFO] [stdout] warning: unused import: `BytesMut`
[INFO] [stdout]  --> src/lib.rs:3:20
[INFO] [stdout]   |
[INFO] [stdout] 3 | use bytes::{Bytes, BytesMut};
[INFO] [stdout]   |                    ^^^^^^^^
[INFO] [stdout]   |
[INFO] [stdout]   = note: `#[warn(unused_imports)]` (part of `#[warn(unused)]`) on by default
[INFO] [stdout] 
[INFO] [stdout] 
[INFO] [stdout] warning: unused imports: `crlf`, `delimited`, and `map`
[INFO] [stdout]   --> src/lib.rs:7:33
[INFO] [stdout]    |
[INFO] [stdout]  7 |     character::complete::{char, crlf, digit1, line_ending, space0, space1},
[INFO] [stdout]    |                                 ^^^^
[INFO] [stdout]  8 |     combinator::{map, map_res, opt, recognize},
[INFO] [stdout]    |                  ^^^
[INFO] [stdout]  9 |     multi::{many0, many1},
[INFO] [stdout] 10 |     sequence::{delimited, preceded, separated_pair, terminated, tuple},
[INFO] [stdout]    |                ^^^^^^^^^
[INFO] [stdout] 
[INFO] [stdout] 
[INFO] [stdout] warning: unused imports: `IpAddr` and `SocketAddr`
[INFO] [stdout]   --> src/lib.rs:15:16
[INFO] [stdout]    |
[INFO] [stdout] 15 | use std::net::{IpAddr, SocketAddr};
[INFO] [stdout]    |                ^^^^^^  ^^^^^^^^^^
[INFO] [stdout] 
[INFO] [stdout] 
[INFO] [stdout] warning: unused import: `Buf`
[INFO] [stdout]  --> src/codec.rs:4:13
[INFO] [stdout]   |
[INFO] [stdout] 4 | use bytes::{Buf, BufMut, BytesMut};
[INFO] [stdout]   |             ^^^
[INFO] [stdout] 
[INFO] [stdout] 
[INFO] [stdout] warning: unused import: `Bytes`
[INFO] [stdout]   --> src/transport.rs:11:13
[INFO] [stdout]    |
[INFO] [stdout] 11 | use bytes::{Bytes, BytesMut};
[INFO] [stdout]    |             ^^^^^
[INFO] [stdout] 
[INFO] [stdout] 
[INFO] [stdout] warning: unused variable: `tcp_keepalive`
[INFO] [stdout]    --> src/transport.rs:236:13
[INFO] [stdout]     |
[INFO] [stdout] 236 |         let tcp_keepalive = self.config.tcp_keepalive;
[INFO] [stdout]     |             ^^^^^^^^^^^^^ help: if this is intentional, prefix it with an underscore: `_tcp_keepalive`
[INFO] [stdout]     |
[INFO] [stdout]     = note: `#[warn(unused_variables)]` (part of `#[warn(unused)]`) on by default
[INFO] [stdout] 
[INFO] [stdout] 
[INFO] [stdout] warning: unused variable: `sink`
[INFO] [stdout]    --> src/transport.rs:373:14
[INFO] [stdout]     |
[INFO] [stdout] 373 |         let (sink, mut stream) = framed.split();
[INFO] [stdout]     |              ^^^^ help: if this is intentional, prefix it with an underscore: `_sink`
[INFO] [stdout] 
[INFO] [stdout] 
[INFO] [stdout] warning: unused variable: `sink`
[INFO] [stdout]    --> src/transport.rs:458:14
[INFO] [stdout]     |
[INFO] [stdout] 458 |         let (sink, mut stream) = framed.split();
[INFO] [stdout]     |              ^^^^ help: if this is intentional, prefix it with an underscore: `_sink`
[INFO] [stdout] 
[INFO] [stdout] 
[INFO] [stdout] warning: unused import: `HeaderBuilder`
[INFO] [stdout]  --> src/main.rs:7:19
[INFO] [stdout]   |
[INFO] [stdout] 7 |     utils::{self, HeaderBuilder},
[INFO] [stdout]   |                   ^^^^^^^^^^^^^
[INFO] [stdout]   |
[INFO] [stdout]   = note: `#[warn(unused_imports)]` (part of `#[warn(unused)]`) on by default
[INFO] [stdout] 
[INFO] [stdout] 
[INFO] [stdout] warning: unused import: `warn`
[INFO] [stdout]   --> src/main.rs:14:35
[INFO] [stdout]    |
[INFO] [stdout] 14 | use tracing::{debug, error, info, warn};
[INFO] [stdout]    |                                   ^^^^
[INFO] [stdout] 
[INFO] [stdout] 
[INFO] [stderr]     Finished `release` profile [optimized] target(s) in 1m 50s
[INFO] running `Command { std: "docker" "inspect" "2c9c57730545c1ce910e226dd911c5665224d11eb17c51224523582eb62b7fe9", kill_on_drop: false }`
[INFO] running `Command { std: "docker" "exec" "-e" "SOURCE_DIR=/opt/rustwide/workdir" "-e" "CARGO_HOME=/opt/rustwide/cargo-home" "-e" "RUSTUP_HOME=/opt/rustwide/rustup-home" "-e" "CARGO_TARGET_DIR=/opt/rustwide/target" "-e" "CARGO_INCREMENTAL=0" "-e" "RUST_BACKTRACE=full" "-e" "RUSTFLAGS=--cap-lints=warn" "-e" "RUSTDOCFLAGS=--cap-lints=warn" "-w" "/opt/rustwide/workdir" "--user" "0:0" "2c9c57730545c1ce910e226dd911c5665224d11eb17c51224523582eb62b7fe9" "/opt/rustwide/cargo-home/bin/cargo" "+1.99.0-beta.1" "test" "--frozen" "--no-run" "--message-format=json" "--release", kill_on_drop: false }`
[INFO] [stderr]    Compiling serde v1.0.219
[INFO] [stderr]    Compiling crossbeam-utils v0.8.21
[INFO] [stderr]    Compiling tokio v1.45.1
[INFO] [stderr]    Compiling num-traits v0.2.19
[INFO] [stderr]    Compiling rustix v1.0.7
[INFO] [stderr]    Compiling either v1.15.0
[INFO] [stderr]    Compiling rayon-core v1.12.1
[INFO] [stderr]    Compiling bitflags v2.9.1
[INFO] [stderr]    Compiling linux-raw-sys v0.9.4
[INFO] [stderr]    Compiling half v2.6.0
[INFO] [stderr]    Compiling clap_lex v0.7.4
[INFO] [stderr]    Compiling fastrand v2.3.0
[INFO] [stderr]    Compiling anstyle v1.0.10
[INFO] [stderr]    Compiling ciborium-io v0.2.2
[INFO] [stderr]    Compiling plotters-backend v0.3.7
[INFO] [stderr]    Compiling wait-timeout v0.2.1
[INFO] [stderr]    Compiling async-stream-impl v0.3.6
[INFO] [stderr]    Compiling bit-vec v0.8.0
[INFO] [stderr]    Compiling clap_builder v4.5.39
[INFO] [stderr]    Compiling same-file v1.0.6
[INFO] [stderr]    Compiling cast v0.3.0
[INFO] [stderr]    Compiling ciborium-ll v0.2.2
[INFO] [stderr]    Compiling quick-error v1.2.3
[INFO] [stderr]    Compiling itertools v0.10.5
[INFO] [stderr]    Compiling fnv v1.0.7
[INFO] [stderr]    Compiling walkdir v2.5.0
[INFO] [stderr]    Compiling bit-set v0.8.0
[INFO] [stderr]    Compiling rand_xorshift v0.3.0
[INFO] [stderr]    Compiling is-terminal v0.4.16
[INFO] [stderr]    Compiling unarray v0.1.4
[INFO] [stderr]    Compiling plotters-svg v0.3.7
[INFO] [stderr]    Compiling oorandom v11.1.5
[INFO] [stderr]    Compiling anes v0.1.6
[INFO] [stderr]    Compiling async-stream v0.3.6
[INFO] [stderr]    Compiling crossbeam-epoch v0.9.18
[INFO] [stderr]    Compiling plotters v0.3.7
[INFO] [stderr]    Compiling crossbeam-deque v0.8.6
[INFO] [stderr]    Compiling rayon v1.10.0
[INFO] [stderr]    Compiling criterion-plot v0.5.0
[INFO] [stderr]    Compiling tempfile v3.20.0
[INFO] [stderr]    Compiling rusty-fork v0.3.0
[INFO] [stderr]    Compiling proptest v1.6.0
[INFO] [stderr]    Compiling clap v4.5.39
[INFO] [stderr]    Compiling serde_json v1.0.140
[INFO] [stderr]    Compiling ciborium v0.2.2
[INFO] [stderr]    Compiling tinytemplate v1.2.1
[INFO] [stderr]    Compiling criterion v0.5.1
[INFO] [stderr]    Compiling tokio-stream v0.1.17
[INFO] [stderr]    Compiling tokio-util v0.7.15
[INFO] [stderr]    Compiling tokio-rustls v0.24.1
[INFO] [stderr]    Compiling tokio-test v0.4.4
[INFO] [stderr]    Compiling sip-edge-rs v0.1.0 (/opt/rustwide/workdir)
[INFO] [stdout] warning: unused import: `BytesMut`
[INFO] [stdout]  --> src/lib.rs:3:20
[INFO] [stdout]   |
[INFO] [stdout] 3 | use bytes::{Bytes, BytesMut};
[INFO] [stdout]   |                    ^^^^^^^^
[INFO] [stdout]   |
[INFO] [stdout]   = note: `#[warn(unused_imports)]` (part of `#[warn(unused)]`) on by default
[INFO] [stdout] 
[INFO] [stdout] 
[INFO] [stdout] warning: unused imports: `crlf`, `delimited`, and `map`
[INFO] [stdout]   --> src/lib.rs:7:33
[INFO] [stdout]    |
[INFO] [stdout]  7 |     character::complete::{char, crlf, digit1, line_ending, space0, space1},
[INFO] [stdout]    |                                 ^^^^
[INFO] [stdout]  8 |     combinator::{map, map_res, opt, recognize},
[INFO] [stdout]    |                  ^^^
[INFO] [stdout]  9 |     multi::{many0, many1},
[INFO] [stdout] 10 |     sequence::{delimited, preceded, separated_pair, terminated, tuple},
[INFO] [stdout]    |                ^^^^^^^^^
[INFO] [stdout] 
[INFO] [stdout] 
[INFO] [stdout] warning: unused imports: `IpAddr` and `SocketAddr`
[INFO] [stdout]   --> src/lib.rs:15:16
[INFO] [stdout]    |
[INFO] [stdout] 15 | use std::net::{IpAddr, SocketAddr};
[INFO] [stdout]    |                ^^^^^^  ^^^^^^^^^^
[INFO] [stdout] 
[INFO] [stdout] 
[INFO] [stdout] warning: unused import: `Buf`
[INFO] [stdout]  --> src/codec.rs:4:13
[INFO] [stdout]   |
[INFO] [stdout] 4 | use bytes::{Buf, BufMut, BytesMut};
[INFO] [stdout]   |             ^^^
[INFO] [stdout] 
[INFO] [stdout] 
[INFO] [stdout] warning: unused import: `Bytes`
[INFO] [stdout]   --> src/transport.rs:11:13
[INFO] [stdout]    |
[INFO] [stdout] 11 | use bytes::{Bytes, BytesMut};
[INFO] [stdout]    |             ^^^^^
[INFO] [stdout] 
[INFO] [stdout] 
[INFO] [stdout] warning: unused variable: `tcp_keepalive`
[INFO] [stdout]    --> src/transport.rs:236:13
[INFO] [stdout]     |
[INFO] [stdout] 236 |         let tcp_keepalive = self.config.tcp_keepalive;
[INFO] [stdout]     |             ^^^^^^^^^^^^^ help: if this is intentional, prefix it with an underscore: `_tcp_keepalive`
[INFO] [stdout]     |
[INFO] [stdout]     = note: `#[warn(unused_variables)]` (part of `#[warn(unused)]`) on by default
[INFO] [stdout] 
[INFO] [stdout] 
[INFO] [stdout] warning: unused variable: `sink`
[INFO] [stdout]    --> src/transport.rs:373:14
[INFO] [stdout]     |
[INFO] [stdout] 373 |         let (sink, mut stream) = framed.split();
[INFO] [stdout]     |              ^^^^ help: if this is intentional, prefix it with an underscore: `_sink`
[INFO] [stdout] 
[INFO] [stdout] 
[INFO] [stdout] warning: unused variable: `sink`
[INFO] [stdout]    --> src/transport.rs:458:14
[INFO] [stdout]     |
[INFO] [stdout] 458 |         let (sink, mut stream) = framed.split();
[INFO] [stdout]     |              ^^^^ help: if this is intentional, prefix it with an underscore: `_sink`
[INFO] [stdout] 
[INFO] [stdout] 
[INFO] [stdout] warning: unused import: `HeaderBuilder`
[INFO] [stdout]  --> src/main.rs:7:19
[INFO] [stdout]   |
[INFO] [stdout] 7 |     utils::{self, HeaderBuilder},
[INFO] [stdout]   |                   ^^^^^^^^^^^^^
[INFO] [stdout]   |
[INFO] [stdout]   = note: `#[warn(unused_imports)]` (part of `#[warn(unused)]`) on by default
[INFO] [stdout] 
[INFO] [stdout] 
[INFO] [stdout] warning: unused import: `warn`
[INFO] [stdout]   --> src/main.rs:14:35
[INFO] [stdout]    |
[INFO] [stdout] 14 | use tracing::{debug, error, info, warn};
[INFO] [stdout]    |                                   ^^^^
[INFO] [stdout] 
[INFO] [stdout] 
[INFO] [stdout] warning: unused variable: `validator`
[INFO] [stdout]    --> tests/vulnerability_tests.rs:105:13
[INFO] [stdout]     |
[INFO] [stdout] 105 |         let validator = security::SecurityValidator::new(security_config);
[INFO] [stdout]     |             ^^^^^^^^^ help: if this is intentional, prefix it with an underscore: `_validator`
[INFO] [stdout]     |
[INFO] [stdout]     = note: `#[warn(unused_variables)]` (part of `#[warn(unused)]`) on by default
[INFO] [stdout] 
[INFO] [stdout] 
[INFO] [stdout] warning: unused import: `TransportProtocol`
[INFO] [stdout]  --> examples/test_client.rs:5:17
[INFO] [stdout]   |
[INFO] [stdout] 5 |     transport::{TransportProtocol},
[INFO] [stdout]   |                 ^^^^^^^^^^^^^^^^^
[INFO] [stdout]   |
[INFO] [stdout]   = note: `#[warn(unused_imports)]` (part of `#[warn(unused)]`) on by default
[INFO] [stdout] 
[INFO] [stdout] 
[INFO] [stdout] warning: unused import: `HeaderBuilder`
[INFO] [stdout]  --> src/main.rs:7:19
[INFO] [stdout]   |
[INFO] [stdout] 7 |     utils::{self, HeaderBuilder},
[INFO] [stdout]   |                   ^^^^^^^^^^^^^
[INFO] [stdout]   |
[INFO] [stdout]   = note: `#[warn(unused_imports)]` (part of `#[warn(unused)]`) on by default
[INFO] [stdout] 
[INFO] [stdout] 
[INFO] [stdout] warning: unused import: `warn`
[INFO] [stdout]   --> src/main.rs:14:35
[INFO] [stdout]    |
[INFO] [stdout] 14 | use tracing::{debug, error, info, warn};
[INFO] [stdout]    |                                   ^^^^
[INFO] [stdout] 
[INFO] [stdout] 
[INFO] [stdout] warning: unused import: `BytesMut`
[INFO] [stdout]  --> src/lib.rs:3:20
[INFO] [stdout]   |
[INFO] [stdout] 3 | use bytes::{Bytes, BytesMut};
[INFO] [stdout]   |                    ^^^^^^^^
[INFO] [stdout]   |
[INFO] [stdout]   = note: `#[warn(unused_imports)]` (part of `#[warn(unused)]`) on by default
[INFO] [stdout] 
[INFO] [stdout] 
[INFO] [stdout] warning: unused imports: `crlf`, `delimited`, and `map`
[INFO] [stdout]   --> src/lib.rs:7:33
[INFO] [stdout]    |
[INFO] [stdout]  7 |     character::complete::{char, crlf, digit1, line_ending, space0, space1},
[INFO] [stdout]    |                                 ^^^^
[INFO] [stdout]  8 |     combinator::{map, map_res, opt, recognize},
[INFO] [stdout]    |                  ^^^
[INFO] [stdout]  9 |     multi::{many0, many1},
[INFO] [stdout] 10 |     sequence::{delimited, preceded, separated_pair, terminated, tuple},
[INFO] [stdout]    |                ^^^^^^^^^
[INFO] [stdout] 
[INFO] [stdout] 
[INFO] [stdout] warning: unused imports: `IpAddr` and `SocketAddr`
[INFO] [stdout]   --> src/lib.rs:15:16
[INFO] [stdout]    |
[INFO] [stdout] 15 | use std::net::{IpAddr, SocketAddr};
[INFO] [stdout]    |                ^^^^^^  ^^^^^^^^^^
[INFO] [stdout] 
[INFO] [stdout] 
[INFO] [stdout] warning: unused import: `Buf`
[INFO] [stdout]  --> src/codec.rs:4:13
[INFO] [stdout]   |
[INFO] [stdout] 4 | use bytes::{Buf, BufMut, BytesMut};
[INFO] [stdout]   |             ^^^
[INFO] [stdout] 
[INFO] [stdout] 
[INFO] [stdout] warning: unused import: `Bytes`
[INFO] [stdout]   --> src/transport.rs:11:13
[INFO] [stdout]    |
[INFO] [stdout] 11 | use bytes::{Bytes, BytesMut};
[INFO] [stdout]    |             ^^^^^
[INFO] [stdout] 
[INFO] [stdout] 
[INFO] [stdout] warning: unused variable: `tcp_keepalive`
[INFO] [stdout]    --> src/transport.rs:236:13
[INFO] [stdout]     |
[INFO] [stdout] 236 |         let tcp_keepalive = self.config.tcp_keepalive;
[INFO] [stdout]     |             ^^^^^^^^^^^^^ help: if this is intentional, prefix it with an underscore: `_tcp_keepalive`
[INFO] [stdout]     |
[INFO] [stdout]     = note: `#[warn(unused_variables)]` (part of `#[warn(unused)]`) on by default
[INFO] [stdout] 
[INFO] [stdout] 
[INFO] [stdout] warning: unused variable: `sink`
[INFO] [stdout]    --> src/transport.rs:373:14
[INFO] [stdout]     |
[INFO] [stdout] 373 |         let (sink, mut stream) = framed.split();
[INFO] [stdout]     |              ^^^^ help: if this is intentional, prefix it with an underscore: `_sink`
[INFO] [stdout] 
[INFO] [stdout] 
[INFO] [stdout] warning: unused variable: `sink`
[INFO] [stdout]    --> src/transport.rs:458:14
[INFO] [stdout]     |
[INFO] [stdout] 458 |         let (sink, mut stream) = framed.split();
[INFO] [stdout]     |              ^^^^ help: if this is intentional, prefix it with an underscore: `_sink`
[INFO] [stdout] 
[INFO] [stdout] 
[INFO] [stderr]     Finished `release` profile [optimized] target(s) in 1m 42s
[INFO] running `Command { std: "docker" "inspect" "2c9c57730545c1ce910e226dd911c5665224d11eb17c51224523582eb62b7fe9", kill_on_drop: false }`
[INFO] running `Command { std: "docker" "exec" "-e" "SOURCE_DIR=/opt/rustwide/workdir" "-e" "CARGO_HOME=/opt/rustwide/cargo-home" "-e" "RUSTUP_HOME=/opt/rustwide/rustup-home" "-e" "CARGO_TARGET_DIR=/opt/rustwide/target" "-e" "CARGO_INCREMENTAL=0" "-e" "RUST_BACKTRACE=full" "-e" "RUSTFLAGS=--cap-lints=warn" "-e" "RUSTDOCFLAGS=--cap-lints=warn" "-w" "/opt/rustwide/workdir" "--user" "0:0" "2c9c57730545c1ce910e226dd911c5665224d11eb17c51224523582eb62b7fe9" "/opt/rustwide/cargo-home/bin/cargo" "+1.99.0-beta.1" "test" "--frozen" "--release", kill_on_drop: false }`
[INFO] [stderr] warning: unused import: `BytesMut`
[INFO] [stderr]  --> src/lib.rs:3:20
[INFO] [stderr]   |
[INFO] [stderr] 3 | use bytes::{Bytes, BytesMut};
[INFO] [stderr]   |                    ^^^^^^^^
[INFO] [stderr]   |
[INFO] [stderr]   = note: `#[warn(unused_imports)]` (part of `#[warn(unused)]`) on by default
[INFO] [stderr] 
[INFO] [stderr] warning: unused imports: `crlf`, `delimited`, and `map`
[INFO] [stderr]   --> src/lib.rs:7:33
[INFO] [stderr]    |
[INFO] [stderr]  7 |     character::complete::{char, crlf, digit1, line_ending, space0, space1},
[INFO] [stderr]    |                                 ^^^^
[INFO] [stderr]  8 |     combinator::{map, map_res, opt, recognize},
[INFO] [stderr]    |                  ^^^
[INFO] [stderr]  9 |     multi::{many0, many1},
[INFO] [stderr] 10 |     sequence::{delimited, preceded, separated_pair, terminated, tuple},
[INFO] [stderr]    |                ^^^^^^^^^
[INFO] [stderr] 
[INFO] [stderr] warning: unused imports: `IpAddr` and `SocketAddr`
[INFO] [stderr]   --> src/lib.rs:15:16
[INFO] [stderr]    |
[INFO] [stderr] 15 | use std::net::{IpAddr, SocketAddr};
[INFO] [stderr]    |                ^^^^^^  ^^^^^^^^^^
[INFO] [stderr] 
[INFO] [stderr] warning: unused import: `Buf`
[INFO] [stderr]  --> src/codec.rs:4:13
[INFO] [stderr]   |
[INFO] [stderr] 4 | use bytes::{Buf, BufMut, BytesMut};
[INFO] [stderr]   |             ^^^
[INFO] [stderr] 
[INFO] [stderr] warning: unused import: `Bytes`
[INFO] [stderr]   --> src/transport.rs:11:13
[INFO] [stderr]    |
[INFO] [stderr] 11 | use bytes::{Bytes, BytesMut};
[INFO] [stderr]    |             ^^^^^
[INFO] [stderr] 
[INFO] [stderr] warning: unused variable: `tcp_keepalive`
[INFO] [stderr]    --> src/transport.rs:236:13
[INFO] [stderr]     |
[INFO] [stderr] 236 |         let tcp_keepalive = self.config.tcp_keepalive;
[INFO] [stderr]     |             ^^^^^^^^^^^^^ help: if this is intentional, prefix it with an underscore: `_tcp_keepalive`
[INFO] [stderr]     |
[INFO] [stderr]     = note: `#[warn(unused_variables)]` (part of `#[warn(unused)]`) on by default
[INFO] [stderr] 
[INFO] [stderr] warning: unused variable: `sink`
[INFO] [stderr]    --> src/transport.rs:373:14
[INFO] [stderr]     |
[INFO] [stderr] 373 |         let (sink, mut stream) = framed.split();
[INFO] [stderr]     |              ^^^^ help: if this is intentional, prefix it with an underscore: `_sink`
[INFO] [stderr] 
[INFO] [stderr] warning: unused variable: `sink`
[INFO] [stderr]    --> src/transport.rs:458:14
[INFO] [stderr]     |
[INFO] [stderr] 458 |         let (sink, mut stream) = framed.split();
[INFO] [stderr]     |              ^^^^ help: if this is intentional, prefix it with an underscore: `_sink`
[INFO] [stderr] 
[INFO] [stderr] warning: `sip-edge-rs` (lib) generated 8 warnings (run `cargo fix --lib -p sip-edge-rs` to apply 8 suggestions)
[INFO] [stderr] warning: `sip-edge-rs` (lib test) generated 8 warnings (8 duplicates)
[INFO] [stderr] warning: unused variable: `validator`
[INFO] [stderr]    --> tests/vulnerability_tests.rs:105:13
[INFO] [stderr]     |
[INFO] [stderr] 105 |         let validator = security::SecurityValidator::new(security_config);
[INFO] [stderr]     |             ^^^^^^^^^ help: if this is intentional, prefix it with an underscore: `_validator`
[INFO] [stderr]     |
[INFO] [stderr]     = note: `#[warn(unused_variables)]` (part of `#[warn(unused)]`) on by default
[INFO] [stderr] 
[INFO] [stderr] warning: unused import: `TransportProtocol`
[INFO] [stderr]  --> examples/test_client.rs:5:17
[INFO] [stderr]   |
[INFO] [stderr] 5 |     transport::{TransportProtocol},
[INFO] [stderr]   |                 ^^^^^^^^^^^^^^^^^
[INFO] [stderr]   |
[INFO] [stderr]   = note: `#[warn(unused_imports)]` (part of `#[warn(unused)]`) on by default
[INFO] [stderr] 
[INFO] [stderr] warning: unused import: `HeaderBuilder`
[INFO] [stderr]  --> src/main.rs:7:19
[INFO] [stderr]   |
[INFO] [stderr] 7 |     utils::{self, HeaderBuilder},
[INFO] [stderr]   |                   ^^^^^^^^^^^^^
[INFO] [stderr]   |
[INFO] [stderr]   = note: `#[warn(unused_imports)]` (part of `#[warn(unused)]`) on by default
[INFO] [stderr] 
[INFO] [stderr] warning: unused import: `warn`
[INFO] [stderr]   --> src/main.rs:14:35
[INFO] [stderr]    |
[INFO] [stderr] 14 | use tracing::{debug, error, info, warn};
[INFO] [stderr]    |                                   ^^^^
[INFO] [stderr] 
[INFO] [stderr] warning: `sip-edge-rs` (test "vulnerability_tests") generated 1 warning (run `cargo fix --test "vulnerability_tests" -p sip-edge-rs` to apply 1 suggestion)
[INFO] [stderr] warning: `sip-edge-rs` (example "test_client") generated 1 warning (run `cargo fix --example "test_client" -p sip-edge-rs` to apply 1 suggestion)
[INFO] [stderr] warning: `sip-edge-rs` (bin "sip-edge-rs") generated 2 warnings (run `cargo fix --bin "sip-edge-rs" -p sip-edge-rs` to apply 2 suggestions)
[INFO] [stderr] warning: `sip-edge-rs` (bin "sip-edge-rs" test) generated 2 warnings (2 duplicates)
[INFO] [stderr]     Finished `release` profile [optimized] target(s) in 0.26s
[INFO] [stdout] 
[INFO] [stderr]      Running unittests src/lib.rs (/opt/rustwide/target/release/deps/sip_edge_rs-7ef48bc0e6ddb3e3)
[INFO] [stdout] running 28 tests
[INFO] [stdout] test codec::tests::test_codec_partial_message ... ok
[INFO] [stdout] test codec::tests::test_codec_request_with_body ... ok
[INFO] [stdout] test codec::tests::test_codec_encode_request ... FAILED
[INFO] [stdout] test tests::test_parse_simple_request ... FAILED
[INFO] [stdout] test tests::test_debug_complex_request ... ok
[INFO] [stdout] test tests::test_debug_response ... ok
[INFO] [stdout] test tests::test_security_too_many_via_headers ... ok
[INFO] [stdout] test utils::tests::test_branch_generation ... ok
[INFO] [stdout] test transport::tests::test_udp_message_send ... ok
[INFO] [stdout] test codec::tests::test_codec_multiple_messages ... ok
[INFO] [stdout] test tests::test_security_header_too_long ... ok
[INFO] [stdout] test utils::tests::test_increment_cseq ... ok
[INFO] [stdout] test tests::test_parse_response ... ok
[INFO] [stdout] test utils::tests::test_extract_tag ... ok
[INFO] [stdout] test utils::tests::test_header_builder ... ok
[INFO] [stdout] test utils::tests::test_parse_cseq ... ok
[INFO] [stdout] test security::tests::test_sql_injection_detection ... ok
[INFO] [stdout] test security::tests::test_null_byte_detection ... ok
[INFO] [stdout] test security::tests::test_command_injection_detection ... ok
[INFO] [stdout] test security::tests::test_script_injection_detection ... ok
[INFO] [stdout] test codec::tests::test_codec_simple_request ... ok
[INFO] [stdout] test security::tests::test_response_splitting ... ok
[INFO] [stdout] test tests::test_content_length_mismatch ... ok
[INFO] [stdout] test utils::tests::test_extract_branch ... ok
[INFO] [stdout] test utils::tests::test_parse_uri_from_header ... ok
[INFO] [stdout] test transport::tests::test_transport_creation ... ok
[INFO] [stdout] test utils::tests::test_format_via_address ... ok
[INFO] [stdout] test security::tests::test_rate_limiting ... ok
[INFO] [stdout] 
[INFO] [stdout] failures:
[INFO] [stdout] 
[INFO] [stdout] ---- codec::tests::test_codec_encode_request stdout ----
[INFO] [stdout] 
[INFO] [stdout] thread 'codec::tests::test_codec_encode_request' (2448) panicked at src/codec.rs:418:9:
[INFO] [stdout] assertion failed: encoded.contains("Via: SIP/2.0/UDP client.com\r\n")
[INFO] [stdout] stack backtrace:
[INFO] [stdout]    0:     0x608d1c1b4615 - <<std[104cf6e2632825ea]::sys::backtrace::BacktraceLock>::print::DisplayBacktrace as core[7c831bd917ebf35f]::fmt::Display>::fmt
[INFO] [stdout]    1:     0x608d1c0c611a - core[7c831bd917ebf35f]::fmt::write
[INFO] [stdout]    2:     0x608d1c1b3cab - <alloc[2fdc3f7464fcf288]::vec::Vec<u8> as core[7c831bd917ebf35f]::io::write::Write>::write_fmt
[INFO] [stdout]    3:     0x608d1c1b378f - std[104cf6e2632825ea]::panicking::default_hook::{closure#0}
[INFO] [stdout]    4:     0x608d1c1b33ba - std[104cf6e2632825ea]::panicking::default_hook
[INFO] [stdout]    5:     0x608d1c1b2ef2 - std[104cf6e2632825ea]::panicking::panic_with_hook
[INFO] [stdout]    6:     0x608d1c1da3e2 - std[104cf6e2632825ea]::panicking::panic_handler::{closure#0}
[INFO] [stdout]    7:     0x608d1c1da369 - std[104cf6e2632825ea]::sys::backtrace::__rust_end_short_backtrace::<std[104cf6e2632825ea]::panicking::panic_handler::{closure#0}, !>
[INFO] [stdout]    8:     0x608d1c1da87c - __rustc[b0d56fa5b193ad05]::rust_begin_unwind
[INFO] [stdout]    9:     0x608d1c0c5fab - core[7c831bd917ebf35f]::panicking::panic_fmt
[INFO] [stdout]   10:     0x608d1c0c7fa1 - core[7c831bd917ebf35f]::panicking::panic
[INFO] [stdout]   11:     0x608d1c090c09 - <sip_edge_rs[dafb33b38a3244c4]::codec::tests::test_codec_encode_request::{closure#0} as core[7c831bd917ebf35f]::ops::function::FnOnce<()>>::call_once
[INFO] [stdout]   12:     0x608d1c1f5e8b - test[73009c9f9aebf890]::__rust_begin_short_backtrace::<core[7c831bd917ebf35f]::result::Result<(), alloc[2fdc3f7464fcf288]::string::String>, fn() -> core[7c831bd917ebf35f]::result::Result<(), alloc[2fdc3f7464fcf288]::string::String>>
[INFO] [stdout]   13:     0x608d1c1f1a72 - test[73009c9f9aebf890]::run_test::{closure#0}
[INFO] [stdout]   14:     0x608d1c1f14dc - std[104cf6e2632825ea]::sys::backtrace::__rust_begin_short_backtrace::<test[73009c9f9aebf890]::run_test::{closure#1}, ()>
[INFO] [stdout]   15:     0x608d1c20bc3c - <std[104cf6e2632825ea]::thread::lifecycle::spawn_unchecked<test[73009c9f9aebf890]::run_test::{closure#1}, ()>::{closure#1} as core[7c831bd917ebf35f]::ops::function::FnOnce<()>>::call_once::{shim:vtable#0}
[INFO] [stdout]   16:     0x608d1c1dbe82 - <std[104cf6e2632825ea]::sys::thread::unix::Thread>::new::thread_start
[INFO] [stdout]   17:     0x78ea535ae07a - <unknown>
[INFO] [stdout]   18:     0x78ea53641534 - clone
[INFO] [stdout]   19:                0x0 - <unknown>
[INFO] [stdout] 
[INFO] [stdout] ---- tests::test_parse_simple_request stdout ----
[INFO] [stdout] 
[INFO] [stdout] thread 'tests::test_parse_simple_request' (2463) panicked at src/lib.rs:582:13:
[INFO] [stdout] assertion `left == right` failed
[INFO] [stdout]   left: "example.com"
[INFO] [stdout]  right: "bob@example.com"
[INFO] [stdout] stack backtrace:
[INFO] [stdout]    0:     0x608d1c1b4615 - <<std[104cf6e2632825ea]::sys::backtrace::BacktraceLock>::print::DisplayBacktrace as core[7c831bd917ebf35f]::fmt::Display>::fmt
[INFO] [stdout]    1:     0x608d1c0c611a - core[7c831bd917ebf35f]::fmt::write
[INFO] [stdout]    2:     0x608d1c1b3cab - <alloc[2fdc3f7464fcf288]::vec::Vec<u8> as core[7c831bd917ebf35f]::io::write::Write>::write_fmt
[INFO] [stdout]    3:     0x608d1c1b378f - std[104cf6e2632825ea]::panicking::default_hook::{closure#0}
[INFO] [stdout]    4:     0x608d1c1b33ba - std[104cf6e2632825ea]::panicking::default_hook
[INFO] [stdout]    5:     0x608d1c1b2ef2 - std[104cf6e2632825ea]::panicking::panic_with_hook
[INFO] [stdout]    6:     0x608d1c1da3b1 - std[104cf6e2632825ea]::panicking::panic_handler::{closure#0}
[INFO] [stdout]    7:     0x608d1c1da369 - std[104cf6e2632825ea]::sys::backtrace::__rust_end_short_backtrace::<std[104cf6e2632825ea]::panicking::panic_handler::{closure#0}, !>
[INFO] [stdout]    8:     0x608d1c1da87c - __rustc[b0d56fa5b193ad05]::rust_begin_unwind
[INFO] [stdout]    9:     0x608d1c0c5fab - core[7c831bd917ebf35f]::panicking::panic_fmt
[INFO] [stdout]   10:     0x608d1c0c5ece - core[7c831bd917ebf35f]::panicking::assert_failed_inner
[INFO] [stdout]   11:     0x608d1c06ec91 - core[7c831bd917ebf35f]::panicking::assert_failed::<alloc[2fdc3f7464fcf288]::string::String, &str>
[INFO] [stdout]   12:     0x608d1c08fc56 - <sip_edge_rs[dafb33b38a3244c4]::tests::test_parse_simple_request::{closure#0} as core[7c831bd917ebf35f]::ops::function::FnOnce<()>>::call_once
[INFO] [stdout]   13:     0x608d1c1f5e8b - test[73009c9f9aebf890]::__rust_begin_short_backtrace::<core[7c831bd917ebf35f]::result::Result<(), alloc[2fdc3f7464fcf288]::string::String>, fn() -> core[7c831bd917ebf35f]::result::Result<(), alloc[2fdc3f7464fcf288]::string::String>>
[INFO] [stdout]   14:     0x608d1c1f1a72 - test[73009c9f9aebf890]::run_test::{closure#0}
[INFO] [stdout]   15:     0x608d1c1f14dc - std[104cf6e2632825ea]::sys::backtrace::__rust_begin_short_backtrace::<test[73009c9f9aebf890]::run_test::{closure#1}, ()>
[INFO] [stdout]   16:     0x608d1c20bc3c - <std[104cf6e2632825ea]::thread::lifecycle::spawn_unchecked<test[73009c9f9aebf890]::run_test::{closure#1}, ()>::{closure#1} as core[7c831bd917ebf35f]::ops::function::FnOnce<()>>::call_once::{shim:vtable#0}
[INFO] [stdout]   17:     0x608d1c1dbe82 - <std[104cf6e2632825ea]::sys::thread::unix::Thread>::new::thread_start
[INFO] [stdout]   18:     0x78ea535ae07a - <unknown>
[INFO] [stdout]   19:     0x78ea53641534 - clone
[INFO] [stdout]   20:                0x0 - <unknown>
[INFO] [stdout] 
[INFO] [stdout] 
[INFO] [stdout] failures:
[INFO] [stdout]     codec::tests::test_codec_encode_request
[INFO] [stdout]     tests::test_parse_simple_request
[INFO] [stdout] 
[INFO] [stdout] test result: FAILED. 26 passed; 2 failed; 0 ignored; 0 measured; 0 filtered out; finished in 0.14s
[INFO] [stdout] 
[INFO] [stderr] error: test failed, to rerun pass `--lib`
[INFO] running `Command { std: "docker" "inspect" "2c9c57730545c1ce910e226dd911c5665224d11eb17c51224523582eb62b7fe9", kill_on_drop: false }`
[INFO] running `Command { std: "docker" "rm" "-f" "2c9c57730545c1ce910e226dd911c5665224d11eb17c51224523582eb62b7fe9", kill_on_drop: false }`
[INFO] [stdout] 2c9c57730545c1ce910e226dd911c5665224d11eb17c51224523582eb62b7fe9
