[INFO] cloning repository https://github.com/jkopano/Xmodem-rs
[INFO] running `Command { std: "git" "-c" "credential.helper=" "-c" "credential.helper=/workspace/cargo-home/bin/git-credential-null" "clone" "--bare" "https://github.com/jkopano/Xmodem-rs" "/workspace/cache/git-repos/https%3A%2F%2Fgithub.com%2Fjkopano%2FXmodem-rs", kill_on_drop: false }`
[INFO] [stderr] Cloning into bare repository '/workspace/cache/git-repos/https%3A%2F%2Fgithub.com%2Fjkopano%2FXmodem-rs'...
[INFO] running `Command { std: "git" "rev-parse" "HEAD", kill_on_drop: false }`
[INFO] [stdout] 9228296174a2117efd8cceaebb8626e8f17c2626
[INFO] testing jkopano/Xmodem-rs against 1.99.0-beta.1+cargoflags=--release for beta-release-1.99-2
[INFO] running `Command { std: "git" "clone" "/workspace/cache/git-repos/https%3A%2F%2Fgithub.com%2Fjkopano%2FXmodem-rs" "/workspace/builds/worker-1-tc2/source", kill_on_drop: false }`
[INFO] [stderr] Cloning into '/workspace/builds/worker-1-tc2/source'...
[INFO] [stderr] done.
[INFO] started tweaking git repo https://github.com/jkopano/Xmodem-rs
[INFO] finished tweaking git repo https://github.com/jkopano/Xmodem-rs
[INFO] tweaked toml for git repo https://github.com/jkopano/Xmodem-rs written to /workspace/builds/worker-1-tc2/source/Cargo.toml
[INFO] validating manifest of git repo https://github.com/jkopano/Xmodem-rs on toolchain 1.99.0-beta.1
[INFO] running `Command { std: CARGO_HOME="/workspace/cargo-home" RUSTUP_HOME="/workspace/rustup-home" "/workspace/cargo-home/bin/cargo" "+1.99.0-beta.1" "metadata" "--manifest-path" "Cargo.toml" "--no-deps", kill_on_drop: false }`
[INFO] crate git repo https://github.com/jkopano/Xmodem-rs already has a lockfile, it will not be regenerated
[INFO] running `Command { std: CARGO_HOME="/workspace/cargo-home" RUSTUP_HOME="/workspace/rustup-home" "/workspace/cargo-home/bin/cargo" "+1.99.0-beta.1" "fetch" "--manifest-path" "Cargo.toml", kill_on_drop: false }`
[INFO] running `Command { std: "docker" "create" "-v" "/var/lib/crater-agent-workspace/builds/worker-1-tc2/source:/opt/rustwide/workdir:ro,Z" "-v" "/var/lib/crater-agent-workspace/builds/worker-1-tc2/target:/opt/rustwide/target:rw,Z" "-v" "/var/lib/crater-agent-workspace/cargo-home:/opt/rustwide/cargo-home:ro,Z" "-v" "/var/lib/crater-agent-workspace/rustup-home:/opt/rustwide/rustup-home:ro,Z" "-m" "1610612736" "--network" "none" "ghcr.io/rust-lang/crates-build-env/linux@sha256:8683fc1fc2eb5c9ac98e0d076ab094b2ffac7f99da555d2b6a2e27f346de2ec7" "sleep" "infinity", kill_on_drop: false }`
[INFO] [stdout] 88f3d8625cccd160ba7bbdd30d5532f58b25307a0734858f8b9e7fe25186c41f
[INFO] running `Command { std: "docker" "start" "88f3d8625cccd160ba7bbdd30d5532f58b25307a0734858f8b9e7fe25186c41f", kill_on_drop: false }`
[INFO] running `Command { std: "docker" "inspect" "88f3d8625cccd160ba7bbdd30d5532f58b25307a0734858f8b9e7fe25186c41f", kill_on_drop: false }`
[INFO] running `Command { std: "docker" "exec" "-e" "SOURCE_DIR=/opt/rustwide/workdir" "-e" "CARGO_HOME=/opt/rustwide/cargo-home" "-e" "RUSTUP_HOME=/opt/rustwide/rustup-home" "-e" "CARGO_TARGET_DIR=/opt/rustwide/target" "-w" "/opt/rustwide/workdir" "--user" "0:0" "88f3d8625cccd160ba7bbdd30d5532f58b25307a0734858f8b9e7fe25186c41f" "/opt/rustwide/cargo-home/bin/cargo" "+1.99.0-beta.1" "metadata" "--no-deps" "--format-version=1", kill_on_drop: false }`
[INFO] running `Command { std: "docker" "inspect" "88f3d8625cccd160ba7bbdd30d5532f58b25307a0734858f8b9e7fe25186c41f", kill_on_drop: false }`
[INFO] running `Command { std: "docker" "exec" "-e" "SOURCE_DIR=/opt/rustwide/workdir" "-e" "CARGO_HOME=/opt/rustwide/cargo-home" "-e" "RUSTUP_HOME=/opt/rustwide/rustup-home" "-e" "CARGO_TARGET_DIR=/opt/rustwide/target" "-e" "CARGO_INCREMENTAL=0" "-e" "RUST_BACKTRACE=full" "-e" "RUSTFLAGS=--cap-lints=warn" "-e" "RUSTDOCFLAGS=--cap-lints=warn" "-w" "/opt/rustwide/workdir" "--user" "0:0" "88f3d8625cccd160ba7bbdd30d5532f58b25307a0734858f8b9e7fe25186c41f" "/opt/rustwide/cargo-home/bin/cargo" "+1.99.0-beta.1" "build" "--frozen" "--message-format=json" "--release", kill_on_drop: false }`
[INFO] [stderr]    Compiling proc-macro2 v1.0.94
[INFO] [stderr]    Compiling unicode-ident v1.0.18
[INFO] [stderr]    Compiling libc v0.2.170
[INFO] [stderr]    Compiling clap_lex v0.7.4
[INFO] [stderr]    Compiling crc-catalog v1.1.1
[INFO] [stderr]    Compiling libudev-sys v0.1.4
[INFO] [stderr]    Compiling bitflags v2.9.0
[INFO] [stderr]    Compiling scopeguard v1.2.0
[INFO] [stderr]    Compiling crc v2.1.0
[INFO] [stderr]    Compiling clap_builder v4.5.36
[INFO] [stderr]    Compiling quote v1.0.39
[INFO] [stderr]    Compiling syn v2.0.99
[INFO] [stderr]    Compiling nix v0.26.4
[INFO] [stderr]    Compiling libudev v0.3.0
[INFO] [stderr]    Compiling thiserror-impl v1.0.69
[INFO] [stderr]    Compiling clap_derive v4.5.32
[INFO] [stderr]    Compiling thiserror v1.0.69
[INFO] [stderr]    Compiling unescaper v0.1.5
[INFO] [stderr]    Compiling serialport v4.7.0
[INFO] [stderr]    Compiling clap v4.5.36
[INFO] [stderr]    Compiling zad1 v0.1.0 (/opt/rustwide/workdir)
[INFO] [stdout] warning: variant `Complete` is never constructed
[INFO] [stdout]   --> src/sender.rs:18:5
[INFO] [stdout]    |
[INFO] [stdout] 14 | pub enum SenderState {
[INFO] [stdout]    |          ----------- variant in this enum
[INFO] [stdout] ...
[INFO] [stdout] 18 |     Complete,
[INFO] [stdout]    |     ^^^^^^^^
[INFO] [stdout]    |
[INFO] [stdout]    = note: `#[warn(dead_code)]` (part of `#[warn(unused)]`) on by default
[INFO] [stdout] 
[INFO] [stdout] 
[INFO] [stdout] warning: enum `SenderError` is never used
[INFO] [stdout]    --> src/sender.rs:196:10
[INFO] [stdout]     |
[INFO] [stdout] 196 | pub enum SenderError {
[INFO] [stdout]     |          ^^^^^^^^^^^
[INFO] [stdout] 
[INFO] [stdout] 
[INFO] [stdout] warning: variant `BrokenPipe` is never constructed
[INFO] [stdout]    --> src/xmodem.rs:226:5
[INFO] [stdout]     |
[INFO] [stdout] 219 | pub enum XmodemError {
[INFO] [stdout]     |          ----------- variant in this enum
[INFO] [stdout] ...
[INFO] [stdout] 226 |     BrokenPipe(io::ErrorKind),
[INFO] [stdout]     |     ^^^^^^^^^^
[INFO] [stdout]     |
[INFO] [stdout]     = note: `XmodemError` has derived impls for the traits `Clone` and `Debug`, but these are intentionally ignored during dead code analysis
[INFO] [stdout] 
[INFO] [stdout] 
[INFO] [stdout] warning: associated function `from` is never used
[INFO] [stdout]    --> src/xmodem.rs:231:12
[INFO] [stdout]     |
[INFO] [stdout] 230 | impl XmodemError {
[INFO] [stdout]     | ---------------- associated function in this implementation
[INFO] [stdout] 231 |     pub fn from(err: &XmodemError) -> XmodemError {
[INFO] [stdout]     |            ^^^^
[INFO] [stdout] 
[INFO] [stdout] 
[INFO] [stdout] warning: unused `std::result::Result` that must be used
[INFO] [stdout]   --> src/main.rs:38:13
[INFO] [stdout]    |
[INFO] [stdout] 38 |             sender.start_session();
[INFO] [stdout]    |             ^^^^^^^^^^^^^^^^^^^^^^
[INFO] [stdout]    |
[INFO] [stdout]    = note: this `Result` may be an `Err` variant, which should be handled
[INFO] [stdout]    = note: `#[warn(unused_must_use)]` (part of `#[warn(unused)]`) on by default
[INFO] [stdout] help: use `let _ = ...` to ignore the resulting value
[INFO] [stdout]    |
[INFO] [stdout] 38 |             let _ = sender.start_session();
[INFO] [stdout]    |             +++++++
[INFO] [stdout] 
[INFO] [stdout] 
[INFO] [stdout] warning: unused `std::result::Result` that must be used
[INFO] [stdout]   --> src/main.rs:64:13
[INFO] [stdout]    |
[INFO] [stdout] 64 |             std::fs::write(output, data.unwrap());
[INFO] [stdout]    |             ^^^^^^^^^^^^^^^^^^^^^^^^^^^^^^^^^^^^^
[INFO] [stdout]    |
[INFO] [stdout]    = note: this `Result` may be an `Err` variant, which should be handled
[INFO] [stdout] help: use `let _ = ...` to ignore the resulting value
[INFO] [stdout]    |
[INFO] [stdout] 64 |             let _ = std::fs::write(output, data.unwrap());
[INFO] [stdout]    |             +++++++
[INFO] [stdout] 
[INFO] [stdout] 
[INFO] [stderr]     Finished `release` profile [optimized] target(s) in 19.61s
[INFO] running `Command { std: "docker" "inspect" "88f3d8625cccd160ba7bbdd30d5532f58b25307a0734858f8b9e7fe25186c41f", kill_on_drop: false }`
[INFO] running `Command { std: "docker" "exec" "-e" "SOURCE_DIR=/opt/rustwide/workdir" "-e" "CARGO_HOME=/opt/rustwide/cargo-home" "-e" "RUSTUP_HOME=/opt/rustwide/rustup-home" "-e" "CARGO_TARGET_DIR=/opt/rustwide/target" "-e" "CARGO_INCREMENTAL=0" "-e" "RUST_BACKTRACE=full" "-e" "RUSTFLAGS=--cap-lints=warn" "-e" "RUSTDOCFLAGS=--cap-lints=warn" "-w" "/opt/rustwide/workdir" "--user" "0:0" "88f3d8625cccd160ba7bbdd30d5532f58b25307a0734858f8b9e7fe25186c41f" "/opt/rustwide/cargo-home/bin/cargo" "+1.99.0-beta.1" "test" "--frozen" "--no-run" "--message-format=json" "--release", kill_on_drop: false }`
[INFO] [stderr]    Compiling zad1 v0.1.0 (/opt/rustwide/workdir)
[INFO] [stdout] warning: unused import: `Algorithm`
[INFO] [stdout]    --> src/xmodem.rs:266:15
[INFO] [stdout]     |
[INFO] [stdout] 266 |     use crc::{Algorithm, CRC_16_XMODEM, Crc};
[INFO] [stdout]     |               ^^^^^^^^^
[INFO] [stdout]     |
[INFO] [stdout]     = note: `#[warn(unused_imports)]` (part of `#[warn(unused)]`) on by default
[INFO] [stdout] 
[INFO] [stdout] 
[INFO] [stdout] warning: variant `Complete` is never constructed
[INFO] [stdout]   --> src/sender.rs:18:5
[INFO] [stdout]    |
[INFO] [stdout] 14 | pub enum SenderState {
[INFO] [stdout]    |          ----------- variant in this enum
[INFO] [stdout] ...
[INFO] [stdout] 18 |     Complete,
[INFO] [stdout]    |     ^^^^^^^^
[INFO] [stdout]    |
[INFO] [stdout]    = note: `#[warn(dead_code)]` (part of `#[warn(unused)]`) on by default
[INFO] [stdout] 
[INFO] [stdout] 
[INFO] [stdout] warning: enum `SenderError` is never used
[INFO] [stdout]    --> src/sender.rs:196:10
[INFO] [stdout]     |
[INFO] [stdout] 196 | pub enum SenderError {
[INFO] [stdout]     |          ^^^^^^^^^^^
[INFO] [stdout] 
[INFO] [stdout] 
[INFO] [stdout] warning: variant `BrokenPipe` is never constructed
[INFO] [stdout]    --> src/xmodem.rs:226:5
[INFO] [stdout]     |
[INFO] [stdout] 219 | pub enum XmodemError {
[INFO] [stdout]     |          ----------- variant in this enum
[INFO] [stdout] ...
[INFO] [stdout] 226 |     BrokenPipe(io::ErrorKind),
[INFO] [stdout]     |     ^^^^^^^^^^
[INFO] [stdout]     |
[INFO] [stdout]     = note: `XmodemError` has derived impls for the traits `Clone` and `Debug`, but these are intentionally ignored during dead code analysis
[INFO] [stdout] 
[INFO] [stdout] 
[INFO] [stdout] warning: associated function `from` is never used
[INFO] [stdout]    --> src/xmodem.rs:231:12
[INFO] [stdout]     |
[INFO] [stdout] 230 | impl XmodemError {
[INFO] [stdout]     | ---------------- associated function in this implementation
[INFO] [stdout] 231 |     pub fn from(err: &XmodemError) -> XmodemError {
[INFO] [stdout]     |            ^^^^
[INFO] [stdout] 
[INFO] [stdout] 
[INFO] [stdout] warning: unused `std::result::Result` that must be used
[INFO] [stdout]   --> src/main.rs:38:13
[INFO] [stdout]    |
[INFO] [stdout] 38 |             sender.start_session();
[INFO] [stdout]    |             ^^^^^^^^^^^^^^^^^^^^^^
[INFO] [stdout]    |
[INFO] [stdout]    = note: this `Result` may be an `Err` variant, which should be handled
[INFO] [stdout]    = note: `#[warn(unused_must_use)]` (part of `#[warn(unused)]`) on by default
[INFO] [stdout] help: use `let _ = ...` to ignore the resulting value
[INFO] [stdout]    |
[INFO] [stdout] 38 |             let _ = sender.start_session();
[INFO] [stdout]    |             +++++++
[INFO] [stdout] 
[INFO] [stdout] 
[INFO] [stdout] warning: unused `std::result::Result` that must be used
[INFO] [stdout]   --> src/main.rs:64:13
[INFO] [stdout]    |
[INFO] [stdout] 64 |             std::fs::write(output, data.unwrap());
[INFO] [stdout]    |             ^^^^^^^^^^^^^^^^^^^^^^^^^^^^^^^^^^^^^
[INFO] [stdout]    |
[INFO] [stdout]    = note: this `Result` may be an `Err` variant, which should be handled
[INFO] [stdout] help: use `let _ = ...` to ignore the resulting value
[INFO] [stdout]    |
[INFO] [stdout] 64 |             let _ = std::fs::write(output, data.unwrap());
[INFO] [stdout]    |             +++++++
[INFO] [stdout] 
[INFO] [stdout] 
[INFO] [stderr]     Finished `release` profile [optimized] target(s) in 0.92s
[INFO] running `Command { std: "docker" "inspect" "88f3d8625cccd160ba7bbdd30d5532f58b25307a0734858f8b9e7fe25186c41f", kill_on_drop: false }`
[INFO] running `Command { std: "docker" "exec" "-e" "SOURCE_DIR=/opt/rustwide/workdir" "-e" "CARGO_HOME=/opt/rustwide/cargo-home" "-e" "RUSTUP_HOME=/opt/rustwide/rustup-home" "-e" "CARGO_TARGET_DIR=/opt/rustwide/target" "-e" "CARGO_INCREMENTAL=0" "-e" "RUST_BACKTRACE=full" "-e" "RUSTFLAGS=--cap-lints=warn" "-e" "RUSTDOCFLAGS=--cap-lints=warn" "-w" "/opt/rustwide/workdir" "--user" "0:0" "88f3d8625cccd160ba7bbdd30d5532f58b25307a0734858f8b9e7fe25186c41f" "/opt/rustwide/cargo-home/bin/cargo" "+1.99.0-beta.1" "test" "--frozen" "--release", kill_on_drop: false }`
[INFO] [stderr] warning: unused import: `Algorithm`
[INFO] [stderr]    --> src/xmodem.rs:266:15
[INFO] [stderr]     |
[INFO] [stderr] 266 |     use crc::{Algorithm, CRC_16_XMODEM, Crc};
[INFO] [stderr]     |               ^^^^^^^^^
[INFO] [stderr]     |
[INFO] [stderr]     = note: `#[warn(unused_imports)]` (part of `#[warn(unused)]`) on by default
[INFO] [stderr] 
[INFO] [stderr] warning: variant `Complete` is never constructed
[INFO] [stderr]   --> src/sender.rs:18:5
[INFO] [stderr]    |
[INFO] [stderr] 14 | pub enum SenderState {
[INFO] [stderr]    |          ----------- variant in this enum
[INFO] [stderr] ...
[INFO] [stderr] 18 |     Complete,
[INFO] [stderr]    |     ^^^^^^^^
[INFO] [stderr]    |
[INFO] [stderr]    = note: `#[warn(dead_code)]` (part of `#[warn(unused)]`) on by default
[INFO] [stderr] 
[INFO] [stderr] warning: enum `SenderError` is never used
[INFO] [stderr]    --> src/sender.rs:196:10
[INFO] [stderr]     |
[INFO] [stderr] 196 | pub enum SenderError {
[INFO] [stderr]     |          ^^^^^^^^^^^
[INFO] [stderr] 
[INFO] [stderr] warning: variant `BrokenPipe` is never constructed
[INFO] [stderr]    --> src/xmodem.rs:226:5
[INFO] [stderr]     |
[INFO] [stderr] 219 | pub enum XmodemError {
[INFO] [stderr]     |          ----------- variant in this enum
[INFO] [stderr] ...
[INFO] [stderr] 226 |     BrokenPipe(io::ErrorKind),
[INFO] [stderr]     |     ^^^^^^^^^^
[INFO] [stderr]     |
[INFO] [stderr]     = note: `XmodemError` has derived impls for the traits `Clone` and `Debug`, but these are intentionally ignored during dead code analysis
[INFO] [stderr] 
[INFO] [stderr] warning: associated function `from` is never used
[INFO] [stderr]    --> src/xmodem.rs:231:12
[INFO] [stderr]     |
[INFO] [stderr] 230 | impl XmodemError {
[INFO] [stderr]     | ---------------- associated function in this implementation
[INFO] [stderr] 231 |     pub fn from(err: &XmodemError) -> XmodemError {
[INFO] [stderr]     |            ^^^^
[INFO] [stderr] 
[INFO] [stderr] warning: unused `std::result::Result` that must be used
[INFO] [stderr]   --> src/main.rs:38:13
[INFO] [stderr]    |
[INFO] [stderr] 38 |             sender.start_session();
[INFO] [stderr]    |             ^^^^^^^^^^^^^^^^^^^^^^
[INFO] [stderr]    |
[INFO] [stderr]    = note: this `Result` may be an `Err` variant, which should be handled
[INFO] [stderr]    = note: `#[warn(unused_must_use)]` (part of `#[warn(unused)]`) on by default
[INFO] [stderr] help: use `let _ = ...` to ignore the resulting value
[INFO] [stderr]    |
[INFO] [stderr] 38 |             let _ = sender.start_session();
[INFO] [stderr]    |             +++++++
[INFO] [stderr] 
[INFO] [stderr] warning: unused `std::result::Result` that must be used
[INFO] [stderr]   --> src/main.rs:64:13
[INFO] [stderr]    |
[INFO] [stderr] 64 |             std::fs::write(output, data.unwrap());
[INFO] [stderr]    |             ^^^^^^^^^^^^^^^^^^^^^^^^^^^^^^^^^^^^^
[INFO] [stderr]    |
[INFO] [stderr]    = note: this `Result` may be an `Err` variant, which should be handled
[INFO] [stderr] help: use `let _ = ...` to ignore the resulting value
[INFO] [stderr]    |
[INFO] [stderr] 64 |             let _ = std::fs::write(output, data.unwrap());
[INFO] [stderr]    |             +++++++
[INFO] [stderr] 
[INFO] [stderr] warning: `zad1` (bin "zad1" test) generated 7 warnings (run `cargo fix --bin "zad1" -p zad1 --tests` to apply 1 suggestion)
[INFO] [stderr]     Finished `release` profile [optimized] target(s) in 0.07s
[INFO] [stdout] 
[INFO] [stderr]      Running unittests src/main.rs (/opt/rustwide/target/release/deps/zad1-d46875aae68a3866)
[INFO] [stdout] running 1 test
[INFO] [stdout] test xmodem::tests::test_xmodem_transfer ... FAILED
[INFO] [stdout] 
[INFO] [stdout] failures:
[INFO] [stdout] 
[INFO] [stdout] ---- xmodem::tests::test_xmodem_transfer stdout ----
[INFO] [stdout] 
[INFO] [stdout] thread '<unnamed>' (592) panicked at src/receiver.rs:55:18:
[INFO] [stdout] Failed to open port: Error { kind: Io(NotFound), description: "No such file or directory" }
[INFO] [stdout] stack backtrace:
[INFO] [stdout]    0:     0x5a3fb63a46a1 - <<std[104cf6e2632825ea]::sys::backtrace::BacktraceLock>::print::DisplayBacktrace as core[7c831bd917ebf35f]::fmt::Display>::fmt
[INFO] [stdout]    1:     0x5a3fb63b89ea - core[7c831bd917ebf35f]::fmt::write
[INFO] [stdout]    2:     0x5a3fb63a8b3c - <alloc[2fdc3f7464fcf288]::vec::Vec<u8> as core[7c831bd917ebf35f]::io::write::Write>::write_fmt
[INFO] [stdout]    3:     0x5a3fb6380bd6 - std[104cf6e2632825ea]::panicking::default_hook::{closure#0}
[INFO] [stdout]    4:     0x5a3fb639cd09 - std[104cf6e2632825ea]::panicking::default_hook
[INFO] [stdout]    5:     0x5a3fb6337b80 - test[73009c9f9aebf890]::test_main_inner::<test[73009c9f9aebf890]::test_main_static::{closure#0}>::{closure#0}
[INFO] [stdout]    6:     0x5a3fb639cec2 - std[104cf6e2632825ea]::panicking::panic_with_hook
[INFO] [stdout]    7:     0x5a3fb6380c82 - std[104cf6e2632825ea]::panicking::panic_handler::{closure#0}
[INFO] [stdout]    8:     0x5a3fb6379629 - std[104cf6e2632825ea]::sys::backtrace::__rust_end_short_backtrace::<std[104cf6e2632825ea]::panicking::panic_handler::{closure#0}, !>
[INFO] [stdout]    9:     0x5a3fb638187d - __rustc[b0d56fa5b193ad05]::rust_begin_unwind
[INFO] [stdout]   10:     0x5a3fb63b911c - core[7c831bd917ebf35f]::panicking::panic_fmt
[INFO] [stdout]   11:     0x5a3fb63b8ef2 - core[7c831bd917ebf35f]::result::unwrap_failed
[INFO] [stdout]   12:     0x5a3fb6329cf6 - std[104cf6e2632825ea]::sys::backtrace::__rust_begin_short_backtrace::<zad1[179b1413edeb9745]::xmodem::tests::test_xmodem_transfer::{closure#1}, ()>
[INFO] [stdout]   13:     0x5a3fb63277b1 - <std[104cf6e2632825ea]::thread::lifecycle::spawn_unchecked<zad1[179b1413edeb9745]::xmodem::tests::test_xmodem_transfer::{closure#1}, ()>::{closure#1} as core[7c831bd917ebf35f]::ops::function::FnOnce<()>>::call_once::{shim:vtable#0}
[INFO] [stdout]   14:     0x5a3fb63a3f79 - <std[104cf6e2632825ea]::sys::thread::unix::Thread>::new::thread_start
[INFO] [stdout]   15:     0x73785c86a07a - <unknown>
[INFO] [stdout]   16:     0x73785c8fd534 - clone
[INFO] [stdout]   17:                0x0 - <unknown>
[INFO] [stdout] 
[INFO] [stdout] thread '<unnamed>' (593) panicked at src/sender.rs:42:18:
[INFO] [stdout] Failed to open port: Error { kind: Io(NotFound), description: "No such file or directory" }
[INFO] [stdout] stack backtrace:
[INFO] [stdout]    0:     0x5a3fb63a46a1 - <<std[104cf6e2632825ea]::sys::backtrace::BacktraceLock>::print::DisplayBacktrace as core[7c831bd917ebf35f]::fmt::Display>::fmt
[INFO] [stdout]    1:     0x5a3fb63b89ea - core[7c831bd917ebf35f]::fmt::write
[INFO] [stdout]    2:     0x5a3fb63a8b3c - <alloc[2fdc3f7464fcf288]::vec::Vec<u8> as core[7c831bd917ebf35f]::io::write::Write>::write_fmt
[INFO] [stdout]    3:     0x5a3fb6380bd6 - std[104cf6e2632825ea]::panicking::default_hook::{closure#0}
[INFO] [stdout]    4:     0x5a3fb639cd09 - std[104cf6e2632825ea]::panicking::default_hook
[INFO] [stdout]    5:     0x5a3fb6337b80 - test[73009c9f9aebf890]::test_main_inner::<test[73009c9f9aebf890]::test_main_static::{closure#0}>::{closure#0}
[INFO] [stdout]    6:     0x5a3fb639cec2 - std[104cf6e2632825ea]::panicking::panic_with_hook
[INFO] [stdout]    7:     0x5a3fb6380c82 - std[104cf6e2632825ea]::panicking::panic_handler::{closure#0}
[INFO] [stdout]    8:     0x5a3fb6379629 - std[104cf6e2632825ea]::sys::backtrace::__rust_end_short_backtrace::<std[104cf6e2632825ea]::panicking::panic_handler::{closure#0}, !>
[INFO] [stdout]    9:     0x5a3fb638187d - __rustc[b0d56fa5b193ad05]::rust_begin_unwind
[INFO] [stdout]   10:     0x5a3fb63b911c - core[7c831bd917ebf35f]::panicking::panic_fmt
[INFO] [stdout]   11:     0x5a3fb63b8ef2 - core[7c831bd917ebf35f]::result::unwrap_failed
[INFO] [stdout]   12:     0x5a3fb632998b - std[104cf6e2632825ea]::sys::backtrace::__rust_begin_short_backtrace::<zad1[179b1413edeb9745]::xmodem::tests::test_xmodem_transfer::{closure#2}, ()>
[INFO] [stdout]   13:     0x5a3fb6327608 - <std[104cf6e2632825ea]::thread::lifecycle::spawn_unchecked<zad1[179b1413edeb9745]::xmodem::tests::test_xmodem_transfer::{closure#2}, ()>::{closure#1} as core[7c831bd917ebf35f]::ops::function::FnOnce<()>>::call_once::{shim:vtable#0}
[INFO] [stdout]   14:     0x5a3fb63a3f79 - <std[104cf6e2632825ea]::sys::thread::unix::Thread>::new::thread_start
[INFO] [stdout]   15:     0x73785c86a07a - <unknown>
[INFO] [stdout]   16:     0x73785c8fd534 - clone
[INFO] [stdout]   17:                0x0 - <unknown>
[INFO] [stdout] 
[INFO] [stdout] thread 'xmodem::tests::test_xmodem_transfer' (591) panicked at src/xmodem.rs:317:30:
[INFO] [stdout] called `Result::unwrap()` on an `Err` value: Any { .. }
[INFO] [stdout] stack backtrace:
[INFO] [stdout]    0:     0x5a3fb63a46a1 - <<std[104cf6e2632825ea]::sys::backtrace::BacktraceLock>::print::DisplayBacktrace as core[7c831bd917ebf35f]::fmt::Display>::fmt
[INFO] [stdout]    1:     0x5a3fb63b89ea - core[7c831bd917ebf35f]::fmt::write
[INFO] [stdout]    2:     0x5a3fb63a8b3c - <alloc[2fdc3f7464fcf288]::vec::Vec<u8> as core[7c831bd917ebf35f]::io::write::Write>::write_fmt
[INFO] [stdout]    3:     0x5a3fb6380bd6 - std[104cf6e2632825ea]::panicking::default_hook::{closure#0}
[INFO] [stdout]    4:     0x5a3fb639cd09 - std[104cf6e2632825ea]::panicking::default_hook
[INFO] [stdout]    5:     0x5a3fb6337b80 - test[73009c9f9aebf890]::test_main_inner::<test[73009c9f9aebf890]::test_main_static::{closure#0}>::{closure#0}
[INFO] [stdout]    6:     0x5a3fb639cec2 - std[104cf6e2632825ea]::panicking::panic_with_hook
[INFO] [stdout]    7:     0x5a3fb6380c82 - std[104cf6e2632825ea]::panicking::panic_handler::{closure#0}
[INFO] [stdout]    8:     0x5a3fb6379629 - std[104cf6e2632825ea]::sys::backtrace::__rust_end_short_backtrace::<std[104cf6e2632825ea]::panicking::panic_handler::{closure#0}, !>
[INFO] [stdout]    9:     0x5a3fb638187d - __rustc[b0d56fa5b193ad05]::rust_begin_unwind
[INFO] [stdout]   10:     0x5a3fb63b911c - core[7c831bd917ebf35f]::panicking::panic_fmt
[INFO] [stdout]   11:     0x5a3fb63b8ef2 - core[7c831bd917ebf35f]::result::unwrap_failed
[INFO] [stdout]   12:     0x5a3fb632a900 - <zad1[179b1413edeb9745]::xmodem::tests::test_xmodem_transfer::{closure#0} as core[7c831bd917ebf35f]::ops::function::FnOnce<()>>::call_once
[INFO] [stdout]   13:     0x5a3fb632ae6b - test[73009c9f9aebf890]::__rust_begin_short_backtrace::<core[7c831bd917ebf35f]::result::Result<(), alloc[2fdc3f7464fcf288]::string::String>, fn() -> core[7c831bd917ebf35f]::result::Result<(), alloc[2fdc3f7464fcf288]::string::String>>
[INFO] [stdout]   14:     0x5a3fb63384d5 - test[73009c9f9aebf890]::run_test::{closure#0}
[INFO] [stdout]   15:     0x5a3fb6331894 - std[104cf6e2632825ea]::sys::backtrace::__rust_begin_short_backtrace::<test[73009c9f9aebf890]::run_test::{closure#1}, ()>
[INFO] [stdout]   16:     0x5a3fb633b632 - <std[104cf6e2632825ea]::thread::lifecycle::spawn_unchecked<test[73009c9f9aebf890]::run_test::{closure#1}, ()>::{closure#1} as core[7c831bd917ebf35f]::ops::function::FnOnce<()>>::call_once::{shim:vtable#0}
[INFO] [stdout]   17:     0x5a3fb63a3f79 - <std[104cf6e2632825ea]::sys::thread::unix::Thread>::new::thread_start
[INFO] [stdout]   18:     0x73785c86a07a - <unknown>
[INFO] [stdout]   19:     0x73785c8fd534 - clone
[INFO] [stdout]   20:                0x0 - <unknown>
[INFO] [stdout] 
[INFO] [stdout] 
[INFO] [stdout] failures:
[INFO] [stdout]     xmodem::tests::test_xmodem_transfer
[INFO] [stdout] 
[INFO] [stdout] test result: FAILED. 0 passed; 1 failed; 0 ignored; 0 measured; 0 filtered out; finished in 0.10s
[INFO] [stdout] 
[INFO] [stderr] error: test failed, to rerun pass `--bin zad1`
[INFO] running `Command { std: "docker" "inspect" "88f3d8625cccd160ba7bbdd30d5532f58b25307a0734858f8b9e7fe25186c41f", kill_on_drop: false }`
[INFO] running `Command { std: "docker" "rm" "-f" "88f3d8625cccd160ba7bbdd30d5532f58b25307a0734858f8b9e7fe25186c41f", kill_on_drop: false }`
[INFO] [stdout] 88f3d8625cccd160ba7bbdd30d5532f58b25307a0734858f8b9e7fe25186c41f
