[INFO] cloning repository https://github.com/jhinrichsen/adventofcode2015
[INFO] running `Command { std: "git" "-c" "credential.helper=" "-c" "credential.helper=/workspace/cargo-home/bin/git-credential-null" "clone" "--bare" "https://github.com/jhinrichsen/adventofcode2015" "/workspace/cache/git-repos/https%3A%2F%2Fgithub.com%2Fjhinrichsen%2Fadventofcode2015", kill_on_drop: false }`
[INFO] [stderr] Cloning into bare repository '/workspace/cache/git-repos/https%3A%2F%2Fgithub.com%2Fjhinrichsen%2Fadventofcode2015'...
[INFO] running `Command { std: "git" "rev-parse" "HEAD", kill_on_drop: false }`
[INFO] [stdout] fc63f4f54eae29975986e4b10c75ca91e0eeb8d5
[INFO] testing jhinrichsen/adventofcode2015 against 1.98.0-beta.8+cargoflags=--release for beta-release-1.99-2
[INFO] running `Command { std: "git" "clone" "/workspace/cache/git-repos/https%3A%2F%2Fgithub.com%2Fjhinrichsen%2Fadventofcode2015" "/workspace/builds/worker-5-tc1/source", kill_on_drop: false }`
[INFO] [stderr] Cloning into '/workspace/builds/worker-5-tc1/source'...
[INFO] [stderr] done.
[INFO] started tweaking git repo https://github.com/jhinrichsen/adventofcode2015
[INFO] finished tweaking git repo https://github.com/jhinrichsen/adventofcode2015
[INFO] tweaked toml for git repo https://github.com/jhinrichsen/adventofcode2015 written to /workspace/builds/worker-5-tc1/source/Cargo.toml
[INFO] validating manifest of git repo https://github.com/jhinrichsen/adventofcode2015 on toolchain 1.98.0-beta.8
[INFO] running `Command { std: CARGO_HOME="/workspace/cargo-home" RUSTUP_HOME="/workspace/rustup-home" "/workspace/cargo-home/bin/cargo" "+1.98.0-beta.8" "metadata" "--manifest-path" "Cargo.toml" "--no-deps", kill_on_drop: false }`
[INFO] crate git repo https://github.com/jhinrichsen/adventofcode2015 already has a lockfile, it will not be regenerated
[INFO] running `Command { std: CARGO_HOME="/workspace/cargo-home" RUSTUP_HOME="/workspace/rustup-home" "/workspace/cargo-home/bin/cargo" "+1.98.0-beta.8" "fetch" "--manifest-path" "Cargo.toml", kill_on_drop: false }`
[INFO] [stderr]  Downloading crates ...
[INFO] [stderr]   Downloaded md5 v0.6.1
[INFO] running `Command { std: "docker" "create" "-v" "/var/lib/crater-agent-workspace/builds/worker-5-tc1/source:/opt/rustwide/workdir:ro,Z" "-v" "/var/lib/crater-agent-workspace/builds/worker-5-tc1/target:/opt/rustwide/target:rw,Z" "-v" "/var/lib/crater-agent-workspace/cargo-home:/opt/rustwide/cargo-home:ro,Z" "-v" "/var/lib/crater-agent-workspace/rustup-home:/opt/rustwide/rustup-home:ro,Z" "-m" "1610612736" "--network" "none" "ghcr.io/rust-lang/crates-build-env/linux@sha256:8683fc1fc2eb5c9ac98e0d076ab094b2ffac7f99da555d2b6a2e27f346de2ec7" "sleep" "infinity", kill_on_drop: false }`
[INFO] [stdout] 618754ad6a5230f8258ff8879adf1476b06136bb9f8fdc527517cbec643076b4
[INFO] running `Command { std: "docker" "start" "618754ad6a5230f8258ff8879adf1476b06136bb9f8fdc527517cbec643076b4", kill_on_drop: false }`
[INFO] running `Command { std: "docker" "inspect" "618754ad6a5230f8258ff8879adf1476b06136bb9f8fdc527517cbec643076b4", kill_on_drop: false }`
[INFO] running `Command { std: "docker" "exec" "-e" "SOURCE_DIR=/opt/rustwide/workdir" "-e" "CARGO_HOME=/opt/rustwide/cargo-home" "-e" "RUSTUP_HOME=/opt/rustwide/rustup-home" "-e" "CARGO_TARGET_DIR=/opt/rustwide/target" "-w" "/opt/rustwide/workdir" "--user" "0:0" "618754ad6a5230f8258ff8879adf1476b06136bb9f8fdc527517cbec643076b4" "/opt/rustwide/cargo-home/bin/cargo" "+1.98.0-beta.8" "metadata" "--no-deps" "--format-version=1", kill_on_drop: false }`
[INFO] running `Command { std: "docker" "inspect" "618754ad6a5230f8258ff8879adf1476b06136bb9f8fdc527517cbec643076b4", kill_on_drop: false }`
[INFO] running `Command { std: "docker" "exec" "-e" "SOURCE_DIR=/opt/rustwide/workdir" "-e" "CARGO_HOME=/opt/rustwide/cargo-home" "-e" "RUSTUP_HOME=/opt/rustwide/rustup-home" "-e" "CARGO_TARGET_DIR=/opt/rustwide/target" "-e" "CARGO_INCREMENTAL=0" "-e" "RUST_BACKTRACE=full" "-e" "RUSTFLAGS=--cap-lints=warn" "-e" "RUSTDOCFLAGS=--cap-lints=warn" "-w" "/opt/rustwide/workdir" "--user" "0:0" "618754ad6a5230f8258ff8879adf1476b06136bb9f8fdc527517cbec643076b4" "/opt/rustwide/cargo-home/bin/cargo" "+1.98.0-beta.8" "build" "--frozen" "--message-format=json" "--release", kill_on_drop: false }`
[INFO] [stderr]    Compiling md5 v0.6.1
[INFO] [stderr]    Compiling adventofcode2015 v0.1.0 (/opt/rustwide/workdir)
[INFO] [stdout] warning: unnecessary trailing semicolon
[INFO] [stdout]    --> src/day7.rs:151:57
[INFO] [stdout]     |
[INFO] [stdout] 151 |         let op = pi.next().expect("binary: missing op");;
[INFO] [stdout]     |                                                         ^ help: remove this semicolon
[INFO] [stdout]     |
[INFO] [stdout]     = note: `#[warn(redundant_semicolons)]` (part of `#[warn(unused)]`) on by default
[INFO] [stdout] 
[INFO] [stdout] 
[INFO] [stdout] warning: panic message is not a string literal
[INFO] [stdout]    --> src/day7.rs:170:20
[INFO] [stdout]     |
[INFO] [stdout] 170 |             panic!(format!("unknown gate: {}", op))
[INFO] [stdout]     |                    ^^^^^^^^^^^^^^^^^^^^^^^^^^^^^^^
[INFO] [stdout]     |
[INFO] [stdout]     = note: this usage of `panic!()` is deprecated; it will be a hard error in Rust 2021
[INFO] [stdout]     = note: for more information, see <https://doc.rust-lang.org/edition-guide/rust-2021/panic-macro-consistency.html>
[INFO] [stdout]     = note: the `panic!()` macro supports formatting, so there's no need for the `format!()` macro here
[INFO] [stdout]     = note: for more information, see <https://doc.rust-lang.org/edition-guide/rust-2021/panic-macro-consistency.html>
[INFO] [stdout]     = note: `#[warn(non_fmt_panics)]` (part of `#[warn(rust_2021_compatibility)]`) on by default
[INFO] [stdout] help: remove the `format!(..)` macro call
[INFO] [stdout]     |
[INFO] [stdout] 170 -             panic!(format!("unknown gate: {}", op))
[INFO] [stdout] 170 +             panic!("unknown gate: {}", op)
[INFO] [stdout]     |
[INFO] [stdout] 
[INFO] [stdout] 
[INFO] [stderr]     Finished `release` profile [optimized] target(s) in 0.85s
[INFO] running `Command { std: "docker" "inspect" "618754ad6a5230f8258ff8879adf1476b06136bb9f8fdc527517cbec643076b4", kill_on_drop: false }`
[INFO] running `Command { std: "docker" "exec" "-e" "SOURCE_DIR=/opt/rustwide/workdir" "-e" "CARGO_HOME=/opt/rustwide/cargo-home" "-e" "RUSTUP_HOME=/opt/rustwide/rustup-home" "-e" "CARGO_TARGET_DIR=/opt/rustwide/target" "-e" "CARGO_INCREMENTAL=0" "-e" "RUST_BACKTRACE=full" "-e" "RUSTFLAGS=--cap-lints=warn" "-e" "RUSTDOCFLAGS=--cap-lints=warn" "-w" "/opt/rustwide/workdir" "--user" "0:0" "618754ad6a5230f8258ff8879adf1476b06136bb9f8fdc527517cbec643076b4" "/opt/rustwide/cargo-home/bin/cargo" "+1.98.0-beta.8" "test" "--frozen" "--no-run" "--message-format=json" "--release", kill_on_drop: false }`
[INFO] [stderr]    Compiling adventofcode2015 v0.1.0 (/opt/rustwide/workdir)
[INFO] [stdout] warning: unnecessary trailing semicolon
[INFO] [stdout]    --> src/day7.rs:151:57
[INFO] [stdout]     |
[INFO] [stdout] 151 |         let op = pi.next().expect("binary: missing op");;
[INFO] [stdout]     |                                                         ^ help: remove this semicolon
[INFO] [stdout]     |
[INFO] [stdout]     = note: `#[warn(redundant_semicolons)]` (part of `#[warn(unused)]`) on by default
[INFO] [stdout] 
[INFO] [stdout] 
[INFO] [stdout] warning: panic message is not a string literal
[INFO] [stdout]    --> src/day7.rs:170:20
[INFO] [stdout]     |
[INFO] [stdout] 170 |             panic!(format!("unknown gate: {}", op))
[INFO] [stdout]     |                    ^^^^^^^^^^^^^^^^^^^^^^^^^^^^^^^
[INFO] [stdout]     |
[INFO] [stdout]     = note: this usage of `panic!()` is deprecated; it will be a hard error in Rust 2021
[INFO] [stdout]     = note: for more information, see <https://doc.rust-lang.org/edition-guide/rust-2021/panic-macro-consistency.html>
[INFO] [stdout]     = note: the `panic!()` macro supports formatting, so there's no need for the `format!()` macro here
[INFO] [stdout]     = note: for more information, see <https://doc.rust-lang.org/edition-guide/rust-2021/panic-macro-consistency.html>
[INFO] [stdout]     = note: `#[warn(non_fmt_panics)]` (part of `#[warn(rust_2021_compatibility)]`) on by default
[INFO] [stdout] help: remove the `format!(..)` macro call
[INFO] [stdout]     |
[INFO] [stdout] 170 -             panic!(format!("unknown gate: {}", op))
[INFO] [stdout] 170 +             panic!("unknown gate: {}", op)
[INFO] [stdout]     |
[INFO] [stdout] 
[INFO] [stdout] 
[INFO] [stdout] warning: unnecessary trailing semicolon
[INFO] [stdout]    --> src/day7.rs:151:57
[INFO] [stdout]     |
[INFO] [stdout] 151 |         let op = pi.next().expect("binary: missing op");;
[INFO] [stdout]     |                                                         ^ help: remove this semicolon
[INFO] [stdout]     |
[INFO] [stdout]     = note: `#[warn(redundant_semicolons)]` (part of `#[warn(unused)]`) on by default
[INFO] [stdout] 
[INFO] [stdout] 
[INFO] [stdout] warning: panic message is not a string literal
[INFO] [stdout]    --> src/day7.rs:170:20
[INFO] [stdout]     |
[INFO] [stdout] 170 |             panic!(format!("unknown gate: {}", op))
[INFO] [stdout]     |                    ^^^^^^^^^^^^^^^^^^^^^^^^^^^^^^^
[INFO] [stdout]     |
[INFO] [stdout]     = note: this usage of `panic!()` is deprecated; it will be a hard error in Rust 2021
[INFO] [stdout]     = note: for more information, see <https://doc.rust-lang.org/edition-guide/rust-2021/panic-macro-consistency.html>
[INFO] [stdout]     = note: the `panic!()` macro supports formatting, so there's no need for the `format!()` macro here
[INFO] [stdout]     = note: for more information, see <https://doc.rust-lang.org/edition-guide/rust-2021/panic-macro-consistency.html>
[INFO] [stdout]     = note: `#[warn(non_fmt_panics)]` (part of `#[warn(rust_2021_compatibility)]`) on by default
[INFO] [stdout] help: remove the `format!(..)` macro call
[INFO] [stdout]     |
[INFO] [stdout] 170 -             panic!(format!("unknown gate: {}", op))
[INFO] [stdout] 170 +             panic!("unknown gate: {}", op)
[INFO] [stdout]     |
[INFO] [stdout] 
[INFO] [stdout] 
[INFO] [stderr]     Finished `release` profile [optimized] target(s) in 1.17s
[INFO] running `Command { std: "docker" "inspect" "618754ad6a5230f8258ff8879adf1476b06136bb9f8fdc527517cbec643076b4", kill_on_drop: false }`
[INFO] running `Command { std: "docker" "exec" "-e" "SOURCE_DIR=/opt/rustwide/workdir" "-e" "CARGO_HOME=/opt/rustwide/cargo-home" "-e" "RUSTUP_HOME=/opt/rustwide/rustup-home" "-e" "CARGO_TARGET_DIR=/opt/rustwide/target" "-e" "CARGO_INCREMENTAL=0" "-e" "RUST_BACKTRACE=full" "-e" "RUSTFLAGS=--cap-lints=warn" "-e" "RUSTDOCFLAGS=--cap-lints=warn" "-w" "/opt/rustwide/workdir" "--user" "0:0" "618754ad6a5230f8258ff8879adf1476b06136bb9f8fdc527517cbec643076b4" "/opt/rustwide/cargo-home/bin/cargo" "+1.98.0-beta.8" "test" "--frozen" "--release", kill_on_drop: false }`
[INFO] [stderr] warning: unnecessary trailing semicolon
[INFO] [stderr]    --> src/day7.rs:151:57
[INFO] [stderr]     |
[INFO] [stderr] 151 |         let op = pi.next().expect("binary: missing op");;
[INFO] [stderr]     |                                                         ^ help: remove this semicolon
[INFO] [stderr]     |
[INFO] [stderr]     = note: `#[warn(redundant_semicolons)]` (part of `#[warn(unused)]`) on by default
[INFO] [stderr] 
[INFO] [stderr] warning: panic message is not a string literal
[INFO] [stderr]    --> src/day7.rs:170:20
[INFO] [stderr]     |
[INFO] [stderr] 170 |             panic!(format!("unknown gate: {}", op))
[INFO] [stderr]     |                    ^^^^^^^^^^^^^^^^^^^^^^^^^^^^^^^
[INFO] [stderr]     |
[INFO] [stderr]     = note: this usage of `panic!()` is deprecated; it will be a hard error in Rust 2021
[INFO] [stderr]     = note: for more information, see <https://doc.rust-lang.org/edition-guide/rust-2021/panic-macro-consistency.html>
[INFO] [stderr]     = note: the `panic!()` macro supports formatting, so there's no need for the `format!()` macro here
[INFO] [stderr]     = note: for more information, see <https://doc.rust-lang.org/edition-guide/rust-2021/panic-macro-consistency.html>
[INFO] [stderr]     = note: `#[warn(non_fmt_panics)]` (part of `#[warn(rust_2021_compatibility)]`) on by default
[INFO] [stderr] help: remove the `format!(..)` macro call
[INFO] [stderr]     |
[INFO] [stderr] 170 -             panic!(format!("unknown gate: {}", op))
[INFO] [stderr] 170 +             panic!("unknown gate: {}", op)
[INFO] [stderr]     |
[INFO] [stderr] 
[INFO] [stderr] warning: `adventofcode2015` (lib) generated 2 warnings (run `cargo fix --lib -p adventofcode2015` to apply 1 suggestion)
[INFO] [stderr] warning: `adventofcode2015` (lib test) generated 2 warnings (2 duplicates)
[INFO] [stderr]     Finished `release` profile [optimized] target(s) in 0.02s
[INFO] [stderr]      Running unittests src/lib.rs (/opt/rustwide/target/release/deps/adventofcode2015-16dc873ba23c0340)
[INFO] [stdout] 
[INFO] [stdout] running 5 tests
[INFO] [stdout] test day7::tests::hashmap_equality ... ok
[INFO] [stderr] error: test failed, to rerun pass `--lib`
[INFO] [stdout] test day7::tests::day7_part2_input ... FAILED
[INFO] [stdout] test day7::tests::part1_example_rev ... FAILED
[INFO] [stdout] test day7::tests::part1_input ... FAILED
[INFO] [stdout] test day7::tests::part1_example ... FAILED
[INFO] [stdout] 
[INFO] [stdout] failures:
[INFO] [stdout] 
[INFO] [stdout] ---- day7::tests::day7_part2_input stdout ----
[INFO] [stdout] 
[INFO] [stdout] thread 'day7::tests::day7_part2_input' (168) panicked at src/day7.rs:13:50:
[INFO] [stdout] missing day 7: Os { code: 2, kind: NotFound, message: "No such file or directory" }
[INFO] [stdout] stack backtrace:
[INFO] [stdout]    0:     0x618c88296131 - <<std[97b98282bc616a66]::sys::backtrace::BacktraceLock>::print::DisplayBacktrace as core[832e9a552fc17241]::fmt::Display>::fmt
[INFO] [stdout]    1:     0x618c882aa18a - core[832e9a552fc17241]::fmt::write
[INFO] [stdout]    2:     0x618c8829a5ec - <alloc[3ecab9f82c41dc7d]::vec::Vec<u8> as std[97b98282bc616a66]::io::Write>::write_fmt
[INFO] [stdout]    3:     0x618c882744e6 - std[97b98282bc616a66]::panicking::default_hook::{closure#0}
[INFO] [stdout]    4:     0x618c8828dfe9 - std[97b98282bc616a66]::panicking::default_hook
[INFO] [stdout]    5:     0x618c88228bb0 - test[39766f3d73431624]::test_main_inner::<test[39766f3d73431624]::test_main_static::{closure#0}>::{closure#0}
[INFO] [stdout]    6:     0x618c8828e1a2 - std[97b98282bc616a66]::panicking::panic_with_hook
[INFO] [stdout]    7:     0x618c88274592 - std[97b98282bc616a66]::panicking::panic_handler::{closure#0}
[INFO] [stdout]    8:     0x618c8826bd59 - std[97b98282bc616a66]::sys::backtrace::__rust_end_short_backtrace::<std[97b98282bc616a66]::panicking::panic_handler::{closure#0}, !>
[INFO] [stdout]    9:     0x618c8827518d - __rustc[e3d8617bb01b7f69]::rust_begin_unwind
[INFO] [stdout]   10:     0x618c882aa8bc - core[832e9a552fc17241]::panicking::panic_fmt
[INFO] [stdout]   11:     0x618c882aa692 - core[832e9a552fc17241]::result::unwrap_failed
[INFO] [stdout]   12:     0x618c88216b76 - adventofcode2015[aeed7f37998217de]::day7::part2_input
[INFO] [stdout]   13:     0x618c8821a63d - <adventofcode2015[aeed7f37998217de]::day7::tests::day7_part2_input::{closure#0} as core[832e9a552fc17241]::ops::function::FnOnce<()>>::call_once
[INFO] [stdout]   14:     0x618c8821beeb - test[39766f3d73431624]::__rust_begin_short_backtrace::<core[832e9a552fc17241]::result::Result<(), alloc[3ecab9f82c41dc7d]::string::String>, fn() -> core[832e9a552fc17241]::result::Result<(), alloc[3ecab9f82c41dc7d]::string::String>>
[INFO] [stdout]   15:     0x618c88229535 - test[39766f3d73431624]::run_test::{closure#0}
[INFO] [stdout]   16:     0x618c88223fe4 - std[97b98282bc616a66]::sys::backtrace::__rust_begin_short_backtrace::<test[39766f3d73431624]::run_test::{closure#1}, ()>
[INFO] [stdout]   17:     0x618c8822c682 - <std[97b98282bc616a66]::thread::lifecycle::spawn_unchecked<test[39766f3d73431624]::run_test::{closure#1}, ()>::{closure#1} as core[832e9a552fc17241]::ops::function::FnOnce<()>>::call_once::{shim:vtable#0}
[INFO] [stdout]   18:     0x618c8829564f - <std[97b98282bc616a66]::sys::thread::unix::Thread>::new::thread_start
[INFO] [stdout]   19:     0x7f620c79107a - <unknown>
[INFO] [stdout]   20:     0x7f620c824534 - clone
[INFO] [stdout]   21:                0x0 - <unknown>
[INFO] [stdout] 
[INFO] [stdout] ---- day7::tests::part1_example_rev stdout ----
[INFO] [stdout] 
[INFO] [stdout] thread 'day7::tests::part1_example_rev' (171) panicked at src/day7.rs:278:62:
[INFO] [stdout] cannot read day 7: Os { code: 2, kind: NotFound, message: "No such file or directory" }
[INFO] [stdout] stack backtrace:
[INFO] [stdout]    0:     0x618c88296131 - <<std[97b98282bc616a66]::sys::backtrace::BacktraceLock>::print::DisplayBacktrace as core[832e9a552fc17241]::fmt::Display>::fmt
[INFO] [stdout]    1:     0x618c882aa18a - core[832e9a552fc17241]::fmt::write
[INFO] [stdout]    2:     0x618c8829a5ec - <alloc[3ecab9f82c41dc7d]::vec::Vec<u8> as std[97b98282bc616a66]::io::Write>::write_fmt
[INFO] [stdout]    3:     0x618c882744e6 - std[97b98282bc616a66]::panicking::default_hook::{closure#0}
[INFO] [stdout]    4:     0x618c8828dfe9 - std[97b98282bc616a66]::panicking::default_hook
[INFO] [stdout]    5:     0x618c88228bb0 - test[39766f3d73431624]::test_main_inner::<test[39766f3d73431624]::test_main_static::{closure#0}>::{closure#0}
[INFO] [stdout]    6:     0x618c8828e1a2 - std[97b98282bc616a66]::panicking::panic_with_hook
[INFO] [stdout]    7:     0x618c88274592 - std[97b98282bc616a66]::panicking::panic_handler::{closure#0}
[INFO] [stdout]    8:     0x618c8826bd59 - std[97b98282bc616a66]::sys::backtrace::__rust_end_short_backtrace::<std[97b98282bc616a66]::panicking::panic_handler::{closure#0}, !>
[INFO] [stdout]    9:     0x618c8827518d - __rustc[e3d8617bb01b7f69]::rust_begin_unwind
[INFO] [stdout]   10:     0x618c882aa8bc - core[832e9a552fc17241]::panicking::panic_fmt
[INFO] [stdout]   11:     0x618c882aa692 - core[832e9a552fc17241]::result::unwrap_failed
[INFO] [stdout]   12:     0x618c8821bd35 - adventofcode2015[aeed7f37998217de]::day7::tests::part1_example_rev
[INFO] [stdout]   13:     0x618c8821a6a9 - <adventofcode2015[aeed7f37998217de]::day7::tests::part1_example_rev::{closure#0} as core[832e9a552fc17241]::ops::function::FnOnce<()>>::call_once
[INFO] [stdout]   14:     0x618c8821beeb - test[39766f3d73431624]::__rust_begin_short_backtrace::<core[832e9a552fc17241]::result::Result<(), alloc[3ecab9f82c41dc7d]::string::String>, fn() -> core[832e9a552fc17241]::result::Result<(), alloc[3ecab9f82c41dc7d]::string::String>>
[INFO] [stdout]   15:     0x618c88229535 - test[39766f3d73431624]::run_test::{closure#0}
[INFO] [stdout]   16:     0x618c88223fe4 - std[97b98282bc616a66]::sys::backtrace::__rust_begin_short_backtrace::<test[39766f3d73431624]::run_test::{closure#1}, ()>
[INFO] [stdout]   17:     0x618c8822c682 - <std[97b98282bc616a66]::thread::lifecycle::spawn_unchecked<test[39766f3d73431624]::run_test::{closure#1}, ()>::{closure#1} as core[832e9a552fc17241]::ops::function::FnOnce<()>>::call_once::{shim:vtable#0}
[INFO] [stdout]   18:     0x618c8829564f - <std[97b98282bc616a66]::sys::thread::unix::Thread>::new::thread_start
[INFO] [stdout]   19:     0x7f620c79107a - <unknown>
[INFO] [stdout]   20:     0x7f620c824534 - clone
[INFO] [stdout]   21:                0x0 - <unknown>
[INFO] [stdout] 
[INFO] [stdout] ---- day7::tests::part1_input stdout ----
[INFO] [stdout] 
[INFO] [stdout] thread 'day7::tests::part1_input' (172) panicked at src/day7.rs:13:50:
[INFO] [stdout] missing day 7: Os { code: 2, kind: NotFound, message: "No such file or directory" }
[INFO] [stdout] stack backtrace:
[INFO] [stdout]    0:     0x618c88296131 - <<std[97b98282bc616a66]::sys::backtrace::BacktraceLock>::print::DisplayBacktrace as core[832e9a552fc17241]::fmt::Display>::fmt
[INFO] [stdout]    1:     0x618c882aa18a - core[832e9a552fc17241]::fmt::write
[INFO] [stdout]    2:     0x618c8829a5ec - <alloc[3ecab9f82c41dc7d]::vec::Vec<u8> as std[97b98282bc616a66]::io::Write>::write_fmt
[INFO] [stdout]    3:     0x618c882744e6 - std[97b98282bc616a66]::panicking::default_hook::{closure#0}
[INFO] [stdout]    4:     0x618c8828dfe9 - std[97b98282bc616a66]::panicking::default_hook
[INFO] [stdout]    5:     0x618c88228bb0 - test[39766f3d73431624]::test_main_inner::<test[39766f3d73431624]::test_main_static::{closure#0}>::{closure#0}
[INFO] [stdout]    6:     0x618c8828e1a2 - std[97b98282bc616a66]::panicking::panic_with_hook
[INFO] [stdout]    7:     0x618c88274592 - std[97b98282bc616a66]::panicking::panic_handler::{closure#0}
[INFO] [stdout]    8:     0x618c8826bd59 - std[97b98282bc616a66]::sys::backtrace::__rust_end_short_backtrace::<std[97b98282bc616a66]::panicking::panic_handler::{closure#0}, !>
[INFO] [stdout]    9:     0x618c8827518d - __rustc[e3d8617bb01b7f69]::rust_begin_unwind
[INFO] [stdout]   10:     0x618c882aa8bc - core[832e9a552fc17241]::panicking::panic_fmt
[INFO] [stdout]   11:     0x618c882aa692 - core[832e9a552fc17241]::result::unwrap_failed
[INFO] [stdout]   12:     0x618c882163cb - adventofcode2015[aeed7f37998217de]::day7::part1_input
[INFO] [stdout]   13:     0x618c8821a5cd - <adventofcode2015[aeed7f37998217de]::day7::tests::part1_input::{closure#0} as core[832e9a552fc17241]::ops::function::FnOnce<()>>::call_once
[INFO] [stdout]   14:     0x618c8821beeb - test[39766f3d73431624]::__rust_begin_short_backtrace::<core[832e9a552fc17241]::result::Result<(), alloc[3ecab9f82c41dc7d]::string::String>, fn() -> core[832e9a552fc17241]::result::Result<(), alloc[3ecab9f82c41dc7d]::string::String>>
[INFO] [stdout]   15:     0x618c88229535 - test[39766f3d73431624]::run_test::{closure#0}
[INFO] [stdout]   16:     0x618c88223fe4 - std[97b98282bc616a66]::sys::backtrace::__rust_begin_short_backtrace::<test[39766f3d73431624]::run_test::{closure#1}, ()>
[INFO] [stdout]   17:     0x618c8822c682 - <std[97b98282bc616a66]::thread::lifecycle::spawn_unchecked<test[39766f3d73431624]::run_test::{closure#1}, ()>::{closure#1} as core[832e9a552fc17241]::ops::function::FnOnce<()>>::call_once::{shim:vtable#0}
[INFO] [stdout]   18:     0x618c8829564f - <std[97b98282bc616a66]::sys::thread::unix::Thread>::new::thread_start
[INFO] [stdout]   19:     0x7f620c79107a - <unknown>
[INFO] [stdout]   20:     0x7f620c824534 - clone
[INFO] [stdout]   21:                0x0 - <unknown>
[INFO] [stdout] 
[INFO] [stdout] ---- day7::tests::part1_example stdout ----
[INFO] [stdout] 
[INFO] [stdout] thread 'day7::tests::part1_example' (170) panicked at src/day7.rs:278:62:
[INFO] [stdout] cannot read day 7: Os { code: 2, kind: NotFound, message: "No such file or directory" }
[INFO] [stdout] stack backtrace:
[INFO] [stdout]    0:     0x618c88296131 - <<std[97b98282bc616a66]::sys::backtrace::BacktraceLock>::print::DisplayBacktrace as core[832e9a552fc17241]::fmt::Display>::fmt
[INFO] [stdout]    1:     0x618c882aa18a - core[832e9a552fc17241]::fmt::write
[INFO] [stdout]    2:     0x618c8829a5ec - <alloc[3ecab9f82c41dc7d]::vec::Vec<u8> as std[97b98282bc616a66]::io::Write>::write_fmt
[INFO] [stdout]    3:     0x618c882744e6 - std[97b98282bc616a66]::panicking::default_hook::{closure#0}
[INFO] [stdout]    4:     0x618c8828dfe9 - std[97b98282bc616a66]::panicking::default_hook
[INFO] [stdout]    5:     0x618c88228bb0 - test[39766f3d73431624]::test_main_inner::<test[39766f3d73431624]::test_main_static::{closure#0}>::{closure#0}
[INFO] [stdout]    6:     0x618c8828e1a2 - std[97b98282bc616a66]::panicking::panic_with_hook
[INFO] [stdout]    7:     0x618c88274592 - std[97b98282bc616a66]::panicking::panic_handler::{closure#0}
[INFO] [stdout]    8:     0x618c8826bd59 - std[97b98282bc616a66]::sys::backtrace::__rust_end_short_backtrace::<std[97b98282bc616a66]::panicking::panic_handler::{closure#0}, !>
[INFO] [stdout]    9:     0x618c8827518d - __rustc[e3d8617bb01b7f69]::rust_begin_unwind
[INFO] [stdout]   10:     0x618c882aa8bc - core[832e9a552fc17241]::panicking::panic_fmt
[INFO] [stdout]   11:     0x618c882aa692 - core[832e9a552fc17241]::result::unwrap_failed
[INFO] [stdout]   12:     0x618c8821b7d6 - adventofcode2015[aeed7f37998217de]::day7::tests::part1_example
[INFO] [stdout]   13:     0x618c8821a619 - <adventofcode2015[aeed7f37998217de]::day7::tests::part1_example::{closure#0} as core[832e9a552fc17241]::ops::function::FnOnce<()>>::call_once
[INFO] [stdout]   14:     0x618c8821beeb - test[39766f3d73431624]::__rust_begin_short_backtrace::<core[832e9a552fc17241]::result::Result<(), alloc[3ecab9f82c41dc7d]::string::String>, fn() -> core[832e9a552fc17241]::result::Result<(), alloc[3ecab9f82c41dc7d]::string::String>>
[INFO] [stdout]   15:     0x618c88229535 - test[39766f3d73431624]::run_test::{closure#0}
[INFO] [stdout]   16:     0x618c88223fe4 - std[97b98282bc616a66]::sys::backtrace::__rust_begin_short_backtrace::<test[39766f3d73431624]::run_test::{closure#1}, ()>
[INFO] [stdout]   17:     0x618c8822c682 - <std[97b98282bc616a66]::thread::lifecycle::spawn_unchecked<test[39766f3d73431624]::run_test::{closure#1}, ()>::{closure#1} as core[832e9a552fc17241]::ops::function::FnOnce<()>>::call_once::{shim:vtable#0}
[INFO] [stdout]   18:     0x618c8829564f - <std[97b98282bc616a66]::sys::thread::unix::Thread>::new::thread_start
[INFO] [stdout]   19:     0x7f620c79107a - <unknown>
[INFO] [stdout]   20:     0x7f620c824534 - clone
[INFO] [stdout]   21:                0x0 - <unknown>
[INFO] [stdout] 
[INFO] [stdout] 
[INFO] [stdout] failures:
[INFO] [stdout]     day7::tests::day7_part2_input
[INFO] [stdout]     day7::tests::part1_example
[INFO] [stdout]     day7::tests::part1_example_rev
[INFO] [stdout]     day7::tests::part1_input
[INFO] [stdout] 
[INFO] [stdout] test result: FAILED. 1 passed; 4 failed; 0 ignored; 0 measured; 0 filtered out; finished in 0.02s
[INFO] [stdout] 
[INFO] running `Command { std: "docker" "inspect" "618754ad6a5230f8258ff8879adf1476b06136bb9f8fdc527517cbec643076b4", kill_on_drop: false }`
[INFO] running `Command { std: "docker" "rm" "-f" "618754ad6a5230f8258ff8879adf1476b06136bb9f8fdc527517cbec643076b4", kill_on_drop: false }`
[INFO] [stdout] 618754ad6a5230f8258ff8879adf1476b06136bb9f8fdc527517cbec643076b4
