[INFO] cloning repository https://github.com/jgbowser/digital-garden
[INFO] running `Command { std: "git" "-c" "credential.helper=" "-c" "credential.helper=/workspace/cargo-home/bin/git-credential-null" "clone" "--bare" "https://github.com/jgbowser/digital-garden" "/workspace/cache/git-repos/https%3A%2F%2Fgithub.com%2Fjgbowser%2Fdigital-garden", kill_on_drop: false }`
[INFO] [stderr] Cloning into bare repository '/workspace/cache/git-repos/https%3A%2F%2Fgithub.com%2Fjgbowser%2Fdigital-garden'...
[INFO] running `Command { std: "git" "rev-parse" "HEAD", kill_on_drop: false }`
[INFO] [stdout] 3bf5a413eda43be69bb96020dd81ed1e84292ca1
[INFO] testing jgbowser/digital-garden against 1.98.0-beta.8+cargoflags=--release for beta-release-1.99-2
[INFO] running `Command { std: "git" "clone" "/workspace/cache/git-repos/https%3A%2F%2Fgithub.com%2Fjgbowser%2Fdigital-garden" "/workspace/builds/worker-4-tc1/source", kill_on_drop: false }`
[INFO] [stderr] Cloning into '/workspace/builds/worker-4-tc1/source'...
[INFO] [stderr] done.
[INFO] started tweaking git repo https://github.com/jgbowser/digital-garden
[INFO] finished tweaking git repo https://github.com/jgbowser/digital-garden
[INFO] tweaked toml for git repo https://github.com/jgbowser/digital-garden written to /workspace/builds/worker-4-tc1/source/Cargo.toml
[INFO] validating manifest of git repo https://github.com/jgbowser/digital-garden on toolchain 1.98.0-beta.8
[INFO] running `Command { std: CARGO_HOME="/workspace/cargo-home" RUSTUP_HOME="/workspace/rustup-home" "/workspace/cargo-home/bin/cargo" "+1.98.0-beta.8" "metadata" "--manifest-path" "Cargo.toml" "--no-deps", kill_on_drop: false }`
[INFO] crate git repo https://github.com/jgbowser/digital-garden already has a lockfile, it will not be regenerated
[INFO] running `Command { std: CARGO_HOME="/workspace/cargo-home" RUSTUP_HOME="/workspace/rustup-home" "/workspace/cargo-home/bin/cargo" "+1.98.0-beta.8" "fetch" "--manifest-path" "Cargo.toml", kill_on_drop: false }`
[INFO] [stderr]     Updating crates.io index
[INFO] [stderr]     Blocking waiting for file lock on package cache
[INFO] [stderr]  Downloading crates ...
[INFO] [stderr]   Downloaded edit v0.1.4
[INFO] [stderr]   Downloaded predicates v2.1.3
[INFO] [stderr]   Downloaded which v4.3.0
[INFO] [stderr]   Downloaded unicode-segmentation v1.10.0
[INFO] [stderr]   Downloaded rprompt v1.0.5
[INFO] [stderr]   Downloaded assert_fs v1.0.9
[INFO] [stderr]   Downloaded globset v0.4.9
[INFO] [stderr]   Downloaded eyre v0.6.8
[INFO] [stderr]   Downloaded assert_cmd v1.0.8
[INFO] [stderr]   Downloaded color-spantrace v0.2.0
[INFO] [stderr]   Downloaded color-eyre v0.6.2
[INFO] running `Command { std: "docker" "create" "-v" "/var/lib/crater-agent-workspace/builds/worker-4-tc1/source:/opt/rustwide/workdir:ro,Z" "-v" "/var/lib/crater-agent-workspace/builds/worker-4-tc1/target:/opt/rustwide/target:rw,Z" "-v" "/var/lib/crater-agent-workspace/cargo-home:/opt/rustwide/cargo-home:ro,Z" "-v" "/var/lib/crater-agent-workspace/rustup-home:/opt/rustwide/rustup-home:ro,Z" "-m" "1610612736" "--network" "none" "ghcr.io/rust-lang/crates-build-env/linux@sha256:8683fc1fc2eb5c9ac98e0d076ab094b2ffac7f99da555d2b6a2e27f346de2ec7" "sleep" "infinity", kill_on_drop: false }`
[INFO] [stdout] 6aef51daf85af985d07a0797a5d88b740df27d14194eaa20e43ca6b69c3f2828
[INFO] running `Command { std: "docker" "start" "6aef51daf85af985d07a0797a5d88b740df27d14194eaa20e43ca6b69c3f2828", kill_on_drop: false }`
[INFO] running `Command { std: "docker" "inspect" "6aef51daf85af985d07a0797a5d88b740df27d14194eaa20e43ca6b69c3f2828", kill_on_drop: false }`
[INFO] running `Command { std: "docker" "exec" "-e" "SOURCE_DIR=/opt/rustwide/workdir" "-e" "CARGO_HOME=/opt/rustwide/cargo-home" "-e" "RUSTUP_HOME=/opt/rustwide/rustup-home" "-e" "CARGO_TARGET_DIR=/opt/rustwide/target" "-w" "/opt/rustwide/workdir" "--user" "0:0" "6aef51daf85af985d07a0797a5d88b740df27d14194eaa20e43ca6b69c3f2828" "/opt/rustwide/cargo-home/bin/cargo" "+1.98.0-beta.8" "metadata" "--no-deps" "--format-version=1", kill_on_drop: false }`
[INFO] running `Command { std: "docker" "inspect" "6aef51daf85af985d07a0797a5d88b740df27d14194eaa20e43ca6b69c3f2828", kill_on_drop: false }`
[INFO] running `Command { std: "docker" "exec" "-e" "SOURCE_DIR=/opt/rustwide/workdir" "-e" "CARGO_HOME=/opt/rustwide/cargo-home" "-e" "RUSTUP_HOME=/opt/rustwide/rustup-home" "-e" "CARGO_TARGET_DIR=/opt/rustwide/target" "-e" "CARGO_INCREMENTAL=0" "-e" "RUST_BACKTRACE=full" "-e" "RUSTFLAGS=--cap-lints=warn" "-e" "RUSTDOCFLAGS=--cap-lints=warn" "-w" "/opt/rustwide/workdir" "--user" "0:0" "6aef51daf85af985d07a0797a5d88b740df27d14194eaa20e43ca6b69c3f2828" "/opt/rustwide/cargo-home/bin/cargo" "+1.98.0-beta.8" "build" "--frozen" "--message-format=json" "--release", kill_on_drop: false }`
[INFO] [stderr]    Compiling libc v0.2.137
[INFO] [stderr]    Compiling cc v1.0.77
[INFO] [stderr]    Compiling either v1.8.0
[INFO] [stderr]    Compiling gimli v0.26.2
[INFO] [stderr]    Compiling eyre v0.6.8
[INFO] [stderr]    Compiling tracing-subscriber v0.3.16
[INFO] [stderr]    Compiling unicode-segmentation v1.10.0
[INFO] [stderr]    Compiling textwrap v0.11.0
[INFO] [stderr]    Compiling object v0.29.0
[INFO] [stderr]    Compiling aho-corasick v0.7.20
[INFO] [stderr]    Compiling indenter v0.3.3
[INFO] [stderr]    Compiling remove_dir_all v0.5.3
[INFO] [stderr]    Compiling strsim v0.8.0
[INFO] [stderr]    Compiling proc-macro-error-attr v1.0.4
[INFO] [stderr]    Compiling owo-colors v3.5.0
[INFO] [stderr]    Compiling regex-syntax v0.6.28
[INFO] [stderr]    Compiling float-cmp v0.9.0
[INFO] [stderr]    Compiling predicates-core v1.0.5
[INFO] [stderr]    Compiling deunicode v0.4.3
[INFO] [stderr]    Compiling itertools v0.10.5
[INFO] [stderr]    Compiling proc-macro-error v1.0.4
[INFO] [stderr]    Compiling heck v0.3.3
[INFO] [stderr]    Compiling slug v0.1.4
[INFO] [stderr]    Compiling atty v0.2.14
[INFO] [stderr]    Compiling tempfile v3.3.0
[INFO] [stderr]    Compiling clap v2.34.0
[INFO] [stderr]    Compiling which v4.3.0
[INFO] [stderr]    Compiling dirs-sys v0.3.7
[INFO] [stderr]    Compiling rprompt v1.0.5
[INFO] [stderr]    Compiling structopt-derive v0.4.18
[INFO] [stderr]    Compiling edit v0.1.4
[INFO] [stderr]    Compiling directories v4.0.1
[INFO] [stderr]    Compiling backtrace v0.3.66
[INFO] [stderr]    Compiling tracing-error v0.2.0
[INFO] [stderr]    Compiling color-spantrace v0.2.0
[INFO] [stderr]    Compiling regex v1.7.0
[INFO] [stderr]    Compiling predicates v2.1.3
[INFO] [stderr]    Compiling addr2line v0.17.0
[INFO] [stderr]    Compiling structopt v0.3.26
[INFO] [stderr]    Compiling color-eyre v0.6.2
[INFO] [stderr]    Compiling digital-garden v0.1.0 (/opt/rustwide/workdir)
[INFO] [stderr]     Finished `release` profile [optimized] target(s) in 34.60s
[INFO] running `Command { std: "docker" "inspect" "6aef51daf85af985d07a0797a5d88b740df27d14194eaa20e43ca6b69c3f2828", kill_on_drop: false }`
[INFO] running `Command { std: "docker" "exec" "-e" "SOURCE_DIR=/opt/rustwide/workdir" "-e" "CARGO_HOME=/opt/rustwide/cargo-home" "-e" "RUSTUP_HOME=/opt/rustwide/rustup-home" "-e" "CARGO_TARGET_DIR=/opt/rustwide/target" "-e" "CARGO_INCREMENTAL=0" "-e" "RUST_BACKTRACE=full" "-e" "RUSTFLAGS=--cap-lints=warn" "-e" "RUSTDOCFLAGS=--cap-lints=warn" "-w" "/opt/rustwide/workdir" "--user" "0:0" "6aef51daf85af985d07a0797a5d88b740df27d14194eaa20e43ca6b69c3f2828" "/opt/rustwide/cargo-home/bin/cargo" "+1.98.0-beta.8" "test" "--frozen" "--no-run" "--message-format=json" "--release", kill_on_drop: false }`
[INFO] [stderr]    Compiling regex-automata v0.1.10
[INFO] [stderr]    Compiling crossbeam-utils v0.8.14
[INFO] [stderr]    Compiling doc-comment v0.3.3
[INFO] [stderr]    Compiling termtree v0.4.0
[INFO] [stderr]    Compiling wait-timeout v0.2.0
[INFO] [stderr]    Compiling predicates-tree v1.0.7
[INFO] [stderr]    Compiling bstr v0.2.17
[INFO] [stderr]    Compiling globset v0.4.9
[INFO] [stderr]    Compiling assert_cmd v1.0.8
[INFO] [stderr]    Compiling ignore v0.4.18
[INFO] [stderr]    Compiling globwalk v0.8.1
[INFO] [stderr]    Compiling assert_fs v1.0.9
[INFO] [stderr]    Compiling digital-garden v0.1.0 (/opt/rustwide/workdir)
[INFO] [stderr]     Finished `release` profile [optimized] target(s) in 9.11s
[INFO] running `Command { std: "docker" "inspect" "6aef51daf85af985d07a0797a5d88b740df27d14194eaa20e43ca6b69c3f2828", kill_on_drop: false }`
[INFO] running `Command { std: "docker" "exec" "-e" "SOURCE_DIR=/opt/rustwide/workdir" "-e" "CARGO_HOME=/opt/rustwide/cargo-home" "-e" "RUSTUP_HOME=/opt/rustwide/rustup-home" "-e" "CARGO_TARGET_DIR=/opt/rustwide/target" "-e" "CARGO_INCREMENTAL=0" "-e" "RUST_BACKTRACE=full" "-e" "RUSTFLAGS=--cap-lints=warn" "-e" "RUSTDOCFLAGS=--cap-lints=warn" "-w" "/opt/rustwide/workdir" "--user" "0:0" "6aef51daf85af985d07a0797a5d88b740df27d14194eaa20e43ca6b69c3f2828" "/opt/rustwide/cargo-home/bin/cargo" "+1.98.0-beta.8" "test" "--frozen" "--release", kill_on_drop: false }`
[INFO] [stderr]     Finished `release` profile [optimized] target(s) in 0.11s
[INFO] [stdout] 
[INFO] [stderr]      Running unittests src/lib.rs (/opt/rustwide/target/release/deps/digital_garden-81007d4824ce491d)
[INFO] [stdout] running 0 tests
[INFO] [stderr]      Running unittests src/main.rs (/opt/rustwide/target/release/deps/garden-92d388c4a92ad7ef)
[INFO] [stdout] 
[INFO] [stdout] test result: ok. 0 passed; 0 failed; 0 ignored; 0 measured; 0 filtered out; finished in 0.00s
[INFO] [stdout] 
[INFO] [stdout] 
[INFO] [stdout] running 0 tests
[INFO] [stdout] 
[INFO] [stdout] test result: ok. 0 passed; 0 failed; 0 ignored; 0 measured; 0 filtered out; finished in 0.00s
[INFO] [stdout] 
[INFO] [stderr]      Running tests/integration.rs (/opt/rustwide/target/release/deps/integration-6cda8264ba142909)
[INFO] [stdout] 
[INFO] [stdout] running 4 tests
[INFO] [stdout] test test_write_help ... ok
[INFO] [stdout] test test_help ... ok
[INFO] [stdout] test test_write_with_title ... FAILED
[INFO] [stdout] test test_write_with_written_title ... FAILED
[INFO] [stdout] 
[INFO] [stdout] failures:
[INFO] [stdout] 
[INFO] [stdout] ---- test_write_with_title stdout ----
[INFO] [stdout] 
[INFO] [stdout] thread 'test_write_with_title' (1218) panicked at /opt/rustwide/cargo-home/registry/src/index.crates.io-1949cf8c6b5b557f/assert_cmd-1.0.8/src/assert.rs:124:9:
[INFO] [stdout] Unexpected failure.
[INFO] [stdout] code-1
[INFO] [stdout] stderr=```"Error: \n   0: \u{1b}[91mExec format error (os error 8)\u{1b}[0m\n\nLocation:\n   \u{1b}[35msrc/write.rs\u{1b}[0m:\u{1b}[35m20\u{1b}[0m\n\n  ━━━━━━━━━━━━━━━━━━━━━━━━━━━━━━━━━━ BACKTRACE ━━━━━━━━━━━━━━━━━━━━━━━━━━━━━━━━━━━\n   1: \u{1b}[91m<color_eyre[ddfab9bf28cc39b4]::config::EyreHook>::into_eyre_hook::{closure#0}\u{1b}[0m\u{1b}[90m<unknown>\u{1b}[0m\n      at \u{1b}[35m<unknown source file>\u{1b}[0m:\u{1b}[35m<unknown line>\u{1b}[0m\n   2: \u{1b}[91meyre[7705a3464ddda399]::capture_handler\u{1b}[0m\u{1b}[90m<unknown>\u{1b}[0m\n      at \u{1b}[35m<unknown source file>\u{1b}[0m:\u{1b}[35m<unknown line>\u{1b}[0m\n   3: \u{1b}[91m<eyre[7705a3464ddda399]::Report>::from_std::<core[832e9a552fc17241]::io::error::Error>\u{1b}[0m\u{1b}[90m<unknown>\u{1b}[0m\n      at \u{1b}[35m<unknown source file>\u{1b}[0m:\u{1b}[35m<unknown line>\u{1b}[0m\n   4: \u{1b}[91mdigital_garden[78860426638ee547]::write::write\u{1b}[0m\u{1b}[90m<unknown>\u{1b}[0m\n      at \u{1b}[35m<unknown source file>\u{1b}[0m:\u{1b}[35m<unknown line>\u{1b}[0m\n   5: \u{1b}[91mgarden[9dd5d63b22de4c69]::main\u{1b}[0m\u{1b}[90m<unknown>\u{1b}[0m\n      at \u{1b}[35m<unknown source file>\u{1b}[0m:\u{1b}[35m<unknown line>\u{1b}[0m\n   6: \u{1b}[91mstd[97b98282bc616a66]::sys::backtrace::__rust_begin_short_backtrace::<fn() -> core[832e9a552fc17241]::result::Result<(), eyre[7705a3464ddda399]::Report>, core[832e9a552fc17241]::result::Result<(), eyre[7705a3464ddda399]::Report>>\u{1b}[0m\u{1b}[90m<unknown>\u{1b}[0m\n      at \u{1b}[35m<unknown source file>\u{1b}[0m:\u{1b}[35m<unknown line>\u{1b}[0m\n   7: \u{1b}[91mstd[97b98282bc616a66]::rt::lang_start::<core[832e9a552fc17241]::result::Result<(), eyre[7705a3464ddda399]::Report>>::{closure#0}\u{1b}[0m\u{1b}[90m<unknown>\u{1b}[0m\n      at \u{1b}[35m<unknown source file>\u{1b}[0m:\u{1b}[35m<unknown line>\u{1b}[0m\n   8: \u{1b}[91mstd[97b98282bc616a66]::rt::lang_start_internal\u{1b}[0m\u{1b}[90m<unknown>\u{1b}[0m\n      at \u{1b}[35m<unknown source file>\u{1b}[0m:\u{1b}[35m<unknown line>\u{1b}[0m\n   9: \u{1b}[32mmain\u{1b}[0m\u{1b}[90m<unknown>\u{1b}[0m\n      at \u{1b}[35m<unknown source file>\u{1b}[0m:\u{1b}[35m<unknown line>\u{1b}[0m\n  10: \u{1b}[32m__libc_start_main\u{1b}[0m\u{1b}[90m<unknown>\u{1b}[0m\n      at \u{1b}[35m<unknown source file>\u{1b}[0m:\u{1b}[35m<unknown line>\u{1b}[0m\n  11: \u{1b}[32m_start\u{1b}[0m\u{1b}[90m<unknown>\u{1b}[0m\n      at \u{1b}[35m<unknown source file>\u{1b}[0m:\u{1b}[35m<unknown line>\u{1b}[0m\n\nRun with COLORBT_SHOW_HIDDEN=1 environment variable to disable frame filtering.\n"```
[INFO] [stdout] command=`EDITOR="/opt/rustwide/workdir/tests/fake_editor.sh" GARDEN_PATH="/tmp/.tmpMrq3FA" "/opt/rustwide/target/release/garden" "write" "-t" "atitle"`
[INFO] [stdout] stdin=`"N\n"`
[INFO] [stdout] code=1
[INFO] [stdout] stdout=```""```
[INFO] [stdout] stderr=```"Error: \n   0: \u{1b}[91mExec format error (os error 8)\u{1b}[0m\n\nLocation:\n   \u{1b}[35msrc/write.rs\u{1b}[0m:\u{1b}[35m20\u{1b}[0m\n\n  ━━━━━━━━━━━━━━━━━━━━━━━━━━━━━━━━━━ BACKTRACE ━━━━━━━━━━━━━━━━━━━━━━━━━━━━━━━━━━━\n   1: \u{1b}[91m<color_eyre[ddfab9bf28cc39b4]::config::EyreHook>::into_eyre_hook::{closure#0}\u{1b}[0m\u{1b}[90m<unknown>\u{1b}[0m\n      at \u{1b}[35m<unknown source file>\u{1b}[0m:\u{1b}[35m<unknown line>\u{1b}[0m\n   2: \u{1b}[91meyre[7705a3464ddda399]::capture_handler\u{1b}[0m\u{1b}[90m<unknown>\u{1b}[0m\n      at \u{1b}[35m<unknown source file>\u{1b}[0m:\u{1b}[35m<unknown line>\u{1b}[0m\n   3: \u{1b}[91m<eyre[7705a3464ddda399]::Report>::from_std::<core[832e9a552fc17241]::io::error::Error>\u{1b}[0m\u{1b}[90m<unknown>\u{1b}[0m\n      at \u{1b}[35m<unknown source file>\u{1b}[0m:\u{1b}[35m<unknown line>\u{1b}[0m\n   4: \u{1b}[91mdigital_garden[78860426638ee547]::write::write\u{1b}[0m\u{1b}[90m<unknown>\u{1b}[0m\n      at \u{1b}[35m<unknown source file>\u{1b}[0m:\u{1b}[35m<unknown line>\u{1b}[0m\n   5: \u{1b}[91mgarden[9dd5d63b22de4c69]::main\u{1b}[0m\u{1b}[90m<unknown>\u{1b}[0m\n      at \u{1b}[35m<unknown source file>\u{1b}[0m:\u{1b}[35m<unknown line>\u{1b}[0m\n   6: \u{1b}[91mstd[97b98282bc616a66]::sys::backtrace::__rust_begin_short_backtrace::<fn() -> core[832e9a552fc17241]::result::Result<(), eyre[7705a3464ddda399]::Report>, core[832e9a552fc17241]::result::Result<(), eyre[7705a3464ddda399]::Report>>\u{1b}[0m\u{1b}[90m<unknown>\u{1b}[0m\n      at \u{1b}[35m<unknown source file>\u{1b}[0m:\u{1b}[35m<unknown line>\u{1b}[0m\n   7: \u{1b}[91mstd[97b98282bc616a66]::rt::lang_start::<core[832e9a552fc17241]::result::Result<(), eyre[7705a3464ddda399]::Report>>::{closure#0}\u{1b}[0m\u{1b}[90m<unknown>\u{1b}[0m\n      at \u{1b}[35m<unknown source file>\u{1b}[0m:\u{1b}[35m<unknown line>\u{1b}[0m\n   8: \u{1b}[91mstd[97b98282bc616a66]::rt::lang_start_internal\u{1b}[0m\u{1b}[90m<unknown>\u{1b}[0m\n      at \u{1b}[35m<unknown source file>\u{1b}[0m:\u{1b}[35m<unknown line>\u{1b}[0m\n   9: \u{1b}[32mmain\u{1b}[0m\u{1b}[90m<unknown>\u{1b}[0m\n      at \u{1b}[35m<unknown source file>\u{1b}[0m:\u{1b}[35m<unknown line>\u{1b}[0m\n  10: \u{1b}[32m__libc_start_main\u{1b}[0m\u{1b}[90m<unknown>\u{1b}[0m\n      at \u{1b}[35m<unknown source file>\u{1b}[0m:\u{1b}[35m<unknown line>\u{1b}[0m\n  11: \u{1b}[32m_start\u{1b}[0m\u{1b}[90m<unknown>\u{1b}[0m\n      at \u{1b}[35m<unknown source file>\u{1b}[0m:\u{1b}[35m<unknown line>\u{1b}[0m\n\nRun with COLORBT_SHOW_HIDDEN=1 environment variable to disable frame filtering.\n"```
[INFO] [stdout] 
[INFO] [stdout] stack backtrace:
[INFO] [stdout]    0:     0x60a638cc1771 - <<std[97b98282bc616a66]::sys::backtrace::BacktraceLock>::print::DisplayBacktrace as core[832e9a552fc17241]::fmt::Display>::fmt
[INFO] [stdout]    1:     0x60a638cd70fa - core[832e9a552fc17241]::fmt::write
[INFO] [stdout]    2:     0x60a638cc72ac - <alloc[3ecab9f82c41dc7d]::vec::Vec<u8> as std[97b98282bc616a66]::io::Write>::write_fmt
[INFO] [stdout]    3:     0x60a638c9e0a6 - std[97b98282bc616a66]::panicking::default_hook::{closure#0}
[INFO] [stdout]    4:     0x60a638cb8f79 - std[97b98282bc616a66]::panicking::default_hook
[INFO] [stdout]    5:     0x60a638c3b2e0 - test[39766f3d73431624]::test_main_inner::<test[39766f3d73431624]::test_main_static::{closure#0}>::{closure#0}
[INFO] [stdout]    6:     0x60a638cb9132 - std[97b98282bc616a66]::panicking::panic_with_hook
[INFO] [stdout]    7:     0x60a638c9e152 - std[97b98282bc616a66]::panicking::panic_handler::{closure#0}
[INFO] [stdout]    8:     0x60a638c95989 - std[97b98282bc616a66]::sys::backtrace::__rust_end_short_backtrace::<std[97b98282bc616a66]::panicking::panic_handler::{closure#0}, !>
[INFO] [stdout]    9:     0x60a638c9ed4d - __rustc[e3d8617bb01b7f69]::rust_begin_unwind
[INFO] [stdout]   10:     0x60a638cd782c - core[832e9a552fc17241]::panicking::panic_fmt
[INFO] [stdout]   11:     0x60a638c77368 - <assert_cmd[a37a33a9445c4513]::assert::AssertError>::panic::<assert_cmd[a37a33a9445c4513]::assert::Assert>
[INFO] [stdout]   12:     0x60a638c77e16 - <assert_cmd[a37a33a9445c4513]::assert::Assert>::success
[INFO] [stdout]   13:     0x60a638c2dfa7 - <integration[a28611552ce6089e]::test_write_with_title::{closure#0} as core[832e9a552fc17241]::ops::function::FnOnce<()>>::call_once
[INFO] [stdout]   14:     0x60a638c2e61b - test[39766f3d73431624]::__rust_begin_short_backtrace::<core[832e9a552fc17241]::result::Result<(), alloc[3ecab9f82c41dc7d]::string::String>, fn() -> core[832e9a552fc17241]::result::Result<(), alloc[3ecab9f82c41dc7d]::string::String>>
[INFO] [stdout]   15:     0x60a638c3bc65 - test[39766f3d73431624]::run_test::{closure#0}
[INFO] [stdout]   16:     0x60a638c36714 - std[97b98282bc616a66]::sys::backtrace::__rust_begin_short_backtrace::<test[39766f3d73431624]::run_test::{closure#1}, ()>
[INFO] [stdout]   17:     0x60a638c3edb2 - <std[97b98282bc616a66]::thread::lifecycle::spawn_unchecked<test[39766f3d73431624]::run_test::{closure#1}, ()>::{closure#1} as core[832e9a552fc17241]::ops::function::FnOnce<()>>::call_once::{shim:vtable#0}
[INFO] [stdout]   18:     0x60a638cc0f4f - <std[97b98282bc616a66]::sys::thread::unix::Thread>::new::thread_start
[INFO] [stdout]   19:     0x7a9ee44f407a - <unknown>
[INFO] [stdout]   20:     0x7a9ee4587534 - clone
[INFO] [stdout]   21:                0x0 - <unknown>
[INFO] [stdout] 
[INFO] [stdout] ---- test_write_with_written_title stdout ----
[INFO] [stdout] 
[INFO] [stdout] thread 'test_write_with_written_title' (1219) panicked at /opt/rustwide/cargo-home/registry/src/index.crates.io-1949cf8c6b5b557f/assert_cmd-1.0.8/src/assert.rs:124:9:
[INFO] [stdout] Unexpected failure.
[INFO] [stdout] code-1
[INFO] [stdout] stderr=```"Error: \n   0: \u{1b}[91mExec format error (os error 8)\u{1b}[0m\n\nLocation:\n   \u{1b}[35msrc/write.rs\u{1b}[0m:\u{1b}[35m20\u{1b}[0m\n\n  ━━━━━━━━━━━━━━━━━━━━━━━━━━━━━━━━━━ BACKTRACE ━━━━━━━━━━━━━━━━━━━━━━━━━━━━━━━━━━━\n   1: \u{1b}[91m<color_eyre[ddfab9bf28cc39b4]::config::EyreHook>::into_eyre_hook::{closure#0}\u{1b}[0m\u{1b}[90m<unknown>\u{1b}[0m\n      at \u{1b}[35m<unknown source file>\u{1b}[0m:\u{1b}[35m<unknown line>\u{1b}[0m\n   2: \u{1b}[91meyre[7705a3464ddda399]::capture_handler\u{1b}[0m\u{1b}[90m<unknown>\u{1b}[0m\n      at \u{1b}[35m<unknown source file>\u{1b}[0m:\u{1b}[35m<unknown line>\u{1b}[0m\n   3: \u{1b}[91m<eyre[7705a3464ddda399]::Report>::from_std::<core[832e9a552fc17241]::io::error::Error>\u{1b}[0m\u{1b}[90m<unknown>\u{1b}[0m\n      at \u{1b}[35m<unknown source file>\u{1b}[0m:\u{1b}[35m<unknown line>\u{1b}[0m\n   4: \u{1b}[91mdigital_garden[78860426638ee547]::write::write\u{1b}[0m\u{1b}[90m<unknown>\u{1b}[0m\n      at \u{1b}[35m<unknown source file>\u{1b}[0m:\u{1b}[35m<unknown line>\u{1b}[0m\n   5: \u{1b}[91mgarden[9dd5d63b22de4c69]::main\u{1b}[0m\u{1b}[90m<unknown>\u{1b}[0m\n      at \u{1b}[35m<unknown source file>\u{1b}[0m:\u{1b}[35m<unknown line>\u{1b}[0m\n   6: \u{1b}[91mstd[97b98282bc616a66]::sys::backtrace::__rust_begin_short_backtrace::<fn() -> core[832e9a552fc17241]::result::Result<(), eyre[7705a3464ddda399]::Report>, core[832e9a552fc17241]::result::Result<(), eyre[7705a3464ddda399]::Report>>\u{1b}[0m\u{1b}[90m<unknown>\u{1b}[0m\n      at \u{1b}[35m<unknown source file>\u{1b}[0m:\u{1b}[35m<unknown line>\u{1b}[0m\n   7: \u{1b}[91mstd[97b98282bc616a66]::rt::lang_start::<core[832e9a552fc17241]::result::Result<(), eyre[7705a3464ddda399]::Report>>::{closure#0}\u{1b}[0m\u{1b}[90m<unknown>\u{1b}[0m\n      at \u{1b}[35m<unknown source file>\u{1b}[0m:\u{1b}[35m<unknown line>\u{1b}[0m\n   8: \u{1b}[91mstd[97b98282bc616a66]::rt::lang_start_internal\u{1b}[0m\u{1b}[90m<unknown>\u{1b}[0m\n      at \u{1b}[35m<unknown source file>\u{1b}[0m:\u{1b}[35m<unknown line>\u{1b}[0m\n   9: \u{1b}[32mmain\u{1b}[0m\u{1b}[90m<unknown>\u{1b}[0m\n      at \u{1b}[35m<unknown source file>\u{1b}[0m:\u{1b}[35m<unknown line>\u{1b}[0m\n  10: \u{1b}[32m__libc_start_main\u{1b}[0m\u{1b}[90m<unknown>\u{1b}[0m\n      at \u{1b}[35m<unknown source file>\u{1b}[0m:\u{1b}[35m<unknown line>\u{1b}[0m\n  11: \u{1b}[32m_start\u{1b}[0m\u{1b}[90m<unknown>\u{1b}[0m\n      at \u{1b}[35m<unknown source file>\u{1b}[0m:\u{1b}[35m<unknown line>\u{1b}[0m\n\nRun with COLORBT_SHOW_HIDDEN=1 environment variable to disable frame filtering.\n"```
[INFO] [stdout] command=`EDITOR="/opt/rustwide/workdir/tests/fake_editor.sh" GARDEN_PATH="/tmp/.tmp3PKg8P" "/opt/rustwide/target/release/garden" "write"`
[INFO] [stdout] stdin=`"N\n"`
[INFO] [stdout] code=1
[INFO] [stdout] stdout=```""```
[INFO] [stdout] stderr=```"Error: \n   0: \u{1b}[91mExec format error (os error 8)\u{1b}[0m\n\nLocation:\n   \u{1b}[35msrc/write.rs\u{1b}[0m:\u{1b}[35m20\u{1b}[0m\n\n  ━━━━━━━━━━━━━━━━━━━━━━━━━━━━━━━━━━ BACKTRACE ━━━━━━━━━━━━━━━━━━━━━━━━━━━━━━━━━━━\n   1: \u{1b}[91m<color_eyre[ddfab9bf28cc39b4]::config::EyreHook>::into_eyre_hook::{closure#0}\u{1b}[0m\u{1b}[90m<unknown>\u{1b}[0m\n      at \u{1b}[35m<unknown source file>\u{1b}[0m:\u{1b}[35m<unknown line>\u{1b}[0m\n   2: \u{1b}[91meyre[7705a3464ddda399]::capture_handler\u{1b}[0m\u{1b}[90m<unknown>\u{1b}[0m\n      at \u{1b}[35m<unknown source file>\u{1b}[0m:\u{1b}[35m<unknown line>\u{1b}[0m\n   3: \u{1b}[91m<eyre[7705a3464ddda399]::Report>::from_std::<core[832e9a552fc17241]::io::error::Error>\u{1b}[0m\u{1b}[90m<unknown>\u{1b}[0m\n      at \u{1b}[35m<unknown source file>\u{1b}[0m:\u{1b}[35m<unknown line>\u{1b}[0m\n   4: \u{1b}[91mdigital_garden[78860426638ee547]::write::write\u{1b}[0m\u{1b}[90m<unknown>\u{1b}[0m\n      at \u{1b}[35m<unknown source file>\u{1b}[0m:\u{1b}[35m<unknown line>\u{1b}[0m\n   5: \u{1b}[91mgarden[9dd5d63b22de4c69]::main\u{1b}[0m\u{1b}[90m<unknown>\u{1b}[0m\n      at \u{1b}[35m<unknown source file>\u{1b}[0m:\u{1b}[35m<unknown line>\u{1b}[0m\n   6: \u{1b}[91mstd[97b98282bc616a66]::sys::backtrace::__rust_begin_short_backtrace::<fn() -> core[832e9a552fc17241]::result::Result<(), eyre[7705a3464ddda399]::Report>, core[832e9a552fc17241]::result::Result<(), eyre[7705a3464ddda399]::Report>>\u{1b}[0m\u{1b}[90m<unknown>\u{1b}[0m\n      at \u{1b}[35m<unknown source file>\u{1b}[0m:\u{1b}[35m<unknown line>\u{1b}[0m\n   7: \u{1b}[91mstd[97b98282bc616a66]::rt::lang_start::<core[832e9a552fc17241]::result::Result<(), eyre[7705a3464ddda399]::Report>>::{closure#0}\u{1b}[0m\u{1b}[90m<unknown>\u{1b}[0m\n      at \u{1b}[35m<unknown source file>\u{1b}[0m:\u{1b}[35m<unknown line>\u{1b}[0m\n   8: \u{1b}[91mstd[97b98282bc616a66]::rt::lang_start_internal\u{1b}[0m\u{1b}[90m<unknown>\u{1b}[0m\n      at \u{1b}[35m<unknown source file>\u{1b}[0m:\u{1b}[35m<unknown line>\u{1b}[0m\n   9: \u{1b}[32mmain\u{1b}[0m\u{1b}[90m<unknown>\u{1b}[0m\n      at \u{1b}[35m<unknown source file>\u{1b}[0m:\u{1b}[35m<unknown line>\u{1b}[0m\n  10: \u{1b}[32m__libc_start_main\u{1b}[0m\u{1b}[90m<unknown>\u{1b}[0m\n      at \u{1b}[35m<unknown source file>\u{1b}[0m:\u{1b}[35m<unknown line>\u{1b}[0m\n  11: \u{1b}[32m_start\u{1b}[0m\u{1b}[90m<unknown>\u{1b}[0m\n      at \u{1b}[35m<unknown source file>\u{1b}[0m:\u{1b}[35m<unknown line>\u{1b}[0m\n\nRun with COLORBT_SHOW_HIDDEN=1 environment variable to disable frame filtering.\n"```
[INFO] [stdout] 
[INFO] [stdout] stack backtrace:
[INFO] [stdout]    0:     0x60a638cc1771 - <<std[97b98282bc616a66]::sys::backtrace::BacktraceLock>::print::DisplayBacktrace as core[832e9a552fc17241]::fmt::Display>::fmt
[INFO] [stdout]    1:     0x60a638cd70fa - core[832e9a552fc17241]::fmt::write
[INFO] [stdout]    2:     0x60a638cc72ac - <alloc[3ecab9f82c41dc7d]::vec::Vec<u8> as std[97b98282bc616a66]::io::Write>::write_fmt
[INFO] [stdout]    3:     0x60a638c9e0a6 - std[97b98282bc616a66]::panicking::default_hook::{closure#0}
[INFO] [stdout]    4:     0x60a638cb8f79 - std[97b98282bc616a66]::panicking::default_hook
[INFO] [stdout]    5:     0x60a638c3b2e0 - test[39766f3d73431624]::test_main_inner::<test[39766f3d73431624]::test_main_static::{closure#0}>::{closure#0}
[INFO] [stdout]    6:     0x60a638cb9132 - std[97b98282bc616a66]::panicking::panic_with_hook
[INFO] [stdout]    7:     0x60a638c9e152 - std[97b98282bc616a66]::panicking::panic_handler::{closure#0}
[INFO] [stdout]    8:     0x60a638c95989 - std[97b98282bc616a66]::sys::backtrace::__rust_end_short_backtrace::<std[97b98282bc616a66]::panicking::panic_handler::{closure#0}, !>
[INFO] [stdout]    9:     0x60a638c9ed4d - __rustc[e3d8617bb01b7f69]::rust_begin_unwind
[INFO] [stdout]   10:     0x60a638cd782c - core[832e9a552fc17241]::panicking::panic_fmt
[INFO] [stdout]   11:     0x60a638c77368 - <assert_cmd[a37a33a9445c4513]::assert::AssertError>::panic::<assert_cmd[a37a33a9445c4513]::assert::Assert>
[INFO] [stdout]   12:     0x60a638c77e16 - <assert_cmd[a37a33a9445c4513]::assert::Assert>::success
[INFO] [stdout]   13:     0x60a638c2e203 - <integration[a28611552ce6089e]::test_write_with_written_title::{closure#0} as core[832e9a552fc17241]::ops::function::FnOnce<()>>::call_once
[INFO] [stdout]   14:     0x60a638c2e61b - test[39766f3d73431624]::__rust_begin_short_backtrace::<core[832e9a552fc17241]::result::Result<(), alloc[3ecab9f82c41dc7d]::string::String>, fn() -> core[832e9a552fc17241]::result::Result<(), alloc[3ecab9f82c41dc7d]::string::String>>
[INFO] [stdout]   15:     0x60a638c3bc65 - test[39766f3d73431624]::run_test::{closure#0}
[INFO] [stdout]   16:     0x60a638c36714 - std[97b98282bc616a66]::sys::backtrace::__rust_begin_short_backtrace::<test[39766f3d73431624]::run_test::{closure#1}, ()>
[INFO] [stdout]   17:     0x60a638c3edb2 - <std[97b98282bc616a66]::thread::lifecycle::spawn_unchecked<test[39766f3d73431624]::run_test::{closure#1}, ()>::{closure#1} as core[832e9a552fc17241]::ops::function::FnOnce<()>>::call_once::{shim:vtable#0}
[INFO] [stdout]   18:     0x60a638cc0f4f - <std[97b98282bc616a66]::sys::thread::unix::Thread>::new::thread_start
[INFO] [stdout]   19:     0x7a9ee44f407a - <unknown>
[INFO] [stdout]   20:     0x7a9ee4587534 - clone
[INFO] [stdout]   21:                0x0 - <unknown>
[INFO] [stdout] 
[INFO] [stdout] 
[INFO] [stdout] failures:
[INFO] [stdout]     test_write_with_title
[INFO] [stdout]     test_write_with_written_title
[INFO] [stdout] 
[INFO] [stdout] test result: FAILED. 2 passed; 2 failed; 0 ignored; 0 measured; 0 filtered out; finished in 0.07s
[INFO] [stdout] 
[INFO] [stderr] error: test failed, to rerun pass `--test integration`
[INFO] running `Command { std: "docker" "inspect" "6aef51daf85af985d07a0797a5d88b740df27d14194eaa20e43ca6b69c3f2828", kill_on_drop: false }`
[INFO] running `Command { std: "docker" "rm" "-f" "6aef51daf85af985d07a0797a5d88b740df27d14194eaa20e43ca6b69c3f2828", kill_on_drop: false }`
[INFO] [stdout] 6aef51daf85af985d07a0797a5d88b740df27d14194eaa20e43ca6b69c3f2828
