[INFO] cloning repository https://github.com/jasonnovak/jpeg-forensic-recovery
[INFO] running `Command { std: "git" "-c" "credential.helper=" "-c" "credential.helper=/workspace/cargo-home/bin/git-credential-null" "clone" "--bare" "https://github.com/jasonnovak/jpeg-forensic-recovery" "/workspace/cache/git-repos/https%3A%2F%2Fgithub.com%2Fjasonnovak%2Fjpeg-forensic-recovery", kill_on_drop: false }`
[INFO] [stderr] Cloning into bare repository '/workspace/cache/git-repos/https%3A%2F%2Fgithub.com%2Fjasonnovak%2Fjpeg-forensic-recovery'...
[INFO] running `Command { std: "git" "rev-parse" "HEAD", kill_on_drop: false }`
[INFO] [stdout] 8e76534325338e8a3ee0986c8f95fb93e8fbdd4f
[INFO] testing jasonnovak/jpeg-forensic-recovery/8e76534325338e8a3ee0986c8f95fb93e8fbdd4f against 1.99.0-beta.1+cargoflags=--release for beta-release-1.99-2
[INFO] running `Command { std: "git" "clone" "/workspace/cache/git-repos/https%3A%2F%2Fgithub.com%2Fjasonnovak%2Fjpeg-forensic-recovery" "/workspace/builds/worker-5-tc2/source", kill_on_drop: false }`
[INFO] [stderr] Cloning into '/workspace/builds/worker-5-tc2/source'...
[INFO] [stderr] done.
[INFO] started tweaking git repo https://github.com/jasonnovak/jpeg-forensic-recovery
[INFO] finished tweaking git repo https://github.com/jasonnovak/jpeg-forensic-recovery
[INFO] tweaked toml for git repo https://github.com/jasonnovak/jpeg-forensic-recovery written to /workspace/builds/worker-5-tc2/source/Cargo.toml
[INFO] validating manifest of git repo https://github.com/jasonnovak/jpeg-forensic-recovery on toolchain 1.99.0-beta.1
[INFO] running `Command { std: CARGO_HOME="/workspace/cargo-home" RUSTUP_HOME="/workspace/rustup-home" "/workspace/cargo-home/bin/cargo" "+1.99.0-beta.1" "metadata" "--manifest-path" "Cargo.toml" "--no-deps", kill_on_drop: false }`
[INFO] crate git repo https://github.com/jasonnovak/jpeg-forensic-recovery already has a lockfile, it will not be regenerated
[INFO] running `Command { std: CARGO_HOME="/workspace/cargo-home" RUSTUP_HOME="/workspace/rustup-home" "/workspace/cargo-home/bin/cargo" "+1.99.0-beta.1" "fetch" "--manifest-path" "Cargo.toml", kill_on_drop: false }`
[INFO] [stderr]     Blocking waiting for file lock on package cache
[INFO] [stderr]     Blocking waiting for file lock on package cache
[ERROR] error running command: no output for 300 seconds
[INFO] testing jasonnovak/jpeg-forensic-recovery/8e76534325338e8a3ee0986c8f95fb93e8fbdd4f against 1.99.0-beta.1+cargoflags=--release for beta-release-1.99-2
[INFO] running `Command { std: "git" "clone" "/workspace/cache/git-repos/https%3A%2F%2Fgithub.com%2Fjasonnovak%2Fjpeg-forensic-recovery" "/workspace/builds/worker-5-tc2/source", kill_on_drop: false }`
[INFO] [stderr] Cloning into '/workspace/builds/worker-5-tc2/source'...
[INFO] [stderr] done.
[INFO] started tweaking git repo https://github.com/jasonnovak/jpeg-forensic-recovery
[INFO] finished tweaking git repo https://github.com/jasonnovak/jpeg-forensic-recovery
[INFO] tweaked toml for git repo https://github.com/jasonnovak/jpeg-forensic-recovery written to /workspace/builds/worker-5-tc2/source/Cargo.toml
[INFO] validating manifest of git repo https://github.com/jasonnovak/jpeg-forensic-recovery on toolchain 1.99.0-beta.1
[INFO] running `Command { std: CARGO_HOME="/workspace/cargo-home" RUSTUP_HOME="/workspace/rustup-home" "/workspace/cargo-home/bin/cargo" "+1.99.0-beta.1" "metadata" "--manifest-path" "Cargo.toml" "--no-deps", kill_on_drop: false }`
[INFO] crate git repo https://github.com/jasonnovak/jpeg-forensic-recovery already has a lockfile, it will not be regenerated
[INFO] running `Command { std: CARGO_HOME="/workspace/cargo-home" RUSTUP_HOME="/workspace/rustup-home" "/workspace/cargo-home/bin/cargo" "+1.99.0-beta.1" "fetch" "--manifest-path" "Cargo.toml", kill_on_drop: false }`
[INFO] [stderr]     Blocking waiting for file lock on package cache
[INFO] [stderr]     Blocking waiting for file lock on package cache
[INFO] running `Command { std: "docker" "create" "-v" "/var/lib/crater-agent-workspace/builds/worker-5-tc2/source:/opt/rustwide/workdir:ro,Z" "-v" "/var/lib/crater-agent-workspace/builds/worker-5-tc2/target:/opt/rustwide/target:rw,Z" "-v" "/var/lib/crater-agent-workspace/cargo-home:/opt/rustwide/cargo-home:ro,Z" "-v" "/var/lib/crater-agent-workspace/rustup-home:/opt/rustwide/rustup-home:ro,Z" "-m" "1610612736" "--network" "none" "ghcr.io/rust-lang/crates-build-env/linux@sha256:8683fc1fc2eb5c9ac98e0d076ab094b2ffac7f99da555d2b6a2e27f346de2ec7" "sleep" "infinity", kill_on_drop: false }`
[INFO] [stdout] 4dc0f5db07a7be52e87ccf01ab9d51dd355bf0bd9c4cb28c156707f42d160eea
[INFO] running `Command { std: "docker" "start" "4dc0f5db07a7be52e87ccf01ab9d51dd355bf0bd9c4cb28c156707f42d160eea", kill_on_drop: false }`
[INFO] running `Command { std: "docker" "inspect" "4dc0f5db07a7be52e87ccf01ab9d51dd355bf0bd9c4cb28c156707f42d160eea", kill_on_drop: false }`
[INFO] running `Command { std: "docker" "exec" "-e" "SOURCE_DIR=/opt/rustwide/workdir" "-e" "CARGO_HOME=/opt/rustwide/cargo-home" "-e" "RUSTUP_HOME=/opt/rustwide/rustup-home" "-e" "CARGO_TARGET_DIR=/opt/rustwide/target" "-w" "/opt/rustwide/workdir" "--user" "0:0" "4dc0f5db07a7be52e87ccf01ab9d51dd355bf0bd9c4cb28c156707f42d160eea" "/opt/rustwide/cargo-home/bin/cargo" "+1.99.0-beta.1" "metadata" "--no-deps" "--format-version=1", kill_on_drop: false }`
[INFO] running `Command { std: "docker" "inspect" "4dc0f5db07a7be52e87ccf01ab9d51dd355bf0bd9c4cb28c156707f42d160eea", kill_on_drop: false }`
[INFO] running `Command { std: "docker" "exec" "-e" "SOURCE_DIR=/opt/rustwide/workdir" "-e" "CARGO_HOME=/opt/rustwide/cargo-home" "-e" "RUSTUP_HOME=/opt/rustwide/rustup-home" "-e" "CARGO_TARGET_DIR=/opt/rustwide/target" "-e" "CARGO_INCREMENTAL=0" "-e" "RUST_BACKTRACE=full" "-e" "RUSTFLAGS=--cap-lints=warn" "-e" "RUSTDOCFLAGS=--cap-lints=warn" "-w" "/opt/rustwide/workdir" "--user" "0:0" "4dc0f5db07a7be52e87ccf01ab9d51dd355bf0bd9c4cb28c156707f42d160eea" "/opt/rustwide/cargo-home/bin/cargo" "+1.99.0-beta.1" "build" "--frozen" "--message-format=json" "--release", kill_on_drop: false }`
[INFO] [stderr]    Compiling recover v0.1.0 (/opt/rustwide/workdir)
[INFO] [stderr]     Finished `release` profile [optimized + debuginfo] target(s) in 11.52s
[INFO] running `Command { std: "docker" "inspect" "4dc0f5db07a7be52e87ccf01ab9d51dd355bf0bd9c4cb28c156707f42d160eea", kill_on_drop: false }`
[INFO] running `Command { std: "docker" "exec" "-e" "SOURCE_DIR=/opt/rustwide/workdir" "-e" "CARGO_HOME=/opt/rustwide/cargo-home" "-e" "RUSTUP_HOME=/opt/rustwide/rustup-home" "-e" "CARGO_TARGET_DIR=/opt/rustwide/target" "-e" "CARGO_INCREMENTAL=0" "-e" "RUST_BACKTRACE=full" "-e" "RUSTFLAGS=--cap-lints=warn" "-e" "RUSTDOCFLAGS=--cap-lints=warn" "-w" "/opt/rustwide/workdir" "--user" "0:0" "4dc0f5db07a7be52e87ccf01ab9d51dd355bf0bd9c4cb28c156707f42d160eea" "/opt/rustwide/cargo-home/bin/cargo" "+1.99.0-beta.1" "test" "--frozen" "--no-run" "--message-format=json" "--release", kill_on_drop: false }`
[INFO] [stderr]    Compiling recover v0.1.0 (/opt/rustwide/workdir)
[INFO] [stderr]     Finished `release` profile [optimized + debuginfo] target(s) in 16.26s
[INFO] running `Command { std: "docker" "inspect" "4dc0f5db07a7be52e87ccf01ab9d51dd355bf0bd9c4cb28c156707f42d160eea", kill_on_drop: false }`
[INFO] running `Command { std: "docker" "exec" "-e" "SOURCE_DIR=/opt/rustwide/workdir" "-e" "CARGO_HOME=/opt/rustwide/cargo-home" "-e" "RUSTUP_HOME=/opt/rustwide/rustup-home" "-e" "CARGO_TARGET_DIR=/opt/rustwide/target" "-e" "CARGO_INCREMENTAL=0" "-e" "RUST_BACKTRACE=full" "-e" "RUSTFLAGS=--cap-lints=warn" "-e" "RUSTDOCFLAGS=--cap-lints=warn" "-w" "/opt/rustwide/workdir" "--user" "0:0" "4dc0f5db07a7be52e87ccf01ab9d51dd355bf0bd9c4cb28c156707f42d160eea" "/opt/rustwide/cargo-home/bin/cargo" "+1.99.0-beta.1" "test" "--frozen" "--release", kill_on_drop: false }`
[INFO] [stderr]     Finished `release` profile [optimized + debuginfo] target(s) in 0.03s
[INFO] [stderr]      Running unittests src/main.rs (/opt/rustwide/target/release/deps/recover-4144ab60e4656f77)
[INFO] [stdout] 
[INFO] [stdout] running 14 tests
[INFO] [stdout] test jpeg::tests::extracts_exif_make_model_from_app1_tiff ... ok
[INFO] [stdout] test ntfs::tests::parses_data_run_with_negative_delta ... ok
[INFO] [stdout] test jpeg::tests::extracts_make_model_from_xmp_app1 ... ok
[INFO] [stdout] test ntfs::tests::filetime_formats_unix_epoch ... ok
[INFO] [stdout] test reassemble::tests::restart_score_rewards_sequence ... ok
[INFO] [stdout] test ntfs::tests::parses_boot_sector_values ... ok
[INFO] [stdout] test report::tests::csv_round_trips_quotes ... ok
[INFO] [stdout] test safety::tests::sanitizes_names_for_output ... ok
[INFO] [stdout] test sha256::tests::sha256_known_vectors ... ok
[INFO] [stdout] test tests::progress_line_has_single_seconds_suffix ... ok
[INFO] [stdout] test tests::score_prefers_valid_decodes ... ok
[INFO] [stdout] test carve::tests::rejects_misleading_soi_eoi_without_structure ... ok
[INFO] [stdout] test reassemble::tests::structural_scan_handles_stuffed_bytes_and_eoi ... ok
[INFO] [stdout] test carve::tests::parses_structured_minimal_jpeg ... ok
[INFO] [stderr]      Running tests/reassemble.rs (/opt/rustwide/target/release/deps/reassemble-08c203c0e811be5e)
[INFO] [stdout] 
[INFO] [stdout] test result: ok. 14 passed; 0 failed; 0 ignored; 0 measured; 0 filtered out; finished in 0.07s
[INFO] [stdout] 
[INFO] [stdout] 
[INFO] [stdout] running 1 test
[INFO] [stderr] error: test failed, to rerun pass `--test reassemble`
[INFO] [stdout] test ranks_known_single_gap_fragment_first ... FAILED
[INFO] [stdout] 
[INFO] [stdout] failures:
[INFO] [stdout] 
[INFO] [stdout] ---- ranks_known_single_gap_fragment_first stdout ----
[INFO] [stdout] 
[INFO] [stdout] thread 'ranks_known_single_gap_fragment_first' (378) panicked at tests/reassemble.rs:47:14:
[INFO] [stdout] run fragmented JPEG generator: Os { code: 2, kind: NotFound, message: "No such file or directory" }
[INFO] [stdout] stack backtrace:
[INFO] [stdout]    0:     0x5de89c0395d6 - std[104cf6e2632825ea]::backtrace_rs::backtrace::libunwind::trace
[INFO] [stdout]                                at /rustc/f47d5bb13648d5c859f5b438eb7dc834b9729961/library/std/src/../../backtrace/src/backtrace/libunwind.rs:117:9
[INFO] [stdout]    1:     0x5de89c0395d6 - std[104cf6e2632825ea]::backtrace_rs::backtrace::trace_unsynchronized::<std[104cf6e2632825ea]::sys::backtrace::_print_fmt::{closure#1}>
[INFO] [stdout]                                at /rustc/f47d5bb13648d5c859f5b438eb7dc834b9729961/library/std/src/../../backtrace/src/backtrace/mod.rs:66:14
[INFO] [stdout]    2:     0x5de89c0395d6 - std[104cf6e2632825ea]::sys::backtrace::_print_fmt
[INFO] [stdout]                                at /rustc/f47d5bb13648d5c859f5b438eb7dc834b9729961/library/std/src/sys/backtrace.rs:74:9
[INFO] [stdout]    3:     0x5de89c0395d6 - <<std[104cf6e2632825ea]::sys::backtrace::BacktraceLock>::print::DisplayBacktrace as core[7c831bd917ebf35f]::fmt::Display>::fmt
[INFO] [stdout]                                at /rustc/f47d5bb13648d5c859f5b438eb7dc834b9729961/library/std/src/sys/backtrace.rs:44:26
[INFO] [stdout]    4:     0x5de89bfe425a - <core[7c831bd917ebf35f]::fmt::rt::Argument>::fmt
[INFO] [stdout]                                at /rustc/f47d5bb13648d5c859f5b438eb7dc834b9729961/library/core/src/fmt/rt.rs:152:76
[INFO] [stdout]    5:     0x5de89bfe425a - core[7c831bd917ebf35f]::fmt::write
[INFO] [stdout]    6:     0x5de89c03efcc - core[7c831bd917ebf35f]::io::write::default_write_fmt::<alloc[2fdc3f7464fcf288]::vec::Vec<u8>>
[INFO] [stdout]                                at /rustc/f47d5bb13648d5c859f5b438eb7dc834b9729961/library/core/src/io/write.rs:402:11
[INFO] [stdout]    7:     0x5de89c03efcc - <alloc[2fdc3f7464fcf288]::vec::Vec<u8> as core[7c831bd917ebf35f]::io::write::Write>::write_fmt
[INFO] [stdout]                                at /rustc/f47d5bb13648d5c859f5b438eb7dc834b9729961/library/core/src/io/write.rs:335:13
[INFO] [stdout]    8:     0x5de89c011032 - <std[104cf6e2632825ea]::sys::backtrace::BacktraceLock>::print
[INFO] [stdout]                                at /rustc/f47d5bb13648d5c859f5b438eb7dc834b9729961/library/std/src/sys/backtrace.rs:47:9
[INFO] [stdout]    9:     0x5de89c011032 - std[104cf6e2632825ea]::panicking::default_hook::{closure#0}
[INFO] [stdout]                                at /rustc/f47d5bb13648d5c859f5b438eb7dc834b9729961/library/std/src/panicking.rs:292:27
[INFO] [stdout]   10:     0x5de89c031631 - std[104cf6e2632825ea]::panicking::default_hook
[INFO] [stdout]                                at /rustc/f47d5bb13648d5c859f5b438eb7dc834b9729961/library/std/src/panicking.rs:316:9
[INFO] [stdout]   11:     0x5de89c031812 - <alloc[2fdc3f7464fcf288]::boxed::Box<dyn for<'a, 'b> core[7c831bd917ebf35f]::ops::function::Fn<(&'a std[104cf6e2632825ea]::panic::PanicHookInfo<'b>,), Output = ()> + core[7c831bd917ebf35f]::marker::Send + core[7c831bd917ebf35f]::marker::Sync> as core[7c831bd917ebf35f]::ops::function::Fn<(&std[104cf6e2632825ea]::panic::PanicHookInfo,)>>::call
[INFO] [stdout]                                at /rustc/f47d5bb13648d5c859f5b438eb7dc834b9729961/library/alloc/src/boxed.rs:2334:9
[INFO] [stdout]   12:     0x5de89c031812 - std[104cf6e2632825ea]::panicking::panic_with_hook
[INFO] [stdout]                                at /rustc/f47d5bb13648d5c859f5b438eb7dc834b9729961/library/std/src/panicking.rs:823:13
[INFO] [stdout]   13:     0x5de89c0110e2 - std[104cf6e2632825ea]::panicking::panic_handler::{closure#0}
[INFO] [stdout]                                at /rustc/f47d5bb13648d5c859f5b438eb7dc834b9729961/library/std/src/panicking.rs:688:13
[INFO] [stdout]   14:     0x5de89c009659 - std[104cf6e2632825ea]::sys::backtrace::__rust_end_short_backtrace::<std[104cf6e2632825ea]::panicking::panic_handler::{closure#0}, !>
[INFO] [stdout]                                at /rustc/f47d5bb13648d5c859f5b438eb7dc834b9729961/library/std/src/sys/backtrace.rs:182:18
[INFO] [stdout]   15:     0x5de89c015fdd - __rustc[b0d56fa5b193ad05]::rust_begin_unwind
[INFO] [stdout]                                at /rustc/f47d5bb13648d5c859f5b438eb7dc834b9729961/library/std/src/panicking.rs:679:5
[INFO] [stdout]   16:     0x5de89bfe494c - core[7c831bd917ebf35f]::panicking::panic_fmt
[INFO] [stdout]                                at /rustc/f47d5bb13648d5c859f5b438eb7dc834b9729961/library/core/src/panicking.rs:80:14
[INFO] [stdout]   17:     0x5de89bfe4722 - core[7c831bd917ebf35f]::result::unwrap_failed
[INFO] [stdout]                                at /rustc/f47d5bb13648d5c859f5b438eb7dc834b9729961/library/core/src/result.rs:1871:5
[INFO] [stdout]   18:     0x5de89bff6fbb - <core[7c831bd917ebf35f]::result::Result<std[104cf6e2632825ea]::process::Output, core[7c831bd917ebf35f]::io::error::Error>>::expect
[INFO] [stdout]                                at /rustc/f47d5bb13648d5c859f5b438eb7dc834b9729961/library/core/src/result.rs:1184:23
[INFO] [stdout]   19:     0x5de89bff6fbb - reassemble[ac3a8b57f5cb6238]::ranks_known_single_gap_fragment_first
[INFO] [stdout]                                at /opt/rustwide/workdir/tests/reassemble.rs:47:14
[INFO] [stdout]   20:     0x5de89bff6fbb - reassemble[ac3a8b57f5cb6238]::ranks_known_single_gap_fragment_first::{closure#0}
[INFO] [stdout]                                at /opt/rustwide/workdir/tests/reassemble.rs:20:43
[INFO] [stdout]   21:     0x5de89bff6fbb - <reassemble[ac3a8b57f5cb6238]::ranks_known_single_gap_fragment_first::{closure#0} as core[7c831bd917ebf35f]::ops::function::FnOnce<()>>::call_once
[INFO] [stdout]                                at /rustc/f47d5bb13648d5c859f5b438eb7dc834b9729961/library/core/src/ops/function.rs:250:5
[INFO] [stdout]   22:     0x5de89c04063b - <fn() -> core[7c831bd917ebf35f]::result::Result<(), alloc[2fdc3f7464fcf288]::string::String> as core[7c831bd917ebf35f]::ops::function::FnOnce<()>>::call_once
[INFO] [stdout]                                at /rustc/f47d5bb13648d5c859f5b438eb7dc834b9729961/library/core/src/ops/function.rs:250:5
[INFO] [stdout]   23:     0x5de89c04063b - test[73009c9f9aebf890]::__rust_begin_short_backtrace::<core[7c831bd917ebf35f]::result::Result<(), alloc[2fdc3f7464fcf288]::string::String>, fn() -> core[7c831bd917ebf35f]::result::Result<(), alloc[2fdc3f7464fcf288]::string::String>>
[INFO] [stdout]                                at /rustc/f47d5bb13648d5c859f5b438eb7dc834b9729961/library/test/src/lib.rs:733:18
[INFO] [stdout]   24:     0x5de89c04e791 - <test[73009c9f9aebf890]::types::RunnableTest>::run
[INFO] [stdout]                                at /rustc/f47d5bb13648d5c859f5b438eb7dc834b9729961/library/test/src/types.rs:145:40
[INFO] [stdout]   25:     0x5de89c04e791 - test[73009c9f9aebf890]::run_test_in_process::{closure#0}
[INFO] [stdout]                                at /rustc/f47d5bb13648d5c859f5b438eb7dc834b9729961/library/test/src/lib.rs:756:74
[INFO] [stdout]   26:     0x5de89c04e791 - <core[7c831bd917ebf35f]::panic::unwind_safe::AssertUnwindSafe<test[73009c9f9aebf890]::run_test_in_process::{closure#0}> as core[7c831bd917ebf35f]::ops::function::FnOnce<()>>::call_once
[INFO] [stdout]                                at /rustc/f47d5bb13648d5c859f5b438eb7dc834b9729961/library/core/src/panic/unwind_safe.rs:275:9
[INFO] [stdout]   27:     0x5de89c04e791 - std[104cf6e2632825ea]::panicking::catch_unwind::do_call::<core[7c831bd917ebf35f]::panic::unwind_safe::AssertUnwindSafe<test[73009c9f9aebf890]::run_test_in_process::{closure#0}>, core[7c831bd917ebf35f]::result::Result<(), alloc[2fdc3f7464fcf288]::string::String>>
[INFO] [stdout]                                at /rustc/f47d5bb13648d5c859f5b438eb7dc834b9729961/library/std/src/panicking.rs:576:43
[INFO] [stdout]   28:     0x5de89c04e791 - std[104cf6e2632825ea]::panicking::catch_unwind::<core[7c831bd917ebf35f]::result::Result<(), alloc[2fdc3f7464fcf288]::string::String>, core[7c831bd917ebf35f]::panic::unwind_safe::AssertUnwindSafe<test[73009c9f9aebf890]::run_test_in_process::{closure#0}>>
[INFO] [stdout]                                at /rustc/f47d5bb13648d5c859f5b438eb7dc834b9729961/library/std/src/panicking.rs:544:19
[INFO] [stdout]   29:     0x5de89c04e791 - std[104cf6e2632825ea]::panic::catch_unwind::<core[7c831bd917ebf35f]::panic::unwind_safe::AssertUnwindSafe<test[73009c9f9aebf890]::run_test_in_process::{closure#0}>, core[7c831bd917ebf35f]::result::Result<(), alloc[2fdc3f7464fcf288]::string::String>>
[INFO] [stdout]                                at /rustc/f47d5bb13648d5c859f5b438eb7dc834b9729961/library/std/src/panic.rs:359:14
[INFO] [stdout]   30:     0x5de89c04e791 - test[73009c9f9aebf890]::run_test_in_process
[INFO] [stdout]                                at /rustc/f47d5bb13648d5c859f5b438eb7dc834b9729961/library/test/src/lib.rs:756:27
[INFO] [stdout]   31:     0x5de89c04e791 - test[73009c9f9aebf890]::run_test::{closure#0}
[INFO] [stdout]                                at /rustc/f47d5bb13648d5c859f5b438eb7dc834b9729961/library/test/src/lib.rs:677:43
[INFO] [stdout]   32:     0x5de89c0479f4 - test[73009c9f9aebf890]::run_test::{closure#1}
[INFO] [stdout]                                at /rustc/f47d5bb13648d5c859f5b438eb7dc834b9729961/library/test/src/lib.rs:707:41
[INFO] [stdout]   33:     0x5de89c0479f4 - std[104cf6e2632825ea]::sys::backtrace::__rust_begin_short_backtrace::<test[73009c9f9aebf890]::run_test::{closure#1}, ()>
[INFO] [stdout]                                at /rustc/f47d5bb13648d5c859f5b438eb7dc834b9729961/library/std/src/sys/backtrace.rs:166:18
[INFO] [stdout]   34:     0x5de89c0525b2 - std[104cf6e2632825ea]::thread::lifecycle::spawn_unchecked::<test[73009c9f9aebf890]::run_test::{closure#1}, ()>::{closure#1}::{closure#0}
[INFO] [stdout]                                at /rustc/f47d5bb13648d5c859f5b438eb7dc834b9729961/library/std/src/thread/lifecycle.rs:70:13
[INFO] [stdout]   35:     0x5de89c0525b2 - <core[7c831bd917ebf35f]::panic::unwind_safe::AssertUnwindSafe<std[104cf6e2632825ea]::thread::lifecycle::spawn_unchecked<test[73009c9f9aebf890]::run_test::{closure#1}, ()>::{closure#1}::{closure#0}> as core[7c831bd917ebf35f]::ops::function::FnOnce<()>>::call_once
[INFO] [stdout]                                at /rustc/f47d5bb13648d5c859f5b438eb7dc834b9729961/library/core/src/panic/unwind_safe.rs:275:9
[INFO] [stdout]   36:     0x5de89c0525b2 - std[104cf6e2632825ea]::panicking::catch_unwind::do_call::<core[7c831bd917ebf35f]::panic::unwind_safe::AssertUnwindSafe<std[104cf6e2632825ea]::thread::lifecycle::spawn_unchecked<test[73009c9f9aebf890]::run_test::{closure#1}, ()>::{closure#1}::{closure#0}>, ()>
[INFO] [stdout]                                at /rustc/f47d5bb13648d5c859f5b438eb7dc834b9729961/library/std/src/panicking.rs:576:43
[INFO] [stdout]   37:     0x5de89c0525b2 - std[104cf6e2632825ea]::panicking::catch_unwind::<(), core[7c831bd917ebf35f]::panic::unwind_safe::AssertUnwindSafe<std[104cf6e2632825ea]::thread::lifecycle::spawn_unchecked<test[73009c9f9aebf890]::run_test::{closure#1}, ()>::{closure#1}::{closure#0}>>
[INFO] [stdout]                                at /rustc/f47d5bb13648d5c859f5b438eb7dc834b9729961/library/std/src/panicking.rs:544:19
[INFO] [stdout]   38:     0x5de89c0525b2 - std[104cf6e2632825ea]::panic::catch_unwind::<core[7c831bd917ebf35f]::panic::unwind_safe::AssertUnwindSafe<std[104cf6e2632825ea]::thread::lifecycle::spawn_unchecked<test[73009c9f9aebf890]::run_test::{closure#1}, ()>::{closure#1}::{closure#0}>, ()>
[INFO] [stdout]                                at /rustc/f47d5bb13648d5c859f5b438eb7dc834b9729961/library/std/src/panic.rs:359:14
[INFO] [stdout]   39:     0x5de89c0525b2 - std[104cf6e2632825ea]::thread::lifecycle::spawn_unchecked::<test[73009c9f9aebf890]::run_test::{closure#1}, ()>::{closure#1}
[INFO] [stdout]                                at /rustc/f47d5bb13648d5c859f5b438eb7dc834b9729961/library/std/src/thread/lifecycle.rs:68:26
[INFO] [stdout]   40:     0x5de89c0525b2 - <std[104cf6e2632825ea]::thread::lifecycle::spawn_unchecked<test[73009c9f9aebf890]::run_test::{closure#1}, ()>::{closure#1} as core[7c831bd917ebf35f]::ops::function::FnOnce<()>>::call_once::{shim:vtable#0}
[INFO] [stdout]                                at /rustc/f47d5bb13648d5c859f5b438eb7dc834b9729961/library/core/src/ops/function.rs:250:5
[INFO] [stdout]   41:     0x5de89c0386fe - <alloc[2fdc3f7464fcf288]::boxed::Box<dyn core[7c831bd917ebf35f]::ops::function::FnOnce<(), Output = ()> + core[7c831bd917ebf35f]::marker::Send> as core[7c831bd917ebf35f]::ops::function::FnOnce<()>>::call_once
[INFO] [stdout]                                at /rustc/f47d5bb13648d5c859f5b438eb7dc834b9729961/library/alloc/src/boxed.rs:2320:9
[INFO] [stdout]   42:     0x5de89c0386fe - <std[104cf6e2632825ea]::sys::thread::unix::Thread>::new::thread_start
[INFO] [stdout]                                at /rustc/f47d5bb13648d5c859f5b438eb7dc834b9729961/library/std/src/sys/thread/unix.rs:123:17
[INFO] [stdout]   43:     0x7a6d155f507a - <unknown>
[INFO] [stdout]   44:     0x7a6d15688534 - clone
[INFO] [stdout]   45:                0x0 - <unknown>
[INFO] [stdout] 
[INFO] [stdout] 
[INFO] [stdout] failures:
[INFO] [stdout]     ranks_known_single_gap_fragment_first
[INFO] [stdout] 
[INFO] [stdout] test result: FAILED. 0 passed; 1 failed; 0 ignored; 0 measured; 0 filtered out; finished in 0.03s
[INFO] [stdout] 
[INFO] running `Command { std: "docker" "inspect" "4dc0f5db07a7be52e87ccf01ab9d51dd355bf0bd9c4cb28c156707f42d160eea", kill_on_drop: false }`
[INFO] running `Command { std: "docker" "rm" "-f" "4dc0f5db07a7be52e87ccf01ab9d51dd355bf0bd9c4cb28c156707f42d160eea", kill_on_drop: false }`
[INFO] [stdout] 4dc0f5db07a7be52e87ccf01ab9d51dd355bf0bd9c4cb28c156707f42d160eea
