[INFO] cloning repository https://github.com/janu-dev/substrate-rust-exam
[INFO] running `Command { std: "git" "-c" "credential.helper=" "-c" "credential.helper=/workspace/cargo-home/bin/git-credential-null" "clone" "--bare" "https://github.com/janu-dev/substrate-rust-exam" "/workspace/cache/git-repos/https%3A%2F%2Fgithub.com%2Fjanu-dev%2Fsubstrate-rust-exam", kill_on_drop: false }`
[INFO] [stderr] Cloning into bare repository '/workspace/cache/git-repos/https%3A%2F%2Fgithub.com%2Fjanu-dev%2Fsubstrate-rust-exam'...
[INFO] running `Command { std: "git" "rev-parse" "HEAD", kill_on_drop: false }`
[INFO] [stdout] c71472dabb87fa075ad8dee094cf7f4f823e1a67
[INFO] testing janu-dev/substrate-rust-exam against 1.98.0-beta.8+cargoflags=--release for beta-release-1.99-2
[INFO] running `Command { std: "git" "clone" "/workspace/cache/git-repos/https%3A%2F%2Fgithub.com%2Fjanu-dev%2Fsubstrate-rust-exam" "/workspace/builds/worker-6-tc1/source", kill_on_drop: false }`
[INFO] [stderr] Cloning into '/workspace/builds/worker-6-tc1/source'...
[INFO] [stderr] done.
[INFO] started tweaking git repo https://github.com/janu-dev/substrate-rust-exam
[INFO] finished tweaking git repo https://github.com/janu-dev/substrate-rust-exam
[INFO] tweaked toml for git repo https://github.com/janu-dev/substrate-rust-exam written to /workspace/builds/worker-6-tc1/source/Cargo.toml
[INFO] validating manifest of git repo https://github.com/janu-dev/substrate-rust-exam on toolchain 1.98.0-beta.8
[INFO] running `Command { std: CARGO_HOME="/workspace/cargo-home" RUSTUP_HOME="/workspace/rustup-home" "/workspace/cargo-home/bin/cargo" "+1.98.0-beta.8" "metadata" "--manifest-path" "Cargo.toml" "--no-deps", kill_on_drop: false }`
[INFO] crate git repo https://github.com/janu-dev/substrate-rust-exam already has a lockfile, it will not be regenerated
[INFO] running `Command { std: CARGO_HOME="/workspace/cargo-home" RUSTUP_HOME="/workspace/rustup-home" "/workspace/cargo-home/bin/cargo" "+1.98.0-beta.8" "fetch" "--manifest-path" "Cargo.toml", kill_on_drop: false }`
[INFO] running `Command { std: "docker" "create" "-v" "/var/lib/crater-agent-workspace/builds/worker-6-tc1/source:/opt/rustwide/workdir:ro,Z" "-v" "/var/lib/crater-agent-workspace/builds/worker-6-tc1/target:/opt/rustwide/target:rw,Z" "-v" "/var/lib/crater-agent-workspace/cargo-home:/opt/rustwide/cargo-home:ro,Z" "-v" "/var/lib/crater-agent-workspace/rustup-home:/opt/rustwide/rustup-home:ro,Z" "-m" "1610612736" "--network" "none" "ghcr.io/rust-lang/crates-build-env/linux@sha256:8683fc1fc2eb5c9ac98e0d076ab094b2ffac7f99da555d2b6a2e27f346de2ec7" "sleep" "infinity", kill_on_drop: false }`
[INFO] [stdout] 27d36e45591cda8a19c49fd74173660fb5fdc8792f3f40c628023130f2611fc1
[INFO] running `Command { std: "docker" "start" "27d36e45591cda8a19c49fd74173660fb5fdc8792f3f40c628023130f2611fc1", kill_on_drop: false }`
[INFO] running `Command { std: "docker" "inspect" "27d36e45591cda8a19c49fd74173660fb5fdc8792f3f40c628023130f2611fc1", kill_on_drop: false }`
[INFO] running `Command { std: "docker" "exec" "-e" "SOURCE_DIR=/opt/rustwide/workdir" "-e" "CARGO_HOME=/opt/rustwide/cargo-home" "-e" "RUSTUP_HOME=/opt/rustwide/rustup-home" "-e" "CARGO_TARGET_DIR=/opt/rustwide/target" "-w" "/opt/rustwide/workdir" "--user" "0:0" "27d36e45591cda8a19c49fd74173660fb5fdc8792f3f40c628023130f2611fc1" "/opt/rustwide/cargo-home/bin/cargo" "+1.98.0-beta.8" "metadata" "--no-deps" "--format-version=1", kill_on_drop: false }`
[INFO] running `Command { std: "docker" "inspect" "27d36e45591cda8a19c49fd74173660fb5fdc8792f3f40c628023130f2611fc1", kill_on_drop: false }`
[INFO] running `Command { std: "docker" "exec" "-e" "SOURCE_DIR=/opt/rustwide/workdir" "-e" "CARGO_HOME=/opt/rustwide/cargo-home" "-e" "RUSTUP_HOME=/opt/rustwide/rustup-home" "-e" "CARGO_TARGET_DIR=/opt/rustwide/target" "-e" "CARGO_INCREMENTAL=0" "-e" "RUST_BACKTRACE=full" "-e" "RUSTFLAGS=--cap-lints=warn" "-e" "RUSTDOCFLAGS=--cap-lints=warn" "-w" "/opt/rustwide/workdir" "--user" "0:0" "27d36e45591cda8a19c49fd74173660fb5fdc8792f3f40c628023130f2611fc1" "/opt/rustwide/cargo-home/bin/cargo" "+1.98.0-beta.8" "build" "--frozen" "--message-format=json" "--release", kill_on_drop: false }`
[INFO] [stderr]    Compiling pba-qualifier-exam v1.0.0 (/opt/rustwide/workdir)
[INFO] [stderr]     Finished `release` profile [optimized] target(s) in 0.38s
[INFO] running `Command { std: "docker" "inspect" "27d36e45591cda8a19c49fd74173660fb5fdc8792f3f40c628023130f2611fc1", kill_on_drop: false }`
[INFO] running `Command { std: "docker" "exec" "-e" "SOURCE_DIR=/opt/rustwide/workdir" "-e" "CARGO_HOME=/opt/rustwide/cargo-home" "-e" "RUSTUP_HOME=/opt/rustwide/rustup-home" "-e" "CARGO_TARGET_DIR=/opt/rustwide/target" "-e" "CARGO_INCREMENTAL=0" "-e" "RUST_BACKTRACE=full" "-e" "RUSTFLAGS=--cap-lints=warn" "-e" "RUSTDOCFLAGS=--cap-lints=warn" "-w" "/opt/rustwide/workdir" "--user" "0:0" "27d36e45591cda8a19c49fd74173660fb5fdc8792f3f40c628023130f2611fc1" "/opt/rustwide/cargo-home/bin/cargo" "+1.98.0-beta.8" "test" "--frozen" "--no-run" "--message-format=json" "--release", kill_on_drop: false }`
[INFO] [stderr]    Compiling pba-qualifier-exam v1.0.0 (/opt/rustwide/workdir)
[INFO] [stderr]     Finished `release` profile [optimized] target(s) in 1.08s
[INFO] running `Command { std: "docker" "inspect" "27d36e45591cda8a19c49fd74173660fb5fdc8792f3f40c628023130f2611fc1", kill_on_drop: false }`
[INFO] running `Command { std: "docker" "exec" "-e" "SOURCE_DIR=/opt/rustwide/workdir" "-e" "CARGO_HOME=/opt/rustwide/cargo-home" "-e" "RUSTUP_HOME=/opt/rustwide/rustup-home" "-e" "CARGO_TARGET_DIR=/opt/rustwide/target" "-e" "CARGO_INCREMENTAL=0" "-e" "RUST_BACKTRACE=full" "-e" "RUSTFLAGS=--cap-lints=warn" "-e" "RUSTDOCFLAGS=--cap-lints=warn" "-w" "/opt/rustwide/workdir" "--user" "0:0" "27d36e45591cda8a19c49fd74173660fb5fdc8792f3f40c628023130f2611fc1" "/opt/rustwide/cargo-home/bin/cargo" "+1.98.0-beta.8" "test" "--frozen" "--release", kill_on_drop: false }`
[INFO] [stderr]     Finished `release` profile [optimized] target(s) in 0.04s
[INFO] [stderr]      Running unittests src/lib.rs (/opt/rustwide/target/release/deps/pba_qualifier_exam-867d3053970dc771)
[INFO] [stdout] 
[INFO] [stdout] running 38 tests
[INFO] [stdout] test a_honor_code::tests::honor_code_respected ... FAILED
[INFO] [stdout] test b_multiple_choice::tests::answer_1_a_sanity_check ... FAILED
[INFO] [stdout] test b_multiple_choice::tests::answer_1_b_sanity_check ... FAILED
[INFO] [stdout] test b_multiple_choice::tests::answer_1_d_sanity_check ... FAILED
[INFO] [stdout] test b_multiple_choice::tests::answer_3_a_sanity_check ... FAILED
[INFO] [stdout] test b_multiple_choice::tests::answer_3_b_sanity_check ... FAILED
[INFO] [stdout] test b_multiple_choice::tests::answer_2_sanity_check ... FAILED
[INFO] [stdout] test b_multiple_choice::tests::answer_5_sanity_check ... FAILED
[INFO] [stdout] test b_multiple_choice::tests::answer_7_sanity_check ... FAILED
[INFO] [stdout] test b_multiple_choice::tests::answer_4_a_sanity_check ... FAILED
[INFO] [stdout] test b_multiple_choice::tests::answer_4_b_sanity_check ... FAILED
[INFO] [stdout] test b_multiple_choice::tests::answer_6_sanity_check ... FAILED
[INFO] [stdout] test d_pattern_matching::tests::test_match_1_false ... FAILED
[INFO] [stdout] test d_pattern_matching::tests::test_match_3 ... FAILED
[INFO] [stdout] test d_pattern_matching::tests::test_match_2 ... FAILED
[INFO] [stdout] test d_pattern_matching::tests::test_match_1_true ... FAILED
[INFO] [stdout] test d_pattern_matching::tests::test_match_4_false ... FAILED
[INFO] [stdout] test e_common_traits::tests::employee_from_string_success ... FAILED
[INFO] [stdout] test e_common_traits::tests::employee_neq ... FAILED
[INFO] [stdout] test d_pattern_matching::tests::test_match_4_true ... FAILED
[INFO] [stdout] test b_multiple_choice::tests::answer_1_c_sanity_check ... FAILED
[INFO] [stdout] test f_iterators::tests::first_n_even_2 ... ok
[INFO] [stdout] test e_common_traits::tests::employee_ord ... FAILED
[INFO] [stdout] test e_common_traits::tests::employee_to_string_success ... FAILED
[INFO] [stdout] test f_iterators::tests::bounded_absolute_values_1 ... FAILED
[INFO] [stdout] test f_iterators::tests::first_n_even_1 ... FAILED
[INFO] [stdout] test f_iterators::tests::fibonacci_1 ... FAILED
[INFO] [stdout] test h_advanced_traits::tests::mixed_1 ... FAILED
[INFO] [stdout] test h_advanced_traits::tests::omni_1 ... FAILED
[INFO] [stdout] test f_iterators::tests::square_whole_numbers_1 ... FAILED
[INFO] [stdout] test k_macros::tests::impl_get ... ok
[INFO] [stdout] test h_advanced_traits::tests::nuclear ... FAILED
[INFO] [stdout] test i_extension_traits::tests::extension_trait ... FAILED
[INFO] [stdout] test h_advanced_traits::tests::ic_1 ... FAILED
[INFO] [stdout] test i_extension_traits::tests::simple_functions ... FAILED
[INFO] [stdout] test k_macros::tests::map ... FAILED
[INFO] [stdout] test f_iterators::tests::sum_of_squares_1 ... FAILED
[INFO] [stdout] test h_advanced_traits::tests::custom_mixed_1 ... FAILED
[INFO] [stdout] 
[INFO] [stdout] failures:
[INFO] [stdout] 
[INFO] [stdout] ---- a_honor_code::tests::honor_code_respected stdout ----
[INFO] [stdout] 
[INFO] [stdout] thread 'a_honor_code::tests::honor_code_respected' (153) panicked at src/a_honor_code.rs:22:5:
[INFO] [stdout] not yet implemented
[INFO] [stdout] stack backtrace:
[INFO] [stdout]    0:     0x634244d3a241 - <<std[97b98282bc616a66]::sys::backtrace::BacktraceLock>::print::DisplayBacktrace as core[832e9a552fc17241]::fmt::Display>::fmt
[INFO] [stdout]    1:     0x634244d4e22a - core[832e9a552fc17241]::fmt::write
[INFO] [stdout]    2:     0x634244d3e6fc - <alloc[3ecab9f82c41dc7d]::vec::Vec<u8> as std[97b98282bc616a66]::io::Write>::write_fmt
[INFO] [stdout]    3:     0x634244d18966 - std[97b98282bc616a66]::panicking::default_hook::{closure#0}
[INFO] [stdout]    4:     0x634244d32469 - std[97b98282bc616a66]::panicking::default_hook
[INFO] [stdout]    5:     0x634244ccd490 - test[39766f3d73431624]::test_main_inner::<test[39766f3d73431624]::test_main_static::{closure#0}>::{closure#0}
[INFO] [stdout]    6:     0x634244d32622 - std[97b98282bc616a66]::panicking::panic_with_hook
[INFO] [stdout]    7:     0x634244d18a44 - std[97b98282bc616a66]::panicking::panic_handler::{closure#0}
[INFO] [stdout]    8:     0x634244d10369 - std[97b98282bc616a66]::sys::backtrace::__rust_end_short_backtrace::<std[97b98282bc616a66]::panicking::panic_handler::{closure#0}, !>
[INFO] [stdout]    9:     0x634244d1960d - __rustc[e3d8617bb01b7f69]::rust_begin_unwind
[INFO] [stdout]   10:     0x634244d4e95c - core[832e9a552fc17241]::panicking::panic_fmt
[INFO] [stdout]   11:     0x634244d4e922 - core[832e9a552fc17241]::panicking::panic
[INFO] [stdout]   12:     0x634244cc073a - <pba_qualifier_exam[56d99b55d3b16c43]::a_honor_code::multiple_choice_closed_book as core[832e9a552fc17241]::ops::function::Fn<()>>::call
[INFO] [stdout]   13:     0x634244cbfc86 - <pba_qualifier_exam[56d99b55d3b16c43]::a_honor_code::tests::honor_code_respected::{closure#0} as core[832e9a552fc17241]::ops::function::FnOnce<()>>::call_once
[INFO] [stdout]   14:     0x634244cc07cb - test[39766f3d73431624]::__rust_begin_short_backtrace::<core[832e9a552fc17241]::result::Result<(), alloc[3ecab9f82c41dc7d]::string::String>, fn() -> core[832e9a552fc17241]::result::Result<(), alloc[3ecab9f82c41dc7d]::string::String>>
[INFO] [stdout]   15:     0x634244ccde15 - test[39766f3d73431624]::run_test::{closure#0}
[INFO] [stdout]   16:     0x634244cc88c4 - std[97b98282bc616a66]::sys::backtrace::__rust_begin_short_backtrace::<test[39766f3d73431624]::run_test::{closure#1}, ()>
[INFO] [stdout]   17:     0x634244cd0f62 - <std[97b98282bc616a66]::thread::lifecycle::spawn_unchecked<test[39766f3d73431624]::run_test::{closure#1}, ()>::{closure#1} as core[832e9a552fc17241]::ops::function::FnOnce<()>>::call_once::{shim:vtable#0}
[INFO] [stdout]   18:     0x634244d39acf - <std[97b98282bc616a66]::sys::thread::unix::Thread>::new::thread_start
[INFO] [stdout]   19:     0x75398435307a - <unknown>
[INFO] [stdout]   20:     0x7539843e6534 - clone
[INFO] [stdout]   21:                0x0 - <unknown>
[INFO] [stdout] 
[INFO] [stdout] ---- b_multiple_choice::tests::answer_1_a_sanity_check stdout ----
[INFO] [stdout] 
[INFO] [stdout] thread 'b_multiple_choice::tests::answer_1_a_sanity_check' (154) panicked at src/b_multiple_choice.rs:42:5:
[INFO] [stdout] not yet implemented
[INFO] [stdout] stack backtrace:
[INFO] [stdout]    0:     0x634244d3a241 - <<std[97b98282bc616a66]::sys::backtrace::BacktraceLock>::print::DisplayBacktrace as core[832e9a552fc17241]::fmt::Display>::fmt
[INFO] [stdout]    1:     0x634244d4e22a - core[832e9a552fc17241]::fmt::write
[INFO] [stdout]    2:     0x634244d3e6fc - <alloc[3ecab9f82c41dc7d]::vec::Vec<u8> as std[97b98282bc616a66]::io::Write>::write_fmt
[INFO] [stdout]    3:     0x634244d18966 - std[97b98282bc616a66]::panicking::default_hook::{closure#0}
[INFO] [stdout]    4:     0x634244d32469 - std[97b98282bc616a66]::panicking::default_hook
[INFO] [stdout]    5:     0x634244ccd490 - test[39766f3d73431624]::test_main_inner::<test[39766f3d73431624]::test_main_static::{closure#0}>::{closure#0}
[INFO] [stdout]    6:     0x634244d32622 - std[97b98282bc616a66]::panicking::panic_with_hook
[INFO] [stdout]    7:     0x634244d18a44 - std[97b98282bc616a66]::panicking::panic_handler::{closure#0}
[INFO] [stdout]    8:     0x634244d10369 - std[97b98282bc616a66]::sys::backtrace::__rust_end_short_backtrace::<std[97b98282bc616a66]::panicking::panic_handler::{closure#0}, !>
[INFO] [stdout]    9:     0x634244d1960d - __rustc[e3d8617bb01b7f69]::rust_begin_unwind
[INFO] [stdout]   10:     0x634244d4e95c - core[832e9a552fc17241]::panicking::panic_fmt
[INFO] [stdout]   11:     0x634244d4e922 - core[832e9a552fc17241]::panicking::panic
[INFO] [stdout]   12:     0x634244cbf6da - pba_qualifier_exam[56d99b55d3b16c43]::b_multiple_choice::answer_1_a
[INFO] [stdout]   13:     0x634244cbe676 - <pba_qualifier_exam[56d99b55d3b16c43]::b_multiple_choice::answer_1_a as core[832e9a552fc17241]::ops::function::Fn<()>>::call
[INFO] [stdout]   14:     0x634244cbddf8 - pba_qualifier_exam[56d99b55d3b16c43]::b_multiple_choice::tests::sanity_check
[INFO] [stdout]   15:     0x634244cbfdc0 - <pba_qualifier_exam[56d99b55d3b16c43]::b_multiple_choice::tests::answer_1_a_sanity_check::{closure#0} as core[832e9a552fc17241]::ops::function::FnOnce<()>>::call_once
[INFO] [stdout]   16:     0x634244cc07cb - test[39766f3d73431624]::__rust_begin_short_backtrace::<core[832e9a552fc17241]::result::Result<(), alloc[3ecab9f82c41dc7d]::string::String>, fn() -> core[832e9a552fc17241]::result::Result<(), alloc[3ecab9f82c41dc7d]::string::String>>
[INFO] [stdout]   17:     0x634244ccde15 - test[39766f3d73431624]::run_test::{closure#0}
[INFO] [stdout]   18:     0x634244cc88c4 - std[97b98282bc616a66]::sys::backtrace::__rust_begin_short_backtrace::<test[39766f3d73431624]::run_test::{closure#1}, ()>
[INFO] [stdout]   19:     0x634244cd0f62 - <std[97b98282bc616a66]::thread::lifecycle::spawn_unchecked<test[39766f3d73431624]::run_test::{closure#1}, ()>::{closure#1} as core[832e9a552fc17241]::ops::function::FnOnce<()>>::call_once::{shim:vtable#0}
[INFO] [stdout]   20:     0x634244d39acf - <std[97b98282bc616a66]::sys::thread::unix::Thread>::new::thread_start
[INFO] [stdout]   21:     0x75398435307a - <unknown>
[INFO] [stdout]   22:     0x7539843e6534 - clone
[INFO] [stdout]   23:                0x0 - <unknown>
[INFO] [stdout] 
[INFO] [stdout] ---- b_multiple_choice::tests::answer_1_b_sanity_check stdout ----
[INFO] [stdout] 
[INFO] [stdout] thread 'b_multiple_choice::tests::answer_1_b_sanity_check' (155) panicked at src/b_multiple_choice.rs:55:5:
[INFO] [stdout] not yet implemented
[INFO] [stdout] stack backtrace:
[INFO] [stdout]    0:     0x634244d3a241 - <<std[97b98282bc616a66]::sys::backtrace::BacktraceLock>::print::DisplayBacktrace as core[832e9a552fc17241]::fmt::Display>::fmt
[INFO] [stdout]    1:     0x634244d4e22a - core[832e9a552fc17241]::fmt::write
[INFO] [stdout]    2:     0x634244d3e6fc - <alloc[3ecab9f82c41dc7d]::vec::Vec<u8> as std[97b98282bc616a66]::io::Write>::write_fmt
[INFO] [stdout]    3:     0x634244d18966 - std[97b98282bc616a66]::panicking::default_hook::{closure#0}
[INFO] [stdout]    4:     0x634244d32469 - std[97b98282bc616a66]::panicking::default_hook
[INFO] [stdout]    5:     0x634244ccd490 - test[39766f3d73431624]::test_main_inner::<test[39766f3d73431624]::test_main_static::{closure#0}>::{closure#0}
[INFO] [stdout]    6:     0x634244d32622 - std[97b98282bc616a66]::panicking::panic_with_hook
[INFO] [stdout]    7:     0x634244d18a44 - std[97b98282bc616a66]::panicking::panic_handler::{closure#0}
[INFO] [stdout]    8:     0x634244d10369 - std[97b98282bc616a66]::sys::backtrace::__rust_end_short_backtrace::<std[97b98282bc616a66]::panicking::panic_handler::{closure#0}, !>
[INFO] [stdout]    9:     0x634244d1960d - __rustc[e3d8617bb01b7f69]::rust_begin_unwind
[INFO] [stdout]   10:     0x634244d4e95c - core[832e9a552fc17241]::panicking::panic_fmt
[INFO] [stdout]   11:     0x634244d4e922 - core[832e9a552fc17241]::panicking::panic
[INFO] [stdout]   12:     0x634244cbf6fa - pba_qualifier_exam[56d99b55d3b16c43]::b_multiple_choice::answer_1_b
[INFO] [stdout]   13:     0x634244cbe686 - <pba_qualifier_exam[56d99b55d3b16c43]::b_multiple_choice::answer_1_b as core[832e9a552fc17241]::ops::function::Fn<()>>::call
[INFO] [stdout]   14:     0x634244cbddf8 - pba_qualifier_exam[56d99b55d3b16c43]::b_multiple_choice::tests::sanity_check
[INFO] [stdout]   15:     0x634244cbfde0 - <pba_qualifier_exam[56d99b55d3b16c43]::b_multiple_choice::tests::answer_1_b_sanity_check::{closure#0} as core[832e9a552fc17241]::ops::function::FnOnce<()>>::call_once
[INFO] [stdout]   16:     0x634244cc07cb - test[39766f3d73431624]::__rust_begin_short_backtrace::<core[832e9a552fc17241]::result::Result<(), alloc[3ecab9f82c41dc7d]::string::String>, fn() -> core[832e9a552fc17241]::result::Result<(), alloc[3ecab9f82c41dc7d]::string::String>>
[INFO] [stdout]   17:     0x634244ccde15 - test[39766f3d73431624]::run_test::{closure#0}
[INFO] [stdout]   18:     0x634244cc88c4 - std[97b98282bc616a66]::sys::backtrace::__rust_begin_short_backtrace::<test[39766f3d73431624]::run_test::{closure#1}, ()>
[INFO] [stdout]   19:     0x634244cd0f62 - <std[97b98282bc616a66]::thread::lifecycle::spawn_unchecked<test[39766f3d73431624]::run_test::{closure#1}, ()>::{closure#1} as core[832e9a552fc17241]::ops::function::FnOnce<()>>::call_once::{shim:vtable#0}
[INFO] [stdout]   20:     0x634244d39acf - <std[97b98282bc616a66]::sys::thread::unix::Thread>::new::thread_start
[INFO] [stdout]   21:     0x75398435307a - <unknown>
[INFO] [stdout]   22:     0x7539843e6534 - clone
[INFO] [stdout]   23:                0x0 - <unknown>
[INFO] [stdout] 
[INFO] [stdout] ---- b_multiple_choice::tests::answer_1_d_sanity_check stdout ----
[INFO] [stdout] 
[INFO] [stdout] thread 'b_multiple_choice::tests::answer_1_d_sanity_check' (157) panicked at src/b_multiple_choice.rs:81:5:
[INFO] [stdout] not yet implemented
[INFO] [stdout] stack backtrace:
[INFO] [stdout]    0:     0x634244d3a241 - <<std[97b98282bc616a66]::sys::backtrace::BacktraceLock>::print::DisplayBacktrace as core[832e9a552fc17241]::fmt::Display>::fmt
[INFO] [stdout]    1:     0x634244d4e22a - core[832e9a552fc17241]::fmt::write
[INFO] [stdout]    2:     0x634244d3e6fc - <alloc[3ecab9f82c41dc7d]::vec::Vec<u8> as std[97b98282bc616a66]::io::Write>::write_fmt
[INFO] [stdout]    3:     0x634244d18966 - std[97b98282bc616a66]::panicking::default_hook::{closure#0}
[INFO] [stdout]    4:     0x634244d32469 - std[97b98282bc616a66]::panicking::default_hook
[INFO] [stdout]    5:     0x634244ccd490 - test[39766f3d73431624]::test_main_inner::<test[39766f3d73431624]::test_main_static::{closure#0}>::{closure#0}
[INFO] [stdout]    6:     0x634244d32622 - std[97b98282bc616a66]::panicking::panic_with_hook
[INFO] [stdout]    7:     0x634244d18a44 - std[97b98282bc616a66]::panicking::panic_handler::{closure#0}
[INFO] [stdout]    8:     0x634244d10369 - std[97b98282bc616a66]::sys::backtrace::__rust_end_short_backtrace::<std[97b98282bc616a66]::panicking::panic_handler::{closure#0}, !>
[INFO] [stdout]    9:     0x634244d1960d - __rustc[e3d8617bb01b7f69]::rust_begin_unwind
[INFO] [stdout]   10:     0x634244d4e95c - core[832e9a552fc17241]::panicking::panic_fmt
[INFO] [stdout]   11:     0x634244d4e922 - core[832e9a552fc17241]::panicking::panic
[INFO] [stdout]   12:     0x634244cbf73a - pba_qualifier_exam[56d99b55d3b16c43]::b_multiple_choice::answer_1_d
[INFO] [stdout]   13:     0x634244cbe6a6 - <pba_qualifier_exam[56d99b55d3b16c43]::b_multiple_choice::answer_1_d as core[832e9a552fc17241]::ops::function::Fn<()>>::call
[INFO] [stdout]   14:     0x634244cbddf8 - pba_qualifier_exam[56d99b55d3b16c43]::b_multiple_choice::tests::sanity_check
[INFO] [stdout]   15:     0x634244cbfe20 - <pba_qualifier_exam[56d99b55d3b16c43]::b_multiple_choice::tests::answer_1_d_sanity_check::{closure#0} as core[832e9a552fc17241]::ops::function::FnOnce<()>>::call_once
[INFO] [stdout]   16:     0x634244cc07cb - test[39766f3d73431624]::__rust_begin_short_backtrace::<core[832e9a552fc17241]::result::Result<(), alloc[3ecab9f82c41dc7d]::string::String>, fn() -> core[832e9a552fc17241]::result::Result<(), alloc[3ecab9f82c41dc7d]::string::String>>
[INFO] [stdout]   17:     0x634244ccde15 - test[39766f3d73431624]::run_test::{closure#0}
[INFO] [stdout]   18:     0x634244cc88c4 - std[97b98282bc616a66]::sys::backtrace::__rust_begin_short_backtrace::<test[39766f3d73431624]::run_test::{closure#1}, ()>
[INFO] [stdout]   19:     0x634244cd0f62 - <std[97b98282bc616a66]::thread::lifecycle::spawn_unchecked<test[39766f3d73431624]::run_test::{closure#1}, ()>::{closure#1} as core[832e9a552fc17241]::ops::function::FnOnce<()>>::call_once::{shim:vtable#0}
[INFO] [stdout]   20:     0x634244d39acf - <std[97b98282bc616a66]::sys::thread::unix::Thread>::new::thread_start
[INFO] [stdout]   21:     0x75398435307a - <unknown>
[INFO] [stdout]   22:     0x7539843e6534 - clone
[INFO] [stdout]   23:                0x0 - <unknown>
[INFO] [stdout] 
[INFO] [stdout] ---- b_multiple_choice::tests::answer_3_a_sanity_check stdout ----
[INFO] [stdout] 
[INFO] [stdout] thread 'b_multiple_choice::tests::answer_3_a_sanity_check' (159) panicked at src/b_multiple_choice.rs:140:5:
[INFO] [stdout] not yet implemented
[INFO] [stdout] stack backtrace:
[INFO] [stdout]    0:     0x634244d3a241 - <<std[97b98282bc616a66]::sys::backtrace::BacktraceLock>::print::DisplayBacktrace as core[832e9a552fc17241]::fmt::Display>::fmt
[INFO] [stdout]    1:     0x634244d4e22a - core[832e9a552fc17241]::fmt::write
[INFO] [stdout]    2:     0x634244d3e6fc - <alloc[3ecab9f82c41dc7d]::vec::Vec<u8> as std[97b98282bc616a66]::io::Write>::write_fmt
[INFO] [stdout]    3:     0x634244d18966 - std[97b98282bc616a66]::panicking::default_hook::{closure#0}
[INFO] [stdout]    4:     0x634244d32469 - std[97b98282bc616a66]::panicking::default_hook
[INFO] [stdout]    5:     0x634244ccd490 - test[39766f3d73431624]::test_main_inner::<test[39766f3d73431624]::test_main_static::{closure#0}>::{closure#0}
[INFO] [stdout]    6:     0x634244d32622 - std[97b98282bc616a66]::panicking::panic_with_hook
[INFO] [stdout]    7:     0x634244d18a44 - std[97b98282bc616a66]::panicking::panic_handler::{closure#0}
[INFO] [stdout]    8:     0x634244d10369 - std[97b98282bc616a66]::sys::backtrace::__rust_end_short_backtrace::<std[97b98282bc616a66]::panicking::panic_handler::{closure#0}, !>
[INFO] [stdout]    9:     0x634244d1960d - __rustc[e3d8617bb01b7f69]::rust_begin_unwind
[INFO] [stdout]   10:     0x634244d4e95c - core[832e9a552fc17241]::panicking::panic_fmt
[INFO] [stdout]   11:     0x634244d4e922 - core[832e9a552fc17241]::panicking::panic
[INFO] [stdout]   12:     0x634244cbf75a - pba_qualifier_exam[56d99b55d3b16c43]::b_multiple_choice::answer_3_a
[INFO] [stdout]   13:     0x634244cbe6b6 - <pba_qualifier_exam[56d99b55d3b16c43]::b_multiple_choice::answer_3_a as core[832e9a552fc17241]::ops::function::Fn<()>>::call
[INFO] [stdout]   14:     0x634244cbddf8 - pba_qualifier_exam[56d99b55d3b16c43]::b_multiple_choice::tests::sanity_check
[INFO] [stdout]   15:     0x634244cbfe40 - <pba_qualifier_exam[56d99b55d3b16c43]::b_multiple_choice::tests::answer_3_a_sanity_check::{closure#0} as core[832e9a552fc17241]::ops::function::FnOnce<()>>::call_once
[INFO] [stdout]   16:     0x634244cc07cb - test[39766f3d73431624]::__rust_begin_short_backtrace::<core[832e9a552fc17241]::result::Result<(), alloc[3ecab9f82c41dc7d]::string::String>, fn() -> core[832e9a552fc17241]::result::Result<(), alloc[3ecab9f82c41dc7d]::string::String>>
[INFO] [stdout]   17:     0x634244ccde15 - test[39766f3d73431624]::run_test::{closure#0}
[INFO] [stdout]   18:     0x634244cc88c4 - std[97b98282bc616a66]::sys::backtrace::__rust_begin_short_backtrace::<test[39766f3d73431624]::run_test::{closure#1}, ()>
[INFO] [stdout]   19:     0x634244cd0f62 - <std[97b98282bc616a66]::thread::lifecycle::spawn_unchecked<test[39766f3d73431624]::run_test::{closure#1}, ()>::{closure#1} as core[832e9a552fc17241]::ops::function::FnOnce<()>>::call_once::{shim:vtable#0}
[INFO] [stdout]   20:     0x634244d39acf - <std[97b98282bc616a66]::sys::thread::unix::Thread>::new::thread_start
[INFO] [stdout]   21:     0x75398435307a - <unknown>
[INFO] [stdout]   22:     0x7539843e6534 - clone
[INFO] [stdout]   23:                0x0 - <unknown>
[INFO] [stdout] 
[INFO] [stdout] ---- b_multiple_choice::tests::answer_3_b_sanity_check stdout ----
[INFO] [stdout] 
[INFO] [stdout] thread 'b_multiple_choice::tests::answer_3_b_sanity_check' (160) panicked at src/b_multiple_choice.rs:154:5:
[INFO] [stdout] not yet implemented
[INFO] [stdout] stack backtrace:
[INFO] [stdout]    0:     0x634244d3a241 - <<std[97b98282bc616a66]::sys::backtrace::BacktraceLock>::print::DisplayBacktrace as core[832e9a552fc17241]::fmt::Display>::fmt
[INFO] [stdout]    1:     0x634244d4e22a - core[832e9a552fc17241]::fmt::write
[INFO] [stdout]    2:     0x634244d3e6fc - <alloc[3ecab9f82c41dc7d]::vec::Vec<u8> as std[97b98282bc616a66]::io::Write>::write_fmt
[INFO] [stdout]    3:     0x634244d18966 - std[97b98282bc616a66]::panicking::default_hook::{closure#0}
[INFO] [stdout]    4:     0x634244d32469 - std[97b98282bc616a66]::panicking::default_hook
[INFO] [stdout]    5:     0x634244ccd490 - test[39766f3d73431624]::test_main_inner::<test[39766f3d73431624]::test_main_static::{closure#0}>::{closure#0}
[INFO] [stdout]    6:     0x634244d32622 - std[97b98282bc616a66]::panicking::panic_with_hook
[INFO] [stdout]    7:     0x634244d18a44 - std[97b98282bc616a66]::panicking::panic_handler::{closure#0}
[INFO] [stdout]    8:     0x634244d10369 - std[97b98282bc616a66]::sys::backtrace::__rust_end_short_backtrace::<std[97b98282bc616a66]::panicking::panic_handler::{closure#0}, !>
[INFO] [stdout]    9:     0x634244d1960d - __rustc[e3d8617bb01b7f69]::rust_begin_unwind
[INFO] [stdout]   10:     0x634244d4e95c - core[832e9a552fc17241]::panicking::panic_fmt
[INFO] [stdout]   11:     0x634244d4e922 - core[832e9a552fc17241]::panicking::panic
[INFO] [stdout]   12:     0x634244cbf77a - pba_qualifier_exam[56d99b55d3b16c43]::b_multiple_choice::answer_3_b
[INFO] [stdout]   13:     0x634244cbe6c6 - <pba_qualifier_exam[56d99b55d3b16c43]::b_multiple_choice::answer_3_b as core[832e9a552fc17241]::ops::function::Fn<()>>::call
[INFO] [stdout]   14:     0x634244cbddf8 - pba_qualifier_exam[56d99b55d3b16c43]::b_multiple_choice::tests::sanity_check
[INFO] [stdout]   15:     0x634244cbfe60 - <pba_qualifier_exam[56d99b55d3b16c43]::b_multiple_choice::tests::answer_3_b_sanity_check::{closure#0} as core[832e9a552fc17241]::ops::function::FnOnce<()>>::call_once
[INFO] [stdout]   16:     0x634244cc07cb - test[39766f3d73431624]::__rust_begin_short_backtrace::<core[832e9a552fc17241]::result::Result<(), alloc[3ecab9f82c41dc7d]::string::String>, fn() -> core[832e9a552fc17241]::result::Result<(), alloc[3ecab9f82c41dc7d]::string::String>>
[INFO] [stdout]   17:     0x634244ccde15 - test[39766f3d73431624]::run_test::{closure#0}
[INFO] [stdout]   18:     0x634244cc88c4 - std[97b98282bc616a66]::sys::backtrace::__rust_begin_short_backtrace::<test[39766f3d73431624]::run_test::{closure#1}, ()>
[INFO] [stdout]   19:     0x634244cd0f62 - <std[97b98282bc616a66]::thread::lifecycle::spawn_unchecked<test[39766f3d73431624]::run_test::{closure#1}, ()>::{closure#1} as core[832e9a552fc17241]::ops::function::FnOnce<()>>::call_once::{shim:vtable#0}
[INFO] [stdout]   20:     0x634244d39acf - <std[97b98282bc616a66]::sys::thread::unix::Thread>::new::thread_start
[INFO] [stdout]   21:     0x75398435307a - <unknown>
[INFO] [stdout]   22:     0x7539843e6534 - clone
[INFO] [stdout]   23:                0x0 - <unknown>
[INFO] [stdout] 
[INFO] [stdout] ---- b_multiple_choice::tests::answer_2_sanity_check stdout ----
[INFO] [stdout] 
[INFO] [stdout] thread 'b_multiple_choice::tests::answer_2_sanity_check' (158) panicked at src/b_multiple_choice.rs:113:5:
[INFO] [stdout] not yet implemented
[INFO] [stdout] stack backtrace:
[INFO] [stdout]    0:     0x634244d3a241 - <<std[97b98282bc616a66]::sys::backtrace::BacktraceLock>::print::DisplayBacktrace as core[832e9a552fc17241]::fmt::Display>::fmt
[INFO] [stdout]    1:     0x634244d4e22a - core[832e9a552fc17241]::fmt::write
[INFO] [stdout]    2:     0x634244d3e6fc - <alloc[3ecab9f82c41dc7d]::vec::Vec<u8> as std[97b98282bc616a66]::io::Write>::write_fmt
[INFO] [stdout]    3:     0x634244d18966 - std[97b98282bc616a66]::panicking::default_hook::{closure#0}
[INFO] [stdout]    4:     0x634244d32469 - std[97b98282bc616a66]::panicking::default_hook
[INFO] [stdout]    5:     0x634244ccd490 - test[39766f3d73431624]::test_main_inner::<test[39766f3d73431624]::test_main_static::{closure#0}>::{closure#0}
[INFO] [stdout]    6:     0x634244d32622 - std[97b98282bc616a66]::panicking::panic_with_hook
[INFO] [stdout]    7:     0x634244d18a44 - std[97b98282bc616a66]::panicking::panic_handler::{closure#0}
[INFO] [stdout]    8:     0x634244d10369 - std[97b98282bc616a66]::sys::backtrace::__rust_end_short_backtrace::<std[97b98282bc616a66]::panicking::panic_handler::{closure#0}, !>
[INFO] [stdout]    9:     0x634244d1960d - __rustc[e3d8617bb01b7f69]::rust_begin_unwind
[INFO] [stdout]   10:     0x634244d4e95c - core[832e9a552fc17241]::panicking::panic_fmt
[INFO] [stdout]   11:     0x634244d4e922 - core[832e9a552fc17241]::panicking::panic
[INFO] [stdout]   12:     0x634244cbf7da - pba_qualifier_exam[56d99b55d3b16c43]::b_multiple_choice::answer_2
[INFO] [stdout]   13:     0x634244cbe6f6 - <pba_qualifier_exam[56d99b55d3b16c43]::b_multiple_choice::answer_2 as core[832e9a552fc17241]::ops::function::Fn<()>>::call
[INFO] [stdout]   14:     0x634244cbddf8 - pba_qualifier_exam[56d99b55d3b16c43]::b_multiple_choice::tests::sanity_check
[INFO] [stdout]   15:     0x634244cbfd40 - <pba_qualifier_exam[56d99b55d3b16c43]::b_multiple_choice::tests::answer_2_sanity_check::{closure#0} as core[832e9a552fc17241]::ops::function::FnOnce<()>>::call_once
[INFO] [stdout]   16:     0x634244cc07cb - test[39766f3d73431624]::__rust_begin_short_backtrace::<core[832e9a552fc17241]::result::Result<(), alloc[3ecab9f82c41dc7d]::string::String>, fn() -> core[832e9a552fc17241]::result::Result<(), alloc[3ecab9f82c41dc7d]::string::String>>
[INFO] [stdout]   17:     0x634244ccde15 - test[39766f3d73431624]::run_test::{closure#0}
[INFO] [stdout]   18:     0x634244cc88c4 - std[97b98282bc616a66]::sys::backtrace::__rust_begin_short_backtrace::<test[39766f3d73431624]::run_test::{closure#1}, ()>
[INFO] [stdout]   19:     0x634244cd0f62 - <std[97b98282bc616a66]::thread::lifecycle::spawn_unchecked<test[39766f3d73431624]::run_test::{closure#1}, ()>::{closure#1} as core[832e9a552fc17241]::ops::function::FnOnce<()>>::call_once::{shim:vtable#0}
[INFO] [stdout]   20:     0x634244d39acf - <std[97b98282bc616a66]::sys::thread::unix::Thread>::new::thread_start
[INFO] [stdout]   21:     0x75398435307a - <unknown>
[INFO] [stdout]   22:     0x7539843e6534 - clone
[INFO] [stdout]   23:                0x0 - <unknown>
[INFO] [stdout] 
[INFO] [stdout] ---- b_multiple_choice::tests::answer_5_sanity_check stdout ----
[INFO] [stdout] 
[INFO] [stdout] thread 'b_multiple_choice::tests::answer_5_sanity_check' (163) panicked at src/b_multiple_choice.rs:201:5:
[INFO] [stdout] not yet implemented
[INFO] [stdout] stack backtrace:
[INFO] [stdout]    0:     0x634244d3a241 - <<std[97b98282bc616a66]::sys::backtrace::BacktraceLock>::print::DisplayBacktrace as core[832e9a552fc17241]::fmt::Display>::fmt
[INFO] [stdout]    1:     0x634244d4e22a - core[832e9a552fc17241]::fmt::write
[INFO] [stdout]    2:     0x634244d3e6fc - <alloc[3ecab9f82c41dc7d]::vec::Vec<u8> as std[97b98282bc616a66]::io::Write>::write_fmt
[INFO] [stdout]    3:     0x634244d18966 - std[97b98282bc616a66]::panicking::default_hook::{closure#0}
[INFO] [stdout]    4:     0x634244d32469 - std[97b98282bc616a66]::panicking::default_hook
[INFO] [stdout]    5:     0x634244ccd490 - test[39766f3d73431624]::test_main_inner::<test[39766f3d73431624]::test_main_static::{closure#0}>::{closure#0}
[INFO] [stdout]    6:     0x634244d32622 - std[97b98282bc616a66]::panicking::panic_with_hook
[INFO] [stdout]    7:     0x634244d18a44 - std[97b98282bc616a66]::panicking::panic_handler::{closure#0}
[INFO] [stdout]    8:     0x634244d10369 - std[97b98282bc616a66]::sys::backtrace::__rust_end_short_backtrace::<std[97b98282bc616a66]::panicking::panic_handler::{closure#0}, !>
[INFO] [stdout]    9:     0x634244d1960d - __rustc[e3d8617bb01b7f69]::rust_begin_unwind
[INFO] [stdout]   10:     0x634244d4e95c - core[832e9a552fc17241]::panicking::panic_fmt
[INFO] [stdout]   11:     0x634244d4e922 - core[832e9a552fc17241]::panicking::panic
[INFO] [stdout]   12:     0x634244cbf7fa - pba_qualifier_exam[56d99b55d3b16c43]::b_multiple_choice::answer_5
[INFO] [stdout]   13:     0x634244cbe706 - <pba_qualifier_exam[56d99b55d3b16c43]::b_multiple_choice::answer_5 as core[832e9a552fc17241]::ops::function::Fn<()>>::call
[INFO] [stdout]   14:     0x634244cbddf8 - pba_qualifier_exam[56d99b55d3b16c43]::b_multiple_choice::tests::sanity_check
[INFO] [stdout]   15:     0x634244cbfd60 - <pba_qualifier_exam[56d99b55d3b16c43]::b_multiple_choice::tests::answer_5_sanity_check::{closure#0} as core[832e9a552fc17241]::ops::function::FnOnce<()>>::call_once
[INFO] [stdout]   16:     0x634244cc07cb - test[39766f3d73431624]::__rust_begin_short_backtrace::<core[832e9a552fc17241]::result::Result<(), alloc[3ecab9f82c41dc7d]::string::String>, fn() -> core[832e9a552fc17241]::result::Result<(), alloc[3ecab9f82c41dc7d]::string::String>>
[INFO] [stdout]   17:     0x634244ccde15 - test[39766f3d73431624]::run_test::{closure#0}
[INFO] [stdout]   18:     0x634244cc88c4 - std[97b98282bc616a66]::sys::backtrace::__rust_begin_short_backtrace::<test[39766f3d73431624]::run_test::{closure#1}, ()>
[INFO] [stdout]   19:     0x634244cd0f62 - <std[97b98282bc616a66]::thread::lifecycle::spawn_unchecked<test[39766f3d73431624]::run_test::{closure#1}, ()>::{closure#1} as core[832e9a552fc17241]::ops::function::FnOnce<()>>::call_once::{shim:vtable#0}
[INFO] [stdout]   20:     0x634244d39acf - <std[97b98282bc616a66]::sys::thread::unix::Thread>::new::thread_start
[INFO] [stdout]   21:     0x75398435307a - <unknown>
[INFO] [stdout]   22:     0x7539843e6534 - clone
[INFO] [stdout]   23:                0x0 - <unknown>
[INFO] [stdout] 
[INFO] [stdout] ---- b_multiple_choice::tests::answer_7_sanity_check stdout ----
[INFO] [stdout] 
[INFO] [stdout] thread 'b_multiple_choice::tests::answer_7_sanity_check' (165) panicked at src/b_multiple_choice.rs:280:5:
[INFO] [stdout] not yet implemented
[INFO] [stdout] stack backtrace:
[INFO] [stdout]    0:     0x634244d3a241 - <<std[97b98282bc616a66]::sys::backtrace::BacktraceLock>::print::DisplayBacktrace as core[832e9a552fc17241]::fmt::Display>::fmt
[INFO] [stdout]    1:     0x634244d4e22a - core[832e9a552fc17241]::fmt::write
[INFO] [stdout]    2:     0x634244d3e6fc - <alloc[3ecab9f82c41dc7d]::vec::Vec<u8> as std[97b98282bc616a66]::io::Write>::write_fmt
[INFO] [stdout]    3:     0x634244d18966 - std[97b98282bc616a66]::panicking::default_hook::{closure#0}
[INFO] [stdout]    4:     0x634244d32469 - std[97b98282bc616a66]::panicking::default_hook
[INFO] [stdout]    5:     0x634244ccd490 - test[39766f3d73431624]::test_main_inner::<test[39766f3d73431624]::test_main_static::{closure#0}>::{closure#0}
[INFO] [stdout]    6:     0x634244d32622 - std[97b98282bc616a66]::panicking::panic_with_hook
[INFO] [stdout]    7:     0x634244d18a44 - std[97b98282bc616a66]::panicking::panic_handler::{closure#0}
[INFO] [stdout]    8:     0x634244d10369 - std[97b98282bc616a66]::sys::backtrace::__rust_end_short_backtrace::<std[97b98282bc616a66]::panicking::panic_handler::{closure#0}, !>
[INFO] [stdout]    9:     0x634244d1960d - __rustc[e3d8617bb01b7f69]::rust_begin_unwind
[INFO] [stdout]   10:     0x634244d4e95c - core[832e9a552fc17241]::panicking::panic_fmt
[INFO] [stdout]   11:     0x634244d4e922 - core[832e9a552fc17241]::panicking::panic
[INFO] [stdout]   12:     0x634244cbf83a - pba_qualifier_exam[56d99b55d3b16c43]::b_multiple_choice::answer_7
[INFO] [stdout]   13:     0x634244cbe726 - <pba_qualifier_exam[56d99b55d3b16c43]::b_multiple_choice::answer_7 as core[832e9a552fc17241]::ops::function::Fn<()>>::call
[INFO] [stdout]   14:     0x634244cbddf8 - pba_qualifier_exam[56d99b55d3b16c43]::b_multiple_choice::tests::sanity_check
[INFO] [stdout]   15:     0x634244cbfda0 - <pba_qualifier_exam[56d99b55d3b16c43]::b_multiple_choice::tests::answer_7_sanity_check::{closure#0} as core[832e9a552fc17241]::ops::function::FnOnce<()>>::call_once
[INFO] [stdout]   16:     0x634244cc07cb - test[39766f3d73431624]::__rust_begin_short_backtrace::<core[832e9a552fc17241]::result::Result<(), alloc[3ecab9f82c41dc7d]::string::String>, fn() -> core[832e9a552fc17241]::result::Result<(), alloc[3ecab9f82c41dc7d]::string::String>>
[INFO] [stdout]   17:     0x634244ccde15 - test[39766f3d73431624]::run_test::{closure#0}
[INFO] [stdout]   18:     0x634244cc88c4 - std[97b98282bc616a66]::sys::backtrace::__rust_begin_short_backtrace::<test[39766f3d73431624]::run_test::{closure#1}, ()>
[INFO] [stdout]   19:     0x634244cd0f62 - <std[97b98282bc616a66]::thread::lifecycle::spawn_unchecked<test[39766f3d73431624]::run_test::{closure#1}, ()>::{closure#1} as core[832e9a552fc17241]::ops::function::FnOnce<()>>::call_once::{shim:vtable#0}
[INFO] [stdout]   20:     0x634244d39acf - <std[97b98282bc616a66]::sys::thread::unix::Thread>::new::thread_start
[INFO] [stdout]   21:     0x75398435307a - <unknown>
[INFO] [stdout]   22:     0x7539843e6534 - clone
[INFO] [stdout]   23:                0x0 - <unknown>
[INFO] [stdout] 
[INFO] [stdout] ---- b_multiple_choice::tests::answer_4_a_sanity_check stdout ----
[INFO] [stdout] 
[INFO] [stdout] thread 'b_multiple_choice::tests::answer_4_a_sanity_check' (161) panicked at src/b_multiple_choice.rs:175:5:
[INFO] [stdout] not yet implemented
[INFO] [stdout] stack backtrace:
[INFO] [stdout]    0:     0x634244d3a241 - <<std[97b98282bc616a66]::sys::backtrace::BacktraceLock>::print::DisplayBacktrace as core[832e9a552fc17241]::fmt::Display>::fmt
[INFO] [stdout]    1:     0x634244d4e22a - core[832e9a552fc17241]::fmt::write
[INFO] [stdout]    2:     0x634244d3e6fc - <alloc[3ecab9f82c41dc7d]::vec::Vec<u8> as std[97b98282bc616a66]::io::Write>::write_fmt
[INFO] [stdout]    3:     0x634244d18966 - std[97b98282bc616a66]::panicking::default_hook::{closure#0}
[INFO] [stdout]    4:     0x634244d32469 - std[97b98282bc616a66]::panicking::default_hook
[INFO] [stdout]    5:     0x634244ccd490 - test[39766f3d73431624]::test_main_inner::<test[39766f3d73431624]::test_main_static::{closure#0}>::{closure#0}
[INFO] [stdout]    6:     0x634244d32622 - std[97b98282bc616a66]::panicking::panic_with_hook
[INFO] [stdout]    7:     0x634244d18a44 - std[97b98282bc616a66]::panicking::panic_handler::{closure#0}
[INFO] [stdout]    8:     0x634244d10369 - std[97b98282bc616a66]::sys::backtrace::__rust_end_short_backtrace::<std[97b98282bc616a66]::panicking::panic_handler::{closure#0}, !>
[INFO] [stdout]    9:     0x634244d1960d - __rustc[e3d8617bb01b7f69]::rust_begin_unwind
[INFO] [stdout]   10:     0x634244d4e95c - core[832e9a552fc17241]::panicking::panic_fmt
[INFO] [stdout]   11:     0x634244d4e922 - core[832e9a552fc17241]::panicking::panic
[INFO] [stdout]   12:     0x634244cbf79a - pba_qualifier_exam[56d99b55d3b16c43]::b_multiple_choice::answer_4_a
[INFO] [stdout]   13:     0x634244cbe6d6 - <pba_qualifier_exam[56d99b55d3b16c43]::b_multiple_choice::answer_4_a as core[832e9a552fc17241]::ops::function::Fn<()>>::call
[INFO] [stdout]   14:     0x634244cbddf8 - pba_qualifier_exam[56d99b55d3b16c43]::b_multiple_choice::tests::sanity_check
[INFO] [stdout]   15:     0x634244cbfe80 - <pba_qualifier_exam[56d99b55d3b16c43]::b_multiple_choice::tests::answer_4_a_sanity_check::{closure#0} as core[832e9a552fc17241]::ops::function::FnOnce<()>>::call_once
[INFO] [stdout]   16:     0x634244cc07cb - test[39766f3d73431624]::__rust_begin_short_backtrace::<core[832e9a552fc17241]::result::Result<(), alloc[3ecab9f82c41dc7d]::string::String>, fn() -> core[832e9a552fc17241]::result::Result<(), alloc[3ecab9f82c41dc7d]::string::String>>
[INFO] [stdout]   17:     0x634244ccde15 - test[39766f3d73431624]::run_test::{closure#0}
[INFO] [stdout]   18:     0x634244cc88c4 - std[97b98282bc616a66]::sys::backtrace::__rust_begin_short_backtrace::<test[39766f3d73431624]::run_test::{closure#1}, ()>
[INFO] [stdout]   19:     0x634244cd0f62 - <std[97b98282bc616a66]::thread::lifecycle::spawn_unchecked<test[39766f3d73431624]::run_test::{closure#1}, ()>::{closure#1} as core[832e9a552fc17241]::ops::function::FnOnce<()>>::call_once::{shim:vtable#0}
[INFO] [stdout]   20:     0x634244d39acf - <std[97b98282bc616a66]::sys::thread::unix::Thread>::new::thread_start
[INFO] [stdout]   21:     0x75398435307a - <unknown>
[INFO] [stdout]   22:     0x7539843e6534 - clone
[INFO] [stdout]   23:                0x0 - <unknown>
[INFO] [stdout] 
[INFO] [stdout] ---- b_multiple_choice::tests::answer_4_b_sanity_check stdout ----
[INFO] [stdout] 
[INFO] [stdout] thread 'b_multiple_choice::tests::answer_4_b_sanity_check' (162) panicked at src/b_multiple_choice.rs:188:5:
[INFO] [stdout] not yet implemented
[INFO] [stdout] stack backtrace:
[INFO] [stdout]    0:     0x634244d3a241 - <<std[97b98282bc616a66]::sys::backtrace::BacktraceLock>::print::DisplayBacktrace as core[832e9a552fc17241]::fmt::Display>::fmt
[INFO] [stdout]    1:     0x634244d4e22a - core[832e9a552fc17241]::fmt::write
[INFO] [stdout]    2:     0x634244d3e6fc - <alloc[3ecab9f82c41dc7d]::vec::Vec<u8> as std[97b98282bc616a66]::io::Write>::write_fmt
[INFO] [stdout]    3:     0x634244d18966 - std[97b98282bc616a66]::panicking::default_hook::{closure#0}
[INFO] [stdout]    4:     0x634244d32469 - std[97b98282bc616a66]::panicking::default_hook
[INFO] [stdout]    5:     0x634244ccd490 - test[39766f3d73431624]::test_main_inner::<test[39766f3d73431624]::test_main_static::{closure#0}>::{closure#0}
[INFO] [stdout]    6:     0x634244d32622 - std[97b98282bc616a66]::panicking::panic_with_hook
[INFO] [stdout]    7:     0x634244d18a44 - std[97b98282bc616a66]::panicking::panic_handler::{closure#0}
[INFO] [stdout]    8:     0x634244d10369 - std[97b98282bc616a66]::sys::backtrace::__rust_end_short_backtrace::<std[97b98282bc616a66]::panicking::panic_handler::{closure#0}, !>
[INFO] [stdout]    9:     0x634244d1960d - __rustc[e3d8617bb01b7f69]::rust_begin_unwind
[INFO] [stdout]   10:     0x634244d4e95c - core[832e9a552fc17241]::panicking::panic_fmt
[INFO] [stdout]   11:     0x634244d4e922 - core[832e9a552fc17241]::panicking::panic
[INFO] [stdout]   12:     0x634244cbf7ba - pba_qualifier_exam[56d99b55d3b16c43]::b_multiple_choice::answer_4_b
[INFO] [stdout]   13:     0x634244cbe6e6 - <pba_qualifier_exam[56d99b55d3b16c43]::b_multiple_choice::answer_4_b as core[832e9a552fc17241]::ops::function::Fn<()>>::call
[INFO] [stdout]   14:     0x634244cbddf8 - pba_qualifier_exam[56d99b55d3b16c43]::b_multiple_choice::tests::sanity_check
[INFO] [stdout]   15:     0x634244cbfea0 - <pba_qualifier_exam[56d99b55d3b16c43]::b_multiple_choice::tests::answer_4_b_sanity_check::{closure#0} as core[832e9a552fc17241]::ops::function::FnOnce<()>>::call_once
[INFO] [stdout]   16:     0x634244cc07cb - test[39766f3d73431624]::__rust_begin_short_backtrace::<core[832e9a552fc17241]::result::Result<(), alloc[3ecab9f82c41dc7d]::string::String>, fn() -> core[832e9a552fc17241]::result::Result<(), alloc[3ecab9f82c41dc7d]::string::String>>
[INFO] [stdout]   17:     0x634244ccde15 - test[39766f3d73431624]::run_test::{closure#0}
[INFO] [stdout]   18:     0x634244cc88c4 - std[97b98282bc616a66]::sys::backtrace::__rust_begin_short_backtrace::<test[39766f3d73431624]::run_test::{closure#1}, ()>
[INFO] [stdout]   19:     0x634244cd0f62 - <std[97b98282bc616a66]::thread::lifecycle::spawn_unchecked<test[39766f3d73431624]::run_test::{closure#1}, ()>::{closure#1} as core[832e9a552fc17241]::ops::function::FnOnce<()>>::call_once::{shim:vtable#0}
[INFO] [stdout]   20:     0x634244d39acf - <std[97b98282bc616a66]::sys::thread::unix::Thread>::new::thread_start
[INFO] [stdout]   21:     0x75398435307a - <unknown>
[INFO] [stdout]   22:     0x7539843e6534 - clone
[INFO] [stdout]   23:                0x0 - <unknown>
[INFO] [stdout] 
[INFO] [stdout] ---- b_multiple_choice::tests::answer_6_sanity_check stdout ----
[INFO] [stdout] 
[INFO] [stdout] thread 'b_multiple_choice::tests::answer_6_sanity_check' (164) panicked at src/b_multiple_choice.rs:237:5:
[INFO] [stdout] not yet implemented
[INFO] [stdout] stack backtrace:
[INFO] [stdout]    0:     0x634244d3a241 - <<std[97b98282bc616a66]::sys::backtrace::BacktraceLock>::print::DisplayBacktrace as core[832e9a552fc17241]::fmt::Display>::fmt
[INFO] [stdout]    1:     0x634244d4e22a - core[832e9a552fc17241]::fmt::write
[INFO] [stdout]    2:     0x634244d3e6fc - <alloc[3ecab9f82c41dc7d]::vec::Vec<u8> as std[97b98282bc616a66]::io::Write>::write_fmt
[INFO] [stdout]    3:     0x634244d18966 - std[97b98282bc616a66]::panicking::default_hook::{closure#0}
[INFO] [stdout]    4:     0x634244d32469 - std[97b98282bc616a66]::panicking::default_hook
[INFO] [stdout]    5:     0x634244ccd490 - test[39766f3d73431624]::test_main_inner::<test[39766f3d73431624]::test_main_static::{closure#0}>::{closure#0}
[INFO] [stdout]    6:     0x634244d32622 - std[97b98282bc616a66]::panicking::panic_with_hook
[INFO] [stdout]    7:     0x634244d18a44 - std[97b98282bc616a66]::panicking::panic_handler::{closure#0}
[INFO] [stdout]    8:     0x634244d10369 - std[97b98282bc616a66]::sys::backtrace::__rust_end_short_backtrace::<std[97b98282bc616a66]::panicking::panic_handler::{closure#0}, !>
[INFO] [stdout]    9:     0x634244d1960d - __rustc[e3d8617bb01b7f69]::rust_begin_unwind
[INFO] [stdout]   10:     0x634244d4e95c - core[832e9a552fc17241]::panicking::panic_fmt
[INFO] [stdout]   11:     0x634244d4e922 - core[832e9a552fc17241]::panicking::panic
[INFO] [stdout]   12:     0x634244cbf81a - pba_qualifier_exam[56d99b55d3b16c43]::b_multiple_choice::answer_6
[INFO] [stdout]   13:     0x634244cbe716 - <pba_qualifier_exam[56d99b55d3b16c43]::b_multiple_choice::answer_6 as core[832e9a552fc17241]::ops::function::Fn<()>>::call
[INFO] [stdout]   14:     0x634244cbddf8 - pba_qualifier_exam[56d99b55d3b16c43]::b_multiple_choice::tests::sanity_check
[INFO] [stdout]   15:     0x634244cbfd80 - <pba_qualifier_exam[56d99b55d3b16c43]::b_multiple_choice::tests::answer_6_sanity_check::{closure#0} as core[832e9a552fc17241]::ops::function::FnOnce<()>>::call_once
[INFO] [stdout]   16:     0x634244cc07cb - test[39766f3d73431624]::__rust_begin_short_backtrace::<core[832e9a552fc17241]::result::Result<(), alloc[3ecab9f82c41dc7d]::string::String>, fn() -> core[832e9a552fc17241]::result::Result<(), alloc[3ecab9f82c41dc7d]::string::String>>
[INFO] [stdout]   17:     0x634244ccde15 - test[39766f3d73431624]::run_test::{closure#0}
[INFO] [stdout]   18:     0x634244cc88c4 - std[97b98282bc616a66]::sys::backtrace::__rust_begin_short_backtrace::<test[39766f3d73431624]::run_test::{closure#1}, ()>
[INFO] [stdout]   19:     0x634244cd0f62 - <std[97b98282bc616a66]::thread::lifecycle::spawn_unchecked<test[39766f3d73431624]::run_test::{closure#1}, ()>::{closure#1} as core[832e9a552fc17241]::ops::function::FnOnce<()>>::call_once::{shim:vtable#0}
[INFO] [stdout]   20:     0x634244d39acf - <std[97b98282bc616a66]::sys::thread::unix::Thread>::new::thread_start
[INFO] [stdout]   21:     0x75398435307a - <unknown>
[INFO] [stdout]   22:     0x7539843e6534 - clone
[INFO] [stdout]   23:                0x0 - <unknown>
[INFO] [stdout] 
[INFO] [stdout] ---- d_pattern_matching::tests::test_match_1_false stdout ----
[INFO] [stdout] 
[INFO] [stdout] thread 'd_pattern_matching::tests::test_match_1_false' (166) panicked at src/d_pattern_matching.rs:9:5:
[INFO] [stdout] not yet implemented
[INFO] [stdout] stack backtrace:
[INFO] [stdout]    0:     0x634244d3a241 - <<std[97b98282bc616a66]::sys::backtrace::BacktraceLock>::print::DisplayBacktrace as core[832e9a552fc17241]::fmt::Display>::fmt
[INFO] [stdout]    1:     0x634244d4e22a - core[832e9a552fc17241]::fmt::write
[INFO] [stdout]    2:     0x634244d3e6fc - <alloc[3ecab9f82c41dc7d]::vec::Vec<u8> as std[97b98282bc616a66]::io::Write>::write_fmt
[INFO] [stdout]    3:     0x634244d18966 - std[97b98282bc616a66]::panicking::default_hook::{closure#0}
[INFO] [stdout]    4:     0x634244d32469 - std[97b98282bc616a66]::panicking::default_hook
[INFO] [stdout]    5:     0x634244ccd490 - test[39766f3d73431624]::test_main_inner::<test[39766f3d73431624]::test_main_static::{closure#0}>::{closure#0}
[INFO] [stdout]    6:     0x634244d32622 - std[97b98282bc616a66]::panicking::panic_with_hook
[INFO] [stdout]    7:     0x634244d18a44 - std[97b98282bc616a66]::panicking::panic_handler::{closure#0}
[INFO] [stdout]    8:     0x634244d10369 - std[97b98282bc616a66]::sys::backtrace::__rust_end_short_backtrace::<std[97b98282bc616a66]::panicking::panic_handler::{closure#0}, !>
[INFO] [stdout]    9:     0x634244d1960d - __rustc[e3d8617bb01b7f69]::rust_begin_unwind
[INFO] [stdout]   10:     0x634244d4e95c - core[832e9a552fc17241]::panicking::panic_fmt
[INFO] [stdout]   11:     0x634244d4e922 - core[832e9a552fc17241]::panicking::panic
[INFO] [stdout]   12:     0x634244cbf867 - pba_qualifier_exam[56d99b55d3b16c43]::d_pattern_matching::match_1
[INFO] [stdout]   13:     0x634244cc04b0 - <pba_qualifier_exam[56d99b55d3b16c43]::d_pattern_matching::tests::test_match_1_false::{closure#0} as core[832e9a552fc17241]::ops::function::FnOnce<()>>::call_once
[INFO] [stdout]   14:     0x634244cc07cb - test[39766f3d73431624]::__rust_begin_short_backtrace::<core[832e9a552fc17241]::result::Result<(), alloc[3ecab9f82c41dc7d]::string::String>, fn() -> core[832e9a552fc17241]::result::Result<(), alloc[3ecab9f82c41dc7d]::string::String>>
[INFO] [stdout]   15:     0x634244ccde15 - test[39766f3d73431624]::run_test::{closure#0}
[INFO] [stdout]   16:     0x634244cc88c4 - std[97b98282bc616a66]::sys::backtrace::__rust_begin_short_backtrace::<test[39766f3d73431624]::run_test::{closure#1}, ()>
[INFO] [stdout]   17:     0x634244cd0f62 - <std[97b98282bc616a66]::thread::lifecycle::spawn_unchecked<test[39766f3d73431624]::run_test::{closure#1}, ()>::{closure#1} as core[832e9a552fc17241]::ops::function::FnOnce<()>>::call_once::{shim:vtable#0}
[INFO] [stdout]   18:     0x634244d39acf - <std[97b98282bc616a66]::sys::thread::unix::Thread>::new::thread_start
[INFO] [stdout]   19:     0x75398435307a - <unknown>
[INFO] [stdout]   20:     0x7539843e6534 - clone
[INFO] [stdout]   21:                0x0 - <unknown>
[INFO] [stdout] 
[INFO] [stdout] ---- d_pattern_matching::tests::test_match_3 stdout ----
[INFO] [stdout] 
[INFO] [stdout] thread 'd_pattern_matching::tests::test_match_3' (169) panicked at src/d_pattern_matching.rs:19:5:
[INFO] [stdout] not yet implemented
[INFO] [stdout] stack backtrace:
[INFO] [stdout]    0:     0x634244d3a241 - <<std[97b98282bc616a66]::sys::backtrace::BacktraceLock>::print::DisplayBacktrace as core[832e9a552fc17241]::fmt::Display>::fmt
[INFO] [stdout]    1:     0x634244d4e22a - core[832e9a552fc17241]::fmt::write
[INFO] [stdout]    2:     0x634244d3e6fc - <alloc[3ecab9f82c41dc7d]::vec::Vec<u8> as std[97b98282bc616a66]::io::Write>::write_fmt
[INFO] [stdout]    3:     0x634244d18966 - std[97b98282bc616a66]::panicking::default_hook::{closure#0}
[INFO] [stdout]    4:     0x634244d32469 - std[97b98282bc616a66]::panicking::default_hook
[INFO] [stdout]    5:     0x634244ccd490 - test[39766f3d73431624]::test_main_inner::<test[39766f3d73431624]::test_main_static::{closure#0}>::{closure#0}
[INFO] [stdout]    6:     0x634244d32622 - std[97b98282bc616a66]::panicking::panic_with_hook
[INFO] [stdout]    7:     0x634244d18a44 - std[97b98282bc616a66]::panicking::panic_handler::{closure#0}
[INFO] [stdout]    8:     0x634244d10369 - std[97b98282bc616a66]::sys::backtrace::__rust_end_short_backtrace::<std[97b98282bc616a66]::panicking::panic_handler::{closure#0}, !>
[INFO] [stdout]    9:     0x634244d1960d - __rustc[e3d8617bb01b7f69]::rust_begin_unwind
[INFO] [stdout]   10:     0x634244d4e95c - core[832e9a552fc17241]::panicking::panic_fmt
[INFO] [stdout]   11:     0x634244d4e922 - core[832e9a552fc17241]::panicking::panic
[INFO] [stdout]   12:     0x634244cbf97a - pba_qualifier_exam[56d99b55d3b16c43]::d_pattern_matching::match_3
[INFO] [stdout]   13:     0x634244cc0166 - <pba_qualifier_exam[56d99b55d3b16c43]::d_pattern_matching::tests::test_match_3::{closure#0} as core[832e9a552fc17241]::ops::function::FnOnce<()>>::call_once
[INFO] [stdout]   14:     0x634244cc07cb - test[39766f3d73431624]::__rust_begin_short_backtrace::<core[832e9a552fc17241]::result::Result<(), alloc[3ecab9f82c41dc7d]::string::String>, fn() -> core[832e9a552fc17241]::result::Result<(), alloc[3ecab9f82c41dc7d]::string::String>>
[INFO] [stdout]   15:     0x634244ccde15 - test[39766f3d73431624]::run_test::{closure#0}
[INFO] [stdout]   16:     0x634244cc88c4 - std[97b98282bc616a66]::sys::backtrace::__rust_begin_short_backtrace::<test[39766f3d73431624]::run_test::{closure#1}, ()>
[INFO] [stdout]   17:     0x634244cd0f62 - <std[97b98282bc616a66]::thread::lifecycle::spawn_unchecked<test[39766f3d73431624]::run_test::{closure#1}, ()>::{closure#1} as core[832e9a552fc17241]::ops::function::FnOnce<()>>::call_once::{shim:vtable#0}
[INFO] [stdout]   18:     0x634244d39acf - <std[97b98282bc616a66]::sys::thread::unix::Thread>::new::thread_start
[INFO] [stdout]   19:     0x75398435307a - <unknown>
[INFO] [stdout]   20:     0x7539843e6534 - clone
[INFO] [stdout]   21:                0x0 - <unknown>
[INFO] [stdout] 
[INFO] [stdout] ---- d_pattern_matching::tests::test_match_2 stdout ----
[INFO] [stdout] 
[INFO] [stdout] thread 'd_pattern_matching::tests::test_match_2' (168) panicked at src/d_pattern_matching.rs:14:5:
[INFO] [stdout] not yet implemented
[INFO] [stdout] stack backtrace:
[INFO] [stdout]    0:     0x634244d3a241 - <<std[97b98282bc616a66]::sys::backtrace::BacktraceLock>::print::DisplayBacktrace as core[832e9a552fc17241]::fmt::Display>::fmt
[INFO] [stdout]    1:     0x634244d4e22a - core[832e9a552fc17241]::fmt::write
[INFO] [stdout]    2:     0x634244d3e6fc - <alloc[3ecab9f82c41dc7d]::vec::Vec<u8> as std[97b98282bc616a66]::io::Write>::write_fmt
[INFO] [stdout]    3:     0x634244d18966 - std[97b98282bc616a66]::panicking::default_hook::{closure#0}
[INFO] [stdout]    4:     0x634244d32469 - std[97b98282bc616a66]::panicking::default_hook
[INFO] [stdout]    5:     0x634244ccd490 - test[39766f3d73431624]::test_main_inner::<test[39766f3d73431624]::test_main_static::{closure#0}>::{closure#0}
[INFO] [stdout]    6:     0x634244d32622 - std[97b98282bc616a66]::panicking::panic_with_hook
[INFO] [stdout]    7:     0x634244d18a44 - std[97b98282bc616a66]::panicking::panic_handler::{closure#0}
[INFO] [stdout]    8:     0x634244d10369 - std[97b98282bc616a66]::sys::backtrace::__rust_end_short_backtrace::<std[97b98282bc616a66]::panicking::panic_handler::{closure#0}, !>
[INFO] [stdout]    9:     0x634244d1960d - __rustc[e3d8617bb01b7f69]::rust_begin_unwind
[INFO] [stdout]   10:     0x634244d4e95c - core[832e9a552fc17241]::panicking::panic_fmt
[INFO] [stdout]   11:     0x634244d4e922 - core[832e9a552fc17241]::panicking::panic
[INFO] [stdout]   12:     0x634244cbf8f7 - pba_qualifier_exam[56d99b55d3b16c43]::d_pattern_matching::match_2
[INFO] [stdout]   13:     0x634244cc00dc - <pba_qualifier_exam[56d99b55d3b16c43]::d_pattern_matching::tests::test_match_2::{closure#0} as core[832e9a552fc17241]::ops::function::FnOnce<()>>::call_once
[INFO] [stdout]   14:     0x634244cc07cb - test[39766f3d73431624]::__rust_begin_short_backtrace::<core[832e9a552fc17241]::result::Result<(), alloc[3ecab9f82c41dc7d]::string::String>, fn() -> core[832e9a552fc17241]::result::Result<(), alloc[3ecab9f82c41dc7d]::string::String>>
[INFO] [stdout]   15:     0x634244ccde15 - test[39766f3d73431624]::run_test::{closure#0}
[INFO] [stdout]   16:     0x634244cc88c4 - std[97b98282bc616a66]::sys::backtrace::__rust_begin_short_backtrace::<test[39766f3d73431624]::run_test::{closure#1}, ()>
[INFO] [stdout]   17:     0x634244cd0f62 - <std[97b98282bc616a66]::thread::lifecycle::spawn_unchecked<test[39766f3d73431624]::run_test::{closure#1}, ()>::{closure#1} as core[832e9a552fc17241]::ops::function::FnOnce<()>>::call_once::{shim:vtable#0}
[INFO] [stdout]   18:     0x634244d39acf - <std[97b98282bc616a66]::sys::thread::unix::Thread>::new::thread_start
[INFO] [stdout]   19:     0x75398435307a - <unknown>
[INFO] [stdout]   20:     0x7539843e6534 - clone
[INFO] [stderr] error: test failed, to rerun pass `--lib`
[INFO] [stdout]   21:                0x0 - <unknown>
[INFO] [stdout] 
[INFO] [stdout] ---- d_pattern_matching::tests::test_match_1_true stdout ----
[INFO] [stdout] 
[INFO] [stdout] thread 'd_pattern_matching::tests::test_match_1_true' (167) panicked at src/d_pattern_matching.rs:9:5:
[INFO] [stdout] not yet implemented
[INFO] [stdout] stack backtrace:
[INFO] [stdout]    0:     0x634244d3a241 - <<std[97b98282bc616a66]::sys::backtrace::BacktraceLock>::print::DisplayBacktrace as core[832e9a552fc17241]::fmt::Display>::fmt
[INFO] [stdout]    1:     0x634244d4e22a - core[832e9a552fc17241]::fmt::write
[INFO] [stdout]    2:     0x634244d3e6fc - <alloc[3ecab9f82c41dc7d]::vec::Vec<u8> as std[97b98282bc616a66]::io::Write>::write_fmt
[INFO] [stdout]    3:     0x634244d18966 - std[97b98282bc616a66]::panicking::default_hook::{closure#0}
[INFO] [stdout]    4:     0x634244d32469 - std[97b98282bc616a66]::panicking::default_hook
[INFO] [stdout]    5:     0x634244ccd490 - test[39766f3d73431624]::test_main_inner::<test[39766f3d73431624]::test_main_static::{closure#0}>::{closure#0}
[INFO] [stdout]    6:     0x634244d32622 - std[97b98282bc616a66]::panicking::panic_with_hook
[INFO] [stdout]    7:     0x634244d18a44 - std[97b98282bc616a66]::panicking::panic_handler::{closure#0}
[INFO] [stdout]    8:     0x634244d10369 - std[97b98282bc616a66]::sys::backtrace::__rust_end_short_backtrace::<std[97b98282bc616a66]::panicking::panic_handler::{closure#0}, !>
[INFO] [stdout]    9:     0x634244d1960d - __rustc[e3d8617bb01b7f69]::rust_begin_unwind
[INFO] [stdout]   10:     0x634244d4e95c - core[832e9a552fc17241]::panicking::panic_fmt
[INFO] [stdout]   11:     0x634244d4e922 - core[832e9a552fc17241]::panicking::panic
[INFO] [stdout]   12:     0x634244cbf867 - pba_qualifier_exam[56d99b55d3b16c43]::d_pattern_matching::match_1
[INFO] [stdout]   13:     0x634244cc02f9 - <pba_qualifier_exam[56d99b55d3b16c43]::d_pattern_matching::tests::test_match_1_true::{closure#0} as core[832e9a552fc17241]::ops::function::FnOnce<()>>::call_once
[INFO] [stdout]   14:     0x634244cc07cb - test[39766f3d73431624]::__rust_begin_short_backtrace::<core[832e9a552fc17241]::result::Result<(), alloc[3ecab9f82c41dc7d]::string::String>, fn() -> core[832e9a552fc17241]::result::Result<(), alloc[3ecab9f82c41dc7d]::string::String>>
[INFO] [stdout]   15:     0x634244ccde15 - test[39766f3d73431624]::run_test::{closure#0}
[INFO] [stdout]   16:     0x634244cc88c4 - std[97b98282bc616a66]::sys::backtrace::__rust_begin_short_backtrace::<test[39766f3d73431624]::run_test::{closure#1}, ()>
[INFO] [stdout]   17:     0x634244cd0f62 - <std[97b98282bc616a66]::thread::lifecycle::spawn_unchecked<test[39766f3d73431624]::run_test::{closure#1}, ()>::{closure#1} as core[832e9a552fc17241]::ops::function::FnOnce<()>>::call_once::{shim:vtable#0}
[INFO] [stdout]   18:     0x634244d39acf - <std[97b98282bc616a66]::sys::thread::unix::Thread>::new::thread_start
[INFO] [stdout]   19:     0x75398435307a - <unknown>
[INFO] [stdout]   20:     0x7539843e6534 - clone
[INFO] [stdout]   21:                0x0 - <unknown>
[INFO] [stdout] 
[INFO] [stdout] ---- d_pattern_matching::tests::test_match_4_false stdout ----
[INFO] [stdout] 
[INFO] [stdout] thread 'd_pattern_matching::tests::test_match_4_false' (170) panicked at src/d_pattern_matching.rs:24:5:
[INFO] [stdout] not yet implemented
[INFO] [stdout] stack backtrace:
[INFO] [stdout]    0:     0x634244d3a241 - <<std[97b98282bc616a66]::sys::backtrace::BacktraceLock>::print::DisplayBacktrace as core[832e9a552fc17241]::fmt::Display>::fmt
[INFO] [stdout]    1:     0x634244d4e22a - core[832e9a552fc17241]::fmt::write
[INFO] [stdout]    2:     0x634244d3e6fc - <alloc[3ecab9f82c41dc7d]::vec::Vec<u8> as std[97b98282bc616a66]::io::Write>::write_fmt
[INFO] [stdout]    3:     0x634244d18966 - std[97b98282bc616a66]::panicking::default_hook::{closure#0}
[INFO] [stdout]    4:     0x634244d32469 - std[97b98282bc616a66]::panicking::default_hook
[INFO] [stdout]    5:     0x634244ccd490 - test[39766f3d73431624]::test_main_inner::<test[39766f3d73431624]::test_main_static::{closure#0}>::{closure#0}
[INFO] [stdout]    6:     0x634244d32622 - std[97b98282bc616a66]::panicking::panic_with_hook
[INFO] [stdout]    7:     0x634244d18a44 - std[97b98282bc616a66]::panicking::panic_handler::{closure#0}
[INFO] [stdout]    8:     0x634244d10369 - std[97b98282bc616a66]::sys::backtrace::__rust_end_short_backtrace::<std[97b98282bc616a66]::panicking::panic_handler::{closure#0}, !>
[INFO] [stdout]    9:     0x634244d1960d - __rustc[e3d8617bb01b7f69]::rust_begin_unwind
[INFO] [stdout]   10:     0x634244d4e95c - core[832e9a552fc17241]::panicking::panic_fmt
[INFO] [stdout]   11:     0x634244d4e922 - core[832e9a552fc17241]::panicking::panic
[INFO] [stdout]   12:     0x634244cbf99a - pba_qualifier_exam[56d99b55d3b16c43]::d_pattern_matching::match_4
[INFO] [stdout]   13:     0x634244cc0376 - <pba_qualifier_exam[56d99b55d3b16c43]::d_pattern_matching::tests::test_match_4_true::{closure#0} as core[832e9a552fc17241]::ops::function::FnOnce<()>>::call_once
[INFO] [stdout]   14:     0x634244cc07cb - test[39766f3d73431624]::__rust_begin_short_backtrace::<core[832e9a552fc17241]::result::Result<(), alloc[3ecab9f82c41dc7d]::string::String>, fn() -> core[832e9a552fc17241]::result::Result<(), alloc[3ecab9f82c41dc7d]::string::String>>
[INFO] [stdout]   15:     0x634244ccde15 - test[39766f3d73431624]::run_test::{closure#0}
[INFO] [stdout]   16:     0x634244cc88c4 - std[97b98282bc616a66]::sys::backtrace::__rust_begin_short_backtrace::<test[39766f3d73431624]::run_test::{closure#1}, ()>
[INFO] [stdout]   17:     0x634244cd0f62 - <std[97b98282bc616a66]::thread::lifecycle::spawn_unchecked<test[39766f3d73431624]::run_test::{closure#1}, ()>::{closure#1} as core[832e9a552fc17241]::ops::function::FnOnce<()>>::call_once::{shim:vtable#0}
[INFO] [stdout]   18:     0x634244d39acf - <std[97b98282bc616a66]::sys::thread::unix::Thread>::new::thread_start
[INFO] [stdout]   19:     0x75398435307a - <unknown>
[INFO] [stdout]   20:     0x7539843e6534 - clone
[INFO] [stdout]   21:                0x0 - <unknown>
[INFO] [stdout] 
[INFO] [stdout] ---- e_common_traits::tests::employee_from_string_success stdout ----
[INFO] [stdout] 
[INFO] [stdout] thread 'e_common_traits::tests::employee_from_string_success' (172) panicked at src/e_common_traits.rs:62:9:
[INFO] [stdout] not yet implemented: complete the implementation
[INFO] [stdout] stack backtrace:
[INFO] [stdout]    0:     0x634244d3a241 - <<std[97b98282bc616a66]::sys::backtrace::BacktraceLock>::print::DisplayBacktrace as core[832e9a552fc17241]::fmt::Display>::fmt
[INFO] [stdout]    1:     0x634244d4e22a - core[832e9a552fc17241]::fmt::write
[INFO] [stdout]    2:     0x634244d3e6fc - <alloc[3ecab9f82c41dc7d]::vec::Vec<u8> as std[97b98282bc616a66]::io::Write>::write_fmt
[INFO] [stdout]    3:     0x634244d18966 - std[97b98282bc616a66]::panicking::default_hook::{closure#0}
[INFO] [stdout]    4:     0x634244d32469 - std[97b98282bc616a66]::panicking::default_hook
[INFO] [stdout]    5:     0x634244ccd490 - test[39766f3d73431624]::test_main_inner::<test[39766f3d73431624]::test_main_static::{closure#0}>::{closure#0}
[INFO] [stdout]    6:     0x634244d32622 - std[97b98282bc616a66]::panicking::panic_with_hook
[INFO] [stdout]    7:     0x634244d18a44 - std[97b98282bc616a66]::panicking::panic_handler::{closure#0}
[INFO] [stdout]    8:     0x634244d10369 - std[97b98282bc616a66]::sys::backtrace::__rust_end_short_backtrace::<std[97b98282bc616a66]::panicking::panic_handler::{closure#0}, !>
[INFO] [stdout]    9:     0x634244d1960d - __rustc[e3d8617bb01b7f69]::rust_begin_unwind
[INFO] [stdout]   10:     0x634244d4e95c - core[832e9a552fc17241]::panicking::panic_fmt
[INFO] [stdout]   11:     0x634244cbfb54 - <pba_qualifier_exam[56d99b55d3b16c43]::e_common_traits::Employee as core[832e9a552fc17241]::convert::TryFrom<alloc[3ecab9f82c41dc7d]::string::String>>::try_from
[INFO] [stdout]   12:     0x634244cbfd2c - <pba_qualifier_exam[56d99b55d3b16c43]::e_common_traits::tests::employee_from_string_success::{closure#0} as core[832e9a552fc17241]::ops::function::FnOnce<()>>::call_once
[INFO] [stdout]   13:     0x634244cc07cb - test[39766f3d73431624]::__rust_begin_short_backtrace::<core[832e9a552fc17241]::result::Result<(), alloc[3ecab9f82c41dc7d]::string::String>, fn() -> core[832e9a552fc17241]::result::Result<(), alloc[3ecab9f82c41dc7d]::string::String>>
[INFO] [stdout]   14:     0x634244ccde15 - test[39766f3d73431624]::run_test::{closure#0}
[INFO] [stdout]   15:     0x634244cc88c4 - std[97b98282bc616a66]::sys::backtrace::__rust_begin_short_backtrace::<test[39766f3d73431624]::run_test::{closure#1}, ()>
[INFO] [stdout]   16:     0x634244cd0f62 - <std[97b98282bc616a66]::thread::lifecycle::spawn_unchecked<test[39766f3d73431624]::run_test::{closure#1}, ()>::{closure#1} as core[832e9a552fc17241]::ops::function::FnOnce<()>>::call_once::{shim:vtable#0}
[INFO] [stdout]   17:     0x634244d39acf - <std[97b98282bc616a66]::sys::thread::unix::Thread>::new::thread_start
[INFO] [stdout]   18:     0x75398435307a - <unknown>
[INFO] [stdout]   19:     0x7539843e6534 - clone
[INFO] [stdout]   20:                0x0 - <unknown>
[INFO] [stdout] 
[INFO] [stdout] ---- e_common_traits::tests::employee_neq stdout ----
[INFO] [stdout] 
[INFO] [stdout] thread 'e_common_traits::tests::employee_neq' (173) panicked at src/e_common_traits.rs:25:9:
[INFO] [stdout] not yet implemented: complete the implementation
[INFO] [stdout] stack backtrace:
[INFO] [stdout]    0:     0x634244d3a241 - <<std[97b98282bc616a66]::sys::backtrace::BacktraceLock>::print::DisplayBacktrace as core[832e9a552fc17241]::fmt::Display>::fmt
[INFO] [stdout]    1:     0x634244d4e22a - core[832e9a552fc17241]::fmt::write
[INFO] [stdout]    2:     0x634244d3e6fc - <alloc[3ecab9f82c41dc7d]::vec::Vec<u8> as std[97b98282bc616a66]::io::Write>::write_fmt
[INFO] [stdout]    3:     0x634244d18966 - std[97b98282bc616a66]::panicking::default_hook::{closure#0}
[INFO] [stdout]    4:     0x634244d32469 - std[97b98282bc616a66]::panicking::default_hook
[INFO] [stdout]    5:     0x634244ccd490 - test[39766f3d73431624]::test_main_inner::<test[39766f3d73431624]::test_main_static::{closure#0}>::{closure#0}
[INFO] [stdout]    6:     0x634244d32622 - std[97b98282bc616a66]::panicking::panic_with_hook
[INFO] [stdout]    7:     0x634244d18a44 - std[97b98282bc616a66]::panicking::panic_handler::{closure#0}
[INFO] [stdout]    8:     0x634244d10369 - std[97b98282bc616a66]::sys::backtrace::__rust_end_short_backtrace::<std[97b98282bc616a66]::panicking::panic_handler::{closure#0}, !>
[INFO] [stdout]    9:     0x634244d1960d - __rustc[e3d8617bb01b7f69]::rust_begin_unwind
[INFO] [stdout]   10:     0x634244d4e95c - core[832e9a552fc17241]::panicking::panic_fmt
[INFO] [stdout]   11:     0x634244cbfa15 - pba_qualifier_exam[56d99b55d3b16c43]::e_common_traits::tests::employee_neq
[INFO] [stdout]   12:     0x634244cbfc96 - <pba_qualifier_exam[56d99b55d3b16c43]::e_common_traits::tests::employee_neq::{closure#0} as core[832e9a552fc17241]::ops::function::FnOnce<()>>::call_once
[INFO] [stdout]   13:     0x634244cc07cb - test[39766f3d73431624]::__rust_begin_short_backtrace::<core[832e9a552fc17241]::result::Result<(), alloc[3ecab9f82c41dc7d]::string::String>, fn() -> core[832e9a552fc17241]::result::Result<(), alloc[3ecab9f82c41dc7d]::string::String>>
[INFO] [stdout]   14:     0x634244ccde15 - test[39766f3d73431624]::run_test::{closure#0}
[INFO] [stdout]   15:     0x634244cc88c4 - std[97b98282bc616a66]::sys::backtrace::__rust_begin_short_backtrace::<test[39766f3d73431624]::run_test::{closure#1}, ()>
[INFO] [stdout]   16:     0x634244cd0f62 - <std[97b98282bc616a66]::thread::lifecycle::spawn_unchecked<test[39766f3d73431624]::run_test::{closure#1}, ()>::{closure#1} as core[832e9a552fc17241]::ops::function::FnOnce<()>>::call_once::{shim:vtable#0}
[INFO] [stdout]   17:     0x634244d39acf - <std[97b98282bc616a66]::sys::thread::unix::Thread>::new::thread_start
[INFO] [stdout]   18:     0x75398435307a - <unknown>
[INFO] [stdout]   19:     0x7539843e6534 - clone
[INFO] [stdout]   20:                0x0 - <unknown>
[INFO] [stdout] 
[INFO] [stdout] ---- d_pattern_matching::tests::test_match_4_true stdout ----
[INFO] [stdout] 
[INFO] [stdout] thread 'd_pattern_matching::tests::test_match_4_true' (171) panicked at src/d_pattern_matching.rs:24:5:
[INFO] [stdout] not yet implemented
[INFO] [stdout] stack backtrace:
[INFO] [stdout]    0:     0x634244d3a241 - <<std[97b98282bc616a66]::sys::backtrace::BacktraceLock>::print::DisplayBacktrace as core[832e9a552fc17241]::fmt::Display>::fmt
[INFO] [stdout]    1:     0x634244d4e22a - core[832e9a552fc17241]::fmt::write
[INFO] [stdout]    2:     0x634244d3e6fc - <alloc[3ecab9f82c41dc7d]::vec::Vec<u8> as std[97b98282bc616a66]::io::Write>::write_fmt
[INFO] [stdout]    3:     0x634244d18966 - std[97b98282bc616a66]::panicking::default_hook::{closure#0}
[INFO] [stdout]    4:     0x634244d32469 - std[97b98282bc616a66]::panicking::default_hook
[INFO] [stdout]    5:     0x634244ccd490 - test[39766f3d73431624]::test_main_inner::<test[39766f3d73431624]::test_main_static::{closure#0}>::{closure#0}
[INFO] [stdout]    6:     0x634244d32622 - std[97b98282bc616a66]::panicking::panic_with_hook
[INFO] [stdout]    7:     0x634244d18a44 - std[97b98282bc616a66]::panicking::panic_handler::{closure#0}
[INFO] [stdout]    8:     0x634244d10369 - std[97b98282bc616a66]::sys::backtrace::__rust_end_short_backtrace::<std[97b98282bc616a66]::panicking::panic_handler::{closure#0}, !>
[INFO] [stdout]    9:     0x634244d1960d - __rustc[e3d8617bb01b7f69]::rust_begin_unwind
[INFO] [stdout]   10:     0x634244d4e95c - core[832e9a552fc17241]::panicking::panic_fmt
[INFO] [stdout]   11:     0x634244d4e922 - core[832e9a552fc17241]::panicking::panic
[INFO] [stdout]   12:     0x634244cbf99a - pba_qualifier_exam[56d99b55d3b16c43]::d_pattern_matching::match_4
[INFO] [stdout]   13:     0x634244cc0376 - <pba_qualifier_exam[56d99b55d3b16c43]::d_pattern_matching::tests::test_match_4_true::{closure#0} as core[832e9a552fc17241]::ops::function::FnOnce<()>>::call_once
[INFO] [stdout]   14:     0x634244cc07cb - test[39766f3d73431624]::__rust_begin_short_backtrace::<core[832e9a552fc17241]::result::Result<(), alloc[3ecab9f82c41dc7d]::string::String>, fn() -> core[832e9a552fc17241]::result::Result<(), alloc[3ecab9f82c41dc7d]::string::String>>
[INFO] [stdout]   15:     0x634244ccde15 - test[39766f3d73431624]::run_test::{closure#0}
[INFO] [stdout]   16:     0x634244cc88c4 - std[97b98282bc616a66]::sys::backtrace::__rust_begin_short_backtrace::<test[39766f3d73431624]::run_test::{closure#1}, ()>
[INFO] [stdout]   17:     0x634244cd0f62 - <std[97b98282bc616a66]::thread::lifecycle::spawn_unchecked<test[39766f3d73431624]::run_test::{closure#1}, ()>::{closure#1} as core[832e9a552fc17241]::ops::function::FnOnce<()>>::call_once::{shim:vtable#0}
[INFO] [stdout]   18:     0x634244d39acf - <std[97b98282bc616a66]::sys::thread::unix::Thread>::new::thread_start
[INFO] [stdout]   19:     0x75398435307a - <unknown>
[INFO] [stdout]   20:     0x7539843e6534 - clone
[INFO] [stdout]   21:                0x0 - <unknown>
[INFO] [stdout] 
[INFO] [stdout] ---- b_multiple_choice::tests::answer_1_c_sanity_check stdout ----
[INFO] [stdout] 
[INFO] [stdout] thread 'b_multiple_choice::tests::answer_1_c_sanity_check' (156) panicked at src/b_multiple_choice.rs:68:5:
[INFO] [stdout] not yet implemented
[INFO] [stdout] stack backtrace:
[INFO] [stdout]    0:     0x634244d3a241 - <<std[97b98282bc616a66]::sys::backtrace::BacktraceLock>::print::DisplayBacktrace as core[832e9a552fc17241]::fmt::Display>::fmt
[INFO] [stdout]    1:     0x634244d4e22a - core[832e9a552fc17241]::fmt::write
[INFO] [stdout]    2:     0x634244d3e6fc - <alloc[3ecab9f82c41dc7d]::vec::Vec<u8> as std[97b98282bc616a66]::io::Write>::write_fmt
[INFO] [stdout]    3:     0x634244d18966 - std[97b98282bc616a66]::panicking::default_hook::{closure#0}
[INFO] [stdout]    4:     0x634244d32469 - std[97b98282bc616a66]::panicking::default_hook
[INFO] [stdout]    5:     0x634244ccd490 - test[39766f3d73431624]::test_main_inner::<test[39766f3d73431624]::test_main_static::{closure#0}>::{closure#0}
[INFO] [stdout]    6:     0x634244d32622 - std[97b98282bc616a66]::panicking::panic_with_hook
[INFO] [stdout]    7:     0x634244d18a44 - std[97b98282bc616a66]::panicking::panic_handler::{closure#0}
[INFO] [stdout]    8:     0x634244d10369 - std[97b98282bc616a66]::sys::backtrace::__rust_end_short_backtrace::<std[97b98282bc616a66]::panicking::panic_handler::{closure#0}, !>
[INFO] [stdout]    9:     0x634244d1960d - __rustc[e3d8617bb01b7f69]::rust_begin_unwind
[INFO] [stdout]   10:     0x634244d4e95c - core[832e9a552fc17241]::panicking::panic_fmt
[INFO] [stdout]   11:     0x634244d4e922 - core[832e9a552fc17241]::panicking::panic
[INFO] [stdout]   12:     0x634244cbf71a - pba_qualifier_exam[56d99b55d3b16c43]::b_multiple_choice::answer_1_c
[INFO] [stdout]   13:     0x634244cbe696 - <pba_qualifier_exam[56d99b55d3b16c43]::b_multiple_choice::answer_1_c as core[832e9a552fc17241]::ops::function::Fn<()>>::call
[INFO] [stdout]   14:     0x634244cbddf8 - pba_qualifier_exam[56d99b55d3b16c43]::b_multiple_choice::tests::sanity_check
[INFO] [stdout]   15:     0x634244cbfe00 - <pba_qualifier_exam[56d99b55d3b16c43]::b_multiple_choice::tests::answer_1_c_sanity_check::{closure#0} as core[832e9a552fc17241]::ops::function::FnOnce<()>>::call_once
[INFO] [stdout]   16:     0x634244cc07cb - test[39766f3d73431624]::__rust_begin_short_backtrace::<core[832e9a552fc17241]::result::Result<(), alloc[3ecab9f82c41dc7d]::string::String>, fn() -> core[832e9a552fc17241]::result::Result<(), alloc[3ecab9f82c41dc7d]::string::String>>
[INFO] [stdout]   17:     0x634244ccde15 - test[39766f3d73431624]::run_test::{closure#0}
[INFO] [stdout]   18:     0x634244cc88c4 - std[97b98282bc616a66]::sys::backtrace::__rust_begin_short_backtrace::<test[39766f3d73431624]::run_test::{closure#1}, ()>
[INFO] [stdout]   19:     0x634244cd0f62 - <std[97b98282bc616a66]::thread::lifecycle::spawn_unchecked<test[39766f3d73431624]::run_test::{closure#1}, ()>::{closure#1} as core[832e9a552fc17241]::ops::function::FnOnce<()>>::call_once::{shim:vtable#0}
[INFO] [stdout]   20:     0x634244d39acf - <std[97b98282bc616a66]::sys::thread::unix::Thread>::new::thread_start
[INFO] [stdout]   21:     0x75398435307a - <unknown>
[INFO] [stdout]   22:     0x7539843e6534 - clone
[INFO] [stdout]   23:                0x0 - <unknown>
[INFO] [stdout] 
[INFO] [stdout] ---- e_common_traits::tests::employee_ord stdout ----
[INFO] [stdout] 
[INFO] [stdout] thread 'e_common_traits::tests::employee_ord' (174) panicked at src/e_common_traits.rs:37:9:
[INFO] [stdout] not yet implemented: complete the implementation
[INFO] [stdout] stack backtrace:
[INFO] [stdout]    0:     0x634244d3a241 - <<std[97b98282bc616a66]::sys::backtrace::BacktraceLock>::print::DisplayBacktrace as core[832e9a552fc17241]::fmt::Display>::fmt
[INFO] [stdout]    1:     0x634244d4e22a - core[832e9a552fc17241]::fmt::write
[INFO] [stdout]    2:     0x634244d3e6fc - <alloc[3ecab9f82c41dc7d]::vec::Vec<u8> as std[97b98282bc616a66]::io::Write>::write_fmt
[INFO] [stdout]    3:     0x634244d18966 - std[97b98282bc616a66]::panicking::default_hook::{closure#0}
[INFO] [stdout]    4:     0x634244d32469 - std[97b98282bc616a66]::panicking::default_hook
[INFO] [stdout]    5:     0x634244ccd490 - test[39766f3d73431624]::test_main_inner::<test[39766f3d73431624]::test_main_static::{closure#0}>::{closure#0}
[INFO] [stdout]    6:     0x634244d32622 - std[97b98282bc616a66]::panicking::panic_with_hook
[INFO] [stdout]    7:     0x634244d18a44 - std[97b98282bc616a66]::panicking::panic_handler::{closure#0}
[INFO] [stdout]    8:     0x634244d10369 - std[97b98282bc616a66]::sys::backtrace::__rust_end_short_backtrace::<std[97b98282bc616a66]::panicking::panic_handler::{closure#0}, !>
[INFO] [stdout]    9:     0x634244d1960d - __rustc[e3d8617bb01b7f69]::rust_begin_unwind
[INFO] [stdout]   10:     0x634244d4e95c - core[832e9a552fc17241]::panicking::panic_fmt
[INFO] [stdout]   11:     0x634244cbfcc5 - <pba_qualifier_exam[56d99b55d3b16c43]::e_common_traits::tests::employee_ord::{closure#0} as core[832e9a552fc17241]::ops::function::FnOnce<()>>::call_once
[INFO] [stdout]   12:     0x634244cc07cb - test[39766f3d73431624]::__rust_begin_short_backtrace::<core[832e9a552fc17241]::result::Result<(), alloc[3ecab9f82c41dc7d]::string::String>, fn() -> core[832e9a552fc17241]::result::Result<(), alloc[3ecab9f82c41dc7d]::string::String>>
[INFO] [stdout]   13:     0x634244ccde15 - test[39766f3d73431624]::run_test::{closure#0}
[INFO] [stdout]   14:     0x634244cc88c4 - std[97b98282bc616a66]::sys::backtrace::__rust_begin_short_backtrace::<test[39766f3d73431624]::run_test::{closure#1}, ()>
[INFO] [stdout]   15:     0x634244cd0f62 - <std[97b98282bc616a66]::thread::lifecycle::spawn_unchecked<test[39766f3d73431624]::run_test::{closure#1}, ()>::{closure#1} as core[832e9a552fc17241]::ops::function::FnOnce<()>>::call_once::{shim:vtable#0}
[INFO] [stdout]   16:     0x634244d39acf - <std[97b98282bc616a66]::sys::thread::unix::Thread>::new::thread_start
[INFO] [stdout]   17:     0x75398435307a - <unknown>
[INFO] [stdout]   18:     0x7539843e6534 - clone
[INFO] [stdout]   19:                0x0 - <unknown>
[INFO] [stdout] 
[INFO] [stdout] ---- e_common_traits::tests::employee_to_string_success stdout ----
[INFO] [stdout] 
[INFO] [stdout] thread 'e_common_traits::tests::employee_to_string_success' (175) panicked at src/e_common_traits.rs:69:9:
[INFO] [stdout] not yet implemented: complete the implementation
[INFO] [stdout] stack backtrace:
[INFO] [stdout]    0:     0x634244d3a241 - <<std[97b98282bc616a66]::sys::backtrace::BacktraceLock>::print::DisplayBacktrace as core[832e9a552fc17241]::fmt::Display>::fmt
[INFO] [stdout]    1:     0x634244d4e22a - core[832e9a552fc17241]::fmt::write
[INFO] [stdout]    2:     0x634244d3e6fc - <alloc[3ecab9f82c41dc7d]::vec::Vec<u8> as std[97b98282bc616a66]::io::Write>::write_fmt
[INFO] [stdout]    3:     0x634244d18966 - std[97b98282bc616a66]::panicking::default_hook::{closure#0}
[INFO] [stdout]    4:     0x634244d32469 - std[97b98282bc616a66]::panicking::default_hook
[INFO] [stdout]    5:     0x634244ccd490 - test[39766f3d73431624]::test_main_inner::<test[39766f3d73431624]::test_main_static::{closure#0}>::{closure#0}
[INFO] [stdout]    6:     0x634244d32622 - std[97b98282bc616a66]::panicking::panic_with_hook
[INFO] [stdout]    7:     0x634244d18a44 - std[97b98282bc616a66]::panicking::panic_handler::{closure#0}
[INFO] [stdout]    8:     0x634244d10369 - std[97b98282bc616a66]::sys::backtrace::__rust_end_short_backtrace::<std[97b98282bc616a66]::panicking::panic_handler::{closure#0}, !>
[INFO] [stdout]    9:     0x634244d1960d - __rustc[e3d8617bb01b7f69]::rust_begin_unwind
[INFO] [stdout]   10:     0x634244d4e95c - core[832e9a552fc17241]::panicking::panic_fmt
[INFO] [stdout]   11:     0x634244cbfba4 - <alloc[3ecab9f82c41dc7d]::string::String as core[832e9a552fc17241]::convert::From<pba_qualifier_exam[56d99b55d3b16c43]::e_common_traits::Employee>>::from
[INFO] [stdout]   12:     0x634244cbfa6c - pba_qualifier_exam[56d99b55d3b16c43]::e_common_traits::tests::employee_to_string_success
[INFO] [stdout]   13:     0x634244cbfcd6 - <pba_qualifier_exam[56d99b55d3b16c43]::e_common_traits::tests::employee_to_string_success::{closure#0} as core[832e9a552fc17241]::ops::function::FnOnce<()>>::call_once
[INFO] [stdout]   14:     0x634244cc07cb - test[39766f3d73431624]::__rust_begin_short_backtrace::<core[832e9a552fc17241]::result::Result<(), alloc[3ecab9f82c41dc7d]::string::String>, fn() -> core[832e9a552fc17241]::result::Result<(), alloc[3ecab9f82c41dc7d]::string::String>>
[INFO] [stdout]   15:     0x634244ccde15 - test[39766f3d73431624]::run_test::{closure#0}
[INFO] [stdout]   16:     0x634244cc88c4 - std[97b98282bc616a66]::sys::backtrace::__rust_begin_short_backtrace::<test[39766f3d73431624]::run_test::{closure#1}, ()>
[INFO] [stdout]   17:     0x634244cd0f62 - <std[97b98282bc616a66]::thread::lifecycle::spawn_unchecked<test[39766f3d73431624]::run_test::{closure#1}, ()>::{closure#1} as core[832e9a552fc17241]::ops::function::FnOnce<()>>::call_once::{shim:vtable#0}
[INFO] [stdout]   18:     0x634244d39acf - <std[97b98282bc616a66]::sys::thread::unix::Thread>::new::thread_start
[INFO] [stdout]   19:     0x75398435307a - <unknown>
[INFO] [stdout]   20:     0x7539843e6534 - clone
[INFO] [stdout]   21:                0x0 - <unknown>
[INFO] [stdout] 
[INFO] [stdout] ---- f_iterators::tests::bounded_absolute_values_1 stdout ----
[INFO] [stdout] 
[INFO] [stdout] thread 'f_iterators::tests::bounded_absolute_values_1' (176) panicked at src/f_iterators.rs:98:9:
[INFO] [stdout] assertion `left == right` failed
[INFO] [stdout]   left: [1, 5, 5, 9, 0]
[INFO] [stdout]  right: []
[INFO] [stdout] stack backtrace:
[INFO] [stdout]    0:     0x634244d3a241 - <<std[97b98282bc616a66]::sys::backtrace::BacktraceLock>::print::DisplayBacktrace as core[832e9a552fc17241]::fmt::Display>::fmt
[INFO] [stdout]    1:     0x634244d4e22a - core[832e9a552fc17241]::fmt::write
[INFO] [stdout]    2:     0x634244d3e6fc - <alloc[3ecab9f82c41dc7d]::vec::Vec<u8> as std[97b98282bc616a66]::io::Write>::write_fmt
[INFO] [stdout]    3:     0x634244d18966 - std[97b98282bc616a66]::panicking::default_hook::{closure#0}
[INFO] [stdout]    4:     0x634244d32469 - std[97b98282bc616a66]::panicking::default_hook
[INFO] [stdout]    5:     0x634244ccd490 - test[39766f3d73431624]::test_main_inner::<test[39766f3d73431624]::test_main_static::{closure#0}>::{closure#0}
[INFO] [stdout]    6:     0x634244d32622 - std[97b98282bc616a66]::panicking::panic_with_hook
[INFO] [stdout]    7:     0x634244d18a12 - std[97b98282bc616a66]::panicking::panic_handler::{closure#0}
[INFO] [stdout]    8:     0x634244d10369 - std[97b98282bc616a66]::sys::backtrace::__rust_end_short_backtrace::<std[97b98282bc616a66]::panicking::panic_handler::{closure#0}, !>
[INFO] [stdout]    9:     0x634244d1960d - __rustc[e3d8617bb01b7f69]::rust_begin_unwind
[INFO] [stdout]   10:     0x634244d4e95c - core[832e9a552fc17241]::panicking::panic_fmt
[INFO] [stdout]   11:     0x634244d4e873 - core[832e9a552fc17241]::panicking::assert_failed_inner
[INFO] [stdout]   12:     0x634244cbf62d - core[832e9a552fc17241]::panicking::assert_failed::<alloc[3ecab9f82c41dc7d]::vec::Vec<u32>, alloc[3ecab9f82c41dc7d]::vec::Vec<u32>>
[INFO] [stdout]   13:     0x634244cbf329 - pba_qualifier_exam[56d99b55d3b16c43]::f_iterators::tests::bounded_absolute_values_1
[INFO] [stdout]   14:     0x634244cbfc69 - <pba_qualifier_exam[56d99b55d3b16c43]::f_iterators::tests::bounded_absolute_values_1::{closure#0} as core[832e9a552fc17241]::ops::function::FnOnce<()>>::call_once
[INFO] [stdout]   15:     0x634244cc07cb - test[39766f3d73431624]::__rust_begin_short_backtrace::<core[832e9a552fc17241]::result::Result<(), alloc[3ecab9f82c41dc7d]::string::String>, fn() -> core[832e9a552fc17241]::result::Result<(), alloc[3ecab9f82c41dc7d]::string::String>>
[INFO] [stdout]   16:     0x634244ccde15 - test[39766f3d73431624]::run_test::{closure#0}
[INFO] [stdout]   17:     0x634244cc88c4 - std[97b98282bc616a66]::sys::backtrace::__rust_begin_short_backtrace::<test[39766f3d73431624]::run_test::{closure#1}, ()>
[INFO] [stdout]   18:     0x634244cd0f62 - <std[97b98282bc616a66]::thread::lifecycle::spawn_unchecked<test[39766f3d73431624]::run_test::{closure#1}, ()>::{closure#1} as core[832e9a552fc17241]::ops::function::FnOnce<()>>::call_once::{shim:vtable#0}
[INFO] [stdout]   19:     0x634244d39acf - <std[97b98282bc616a66]::sys::thread::unix::Thread>::new::thread_start
[INFO] [stdout]   20:     0x75398435307a - <unknown>
[INFO] [stdout]   21:     0x7539843e6534 - clone
[INFO] [stdout]   22:                0x0 - <unknown>
[INFO] [stdout] 
[INFO] [stdout] ---- f_iterators::tests::first_n_even_1 stdout ----
[INFO] [stdout] 
[INFO] [stdout] thread 'f_iterators::tests::first_n_even_1' (178) panicked at src/f_iterators.rs:109:9:
[INFO] [stdout] assertion `left == right` failed
[INFO] [stdout]   left: [2, 4, 6]
[INFO] [stdout]  right: []
[INFO] [stdout] stack backtrace:
[INFO] [stdout]    0:     0x634244d3a241 - <<std[97b98282bc616a66]::sys::backtrace::BacktraceLock>::print::DisplayBacktrace as core[832e9a552fc17241]::fmt::Display>::fmt
[INFO] [stdout]    1:     0x634244d4e22a - core[832e9a552fc17241]::fmt::write
[INFO] [stdout]    2:     0x634244d3e6fc - <alloc[3ecab9f82c41dc7d]::vec::Vec<u8> as std[97b98282bc616a66]::io::Write>::write_fmt
[INFO] [stdout]    3:     0x634244d18966 - std[97b98282bc616a66]::panicking::default_hook::{closure#0}
[INFO] [stdout]    4:     0x634244d32469 - std[97b98282bc616a66]::panicking::default_hook
[INFO] [stdout]    5:     0x634244ccd490 - test[39766f3d73431624]::test_main_inner::<test[39766f3d73431624]::test_main_static::{closure#0}>::{closure#0}
[INFO] [stdout]    6:     0x634244d32622 - std[97b98282bc616a66]::panicking::panic_with_hook
[INFO] [stdout]    7:     0x634244d18a12 - std[97b98282bc616a66]::panicking::panic_handler::{closure#0}
[INFO] [stdout]    8:     0x634244d10369 - std[97b98282bc616a66]::sys::backtrace::__rust_end_short_backtrace::<std[97b98282bc616a66]::panicking::panic_handler::{closure#0}, !>
[INFO] [stdout]    9:     0x634244d1960d - __rustc[e3d8617bb01b7f69]::rust_begin_unwind
[INFO] [stdout]   10:     0x634244d4e95c - core[832e9a552fc17241]::panicking::panic_fmt
[INFO] [stdout]   11:     0x634244d4e873 - core[832e9a552fc17241]::panicking::assert_failed_inner
[INFO] [stdout]   12:     0x634244cbf62d - core[832e9a552fc17241]::panicking::assert_failed::<alloc[3ecab9f82c41dc7d]::vec::Vec<u32>, alloc[3ecab9f82c41dc7d]::vec::Vec<u32>>
[INFO] [stdout]   13:     0x634244cbf032 - pba_qualifier_exam[56d99b55d3b16c43]::f_iterators::tests::first_n_even_1
[INFO] [stdout]   14:     0x634244cbfbf9 - <pba_qualifier_exam[56d99b55d3b16c43]::f_iterators::tests::first_n_even_1::{closure#0} as core[832e9a552fc17241]::ops::function::FnOnce<()>>::call_once
[INFO] [stdout]   15:     0x634244cc07cb - test[39766f3d73431624]::__rust_begin_short_backtrace::<core[832e9a552fc17241]::result::Result<(), alloc[3ecab9f82c41dc7d]::string::String>, fn() -> core[832e9a552fc17241]::result::Result<(), alloc[3ecab9f82c41dc7d]::string::String>>
[INFO] [stdout]   16:     0x634244ccde15 - test[39766f3d73431624]::run_test::{closure#0}
[INFO] [stdout]   17:     0x634244cc88c4 - std[97b98282bc616a66]::sys::backtrace::__rust_begin_short_backtrace::<test[39766f3d73431624]::run_test::{closure#1}, ()>
[INFO] [stdout]   18:     0x634244cd0f62 - <std[97b98282bc616a66]::thread::lifecycle::spawn_unchecked<test[39766f3d73431624]::run_test::{closure#1}, ()>::{closure#1} as core[832e9a552fc17241]::ops::function::FnOnce<()>>::call_once::{shim:vtable#0}
[INFO] [stdout]   19:     0x634244d39acf - <std[97b98282bc616a66]::sys::thread::unix::Thread>::new::thread_start
[INFO] [stdout]   20:     0x75398435307a - <unknown>
[INFO] [stdout]   21:     0x7539843e6534 - clone
[INFO] [stdout]   22:                0x0 - <unknown>
[INFO] [stdout] 
[INFO] [stdout] ---- f_iterators::tests::fibonacci_1 stdout ----
[INFO] [stdout] 
[INFO] [stdout] thread 'f_iterators::tests::fibonacci_1' (177) panicked at src/f_iterators.rs:65:9:
[INFO] [stdout] not yet implemented
[INFO] [stdout] stack backtrace:
[INFO] [stdout]    0:     0x634244d3a241 - <<std[97b98282bc616a66]::sys::backtrace::BacktraceLock>::print::DisplayBacktrace as core[832e9a552fc17241]::fmt::Display>::fmt
[INFO] [stdout]    1:     0x634244d4e22a - core[832e9a552fc17241]::fmt::write
[INFO] [stdout]    2:     0x634244d3e6fc - <alloc[3ecab9f82c41dc7d]::vec::Vec<u8> as std[97b98282bc616a66]::io::Write>::write_fmt
[INFO] [stdout]    3:     0x634244d18966 - std[97b98282bc616a66]::panicking::default_hook::{closure#0}
[INFO] [stdout]    4:     0x634244d32469 - std[97b98282bc616a66]::panicking::default_hook
[INFO] [stdout]    5:     0x634244ccd490 - test[39766f3d73431624]::test_main_inner::<test[39766f3d73431624]::test_main_static::{closure#0}>::{closure#0}
[INFO] [stdout]    6:     0x634244d32622 - std[97b98282bc616a66]::panicking::panic_with_hook
[INFO] [stdout]    7:     0x634244d18a44 - std[97b98282bc616a66]::panicking::panic_handler::{closure#0}
[INFO] [stdout]    8:     0x634244d10369 - std[97b98282bc616a66]::sys::backtrace::__rust_end_short_backtrace::<std[97b98282bc616a66]::panicking::panic_handler::{closure#0}, !>
[INFO] [stdout]    9:     0x634244d1960d - __rustc[e3d8617bb01b7f69]::rust_begin_unwind
[INFO] [stdout]   10:     0x634244d4e95c - core[832e9a552fc17241]::panicking::panic_fmt
[INFO] [stdout]   11:     0x634244d4e922 - core[832e9a552fc17241]::panicking::panic
[INFO] [stdout]   12:     0x634244cbfada - <pba_qualifier_exam[56d99b55d3b16c43]::f_iterators::Fibonacci as core[832e9a552fc17241]::iter::traits::iterator::Iterator>::next
[INFO] [stdout]   13:     0x634244cbef32 - pba_qualifier_exam[56d99b55d3b16c43]::f_iterators::tests::fibonacci_1
[INFO] [stdout]   14:     0x634244cbfbd9 - <pba_qualifier_exam[56d99b55d3b16c43]::f_iterators::tests::fibonacci_1::{closure#0} as core[832e9a552fc17241]::ops::function::FnOnce<()>>::call_once
[INFO] [stdout]   15:     0x634244cc07cb - test[39766f3d73431624]::__rust_begin_short_backtrace::<core[832e9a552fc17241]::result::Result<(), alloc[3ecab9f82c41dc7d]::string::String>, fn() -> core[832e9a552fc17241]::result::Result<(), alloc[3ecab9f82c41dc7d]::string::String>>
[INFO] [stdout]   16:     0x634244ccde15 - test[39766f3d73431624]::run_test::{closure#0}
[INFO] [stdout]   17:     0x634244cc88c4 - std[97b98282bc616a66]::sys::backtrace::__rust_begin_short_backtrace::<test[39766f3d73431624]::run_test::{closure#1}, ()>
[INFO] [stdout]   18:     0x634244cd0f62 - <std[97b98282bc616a66]::thread::lifecycle::spawn_unchecked<test[39766f3d73431624]::run_test::{closure#1}, ()>::{closure#1} as core[832e9a552fc17241]::ops::function::FnOnce<()>>::call_once::{shim:vtable#0}
[INFO] [stdout]   19:     0x634244d39acf - <std[97b98282bc616a66]::sys::thread::unix::Thread>::new::thread_start
[INFO] [stdout]   20:     0x75398435307a - <unknown>
[INFO] [stdout]   21:     0x7539843e6534 - clone
[INFO] [stdout]   22:                0x0 - <unknown>
[INFO] [stdout] 
[INFO] [stdout] ---- h_advanced_traits::tests::mixed_1 stdout ----
[INFO] [stdout] 
[INFO] [stdout] thread 'h_advanced_traits::tests::mixed_1' (184) panicked at src/h_advanced_traits.rs:185:9:
[INFO] [stdout] not yet implemented: complete the implementation; note that you might need to change the trait bounds and generics of the `impl` line
[INFO] [stdout] stack backtrace:
[INFO] [stdout]    0:     0x634244d3a241 - <<std[97b98282bc616a66]::sys::backtrace::BacktraceLock>::print::DisplayBacktrace as core[832e9a552fc17241]::fmt::Display>::fmt
[INFO] [stdout]    1:     0x634244d4e22a - core[832e9a552fc17241]::fmt::write
[INFO] [stdout]    2:     0x634244d3e6fc - <alloc[3ecab9f82c41dc7d]::vec::Vec<u8> as std[97b98282bc616a66]::io::Write>::write_fmt
[INFO] [stdout]    3:     0x634244d18966 - std[97b98282bc616a66]::panicking::default_hook::{closure#0}
[INFO] [stdout]    4:     0x634244d32469 - std[97b98282bc616a66]::panicking::default_hook
[INFO] [stdout]    5:     0x634244ccd490 - test[39766f3d73431624]::test_main_inner::<test[39766f3d73431624]::test_main_static::{closure#0}>::{closure#0}
[INFO] [stdout]    6:     0x634244d32622 - std[97b98282bc616a66]::panicking::panic_with_hook
[INFO] [stdout]    7:     0x634244d18a44 - std[97b98282bc616a66]::panicking::panic_handler::{closure#0}
[INFO] [stdout]    8:     0x634244d10369 - std[97b98282bc616a66]::sys::backtrace::__rust_end_short_backtrace::<std[97b98282bc616a66]::panicking::panic_handler::{closure#0}, !>
[INFO] [stdout]    9:     0x634244d1960d - __rustc[e3d8617bb01b7f69]::rust_begin_unwind
[INFO] [stdout]   10:     0x634244d4e95c - core[832e9a552fc17241]::panicking::panic_fmt
[INFO] [stdout]   11:     0x634244cbff2a - <pba_qualifier_exam[56d99b55d3b16c43]::h_advanced_traits::tests::mixed_1::{closure#0} as core[832e9a552fc17241]::ops::function::FnOnce<()>>::call_once
[INFO] [stdout]   12:     0x634244cc07cb - test[39766f3d73431624]::__rust_begin_short_backtrace::<core[832e9a552fc17241]::result::Result<(), alloc[3ecab9f82c41dc7d]::string::String>, fn() -> core[832e9a552fc17241]::result::Result<(), alloc[3ecab9f82c41dc7d]::string::String>>
[INFO] [stdout]   13:     0x634244ccde15 - test[39766f3d73431624]::run_test::{closure#0}
[INFO] [stdout]   14:     0x634244cc88c4 - std[97b98282bc616a66]::sys::backtrace::__rust_begin_short_backtrace::<test[39766f3d73431624]::run_test::{closure#1}, ()>
[INFO] [stdout]   15:     0x634244cd0f62 - <std[97b98282bc616a66]::thread::lifecycle::spawn_unchecked<test[39766f3d73431624]::run_test::{closure#1}, ()>::{closure#1} as core[832e9a552fc17241]::ops::function::FnOnce<()>>::call_once::{shim:vtable#0}
[INFO] [stdout]   16:     0x634244d39acf - <std[97b98282bc616a66]::sys::thread::unix::Thread>::new::thread_start
[INFO] [stdout]   17:     0x75398435307a - <unknown>
[INFO] [stdout]   18:     0x7539843e6534 - clone
[INFO] [stdout]   19:                0x0 - <unknown>
[INFO] [stdout] 
[INFO] [stdout] ---- h_advanced_traits::tests::omni_1 stdout ----
[INFO] [stdout] 
[INFO] [stdout] thread 'h_advanced_traits::tests::omni_1' (186) panicked at src/h_advanced_traits.rs:169:9:
[INFO] [stdout] not yet implemented: complete the implementation; note that you might need to change the trait bounds and generics of the `impl` line
[INFO] [stdout] stack backtrace:
[INFO] [stdout]    0:     0x634244d3a241 - <<std[97b98282bc616a66]::sys::backtrace::BacktraceLock>::print::DisplayBacktrace as core[832e9a552fc17241]::fmt::Display>::fmt
[INFO] [stdout]    1:     0x634244d4e22a - core[832e9a552fc17241]::fmt::write
[INFO] [stdout]    2:     0x634244d3e6fc - <alloc[3ecab9f82c41dc7d]::vec::Vec<u8> as std[97b98282bc616a66]::io::Write>::write_fmt
[INFO] [stdout]    3:     0x634244d18966 - std[97b98282bc616a66]::panicking::default_hook::{closure#0}
[INFO] [stdout]    4:     0x634244d32469 - std[97b98282bc616a66]::panicking::default_hook
[INFO] [stdout]    5:     0x634244ccd490 - test[39766f3d73431624]::test_main_inner::<test[39766f3d73431624]::test_main_static::{closure#0}>::{closure#0}
[INFO] [stdout]    6:     0x634244d32622 - std[97b98282bc616a66]::panicking::panic_with_hook
[INFO] [stdout]    7:     0x634244d18a44 - std[97b98282bc616a66]::panicking::panic_handler::{closure#0}
[INFO] [stdout]    8:     0x634244d10369 - std[97b98282bc616a66]::sys::backtrace::__rust_end_short_backtrace::<std[97b98282bc616a66]::panicking::panic_handler::{closure#0}, !>
[INFO] [stdout]    9:     0x634244d1960d - __rustc[e3d8617bb01b7f69]::rust_begin_unwind
[INFO] [stdout]   10:     0x634244d4e95c - core[832e9a552fc17241]::panicking::panic_fmt
[INFO] [stdout]   11:     0x634244cbff0a - <pba_qualifier_exam[56d99b55d3b16c43]::h_advanced_traits::tests::omni_1::{closure#0} as core[832e9a552fc17241]::ops::function::FnOnce<()>>::call_once
[INFO] [stdout]   12:     0x634244cc07cb - test[39766f3d73431624]::__rust_begin_short_backtrace::<core[832e9a552fc17241]::result::Result<(), alloc[3ecab9f82c41dc7d]::string::String>, fn() -> core[832e9a552fc17241]::result::Result<(), alloc[3ecab9f82c41dc7d]::string::String>>
[INFO] [stdout]   13:     0x634244ccde15 - test[39766f3d73431624]::run_test::{closure#0}
[INFO] [stdout]   14:     0x634244cc88c4 - std[97b98282bc616a66]::sys::backtrace::__rust_begin_short_backtrace::<test[39766f3d73431624]::run_test::{closure#1}, ()>
[INFO] [stdout]   15:     0x634244cd0f62 - <std[97b98282bc616a66]::thread::lifecycle::spawn_unchecked<test[39766f3d73431624]::run_test::{closure#1}, ()>::{closure#1} as core[832e9a552fc17241]::ops::function::FnOnce<()>>::call_once::{shim:vtable#0}
[INFO] [stdout]   16:     0x634244d39acf - <std[97b98282bc616a66]::sys::thread::unix::Thread>::new::thread_start
[INFO] [stdout]   17:     0x75398435307a - <unknown>
[INFO] [stdout]   18:     0x7539843e6534 - clone
[INFO] [stdout]   19:                0x0 - <unknown>
[INFO] [stdout] 
[INFO] [stdout] ---- f_iterators::tests::square_whole_numbers_1 stdout ----
[INFO] [stdout] 
[INFO] [stdout] thread 'f_iterators::tests::square_whole_numbers_1' (180) panicked at src/f_iterators.rs:124:9:
[INFO] [stdout] assertion `left == right` failed
[INFO] [stdout]   left: [0, 1, 4, 9, 16, 25]
[INFO] [stdout]  right: []
[INFO] [stdout] stack backtrace:
[INFO] [stdout]    0:     0x634244d3a241 - <<std[97b98282bc616a66]::sys::backtrace::BacktraceLock>::print::DisplayBacktrace as core[832e9a552fc17241]::fmt::Display>::fmt
[INFO] [stdout]    1:     0x634244d4e22a - core[832e9a552fc17241]::fmt::write
[INFO] [stdout]    2:     0x634244d3e6fc - <alloc[3ecab9f82c41dc7d]::vec::Vec<u8> as std[97b98282bc616a66]::io::Write>::write_fmt
[INFO] [stdout]    3:     0x634244d18966 - std[97b98282bc616a66]::panicking::default_hook::{closure#0}
[INFO] [stdout]    4:     0x634244d32469 - std[97b98282bc616a66]::panicking::default_hook
[INFO] [stdout]    5:     0x634244ccd490 - test[39766f3d73431624]::test_main_inner::<test[39766f3d73431624]::test_main_static::{closure#0}>::{closure#0}
[INFO] [stdout]    6:     0x634244d32622 - std[97b98282bc616a66]::panicking::panic_with_hook
[INFO] [stdout]    7:     0x634244d18a12 - std[97b98282bc616a66]::panicking::panic_handler::{closure#0}
[INFO] [stdout]    8:     0x634244d10369 - std[97b98282bc616a66]::sys::backtrace::__rust_end_short_backtrace::<std[97b98282bc616a66]::panicking::panic_handler::{closure#0}, !>
[INFO] [stdout]    9:     0x634244d1960d - __rustc[e3d8617bb01b7f69]::rust_begin_unwind
[INFO] [stdout]   10:     0x634244d4e95c - core[832e9a552fc17241]::panicking::panic_fmt
[INFO] [stdout]   11:     0x634244d4e873 - core[832e9a552fc17241]::panicking::assert_failed_inner
[INFO] [stdout]   12:     0x634244cbf62d - core[832e9a552fc17241]::panicking::assert_failed::<alloc[3ecab9f82c41dc7d]::vec::Vec<u32>, alloc[3ecab9f82c41dc7d]::vec::Vec<u32>>
[INFO] [stdout]   13:     0x634244cbf1e9 - pba_qualifier_exam[56d99b55d3b16c43]::f_iterators::tests::square_whole_numbers_1
[INFO] [stdout]   14:     0x634244cbfc49 - <pba_qualifier_exam[56d99b55d3b16c43]::f_iterators::tests::square_whole_numbers_1::{closure#0} as core[832e9a552fc17241]::ops::function::FnOnce<()>>::call_once
[INFO] [stdout]   15:     0x634244cc07cb - test[39766f3d73431624]::__rust_begin_short_backtrace::<core[832e9a552fc17241]::result::Result<(), alloc[3ecab9f82c41dc7d]::string::String>, fn() -> core[832e9a552fc17241]::result::Result<(), alloc[3ecab9f82c41dc7d]::string::String>>
[INFO] [stdout]   16:     0x634244ccde15 - test[39766f3d73431624]::run_test::{closure#0}
[INFO] [stdout]   17:     0x634244cc88c4 - std[97b98282bc616a66]::sys::backtrace::__rust_begin_short_backtrace::<test[39766f3d73431624]::run_test::{closure#1}, ()>
[INFO] [stdout]   18:     0x634244cd0f62 - <std[97b98282bc616a66]::thread::lifecycle::spawn_unchecked<test[39766f3d73431624]::run_test::{closure#1}, ()>::{closure#1} as core[832e9a552fc17241]::ops::function::FnOnce<()>>::call_once::{shim:vtable#0}
[INFO] [stdout]   19:     0x634244d39acf - <std[97b98282bc616a66]::sys::thread::unix::Thread>::new::thread_start
[INFO] [stdout]   20:     0x75398435307a - <unknown>
[INFO] [stdout]   21:     0x7539843e6534 - clone
[INFO] [stdout]   22:                0x0 - <unknown>
[INFO] [stdout] 
[INFO] [stdout] ---- h_advanced_traits::tests::nuclear stdout ----
[INFO] [stdout] 
[INFO] [stdout] thread 'h_advanced_traits::tests::nuclear' (185) panicked at src/h_advanced_traits.rs:137:9:
[INFO] [stdout] not yet implemented: complete the implementation; note that you might need to change the trait bounds and generics of the `impl` line
[INFO] [stdout] stack backtrace:
[INFO] [stdout]    0:     0x634244d3a241 - <<std[97b98282bc616a66]::sys::backtrace::BacktraceLock>::print::DisplayBacktrace as core[832e9a552fc17241]::fmt::Display>::fmt
[INFO] [stdout]    1:     0x634244d4e22a - core[832e9a552fc17241]::fmt::write
[INFO] [stdout]    2:     0x634244d3e6fc - <alloc[3ecab9f82c41dc7d]::vec::Vec<u8> as std[97b98282bc616a66]::io::Write>::write_fmt
[INFO] [stdout]    3:     0x634244d18966 - std[97b98282bc616a66]::panicking::default_hook::{closure#0}
[INFO] [stdout]    4:     0x634244d32469 - std[97b98282bc616a66]::panicking::default_hook
[INFO] [stdout]    5:     0x634244ccd490 - test[39766f3d73431624]::test_main_inner::<test[39766f3d73431624]::test_main_static::{closure#0}>::{closure#0}
[INFO] [stdout]    6:     0x634244d32622 - std[97b98282bc616a66]::panicking::panic_with_hook
[INFO] [stdout]    7:     0x634244d18a44 - std[97b98282bc616a66]::panicking::panic_handler::{closure#0}
[INFO] [stdout]    8:     0x634244d10369 - std[97b98282bc616a66]::sys::backtrace::__rust_end_short_backtrace::<std[97b98282bc616a66]::panicking::panic_handler::{closure#0}, !>
[INFO] [stdout]    9:     0x634244d1960d - __rustc[e3d8617bb01b7f69]::rust_begin_unwind
[INFO] [stdout]   10:     0x634244d4e95c - core[832e9a552fc17241]::panicking::panic_fmt
[INFO] [stdout]   11:     0x634244cbff4a - <pba_qualifier_exam[56d99b55d3b16c43]::h_advanced_traits::tests::nuclear::{closure#0} as core[832e9a552fc17241]::ops::function::FnOnce<()>>::call_once
[INFO] [stdout]   12:     0x634244cc07cb - test[39766f3d73431624]::__rust_begin_short_backtrace::<core[832e9a552fc17241]::result::Result<(), alloc[3ecab9f82c41dc7d]::string::String>, fn() -> core[832e9a552fc17241]::result::Result<(), alloc[3ecab9f82c41dc7d]::string::String>>
[INFO] [stdout]   13:     0x634244ccde15 - test[39766f3d73431624]::run_test::{closure#0}
[INFO] [stdout]   14:     0x634244cc88c4 - std[97b98282bc616a66]::sys::backtrace::__rust_begin_short_backtrace::<test[39766f3d73431624]::run_test::{closure#1}, ()>
[INFO] [stdout]   15:     0x634244cd0f62 - <std[97b98282bc616a66]::thread::lifecycle::spawn_unchecked<test[39766f3d73431624]::run_test::{closure#1}, ()>::{closure#1} as core[832e9a552fc17241]::ops::function::FnOnce<()>>::call_once::{shim:vtable#0}
[INFO] [stdout]   16:     0x634244d39acf - <std[97b98282bc616a66]::sys::thread::unix::Thread>::new::thread_start
[INFO] [stdout]   17:     0x75398435307a - <unknown>
[INFO] [stdout]   18:     0x7539843e6534 - clone
[INFO] [stdout]   19:                0x0 - <unknown>
[INFO] [stdout] 
[INFO] [stdout] ---- i_extension_traits::tests::extension_trait stdout ----
[INFO] [stdout] 
[INFO] [stdout] thread 'i_extension_traits::tests::extension_trait' (187) panicked at src/i_extension_traits.rs:50:9:
[INFO] [stdout] not yet implemented
[INFO] [stdout] stack backtrace:
[INFO] [stdout]    0:     0x634244d3a241 - <<std[97b98282bc616a66]::sys::backtrace::BacktraceLock>::print::DisplayBacktrace as core[832e9a552fc17241]::fmt::Display>::fmt
[INFO] [stdout]    1:     0x634244d4e22a - core[832e9a552fc17241]::fmt::write
[INFO] [stdout]    2:     0x634244d3e6fc - <alloc[3ecab9f82c41dc7d]::vec::Vec<u8> as std[97b98282bc616a66]::io::Write>::write_fmt
[INFO] [stdout]    3:     0x634244d18966 - std[97b98282bc616a66]::panicking::default_hook::{closure#0}
[INFO] [stdout]    4:     0x634244d32469 - std[97b98282bc616a66]::panicking::default_hook
[INFO] [stdout]    5:     0x634244ccd490 - test[39766f3d73431624]::test_main_inner::<test[39766f3d73431624]::test_main_static::{closure#0}>::{closure#0}
[INFO] [stdout]    6:     0x634244d32622 - std[97b98282bc616a66]::panicking::panic_with_hook
[INFO] [stdout]    7:     0x634244d18a44 - std[97b98282bc616a66]::panicking::panic_handler::{closure#0}
[INFO] [stdout]    8:     0x634244d10369 - std[97b98282bc616a66]::sys::backtrace::__rust_end_short_backtrace::<std[97b98282bc616a66]::panicking::panic_handler::{closure#0}, !>
[INFO] [stdout]    9:     0x634244d1960d - __rustc[e3d8617bb01b7f69]::rust_begin_unwind
[INFO] [stdout]   10:     0x634244d4e95c - core[832e9a552fc17241]::panicking::panic_fmt
[INFO] [stdout]   11:     0x634244d4e922 - core[832e9a552fc17241]::panicking::panic
[INFO] [stdout]   12:     0x634244cbf39a - <alloc[3ecab9f82c41dc7d]::vec::Vec<pba_qualifier_exam[56d99b55d3b16c43]::i_extension_traits::Outcome> as pba_qualifier_exam[56d99b55d3b16c43]::i_extension_traits::OutcomeCount>::ok_count
[INFO] [stdout]   13:     0x634244cc055c - <pba_qualifier_exam[56d99b55d3b16c43]::i_extension_traits::tests::extension_trait::{closure#0} as core[832e9a552fc17241]::ops::function::FnOnce<()>>::call_once
[INFO] [stdout]   14:     0x634244cc07cb - test[39766f3d73431624]::__rust_begin_short_backtrace::<core[832e9a552fc17241]::result::Result<(), alloc[3ecab9f82c41dc7d]::string::String>, fn() -> core[832e9a552fc17241]::result::Result<(), alloc[3ecab9f82c41dc7d]::string::String>>
[INFO] [stdout]   15:     0x634244ccde15 - test[39766f3d73431624]::run_test::{closure#0}
[INFO] [stdout]   16:     0x634244cc88c4 - std[97b98282bc616a66]::sys::backtrace::__rust_begin_short_backtrace::<test[39766f3d73431624]::run_test::{closure#1}, ()>
[INFO] [stdout]   17:     0x634244cd0f62 - <std[97b98282bc616a66]::thread::lifecycle::spawn_unchecked<test[39766f3d73431624]::run_test::{closure#1}, ()>::{closure#1} as core[832e9a552fc17241]::ops::function::FnOnce<()>>::call_once::{shim:vtable#0}
[INFO] [stdout]   18:     0x634244d39acf - <std[97b98282bc616a66]::sys::thread::unix::Thread>::new::thread_start
[INFO] [stdout]   19:     0x75398435307a - <unknown>
[INFO] [stdout]   20:     0x7539843e6534 - clone
[INFO] [stdout]   21:                0x0 - <unknown>
[INFO] [stdout] 
[INFO] [stdout] ---- h_advanced_traits::tests::ic_1 stdout ----
[INFO] [stdout] 
[INFO] [stdout] thread 'h_advanced_traits::tests::ic_1' (183) panicked at src/h_advanced_traits.rs:150:9:
[INFO] [stdout] not yet implemented
[INFO] [stdout] stack backtrace:
[INFO] [stdout]    0:     0x634244d3a241 - <<std[97b98282bc616a66]::sys::backtrace::BacktraceLock>::print::DisplayBacktrace as core[832e9a552fc17241]::fmt::Display>::fmt
[INFO] [stdout]    1:     0x634244d4e22a - core[832e9a552fc17241]::fmt::write
[INFO] [stdout]    2:     0x634244d3e6fc - <alloc[3ecab9f82c41dc7d]::vec::Vec<u8> as std[97b98282bc616a66]::io::Write>::write_fmt
[INFO] [stdout]    3:     0x634244d18966 - std[97b98282bc616a66]::panicking::default_hook::{closure#0}
[INFO] [stdout]    4:     0x634244d32469 - std[97b98282bc616a66]::panicking::default_hook
[INFO] [stdout]    5:     0x634244ccd490 - test[39766f3d73431624]::test_main_inner::<test[39766f3d73431624]::test_main_static::{closure#0}>::{closure#0}
[INFO] [stdout]    6:     0x634244d32622 - std[97b98282bc616a66]::panicking::panic_with_hook
[INFO] [stdout]    7:     0x634244d18a44 - std[97b98282bc616a66]::panicking::panic_handler::{closure#0}
[INFO] [stdout]    8:     0x634244d10369 - std[97b98282bc616a66]::sys::backtrace::__rust_end_short_backtrace::<std[97b98282bc616a66]::panicking::panic_handler::{closure#0}, !>
[INFO] [stdout]    9:     0x634244d1960d - __rustc[e3d8617bb01b7f69]::rust_begin_unwind
[INFO] [stdout]   10:     0x634244d4e95c - core[832e9a552fc17241]::panicking::panic_fmt
[INFO] [stdout]   11:     0x634244d4e922 - core[832e9a552fc17241]::panicking::panic
[INFO] [stdout]   12:     0x634244cbfeea - <pba_qualifier_exam[56d99b55d3b16c43]::h_advanced_traits::tests::ic_1::{closure#0} as core[832e9a552fc17241]::ops::function::FnOnce<()>>::call_once
[INFO] [stdout]   13:     0x634244cc07cb - test[39766f3d73431624]::__rust_begin_short_backtrace::<core[832e9a552fc17241]::result::Result<(), alloc[3ecab9f82c41dc7d]::string::String>, fn() -> core[832e9a552fc17241]::result::Result<(), alloc[3ecab9f82c41dc7d]::string::String>>
[INFO] [stdout]   14:     0x634244ccde15 - test[39766f3d73431624]::run_test::{closure#0}
[INFO] [stdout]   15:     0x634244cc88c4 - std[97b98282bc616a66]::sys::backtrace::__rust_begin_short_backtrace::<test[39766f3d73431624]::run_test::{closure#1}, ()>
[INFO] [stdout]   16:     0x634244cd0f62 - <std[97b98282bc616a66]::thread::lifecycle::spawn_unchecked<test[39766f3d73431624]::run_test::{closure#1}, ()>::{closure#1} as core[832e9a552fc17241]::ops::function::FnOnce<()>>::call_once::{shim:vtable#0}
[INFO] [stdout]   17:     0x634244d39acf - <std[97b98282bc616a66]::sys::thread::unix::Thread>::new::thread_start
[INFO] [stdout]   18:     0x75398435307a - <unknown>
[INFO] [stdout]   19:     0x7539843e6534 - clone
[INFO] [stdout]   20:                0x0 - <unknown>
[INFO] [stdout] 
[INFO] [stdout] ---- i_extension_traits::tests::simple_functions stdout ----
[INFO] [stdout] 
[INFO] [stdout] thread 'i_extension_traits::tests::simple_functions' (188) panicked at src/i_extension_traits.rs:23:5:
[INFO] [stdout] not yet implemented
[INFO] [stdout] stack backtrace:
[INFO] [stdout]    0:     0x634244d3a241 - <<std[97b98282bc616a66]::sys::backtrace::BacktraceLock>::print::DisplayBacktrace as core[832e9a552fc17241]::fmt::Display>::fmt
[INFO] [stdout]    1:     0x634244d4e22a - core[832e9a552fc17241]::fmt::write
[INFO] [stdout]    2:     0x634244d3e6fc - <alloc[3ecab9f82c41dc7d]::vec::Vec<u8> as std[97b98282bc616a66]::io::Write>::write_fmt
[INFO] [stdout]    3:     0x634244d18966 - std[97b98282bc616a66]::panicking::default_hook::{closure#0}
[INFO] [stdout]    4:     0x634244d32469 - std[97b98282bc616a66]::panicking::default_hook
[INFO] [stdout]    5:     0x634244ccd490 - test[39766f3d73431624]::test_main_inner::<test[39766f3d73431624]::test_main_static::{closure#0}>::{closure#0}
[INFO] [stdout]    6:     0x634244d32622 - std[97b98282bc616a66]::panicking::panic_with_hook
[INFO] [stdout]    7:     0x634244d18a44 - std[97b98282bc616a66]::panicking::panic_handler::{closure#0}
[INFO] [stdout]    8:     0x634244d10369 - std[97b98282bc616a66]::sys::backtrace::__rust_end_short_backtrace::<std[97b98282bc616a66]::panicking::panic_handler::{closure#0}, !>
[INFO] [stdout]    9:     0x634244d1960d - __rustc[e3d8617bb01b7f69]::rust_begin_unwind
[INFO] [stdout]   10:     0x634244d4e95c - core[832e9a552fc17241]::panicking::panic_fmt
[INFO] [stdout]   11:     0x634244d4e922 - core[832e9a552fc17241]::panicking::panic
[INFO] [stdout]   12:     0x634244cbf9c4 - pba_qualifier_exam[56d99b55d3b16c43]::i_extension_traits::ok_count
[INFO] [stdout]   13:     0x634244cbfab7 - pba_qualifier_exam[56d99b55d3b16c43]::i_extension_traits::tests::simple_functions
[INFO] [stdout]   14:     0x634244cc0596 - <pba_qualifier_exam[56d99b55d3b16c43]::i_extension_traits::tests::simple_functions::{closure#0} as core[832e9a552fc17241]::ops::function::FnOnce<()>>::call_once
[INFO] [stdout]   15:     0x634244cc07cb - test[39766f3d73431624]::__rust_begin_short_backtrace::<core[832e9a552fc17241]::result::Result<(), alloc[3ecab9f82c41dc7d]::string::String>, fn() -> core[832e9a552fc17241]::result::Result<(), alloc[3ecab9f82c41dc7d]::string::String>>
[INFO] [stdout]   16:     0x634244ccde15 - test[39766f3d73431624]::run_test::{closure#0}
[INFO] [stdout]   17:     0x634244cc88c4 - std[97b98282bc616a66]::sys::backtrace::__rust_begin_short_backtrace::<test[39766f3d73431624]::run_test::{closure#1}, ()>
[INFO] [stdout]   18:     0x634244cd0f62 - <std[97b98282bc616a66]::thread::lifecycle::spawn_unchecked<test[39766f3d73431624]::run_test::{closure#1}, ()>::{closure#1} as core[832e9a552fc17241]::ops::function::FnOnce<()>>::call_once::{shim:vtable#0}
[INFO] [stdout]   19:     0x634244d39acf - <std[97b98282bc616a66]::sys::thread::unix::Thread>::new::thread_start
[INFO] [stdout]   20:     0x75398435307a - <unknown>
[INFO] [stdout]   21:     0x7539843e6534 - clone
[INFO] [stdout]   22:                0x0 - <unknown>
[INFO] [stdout] 
[INFO] [stdout] ---- k_macros::tests::map stdout ----
[INFO] [stdout] 
[INFO] [stdout] thread 'k_macros::tests::map' (190) panicked at src/k_macros.rs:87:9:
[INFO] [stdout] assertion `left == right` failed
[INFO] [stdout]   left: {}
[INFO] [stdout]  right: {3: 4, 1: 2, 5: 6}
[INFO] [stdout] stack backtrace:
[INFO] [stdout]    0:     0x634244d3a241 - <<std[97b98282bc616a66]::sys::backtrace::BacktraceLock>::print::DisplayBacktrace as core[832e9a552fc17241]::fmt::Display>::fmt
[INFO] [stdout]    1:     0x634244d4e22a - core[832e9a552fc17241]::fmt::write
[INFO] [stdout]    2:     0x634244d3e6fc - <alloc[3ecab9f82c41dc7d]::vec::Vec<u8> as std[97b98282bc616a66]::io::Write>::write_fmt
[INFO] [stdout]    3:     0x634244d18966 - std[97b98282bc616a66]::panicking::default_hook::{closure#0}
[INFO] [stdout]    4:     0x634244d32469 - std[97b98282bc616a66]::panicking::default_hook
[INFO] [stdout]    5:     0x634244ccd490 - test[39766f3d73431624]::test_main_inner::<test[39766f3d73431624]::test_main_static::{closure#0}>::{closure#0}
[INFO] [stdout]    6:     0x634244d32622 - std[97b98282bc616a66]::panicking::panic_with_hook
[INFO] [stdout]    7:     0x634244d18a12 - std[97b98282bc616a66]::panicking::panic_handler::{closure#0}
[INFO] [stdout]    8:     0x634244d10369 - std[97b98282bc616a66]::sys::backtrace::__rust_end_short_backtrace::<std[97b98282bc616a66]::panicking::panic_handler::{closure#0}, !>
[INFO] [stdout]    9:     0x634244d1960d - __rustc[e3d8617bb01b7f69]::rust_begin_unwind
[INFO] [stdout]   10:     0x634244d4e95c - core[832e9a552fc17241]::panicking::panic_fmt
[INFO] [stdout]   11:     0x634244d4e873 - core[832e9a552fc17241]::panicking::assert_failed_inner
[INFO] [stdout]   12:     0x634244cbf665 - core[832e9a552fc17241]::panicking::assert_failed::<std[97b98282bc616a66]::collections::hash::map::HashMap<u32, u32>, std[97b98282bc616a66]::collections::hash::map::HashMap<u32, u32>>
[INFO] [stdout]   13:     0x634244cc06ea - <pba_qualifier_exam[56d99b55d3b16c43]::k_macros::tests::map::{closure#0} as core[832e9a552fc17241]::ops::function::FnOnce<()>>::call_once
[INFO] [stdout]   14:     0x634244cc07cb - test[39766f3d73431624]::__rust_begin_short_backtrace::<core[832e9a552fc17241]::result::Result<(), alloc[3ecab9f82c41dc7d]::string::String>, fn() -> core[832e9a552fc17241]::result::Result<(), alloc[3ecab9f82c41dc7d]::string::String>>
[INFO] [stdout]   15:     0x634244ccde15 - test[39766f3d73431624]::run_test::{closure#0}
[INFO] [stdout]   16:     0x634244cc88c4 - std[97b98282bc616a66]::sys::backtrace::__rust_begin_short_backtrace::<test[39766f3d73431624]::run_test::{closure#1}, ()>
[INFO] [stdout]   17:     0x634244cd0f62 - <std[97b98282bc616a66]::thread::lifecycle::spawn_unchecked<test[39766f3d73431624]::run_test::{closure#1}, ()>::{closure#1} as core[832e9a552fc17241]::ops::function::FnOnce<()>>::call_once::{shim:vtable#0}
[INFO] [stdout]   18:     0x634244d39acf - <std[97b98282bc616a66]::sys::thread::unix::Thread>::new::thread_start
[INFO] [stdout]   19:     0x75398435307a - <unknown>
[INFO] [stdout]   20:     0x7539843e6534 - clone
[INFO] [stdout]   21:                0x0 - <unknown>
[INFO] [stdout] 
[INFO] [stdout] ---- f_iterators::tests::sum_of_squares_1 stdout ----
[INFO] [stdout] 
[INFO] [stdout] thread 'f_iterators::tests::sum_of_squares_1' (181) panicked at src/f_iterators.rs:14:5:
[INFO] [stdout] not yet implemented
[INFO] [stdout] stack backtrace:
[INFO] [stdout]    0:     0x634244d3a241 - <<std[97b98282bc616a66]::sys::backtrace::BacktraceLock>::print::DisplayBacktrace as core[832e9a552fc17241]::fmt::Display>::fmt
[INFO] [stdout]    1:     0x634244d4e22a - core[832e9a552fc17241]::fmt::write
[INFO] [stdout]    2:     0x634244d3e6fc - <alloc[3ecab9f82c41dc7d]::vec::Vec<u8> as std[97b98282bc616a66]::io::Write>::write_fmt
[INFO] [stdout]    3:     0x634244d18966 - std[97b98282bc616a66]::panicking::default_hook::{closure#0}
[INFO] [stdout]    4:     0x634244d32469 - std[97b98282bc616a66]::panicking::default_hook
[INFO] [stdout]    5:     0x634244ccd490 - test[39766f3d73431624]::test_main_inner::<test[39766f3d73431624]::test_main_static::{closure#0}>::{closure#0}
[INFO] [stdout]    6:     0x634244d32622 - std[97b98282bc616a66]::panicking::panic_with_hook
[INFO] [stdout]    7:     0x634244d18a44 - std[97b98282bc616a66]::panicking::panic_handler::{closure#0}
[INFO] [stdout]    8:     0x634244d10369 - std[97b98282bc616a66]::sys::backtrace::__rust_end_short_backtrace::<std[97b98282bc616a66]::panicking::panic_handler::{closure#0}, !>
[INFO] [stdout]    9:     0x634244d1960d - __rustc[e3d8617bb01b7f69]::rust_begin_unwind
[INFO] [stdout]   10:     0x634244d4e95c - core[832e9a552fc17241]::panicking::panic_fmt
[INFO] [stdout]   11:     0x634244d4e922 - core[832e9a552fc17241]::panicking::panic
[INFO] [stdout]   12:     0x634244cbf5fa - pba_qualifier_exam[56d99b55d3b16c43]::f_iterators::sum_of_squares::<core[832e9a552fc17241]::array::iter::IntoIter<u32, 3usize>>
[INFO] [stdout]   13:     0x634244cbfc36 - <pba_qualifier_exam[56d99b55d3b16c43]::f_iterators::tests::sum_of_squares_1::{closure#0} as core[832e9a552fc17241]::ops::function::FnOnce<()>>::call_once
[INFO] [stdout]   14:     0x634244cc07cb - test[39766f3d73431624]::__rust_begin_short_backtrace::<core[832e9a552fc17241]::result::Result<(), alloc[3ecab9f82c41dc7d]::string::String>, fn() -> core[832e9a552fc17241]::result::Result<(), alloc[3ecab9f82c41dc7d]::string::String>>
[INFO] [stdout]   15:     0x634244ccde15 - test[39766f3d73431624]::run_test::{closure#0}
[INFO] [stdout]   16:     0x634244cc88c4 - std[97b98282bc616a66]::sys::backtrace::__rust_begin_short_backtrace::<test[39766f3d73431624]::run_test::{closure#1}, ()>
[INFO] [stdout]   17:     0x634244cd0f62 - <std[97b98282bc616a66]::thread::lifecycle::spawn_unchecked<test[39766f3d73431624]::run_test::{closure#1}, ()>::{closure#1} as core[832e9a552fc17241]::ops::function::FnOnce<()>>::call_once::{shim:vtable#0}
[INFO] [stdout]   18:     0x634244d39acf - <std[97b98282bc616a66]::sys::thread::unix::Thread>::new::thread_start
[INFO] [stdout]   19:     0x75398435307a - <unknown>
[INFO] [stdout]   20:     0x7539843e6534 - clone
[INFO] [stdout]   21:                0x0 - <unknown>
[INFO] [stdout] 
[INFO] [stdout] ---- h_advanced_traits::tests::custom_mixed_1 stdout ----
[INFO] [stdout] 
[INFO] [stdout] thread 'h_advanced_traits::tests::custom_mixed_1' (182) panicked at src/h_advanced_traits.rs:204:9:
[INFO] [stdout] not yet implemented: complete the implementation; note that you might need to change the trait bounds and generics of the `impl` line
[INFO] [stdout] stack backtrace:
[INFO] [stdout]    0:     0x634244d3a241 - <<std[97b98282bc616a66]::sys::backtrace::BacktraceLock>::print::DisplayBacktrace as core[832e9a552fc17241]::fmt::Display>::fmt
[INFO] [stdout]    1:     0x634244d4e22a - core[832e9a552fc17241]::fmt::write
[INFO] [stdout]    2:     0x634244d3e6fc - <alloc[3ecab9f82c41dc7d]::vec::Vec<u8> as std[97b98282bc616a66]::io::Write>::write_fmt
[INFO] [stdout]    3:     0x634244d18966 - std[97b98282bc616a66]::panicking::default_hook::{closure#0}
[INFO] [stdout]    4:     0x634244d32469 - std[97b98282bc616a66]::panicking::default_hook
[INFO] [stdout]    5:     0x634244ccd490 - test[39766f3d73431624]::test_main_inner::<test[39766f3d73431624]::test_main_static::{closure#0}>::{closure#0}
[INFO] [stdout]    6:     0x634244d32622 - std[97b98282bc616a66]::panicking::panic_with_hook
[INFO] [stdout]    7:     0x634244d18a44 - std[97b98282bc616a66]::panicking::panic_handler::{closure#0}
[INFO] [stdout]    8:     0x634244d10369 - std[97b98282bc616a66]::sys::backtrace::__rust_end_short_backtrace::<std[97b98282bc616a66]::panicking::panic_handler::{closure#0}, !>
[INFO] [stdout]    9:     0x634244d1960d - __rustc[e3d8617bb01b7f69]::rust_begin_unwind
[INFO] [stdout]   10:     0x634244d4e95c - core[832e9a552fc17241]::panicking::panic_fmt
[INFO] [stdout]   11:     0x634244cbfeca - <pba_qualifier_exam[56d99b55d3b16c43]::h_advanced_traits::tests::custom_mixed_1::{closure#0} as core[832e9a552fc17241]::ops::function::FnOnce<()>>::call_once
[INFO] [stdout]   12:     0x634244cc07cb - test[39766f3d73431624]::__rust_begin_short_backtrace::<core[832e9a552fc17241]::result::Result<(), alloc[3ecab9f82c41dc7d]::string::String>, fn() -> core[832e9a552fc17241]::result::Result<(), alloc[3ecab9f82c41dc7d]::string::String>>
[INFO] [stdout]   13:     0x634244ccde15 - test[39766f3d73431624]::run_test::{closure#0}
[INFO] [stdout]   14:     0x634244cc88c4 - std[97b98282bc616a66]::sys::backtrace::__rust_begin_short_backtrace::<test[39766f3d73431624]::run_test::{closure#1}, ()>
[INFO] [stdout]   15:     0x634244cd0f62 - <std[97b98282bc616a66]::thread::lifecycle::spawn_unchecked<test[39766f3d73431624]::run_test::{closure#1}, ()>::{closure#1} as core[832e9a552fc17241]::ops::function::FnOnce<()>>::call_once::{shim:vtable#0}
[INFO] [stdout]   16:     0x634244d39acf - <std[97b98282bc616a66]::sys::thread::unix::Thread>::new::thread_start
[INFO] [stdout]   17:     0x75398435307a - <unknown>
[INFO] [stdout]   18:     0x7539843e6534 - clone
[INFO] [stdout]   19:                0x0 - <unknown>
[INFO] [stdout] 
[INFO] [stdout] 
[INFO] [stdout] failures:
[INFO] [stdout]     a_honor_code::tests::honor_code_respected
[INFO] [stdout]     b_multiple_choice::tests::answer_1_a_sanity_check
[INFO] [stdout]     b_multiple_choice::tests::answer_1_b_sanity_check
[INFO] [stdout]     b_multiple_choice::tests::answer_1_c_sanity_check
[INFO] [stdout]     b_multiple_choice::tests::answer_1_d_sanity_check
[INFO] [stdout]     b_multiple_choice::tests::answer_2_sanity_check
[INFO] [stdout]     b_multiple_choice::tests::answer_3_a_sanity_check
[INFO] [stdout]     b_multiple_choice::tests::answer_3_b_sanity_check
[INFO] [stdout]     b_multiple_choice::tests::answer_4_a_sanity_check
[INFO] [stdout]     b_multiple_choice::tests::answer_4_b_sanity_check
[INFO] [stdout]     b_multiple_choice::tests::answer_5_sanity_check
[INFO] [stdout]     b_multiple_choice::tests::answer_6_sanity_check
[INFO] [stdout]     b_multiple_choice::tests::answer_7_sanity_check
[INFO] [stdout]     d_pattern_matching::tests::test_match_1_false
[INFO] [stdout]     d_pattern_matching::tests::test_match_1_true
[INFO] [stdout]     d_pattern_matching::tests::test_match_2
[INFO] [stdout]     d_pattern_matching::tests::test_match_3
[INFO] [stdout]     d_pattern_matching::tests::test_match_4_false
[INFO] [stdout]     d_pattern_matching::tests::test_match_4_true
[INFO] [stdout]     e_common_traits::tests::employee_from_string_success
[INFO] [stdout]     e_common_traits::tests::employee_neq
[INFO] [stdout]     e_common_traits::tests::employee_ord
[INFO] [stdout]     e_common_traits::tests::employee_to_string_success
[INFO] [stdout]     f_iterators::tests::bounded_absolute_values_1
[INFO] [stdout]     f_iterators::tests::fibonacci_1
[INFO] [stdout]     f_iterators::tests::first_n_even_1
[INFO] [stdout]     f_iterators::tests::square_whole_numbers_1
[INFO] [stdout]     f_iterators::tests::sum_of_squares_1
[INFO] [stdout]     h_advanced_traits::tests::custom_mixed_1
[INFO] [stdout]     h_advanced_traits::tests::ic_1
[INFO] [stdout]     h_advanced_traits::tests::mixed_1
[INFO] [stdout]     h_advanced_traits::tests::nuclear
[INFO] [stdout]     h_advanced_traits::tests::omni_1
[INFO] [stdout]     i_extension_traits::tests::extension_trait
[INFO] [stdout]     i_extension_traits::tests::simple_functions
[INFO] [stdout]     k_macros::tests::map
[INFO] [stdout] 
[INFO] [stdout] test result: FAILED. 2 passed; 36 failed; 0 ignored; 0 measured; 0 filtered out; finished in 0.02s
[INFO] [stdout] 
[INFO] running `Command { std: "docker" "inspect" "27d36e45591cda8a19c49fd74173660fb5fdc8792f3f40c628023130f2611fc1", kill_on_drop: false }`
[INFO] running `Command { std: "docker" "rm" "-f" "27d36e45591cda8a19c49fd74173660fb5fdc8792f3f40c628023130f2611fc1", kill_on_drop: false }`
[INFO] [stdout] 27d36e45591cda8a19c49fd74173660fb5fdc8792f3f40c628023130f2611fc1
