[INFO] cloning repository https://github.com/jalho/system2json
[INFO] running `Command { std: "git" "-c" "credential.helper=" "-c" "credential.helper=/workspace/cargo-home/bin/git-credential-null" "clone" "--bare" "https://github.com/jalho/system2json" "/workspace/cache/git-repos/https%3A%2F%2Fgithub.com%2Fjalho%2Fsystem2json", kill_on_drop: false }`
[INFO] [stderr] Cloning into bare repository '/workspace/cache/git-repos/https%3A%2F%2Fgithub.com%2Fjalho%2Fsystem2json'...
[INFO] running `Command { std: "git" "rev-parse" "HEAD", kill_on_drop: false }`
[INFO] [stdout] 356e21f342220d5c1ec8bc505975336c081eed04
[INFO] testing jalho/system2json against 1.99.0-beta.1+cargoflags=--release for beta-release-1.99-2
[INFO] running `Command { std: "git" "clone" "/workspace/cache/git-repos/https%3A%2F%2Fgithub.com%2Fjalho%2Fsystem2json" "/workspace/builds/worker-7-tc2/source", kill_on_drop: false }`
[INFO] [stderr] Cloning into '/workspace/builds/worker-7-tc2/source'...
[INFO] [stderr] done.
[INFO] started tweaking git repo https://github.com/jalho/system2json
[INFO] finished tweaking git repo https://github.com/jalho/system2json
[INFO] tweaked toml for git repo https://github.com/jalho/system2json written to /workspace/builds/worker-7-tc2/source/Cargo.toml
[INFO] validating manifest of git repo https://github.com/jalho/system2json on toolchain 1.99.0-beta.1
[INFO] running `Command { std: CARGO_HOME="/workspace/cargo-home" RUSTUP_HOME="/workspace/rustup-home" "/workspace/cargo-home/bin/cargo" "+1.99.0-beta.1" "metadata" "--manifest-path" "Cargo.toml" "--no-deps", kill_on_drop: false }`
[INFO] crate git repo https://github.com/jalho/system2json already has a lockfile, it will not be regenerated
[INFO] running `Command { std: CARGO_HOME="/workspace/cargo-home" RUSTUP_HOME="/workspace/rustup-home" "/workspace/cargo-home/bin/cargo" "+1.99.0-beta.1" "fetch" "--manifest-path" "Cargo.toml", kill_on_drop: false }`
[INFO] running `Command { std: "docker" "create" "-v" "/var/lib/crater-agent-workspace/builds/worker-7-tc2/source:/opt/rustwide/workdir:ro,Z" "-v" "/var/lib/crater-agent-workspace/builds/worker-7-tc2/target:/opt/rustwide/target:rw,Z" "-v" "/var/lib/crater-agent-workspace/cargo-home:/opt/rustwide/cargo-home:ro,Z" "-v" "/var/lib/crater-agent-workspace/rustup-home:/opt/rustwide/rustup-home:ro,Z" "-m" "1610612736" "--network" "none" "ghcr.io/rust-lang/crates-build-env/linux@sha256:8683fc1fc2eb5c9ac98e0d076ab094b2ffac7f99da555d2b6a2e27f346de2ec7" "sleep" "infinity", kill_on_drop: false }`
[INFO] [stdout] e4f2abe49c4e40e6a9b7b7ecd46db1707bc96fea8ab2887a197135fa5778a528
[INFO] running `Command { std: "docker" "start" "e4f2abe49c4e40e6a9b7b7ecd46db1707bc96fea8ab2887a197135fa5778a528", kill_on_drop: false }`
[INFO] running `Command { std: "docker" "inspect" "e4f2abe49c4e40e6a9b7b7ecd46db1707bc96fea8ab2887a197135fa5778a528", kill_on_drop: false }`
[INFO] running `Command { std: "docker" "exec" "-e" "SOURCE_DIR=/opt/rustwide/workdir" "-e" "CARGO_HOME=/opt/rustwide/cargo-home" "-e" "RUSTUP_HOME=/opt/rustwide/rustup-home" "-e" "CARGO_TARGET_DIR=/opt/rustwide/target" "-w" "/opt/rustwide/workdir" "--user" "0:0" "e4f2abe49c4e40e6a9b7b7ecd46db1707bc96fea8ab2887a197135fa5778a528" "/opt/rustwide/cargo-home/bin/cargo" "+1.99.0-beta.1" "metadata" "--no-deps" "--format-version=1", kill_on_drop: false }`
[INFO] running `Command { std: "docker" "inspect" "e4f2abe49c4e40e6a9b7b7ecd46db1707bc96fea8ab2887a197135fa5778a528", kill_on_drop: false }`
[INFO] running `Command { std: "docker" "exec" "-e" "SOURCE_DIR=/opt/rustwide/workdir" "-e" "CARGO_HOME=/opt/rustwide/cargo-home" "-e" "RUSTUP_HOME=/opt/rustwide/rustup-home" "-e" "CARGO_TARGET_DIR=/opt/rustwide/target" "-e" "CARGO_INCREMENTAL=0" "-e" "RUST_BACKTRACE=full" "-e" "RUSTFLAGS=--cap-lints=warn" "-e" "RUSTDOCFLAGS=--cap-lints=warn" "-w" "/opt/rustwide/workdir" "--user" "0:0" "e4f2abe49c4e40e6a9b7b7ecd46db1707bc96fea8ab2887a197135fa5778a528" "/opt/rustwide/cargo-home/bin/cargo" "+1.99.0-beta.1" "build" "--frozen" "--message-format=json" "--release", kill_on_drop: false }`
[INFO] [stderr]    Compiling serde_core v1.0.228
[INFO] [stderr]    Compiling zmij v1.0.21
[INFO] [stderr]    Compiling hashbrown v0.16.1
[INFO] [stderr]    Compiling equivalent v1.0.2
[INFO] [stderr]    Compiling serde_json v1.0.149
[INFO] [stderr]    Compiling memchr v2.8.0
[INFO] [stderr]    Compiling itoa v1.0.17
[INFO] [stderr]    Compiling indexmap v2.13.0
[INFO] [stderr]    Compiling system2json v0.1.0 (/opt/rustwide/workdir)
[INFO] [stderr]     Finished `release` profile [optimized] target(s) in 7.33s
[INFO] running `Command { std: "docker" "inspect" "e4f2abe49c4e40e6a9b7b7ecd46db1707bc96fea8ab2887a197135fa5778a528", kill_on_drop: false }`
[INFO] running `Command { std: "docker" "exec" "-e" "SOURCE_DIR=/opt/rustwide/workdir" "-e" "CARGO_HOME=/opt/rustwide/cargo-home" "-e" "RUSTUP_HOME=/opt/rustwide/rustup-home" "-e" "CARGO_TARGET_DIR=/opt/rustwide/target" "-e" "CARGO_INCREMENTAL=0" "-e" "RUST_BACKTRACE=full" "-e" "RUSTFLAGS=--cap-lints=warn" "-e" "RUSTDOCFLAGS=--cap-lints=warn" "-w" "/opt/rustwide/workdir" "--user" "0:0" "e4f2abe49c4e40e6a9b7b7ecd46db1707bc96fea8ab2887a197135fa5778a528" "/opt/rustwide/cargo-home/bin/cargo" "+1.99.0-beta.1" "test" "--frozen" "--no-run" "--message-format=json" "--release", kill_on_drop: false }`
[INFO] [stderr]    Compiling serde_core v1.0.228
[INFO] [stderr]    Compiling proc-macro2 v1.0.106
[INFO] [stderr]    Compiling quote v1.0.45
[INFO] [stderr]    Compiling winnow v0.7.14
[INFO] [stderr]    Compiling serde v1.0.228
[INFO] [stderr]    Compiling syn v2.0.117
[INFO] [stderr]    Compiling toml_parser v1.0.9+spec-1.1.0
[INFO] [stderr]    Compiling serde_derive v1.0.228
[INFO] [stderr]    Compiling serde_spanned v1.0.4
[INFO] [stderr]    Compiling toml_datetime v1.0.0+spec-1.1.0
[INFO] [stderr]    Compiling serde_json v1.0.149
[INFO] [stderr]    Compiling toml v1.0.6+spec-1.1.0
[INFO] [stderr]    Compiling system2json v0.1.0 (/opt/rustwide/workdir)
[INFO] [stderr]     Finished `release` profile [optimized] target(s) in 14.31s
[INFO] running `Command { std: "docker" "inspect" "e4f2abe49c4e40e6a9b7b7ecd46db1707bc96fea8ab2887a197135fa5778a528", kill_on_drop: false }`
[INFO] running `Command { std: "docker" "exec" "-e" "SOURCE_DIR=/opt/rustwide/workdir" "-e" "CARGO_HOME=/opt/rustwide/cargo-home" "-e" "RUSTUP_HOME=/opt/rustwide/rustup-home" "-e" "CARGO_TARGET_DIR=/opt/rustwide/target" "-e" "CARGO_INCREMENTAL=0" "-e" "RUST_BACKTRACE=full" "-e" "RUSTFLAGS=--cap-lints=warn" "-e" "RUSTDOCFLAGS=--cap-lints=warn" "-w" "/opt/rustwide/workdir" "--user" "0:0" "e4f2abe49c4e40e6a9b7b7ecd46db1707bc96fea8ab2887a197135fa5778a528" "/opt/rustwide/cargo-home/bin/cargo" "+1.99.0-beta.1" "test" "--frozen" "--release", kill_on_drop: false }`
[INFO] [stdout] 
[INFO] [stdout] running 11 tests
[INFO] [stdout] test test_file_system::json_nested_not_resolved_recursively ... ok
[INFO] [stdout] test test_ignored::http ... ok
[INFO] [stdout] test test_file_system::nested_complex ... ok
[INFO] [stdout] test test_file_system::json_not_resolved_recursively ... ok
[INFO] [stdout] test test_file_system::relative_path_without_dot ... ok
[INFO] [stdout] test test_keep_intact::nested_complex ... ok
[INFO] [stdout] test test_keep_intact::record_simple ... ok
[INFO] [stdout] test test_ignored::https ... ok
[INFO] [stdout] test test_reserved::env_hex ... ok
[INFO] [stdout] test test_file_system::relative_path_with_dot ... ok
[INFO] [stdout] test test_reserved::tfwhne ... ok
[INFO] [stdout] 
[INFO] [stdout] test result: ok. 11 passed; 0 failed; 0 ignored; 0 measured; 0 filtered out; finished in 0.00s
[INFO] [stdout] 
[INFO] [stderr]     Finished `release` profile [optimized] target(s) in 0.05s
[INFO] [stderr]      Running unittests src/lib.rs (/opt/rustwide/target/release/deps/system2json-ec3a19a340b83589)
[INFO] [stderr]    Doc-tests system2json
[INFO] [stdout] 
[INFO] [stdout] running 3 tests
[INFO] [stdout] test src/lib.rs - (line 35) ... ok
[INFO] [stdout] test src/lib.rs - (line 88) ... FAILED
[INFO] [stdout] test src/../README.md - ReadmeDoctests (line 23) ... FAILED
[INFO] [stdout] 
[INFO] [stdout] failures:
[INFO] [stdout] 
[INFO] [stdout] ---- src/lib.rs - (line 88) stdout ----
[INFO] [stdout] Test executable failed (exit status: 101).
[INFO] [stdout] 
[INFO] [stdout] stderr:
[INFO] [stdout] 
[INFO] [stdout] thread 'main' (777) panicked at /tmp/rustdoctestIraagd/doctest_bundle_2024.rs:100:35:
[INFO] [stdout] called `Result::unwrap()` on an `Err` value: ResolvingPrefixNotSupported { prefix_attempted: "file-json5://" }
[INFO] [stdout] stack backtrace:
[INFO] [stdout]    0:     0x5e742114f581 - std[104cf6e2632825ea]::backtrace_rs::backtrace::libunwind::trace
[INFO] [stdout]                                at /rustc/f47d5bb13648d5c859f5b438eb7dc834b9729961/library/std/src/../../backtrace/src/backtrace/libunwind.rs:117:9
[INFO] [stdout]    1:     0x5e742114f581 - std[104cf6e2632825ea]::backtrace_rs::backtrace::trace_unsynchronized::<std[104cf6e2632825ea]::sys::backtrace::_print_fmt::{closure#1}>
[INFO] [stdout]                                at /rustc/f47d5bb13648d5c859f5b438eb7dc834b9729961/library/std/src/../../backtrace/src/backtrace/mod.rs:66:14
[INFO] [stdout]    2:     0x5e742114f581 - std[104cf6e2632825ea]::sys::backtrace::_print_fmt
[INFO] [stdout]                                at /rustc/f47d5bb13648d5c859f5b438eb7dc834b9729961/library/std/src/sys/backtrace.rs:74:9
[INFO] [stdout]    3:     0x5e742114f581 - <<std[104cf6e2632825ea]::sys::backtrace::BacktraceLock>::print::DisplayBacktrace as core[7c831bd917ebf35f]::fmt::Display>::fmt
[INFO] [stdout]                                at /rustc/f47d5bb13648d5c859f5b438eb7dc834b9729961/library/std/src/sys/backtrace.rs:44:26
[INFO] [stdout]    4:     0x5e74211649aa - <core[7c831bd917ebf35f]::fmt::rt::Argument>::fmt
[INFO] [stdout]                                at /rustc/f47d5bb13648d5c859f5b438eb7dc834b9729961/library/core/src/fmt/rt.rs:152:76
[INFO] [stdout]    5:     0x5e74211649aa - core[7c831bd917ebf35f]::fmt::write
[INFO] [stdout]    6:     0x5e74211549bc - core[7c831bd917ebf35f]::io::write::default_write_fmt::<std[104cf6e2632825ea]::sys::stdio::unix::Stderr>
[INFO] [stdout]                                at /rustc/f47d5bb13648d5c859f5b438eb7dc834b9729961/library/core/src/io/write.rs:402:11
[INFO] [stdout]    7:     0x5e74211549bc - <std[104cf6e2632825ea]::sys::stdio::unix::Stderr as core[7c831bd917ebf35f]::io::write::Write>::write_fmt
[INFO] [stdout]                                at /rustc/f47d5bb13648d5c859f5b438eb7dc834b9729961/library/core/src/io/write.rs:335:13
[INFO] [stdout]    8:     0x5e742112b456 - <std[104cf6e2632825ea]::sys::backtrace::BacktraceLock>::print
[INFO] [stdout]                                at /rustc/f47d5bb13648d5c859f5b438eb7dc834b9729961/library/std/src/sys/backtrace.rs:47:9
[INFO] [stdout]    9:     0x5e742112b456 - std[104cf6e2632825ea]::panicking::default_hook::{closure#0}
[INFO] [stdout]                                at /rustc/f47d5bb13648d5c859f5b438eb7dc834b9729961/library/std/src/panicking.rs:292:27
[INFO] [stdout]   10:     0x5e74211477d1 - std[104cf6e2632825ea]::panicking::default_hook
[INFO] [stdout]                                at /rustc/f47d5bb13648d5c859f5b438eb7dc834b9729961/library/std/src/panicking.rs:319:9
[INFO] [stdout]   11:     0x5e742114798b - std[104cf6e2632825ea]::panicking::panic_with_hook
[INFO] [stdout]                                at /rustc/f47d5bb13648d5c859f5b438eb7dc834b9729961/library/std/src/panicking.rs:815:13
[INFO] [stdout]   12:     0x5e742112b502 - std[104cf6e2632825ea]::panicking::panic_handler::{closure#0}
[INFO] [stdout]                                at /rustc/f47d5bb13648d5c859f5b438eb7dc834b9729961/library/std/src/panicking.rs:688:13
[INFO] [stdout]   13:     0x5e74211238a9 - std[104cf6e2632825ea]::sys::backtrace::__rust_end_short_backtrace::<std[104cf6e2632825ea]::panicking::panic_handler::{closure#0}, !>
[INFO] [stdout]                                at /rustc/f47d5bb13648d5c859f5b438eb7dc834b9729961/library/std/src/sys/backtrace.rs:182:18
[INFO] [stdout]   14:     0x5e742112c27d - __rustc[b0d56fa5b193ad05]::rust_begin_unwind
[INFO] [stdout]                                at /rustc/f47d5bb13648d5c859f5b438eb7dc834b9729961/library/std/src/panicking.rs:679:5
[INFO] [stdout]   15:     0x5e742116511c - core[7c831bd917ebf35f]::panicking::panic_fmt
[INFO] [stdout]                                at /rustc/f47d5bb13648d5c859f5b438eb7dc834b9729961/library/core/src/panicking.rs:80:14
[INFO] [stdout]   16:     0x5e7421164ef2 - core[7c831bd917ebf35f]::result::unwrap_failed
[INFO] [stdout]                                at /rustc/f47d5bb13648d5c859f5b438eb7dc834b9729961/library/core/src/result.rs:1871:5
[INFO] [stdout]   17:     0x5e74210afa9b - doctest_bundle_2024[23099591ada481f4]::__doctest_2::main
[INFO] [stdout]   18:     0x5e74210afc7e - doctest_bundle_2024[23099591ada481f4]::__doctest_2::__main_fn
[INFO] [stdout]   19:     0x5e7421089531 - doctest_runner_2024[4f9fc72afdcfadc2]::__doctest_2::TEST::{closure#0}
[INFO] [stdout]   20:     0x5e742108d146 - <doctest_runner_2024[4f9fc72afdcfadc2]::__doctest_2::TEST::{closure#0} as core[7c831bd917ebf35f]::ops::function::FnOnce<()>>::call_once
[INFO] [stdout]   21:     0x5e7421089ab5 - doctest_runner_2024[4f9fc72afdcfadc2]::main
[INFO] [stdout]   22:     0x5e742108d093 - <fn() -> std[104cf6e2632825ea]::process::ExitCode as core[7c831bd917ebf35f]::ops::function::FnOnce<()>>::call_once
[INFO] [stdout]   23:     0x5e7421088d36 - std[104cf6e2632825ea]::sys::backtrace::__rust_begin_short_backtrace::<fn() -> std[104cf6e2632825ea]::process::ExitCode, std[104cf6e2632825ea]::process::ExitCode>
[INFO] [stdout]   24:     0x5e7421089269 - std[104cf6e2632825ea]::rt::lang_start::<std[104cf6e2632825ea]::process::ExitCode>::{closure#0}
[INFO] [stdout]   25:     0x5e7421146759 - <&dyn core[7c831bd917ebf35f]::ops::function::Fn<(), Output = i32> + core[7c831bd917ebf35f]::panic::unwind_safe::RefUnwindSafe + core[7c831bd917ebf35f]::marker::Sync as core[7c831bd917ebf35f]::ops::function::FnOnce<()>>::call_once
[INFO] [stdout]                                at /rustc/f47d5bb13648d5c859f5b438eb7dc834b9729961/library/core/src/ops/function.rs:287:21
[INFO] [stdout]   26:     0x5e7421146759 - std[104cf6e2632825ea]::panicking::catch_unwind::do_call::<&dyn core[7c831bd917ebf35f]::ops::function::Fn<(), Output = i32> + core[7c831bd917ebf35f]::panic::unwind_safe::RefUnwindSafe + core[7c831bd917ebf35f]::marker::Sync, i32>
[INFO] [stdout]                                at /rustc/f47d5bb13648d5c859f5b438eb7dc834b9729961/library/std/src/panicking.rs:576:43
[INFO] [stdout]   27:     0x5e7421146759 - std[104cf6e2632825ea]::panicking::catch_unwind::<i32, &dyn core[7c831bd917ebf35f]::ops::function::Fn<(), Output = i32> + core[7c831bd917ebf35f]::panic::unwind_safe::RefUnwindSafe + core[7c831bd917ebf35f]::marker::Sync>
[INFO] [stdout]                                at /rustc/f47d5bb13648d5c859f5b438eb7dc834b9729961/library/std/src/panicking.rs:544:19
[INFO] [stdout]   28:     0x5e7421146759 - std[104cf6e2632825ea]::panic::catch_unwind::<&dyn core[7c831bd917ebf35f]::ops::function::Fn<(), Output = i32> + core[7c831bd917ebf35f]::panic::unwind_safe::RefUnwindSafe + core[7c831bd917ebf35f]::marker::Sync, i32>
[INFO] [stdout]                                at /rustc/f47d5bb13648d5c859f5b438eb7dc834b9729961/library/std/src/panic.rs:359:14
[INFO] [stdout]   29:     0x5e7421146759 - std[104cf6e2632825ea]::rt::lang_start_internal::{closure#0}
[INFO] [stdout]                                at /rustc/f47d5bb13648d5c859f5b438eb7dc834b9729961/library/std/src/rt.rs:175:24
[INFO] [stdout]   30:     0x5e7421146759 - std[104cf6e2632825ea]::panicking::catch_unwind::do_call::<std[104cf6e2632825ea]::rt::lang_start_internal::{closure#0}, isize>
[INFO] [stdout]                                at /rustc/f47d5bb13648d5c859f5b438eb7dc834b9729961/library/std/src/panicking.rs:576:43
[INFO] [stdout]   31:     0x5e7421146759 - std[104cf6e2632825ea]::panicking::catch_unwind::<isize, std[104cf6e2632825ea]::rt::lang_start_internal::{closure#0}>
[INFO] [stdout]                                at /rustc/f47d5bb13648d5c859f5b438eb7dc834b9729961/library/std/src/panicking.rs:544:19
[INFO] [stdout]   32:     0x5e7421146759 - std[104cf6e2632825ea]::panic::catch_unwind::<std[104cf6e2632825ea]::rt::lang_start_internal::{closure#0}, isize>
[INFO] [stdout]                                at /rustc/f47d5bb13648d5c859f5b438eb7dc834b9729961/library/std/src/panic.rs:359:14
[INFO] [stdout]   33:     0x5e7421146759 - std[104cf6e2632825ea]::rt::lang_start_internal
[INFO] [stdout]                                at /rustc/f47d5bb13648d5c859f5b438eb7dc834b9729961/library/std/src/rt.rs:171:5
[INFO] [stdout]   34:     0x5e74210881c1 - std[104cf6e2632825ea]::rt::lang_start::<std[104cf6e2632825ea]::process::ExitCode>
[INFO] [stdout]   35:     0x5e742108d225 - main
[INFO] [stdout]   36:     0x7df0fc971601 - <unknown>
[INFO] [stdout]   37:     0x7df0fc971718 - __libc_start_main
[INFO] [stdout]   38:     0x5e74210873e5 - _start
[INFO] [stdout]   39:                0x0 - <unknown>
[INFO] [stdout] 
[INFO] [stdout] 
[INFO] [stdout] ---- src/../README.md - ReadmeDoctests (line 23) stdout ----
[INFO] [stdout] Test executable failed (exit status: 101).
[INFO] [stdout] 
[INFO] [stdout] stderr:
[INFO] [stdout] 
[INFO] [stdout] thread 'main' (778) panicked at /tmp/rustdoctestIraagd/doctest_bundle_2024.rs:11:82:
[INFO] [stdout] called `Result::unwrap()` on an `Err` value: ResolvingPrefixNotSupported { prefix_attempted: "file-json5://" }
[INFO] [stdout] stack backtrace:
[INFO] [stdout]    0:     0x59ab970eb581 - std[104cf6e2632825ea]::backtrace_rs::backtrace::libunwind::trace
[INFO] [stdout]                                at /rustc/f47d5bb13648d5c859f5b438eb7dc834b9729961/library/std/src/../../backtrace/src/backtrace/libunwind.rs:117:9
[INFO] [stdout]    1:     0x59ab970eb581 - std[104cf6e2632825ea]::backtrace_rs::backtrace::trace_unsynchronized::<std[104cf6e2632825ea]::sys::backtrace::_print_fmt::{closure#1}>
[INFO] [stdout]                                at /rustc/f47d5bb13648d5c859f5b438eb7dc834b9729961/library/std/src/../../backtrace/src/backtrace/mod.rs:66:14
[INFO] [stdout]    2:     0x59ab970eb581 - std[104cf6e2632825ea]::sys::backtrace::_print_fmt
[INFO] [stdout]                                at /rustc/f47d5bb13648d5c859f5b438eb7dc834b9729961/library/std/src/sys/backtrace.rs:74:9
[INFO] [stdout]    3:     0x59ab970eb581 - <<std[104cf6e2632825ea]::sys::backtrace::BacktraceLock>::print::DisplayBacktrace as core[7c831bd917ebf35f]::fmt::Display>::fmt
[INFO] [stdout]                                at /rustc/f47d5bb13648d5c859f5b438eb7dc834b9729961/library/std/src/sys/backtrace.rs:44:26
[INFO] [stdout]    4:     0x59ab971009aa - <core[7c831bd917ebf35f]::fmt::rt::Argument>::fmt
[INFO] [stdout]                                at /rustc/f47d5bb13648d5c859f5b438eb7dc834b9729961/library/core/src/fmt/rt.rs:152:76
[INFO] [stdout]    5:     0x59ab971009aa - core[7c831bd917ebf35f]::fmt::write
[INFO] [stdout]    6:     0x59ab970f09bc - core[7c831bd917ebf35f]::io::write::default_write_fmt::<std[104cf6e2632825ea]::sys::stdio::unix::Stderr>
[INFO] [stdout]                                at /rustc/f47d5bb13648d5c859f5b438eb7dc834b9729961/library/core/src/io/write.rs:402:11
[INFO] [stdout]    7:     0x59ab970f09bc - <std[104cf6e2632825ea]::sys::stdio::unix::Stderr as core[7c831bd917ebf35f]::io::write::Write>::write_fmt
[INFO] [stdout]                                at /rustc/f47d5bb13648d5c859f5b438eb7dc834b9729961/library/core/src/io/write.rs:335:13
[INFO] [stdout]    8:     0x59ab970c7456 - <std[104cf6e2632825ea]::sys::backtrace::BacktraceLock>::print
[INFO] [stdout]                                at /rustc/f47d5bb13648d5c859f5b438eb7dc834b9729961/library/std/src/sys/backtrace.rs:47:9
[INFO] [stdout]    9:     0x59ab970c7456 - std[104cf6e2632825ea]::panicking::default_hook::{closure#0}
[INFO] [stdout]                                at /rustc/f47d5bb13648d5c859f5b438eb7dc834b9729961/library/std/src/panicking.rs:292:27
[INFO] [stdout]   10:     0x59ab970e37d1 - std[104cf6e2632825ea]::panicking::default_hook
[INFO] [stdout]                                at /rustc/f47d5bb13648d5c859f5b438eb7dc834b9729961/library/std/src/panicking.rs:319:9
[INFO] [stdout]   11:     0x59ab970e398b - std[104cf6e2632825ea]::panicking::panic_with_hook
[INFO] [stdout]                                at /rustc/f47d5bb13648d5c859f5b438eb7dc834b9729961/library/std/src/panicking.rs:815:13
[INFO] [stdout]   12:     0x59ab970c7502 - std[104cf6e2632825ea]::panicking::panic_handler::{closure#0}
[INFO] [stdout]                                at /rustc/f47d5bb13648d5c859f5b438eb7dc834b9729961/library/std/src/panicking.rs:688:13
[INFO] [stdout]   13:     0x59ab970bf8a9 - std[104cf6e2632825ea]::sys::backtrace::__rust_end_short_backtrace::<std[104cf6e2632825ea]::panicking::panic_handler::{closure#0}, !>
[INFO] [stdout]                                at /rustc/f47d5bb13648d5c859f5b438eb7dc834b9729961/library/std/src/sys/backtrace.rs:182:18
[INFO] [stdout]   14:     0x59ab970c827d - __rustc[b0d56fa5b193ad05]::rust_begin_unwind
[INFO] [stdout]                                at /rustc/f47d5bb13648d5c859f5b438eb7dc834b9729961/library/std/src/panicking.rs:679:5
[INFO] [stdout]   15:     0x59ab9710111c - core[7c831bd917ebf35f]::panicking::panic_fmt
[INFO] [stdout]                                at /rustc/f47d5bb13648d5c859f5b438eb7dc834b9729961/library/core/src/panicking.rs:80:14
[INFO] [stdout]   16:     0x59ab97100ef2 - core[7c831bd917ebf35f]::result::unwrap_failed
[INFO] [stdout]                                at /rustc/f47d5bb13648d5c859f5b438eb7dc834b9729961/library/core/src/result.rs:1871:5
[INFO] [stdout]   17:     0x59ab9704b13a - doctest_bundle_2024[23099591ada481f4]::__doctest_0::main
[INFO] [stdout]   18:     0x59ab9704b48e - doctest_bundle_2024[23099591ada481f4]::__doctest_0::__main_fn
[INFO] [stdout]   19:     0x59ab97025430 - doctest_runner_2024[4f9fc72afdcfadc2]::__doctest_0::TEST::{closure#0}
[INFO] [stdout]   20:     0x59ab97029106 - <doctest_runner_2024[4f9fc72afdcfadc2]::__doctest_0::TEST::{closure#0} as core[7c831bd917ebf35f]::ops::function::FnOnce<()>>::call_once
[INFO] [stdout]   21:     0x59ab97025ab5 - doctest_runner_2024[4f9fc72afdcfadc2]::main
[INFO] [stdout]   22:     0x59ab97029093 - <fn() -> std[104cf6e2632825ea]::process::ExitCode as core[7c831bd917ebf35f]::ops::function::FnOnce<()>>::call_once
[INFO] [stdout]   23:     0x59ab97024d36 - std[104cf6e2632825ea]::sys::backtrace::__rust_begin_short_backtrace::<fn() -> std[104cf6e2632825ea]::process::ExitCode, std[104cf6e2632825ea]::process::ExitCode>
[INFO] [stdout]   24:     0x59ab97025269 - std[104cf6e2632825ea]::rt::lang_start::<std[104cf6e2632825ea]::process::ExitCode>::{closure#0}
[INFO] [stdout]   25:     0x59ab970e2759 - <&dyn core[7c831bd917ebf35f]::ops::function::Fn<(), Output = i32> + core[7c831bd917ebf35f]::panic::unwind_safe::RefUnwindSafe + core[7c831bd917ebf35f]::marker::Sync as core[7c831bd917ebf35f]::ops::function::FnOnce<()>>::call_once
[INFO] [stdout]                                at /rustc/f47d5bb13648d5c859f5b438eb7dc834b9729961/library/core/src/ops/function.rs:287:21
[INFO] [stdout]   26:     0x59ab970e2759 - std[104cf6e2632825ea]::panicking::catch_unwind::do_call::<&dyn core[7c831bd917ebf35f]::ops::function::Fn<(), Output = i32> + core[7c831bd917ebf35f]::panic::unwind_safe::RefUnwindSafe + core[7c831bd917ebf35f]::marker::Sync, i32>
[INFO] [stdout]                                at /rustc/f47d5bb13648d5c859f5b438eb7dc834b9729961/library/std/src/panicking.rs:576:43
[INFO] [stdout]   27:     0x59ab970e2759 - std[104cf6e2632825ea]::panicking::catch_unwind::<i32, &dyn core[7c831bd917ebf35f]::ops::function::Fn<(), Output = i32> + core[7c831bd917ebf35f]::panic::unwind_safe::RefUnwindSafe + core[7c831bd917ebf35f]::marker::Sync>
[INFO] [stdout]                                at /rustc/f47d5bb13648d5c859f5b438eb7dc834b9729961/library/std/src/panicking.rs:544:19
[INFO] [stdout]   28:     0x59ab970e2759 - std[104cf6e2632825ea]::panic::catch_unwind::<&dyn core[7c831bd917ebf35f]::ops::function::Fn<(), Output = i32> + core[7c831bd917ebf35f]::panic::unwind_safe::RefUnwindSafe + core[7c831bd917ebf35f]::marker::Sync, i32>
[INFO] [stdout]                                at /rustc/f47d5bb13648d5c859f5b438eb7dc834b9729961/library/std/src/panic.rs:359:14
[INFO] [stdout]   29:     0x59ab970e2759 - std[104cf6e2632825ea]::rt::lang_start_internal::{closure#0}
[INFO] [stdout]                                at /rustc/f47d5bb13648d5c859f5b438eb7dc834b9729961/library/std/src/rt.rs:175:24
[INFO] [stdout]   30:     0x59ab970e2759 - std[104cf6e2632825ea]::panicking::catch_unwind::do_call::<std[104cf6e2632825ea]::rt::lang_start_internal::{closure#0}, isize>
[INFO] [stdout]                                at /rustc/f47d5bb13648d5c859f5b438eb7dc834b9729961/library/std/src/panicking.rs:576:43
[INFO] [stdout]   31:     0x59ab970e2759 - std[104cf6e2632825ea]::panicking::catch_unwind::<isize, std[104cf6e2632825ea]::rt::lang_start_internal::{closure#0}>
[INFO] [stdout]                                at /rustc/f47d5bb13648d5c859f5b438eb7dc834b9729961/library/std/src/panicking.rs:544:19
[INFO] [stdout]   32:     0x59ab970e2759 - std[104cf6e2632825ea]::panic::catch_unwind::<std[104cf6e2632825ea]::rt::lang_start_internal::{closure#0}, isize>
[INFO] [stdout]                                at /rustc/f47d5bb13648d5c859f5b438eb7dc834b9729961/library/std/src/panic.rs:359:14
[INFO] [stdout]   33:     0x59ab970e2759 - std[104cf6e2632825ea]::rt::lang_start_internal
[INFO] [stdout]                                at /rustc/f47d5bb13648d5c859f5b438eb7dc834b9729961/library/std/src/rt.rs:171:5
[INFO] [stdout]   34:     0x59ab970241c1 - std[104cf6e2632825ea]::rt::lang_start::<std[104cf6e2632825ea]::process::ExitCode>
[INFO] [stdout]   35:     0x59ab97029225 - main
[INFO] [stdout]   36:     0x79be4743d601 - <unknown>
[INFO] [stdout]   37:     0x79be4743d718 - __libc_start_main
[INFO] [stdout]   38:     0x59ab970233e5 - _start
[INFO] [stdout]   39:                0x0 - <unknown>
[INFO] [stdout] 
[INFO] [stdout] 
[INFO] [stdout] 
[INFO] [stdout] failures:
[INFO] [stdout]     src/../README.md - ReadmeDoctests (line 23)
[INFO] [stdout]     src/lib.rs - (line 88)
[INFO] [stdout] 
[INFO] [stdout] test result: FAILED. 1 passed; 2 failed; 0 ignored; 0 measured; 0 filtered out; finished in 0.05s
[INFO] [stdout] 
[INFO] [stdout] all doctests ran in 1.11s; merged doctests compilation took 1.06s
[INFO] [stderr] error: doctest failed, to rerun pass `--doc`
[INFO] running `Command { std: "docker" "inspect" "e4f2abe49c4e40e6a9b7b7ecd46db1707bc96fea8ab2887a197135fa5778a528", kill_on_drop: false }`
[INFO] running `Command { std: "docker" "rm" "-f" "e4f2abe49c4e40e6a9b7b7ecd46db1707bc96fea8ab2887a197135fa5778a528", kill_on_drop: false }`
[INFO] [stdout] e4f2abe49c4e40e6a9b7b7ecd46db1707bc96fea8ab2887a197135fa5778a528
