[INFO] cloning repository https://github.com/jakobloch/unbinder
[INFO] running `Command { std: "git" "-c" "credential.helper=" "-c" "credential.helper=/workspace/cargo-home/bin/git-credential-null" "clone" "--bare" "https://github.com/jakobloch/unbinder" "/workspace/cache/git-repos/https%3A%2F%2Fgithub.com%2Fjakobloch%2Funbinder", kill_on_drop: false }`
[INFO] [stderr] Cloning into bare repository '/workspace/cache/git-repos/https%3A%2F%2Fgithub.com%2Fjakobloch%2Funbinder'...
[INFO] running `Command { std: "git" "rev-parse" "HEAD", kill_on_drop: false }`
[INFO] [stdout] fa28af0e69a5ee359bd9b835f33d7bfa3adcfea9
[INFO] testing jakobloch/unbinder against 1.98.0-beta.8+cargoflags=--release for beta-release-1.99-2
[INFO] running `Command { std: "git" "clone" "/workspace/cache/git-repos/https%3A%2F%2Fgithub.com%2Fjakobloch%2Funbinder" "/workspace/builds/worker-7-tc1/source", kill_on_drop: false }`
[INFO] [stderr] Cloning into '/workspace/builds/worker-7-tc1/source'...
[INFO] [stderr] done.
[INFO] started tweaking git repo https://github.com/jakobloch/unbinder
[INFO] finished tweaking git repo https://github.com/jakobloch/unbinder
[INFO] tweaked toml for git repo https://github.com/jakobloch/unbinder written to /workspace/builds/worker-7-tc1/source/Cargo.toml
[INFO] validating manifest of git repo https://github.com/jakobloch/unbinder on toolchain 1.98.0-beta.8
[INFO] running `Command { std: CARGO_HOME="/workspace/cargo-home" RUSTUP_HOME="/workspace/rustup-home" "/workspace/cargo-home/bin/cargo" "+1.98.0-beta.8" "metadata" "--manifest-path" "Cargo.toml" "--no-deps", kill_on_drop: false }`
[INFO] crate git repo https://github.com/jakobloch/unbinder already has a lockfile, it will not be regenerated
[INFO] running `Command { std: CARGO_HOME="/workspace/cargo-home" RUSTUP_HOME="/workspace/rustup-home" "/workspace/cargo-home/bin/cargo" "+1.98.0-beta.8" "fetch" "--manifest-path" "Cargo.toml", kill_on_drop: false }`
[INFO] [stderr]     Blocking waiting for file lock on package cache
[INFO] [stderr]     Updating crates.io index
[INFO] [stderr]     Blocking waiting for file lock on package cache
[INFO] [stderr]  Downloading crates ...
[INFO] [stderr]   Downloaded memory_units v0.4.0
[INFO] [stderr]   Downloaded wee_alloc v0.4.5
[INFO] [stderr]   Downloaded bumpalo v3.18.1
[INFO] [stderr]   Downloaded cfg-if v1.0.1
[INFO] [stderr]   Downloaded wasm_sync v0.1.2
[INFO] [stderr]   Downloaded wasm-bindgen-rayon v1.3.0
[INFO] [stderr]   Downloaded serde-wasm-bindgen v0.6.5
[INFO] [stderr]   Downloaded syn v2.0.103
[INFO] [stderr]   Downloaded libc v0.2.173
[INFO] running `Command { std: "docker" "create" "-v" "/var/lib/crater-agent-workspace/builds/worker-7-tc1/source:/opt/rustwide/workdir:ro,Z" "-v" "/var/lib/crater-agent-workspace/builds/worker-7-tc1/target:/opt/rustwide/target:rw,Z" "-v" "/var/lib/crater-agent-workspace/cargo-home:/opt/rustwide/cargo-home:ro,Z" "-v" "/var/lib/crater-agent-workspace/rustup-home:/opt/rustwide/rustup-home:ro,Z" "-m" "1610612736" "--network" "none" "ghcr.io/rust-lang/crates-build-env/linux@sha256:8683fc1fc2eb5c9ac98e0d076ab094b2ffac7f99da555d2b6a2e27f346de2ec7" "sleep" "infinity", kill_on_drop: false }`
[INFO] [stdout] fda626884cea750551234c85b3aa50edd76b21dd54cf8b9106206d78c0002ab1
[INFO] running `Command { std: "docker" "start" "fda626884cea750551234c85b3aa50edd76b21dd54cf8b9106206d78c0002ab1", kill_on_drop: false }`
[INFO] running `Command { std: "docker" "inspect" "fda626884cea750551234c85b3aa50edd76b21dd54cf8b9106206d78c0002ab1", kill_on_drop: false }`
[INFO] running `Command { std: "docker" "exec" "-e" "SOURCE_DIR=/opt/rustwide/workdir" "-e" "CARGO_HOME=/opt/rustwide/cargo-home" "-e" "RUSTUP_HOME=/opt/rustwide/rustup-home" "-e" "CARGO_TARGET_DIR=/opt/rustwide/target" "-w" "/opt/rustwide/workdir" "--user" "0:0" "fda626884cea750551234c85b3aa50edd76b21dd54cf8b9106206d78c0002ab1" "/opt/rustwide/cargo-home/bin/cargo" "+1.98.0-beta.8" "metadata" "--no-deps" "--format-version=1", kill_on_drop: false }`
[INFO] running `Command { std: "docker" "inspect" "fda626884cea750551234c85b3aa50edd76b21dd54cf8b9106206d78c0002ab1", kill_on_drop: false }`
[INFO] running `Command { std: "docker" "exec" "-e" "SOURCE_DIR=/opt/rustwide/workdir" "-e" "CARGO_HOME=/opt/rustwide/cargo-home" "-e" "RUSTUP_HOME=/opt/rustwide/rustup-home" "-e" "CARGO_TARGET_DIR=/opt/rustwide/target" "-e" "CARGO_INCREMENTAL=0" "-e" "RUST_BACKTRACE=full" "-e" "RUSTFLAGS=--cap-lints=warn" "-e" "RUSTDOCFLAGS=--cap-lints=warn" "-w" "/opt/rustwide/workdir" "--user" "0:0" "fda626884cea750551234c85b3aa50edd76b21dd54cf8b9106206d78c0002ab1" "/opt/rustwide/cargo-home/bin/cargo" "+1.98.0-beta.8" "build" "--frozen" "--message-format=json" "--release", kill_on_drop: false }`
[INFO] [stderr]    Compiling proc-macro2 v1.0.95
[INFO] [stderr]    Compiling unicode-ident v1.0.18
[INFO] [stderr]    Compiling serde v1.0.219
[INFO] [stderr]    Compiling serde_json v1.0.140
[INFO] [stderr]    Compiling itoa v1.0.15
[INFO] [stderr]    Compiling ryu v1.0.20
[INFO] [stderr]    Compiling memchr v2.7.5
[INFO] [stderr]    Compiling cfg-if v1.0.1
[INFO] [stderr]    Compiling rustc-hash v2.1.1
[INFO] [stderr]    Compiling quote v1.0.40
[INFO] [stderr]    Compiling syn v2.0.103
[INFO] [stderr]    Compiling serde_derive v1.0.219
[INFO] [stderr]    Compiling unbinder v0.1.7 (/opt/rustwide/workdir)
[INFO] [stderr]     Finished `release` profile [optimized] target(s) in 15.78s
[INFO] running `Command { std: "docker" "inspect" "fda626884cea750551234c85b3aa50edd76b21dd54cf8b9106206d78c0002ab1", kill_on_drop: false }`
[INFO] running `Command { std: "docker" "exec" "-e" "SOURCE_DIR=/opt/rustwide/workdir" "-e" "CARGO_HOME=/opt/rustwide/cargo-home" "-e" "RUSTUP_HOME=/opt/rustwide/rustup-home" "-e" "CARGO_TARGET_DIR=/opt/rustwide/target" "-e" "CARGO_INCREMENTAL=0" "-e" "RUST_BACKTRACE=full" "-e" "RUSTFLAGS=--cap-lints=warn" "-e" "RUSTDOCFLAGS=--cap-lints=warn" "-w" "/opt/rustwide/workdir" "--user" "0:0" "fda626884cea750551234c85b3aa50edd76b21dd54cf8b9106206d78c0002ab1" "/opt/rustwide/cargo-home/bin/cargo" "+1.98.0-beta.8" "test" "--frozen" "--no-run" "--message-format=json" "--release", kill_on_drop: false }`
[INFO] [stderr]    Compiling memchr v2.7.5
[INFO] [stderr]    Compiling itoa v1.0.15
[INFO] [stderr]    Compiling ryu v1.0.20
[INFO] [stderr]    Compiling rustc-hash v2.1.1
[INFO] [stderr]    Compiling cfg-if v1.0.1
[INFO] [stderr]    Compiling serde v1.0.219
[INFO] [stderr]    Compiling serde_json v1.0.140
[INFO] [stderr]    Compiling unbinder v0.1.7 (/opt/rustwide/workdir)
[INFO] [stderr]     Finished `release` profile [optimized] target(s) in 17.13s
[INFO] running `Command { std: "docker" "inspect" "fda626884cea750551234c85b3aa50edd76b21dd54cf8b9106206d78c0002ab1", kill_on_drop: false }`
[INFO] running `Command { std: "docker" "exec" "-e" "SOURCE_DIR=/opt/rustwide/workdir" "-e" "CARGO_HOME=/opt/rustwide/cargo-home" "-e" "RUSTUP_HOME=/opt/rustwide/rustup-home" "-e" "CARGO_TARGET_DIR=/opt/rustwide/target" "-e" "CARGO_INCREMENTAL=0" "-e" "RUST_BACKTRACE=full" "-e" "RUSTFLAGS=--cap-lints=warn" "-e" "RUSTDOCFLAGS=--cap-lints=warn" "-w" "/opt/rustwide/workdir" "--user" "0:0" "fda626884cea750551234c85b3aa50edd76b21dd54cf8b9106206d78c0002ab1" "/opt/rustwide/cargo-home/bin/cargo" "+1.98.0-beta.8" "test" "--frozen" "--release", kill_on_drop: false }`
[INFO] [stderr]     Finished `release` profile [optimized] target(s) in 0.06s
[INFO] [stderr]      Running unittests src/lib.rs (/opt/rustwide/target/release/deps/unbinder-e1864f4a7711f4f3)
[INFO] [stdout] 
[INFO] [stdout] running 0 tests
[INFO] [stdout] 
[INFO] [stdout] test result: ok. 0 passed; 0 failed; 0 ignored; 0 measured; 0 filtered out; finished in 0.00s
[INFO] [stdout] 
[INFO] [stderr]    Doc-tests unbinder
[INFO] [stdout] 
[INFO] [stdout] running 5 tests
[INFO] [stdout] test src/lib.rs - core::count (line 262) ... FAILED
[INFO] [stdout] test src/lib.rs - (line 38) ... ok
[INFO] [stdout] test src/lib.rs - core::Options (line 124) ... ok
[INFO] [stdout] test src/lib.rs - (line 16) ... ok
[INFO] [stdout] test src/lib.rs - core::dereference_schema (line 200) ... ok
[INFO] [stdout] 
[INFO] [stdout] failures:
[INFO] [stdout] 
[INFO] [stdout] ---- src/lib.rs - core::count (line 262) stdout ----
[INFO] [stdout] Test executable failed (exit status: 101).
[INFO] [stdout] 
[INFO] [stdout] stderr:
[INFO] [stdout] 
[INFO] [stdout] thread 'main' (584) panicked at src/lib.rs:22:1:
[INFO] [stdout] assertion `left == right` failed
[INFO] [stdout]   left: 6
[INFO] [stdout]  right: 5
[INFO] [stdout] stack backtrace:
[INFO] [stdout]    0:     0x58f38c03c583 - std[97b98282bc616a66]::backtrace_rs::backtrace::libunwind::trace
[INFO] [stdout]                                at /rustc/04eb0d7194012623e82369b466d5084522957446/library/std/src/../../backtrace/src/backtrace/libunwind.rs:117:9
[INFO] [stdout]    1:     0x58f38c03c583 - std[97b98282bc616a66]::backtrace_rs::backtrace::trace_unsynchronized::<std[97b98282bc616a66]::sys::backtrace::_print_fmt::{closure#1}>
[INFO] [stdout]                                at /rustc/04eb0d7194012623e82369b466d5084522957446/library/std/src/../../backtrace/src/backtrace/mod.rs:66:14
[INFO] [stdout]    2:     0x58f38c03c583 - std[97b98282bc616a66]::sys::backtrace::_print_fmt
[INFO] [stdout]                                at /rustc/04eb0d7194012623e82369b466d5084522957446/library/std/src/sys/backtrace.rs:74:9
[INFO] [stdout]    3:     0x58f38c03c583 - <<std[97b98282bc616a66]::sys::backtrace::BacktraceLock>::print::DisplayBacktrace as core[832e9a552fc17241]::fmt::Display>::fmt
[INFO] [stdout]                                at /rustc/04eb0d7194012623e82369b466d5084522957446/library/std/src/sys/backtrace.rs:44:26
[INFO] [stdout]    4:     0x58f38c0149a3 - <core[832e9a552fc17241]::fmt::rt::Argument>::fmt
[INFO] [stdout]                                at /rustc/04eb0d7194012623e82369b466d5084522957446/library/core/src/fmt/rt.rs:152:76
[INFO] [stdout]    5:     0x58f38c0149a3 - core[832e9a552fc17241]::fmt::write
[INFO] [stdout]                                at /rustc/04eb0d7194012623e82369b466d5084522957446/library/core/src/fmt/mod.rs:1687:22
[INFO] [stdout]    6:     0x58f38c03a467 - std[97b98282bc616a66]::io::default_write_fmt::<std[97b98282bc616a66]::sys::stdio::unix::Stderr>
[INFO] [stdout]                                at /rustc/04eb0d7194012623e82369b466d5084522957446/library/std/src/io/mod.rs:626:11
[INFO] [stdout]    7:     0x58f38c03a467 - <std[97b98282bc616a66]::sys::stdio::unix::Stderr as std[97b98282bc616a66]::io::Write>::write_fmt
[INFO] [stdout]                                at /rustc/04eb0d7194012623e82369b466d5084522957446/library/std/src/io/mod.rs:1730:13
[INFO] [stdout]    8:     0x58f38c03ae9c - <std[97b98282bc616a66]::sys::backtrace::BacktraceLock>::print
[INFO] [stdout]                                at /rustc/04eb0d7194012623e82369b466d5084522957446/library/std/src/sys/backtrace.rs:47:9
[INFO] [stdout]    9:     0x58f38c03ae9c - std[97b98282bc616a66]::panicking::default_hook::{closure#0}
[INFO] [stdout]                                at /rustc/04eb0d7194012623e82369b466d5084522957446/library/std/src/panicking.rs:292:27
[INFO] [stdout]   10:     0x58f38c03a6b6 - std[97b98282bc616a66]::panicking::default_hook
[INFO] [stdout]                                at /rustc/04eb0d7194012623e82369b466d5084522957446/library/std/src/panicking.rs:319:9
[INFO] [stdout]   11:     0x58f38c039fa1 - std[97b98282bc616a66]::panicking::panic_with_hook
[INFO] [stdout]                                at /rustc/04eb0d7194012623e82369b466d5084522957446/library/std/src/panicking.rs:815:13
[INFO] [stdout]   12:     0x58f38c0a0f1a - std[97b98282bc616a66]::panicking::panic_handler::{closure#0}
[INFO] [stdout]                                at /rustc/04eb0d7194012623e82369b466d5084522957446/library/std/src/panicking.rs:688:13
[INFO] [stdout]   13:     0x58f38c0a0e79 - std[97b98282bc616a66]::sys::backtrace::__rust_end_short_backtrace::<std[97b98282bc616a66]::panicking::panic_handler::{closure#0}, !>
[INFO] [stdout]                                at /rustc/04eb0d7194012623e82369b466d5084522957446/library/std/src/sys/backtrace.rs:182:18
[INFO] [stdout]   14:     0x58f38c0a18b4 - __rustc[e3d8617bb01b7f69]::rust_begin_unwind
[INFO] [stdout]                                at /rustc/04eb0d7194012623e82369b466d5084522957446/library/std/src/panicking.rs:679:5
[INFO] [stdout]   15:     0x58f38c01472d - core[832e9a552fc17241]::panicking::panic_fmt
[INFO] [stdout]                                at /rustc/04eb0d7194012623e82369b466d5084522957446/library/core/src/panicking.rs:80:14
[INFO] [stdout]   16:     0x58f38c0146a4 - core[832e9a552fc17241]::panicking::assert_failed_inner
[INFO] [stdout]                                at /rustc/04eb0d7194012623e82369b466d5084522957446/library/core/src/panicking.rs:439:17
[INFO] [stdout]   17:     0x58f38c01686c - core[832e9a552fc17241]::panicking::assert_failed::<usize, usize>
[INFO] [stdout]                                at /rustc/04eb0d7194012623e82369b466d5084522957446/library/core/src/panicking.rs:394:5
[INFO] [stdout]   18:     0x58f38c011e06 - rust_out[6563cbfc48b48b9]::main::_doctest_main_src_lib_rs_262_0
[INFO] [stdout]   19:     0x58f38c010bc6 - rust_out[6563cbfc48b48b9]::main
[INFO] [stdout]   20:     0x58f38c0124c3 - <fn() as core[832e9a552fc17241]::ops::function::FnOnce<()>>::call_once
[INFO] [stdout]   21:     0x58f38c0108e6 - std[97b98282bc616a66]::sys::backtrace::__rust_begin_short_backtrace::<fn(), ()>
[INFO] [stdout]   22:     0x58f38c010b79 - std[97b98282bc616a66]::rt::lang_start::<()>::{closure#0}
[INFO] [stdout]   23:     0x58f38c0a75fa - <&dyn core[832e9a552fc17241]::ops::function::Fn<(), Output = i32> + core[832e9a552fc17241]::marker::Sync + core[832e9a552fc17241]::panic::unwind_safe::RefUnwindSafe as core[832e9a552fc17241]::ops::function::FnOnce<()>>::call_once
[INFO] [stdout]                                at /rustc/04eb0d7194012623e82369b466d5084522957446/library/core/src/ops/function.rs:287:21
[INFO] [stdout]   24:     0x58f38c0a75fa - std[97b98282bc616a66]::panicking::catch_unwind::do_call::<&dyn core[832e9a552fc17241]::ops::function::Fn<(), Output = i32> + core[832e9a552fc17241]::marker::Sync + core[832e9a552fc17241]::panic::unwind_safe::RefUnwindSafe, i32>
[INFO] [stdout]                                at /rustc/04eb0d7194012623e82369b466d5084522957446/library/std/src/panicking.rs:576:43
[INFO] [stdout]   25:     0x58f38c0a75fa - std[97b98282bc616a66]::panicking::catch_unwind::<i32, &dyn core[832e9a552fc17241]::ops::function::Fn<(), Output = i32> + core[832e9a552fc17241]::marker::Sync + core[832e9a552fc17241]::panic::unwind_safe::RefUnwindSafe>
[INFO] [stdout]                                at /rustc/04eb0d7194012623e82369b466d5084522957446/library/std/src/panicking.rs:544:19
[INFO] [stdout]   26:     0x58f38c0a75fa - std[97b98282bc616a66]::panic::catch_unwind::<&dyn core[832e9a552fc17241]::ops::function::Fn<(), Output = i32> + core[832e9a552fc17241]::marker::Sync + core[832e9a552fc17241]::panic::unwind_safe::RefUnwindSafe, i32>
[INFO] [stdout]                                at /rustc/04eb0d7194012623e82369b466d5084522957446/library/std/src/panic.rs:359:14
[INFO] [stdout]   27:     0x58f38c0a75fa - std[97b98282bc616a66]::rt::lang_start_internal::{closure#0}
[INFO] [stdout]                                at /rustc/04eb0d7194012623e82369b466d5084522957446/library/std/src/rt.rs:175:24
[INFO] [stdout]   28:     0x58f38c0a75fa - std[97b98282bc616a66]::panicking::catch_unwind::do_call::<std[97b98282bc616a66]::rt::lang_start_internal::{closure#0}, isize>
[INFO] [stdout]                                at /rustc/04eb0d7194012623e82369b466d5084522957446/library/std/src/panicking.rs:576:43
[INFO] [stdout]   29:     0x58f38c0a75fa - std[97b98282bc616a66]::panicking::catch_unwind::<isize, std[97b98282bc616a66]::rt::lang_start_internal::{closure#0}>
[INFO] [stdout]                                at /rustc/04eb0d7194012623e82369b466d5084522957446/library/std/src/panicking.rs:544:19
[INFO] [stdout]   30:     0x58f38c0a75fa - std[97b98282bc616a66]::panic::catch_unwind::<std[97b98282bc616a66]::rt::lang_start_internal::{closure#0}, isize>
[INFO] [stdout]                                at /rustc/04eb0d7194012623e82369b466d5084522957446/library/std/src/panic.rs:359:14
[INFO] [stdout]   31:     0x58f38c0a75fa - std[97b98282bc616a66]::rt::lang_start_internal
[INFO] [stdout]                                at /rustc/04eb0d7194012623e82369b466d5084522957446/library/std/src/rt.rs:171:5
[INFO] [stdout]   32:     0x58f38c0108d0 - std[97b98282bc616a66]::rt::lang_start::<()>
[INFO] [stdout]   33:     0x58f38c012525 - main
[INFO] [stdout]   34:     0x7af294ccb601 - <unknown>
[INFO] [stdout]   35:     0x7af294ccb718 - __libc_start_main
[INFO] [stdout]   36:     0x58f38c0104d5 - _start
[INFO] [stdout]   37:                0x0 - <unknown>
[INFO] [stdout] 
[INFO] [stdout] 
[INFO] [stdout] 
[INFO] [stdout] failures:
[INFO] [stdout]     src/lib.rs - core::count (line 262)
[INFO] [stdout] 
[INFO] [stdout] test result: FAILED. 4 passed; 1 failed; 0 ignored; 0 measured; 0 filtered out; finished in 12.05s
[INFO] [stdout] 
[INFO] [stderr] error: doctest failed, to rerun pass `--doc`
[INFO] running `Command { std: "docker" "inspect" "fda626884cea750551234c85b3aa50edd76b21dd54cf8b9106206d78c0002ab1", kill_on_drop: false }`
[INFO] running `Command { std: "docker" "rm" "-f" "fda626884cea750551234c85b3aa50edd76b21dd54cf8b9106206d78c0002ab1", kill_on_drop: false }`
[INFO] [stdout] fda626884cea750551234c85b3aa50edd76b21dd54cf8b9106206d78c0002ab1
