[INFO] cloning repository https://github.com/j0yen/provq
[INFO] running `Command { std: "git" "-c" "credential.helper=" "-c" "credential.helper=/workspace/cargo-home/bin/git-credential-null" "clone" "--bare" "https://github.com/j0yen/provq" "/workspace/cache/git-repos/https%3A%2F%2Fgithub.com%2Fj0yen%2Fprovq", kill_on_drop: false }`
[INFO] [stderr] Cloning into bare repository '/workspace/cache/git-repos/https%3A%2F%2Fgithub.com%2Fj0yen%2Fprovq'...
[INFO] running `Command { std: "git" "rev-parse" "HEAD", kill_on_drop: false }`
[INFO] [stdout] a6ff5542b28fe273b953344a2b0dd7cba2e44641
[INFO] testing j0yen/provq against 1.98.0-beta.8+cargoflags=--release for beta-release-1.99-2
[INFO] running `Command { std: "git" "clone" "/workspace/cache/git-repos/https%3A%2F%2Fgithub.com%2Fj0yen%2Fprovq" "/workspace/builds/worker-0-tc1/source", kill_on_drop: false }`
[INFO] [stderr] Cloning into '/workspace/builds/worker-0-tc1/source'...
[INFO] [stderr] done.
[INFO] started tweaking git repo https://github.com/j0yen/provq
[INFO] finished tweaking git repo https://github.com/j0yen/provq
[INFO] tweaked toml for git repo https://github.com/j0yen/provq written to /workspace/builds/worker-0-tc1/source/Cargo.toml
[INFO] validating manifest of git repo https://github.com/j0yen/provq on toolchain 1.98.0-beta.8
[INFO] running `Command { std: CARGO_HOME="/workspace/cargo-home" RUSTUP_HOME="/workspace/rustup-home" "/workspace/cargo-home/bin/cargo" "+1.98.0-beta.8" "metadata" "--manifest-path" "Cargo.toml" "--no-deps", kill_on_drop: false }`
[INFO] crate git repo https://github.com/j0yen/provq already has a lockfile, it will not be regenerated
[INFO] running `Command { std: CARGO_HOME="/workspace/cargo-home" RUSTUP_HOME="/workspace/rustup-home" "/workspace/cargo-home/bin/cargo" "+1.98.0-beta.8" "fetch" "--manifest-path" "Cargo.toml", kill_on_drop: false }`
[INFO] running `Command { std: "docker" "create" "-v" "/var/lib/crater-agent-workspace/builds/worker-0-tc1/source:/opt/rustwide/workdir:ro,Z" "-v" "/var/lib/crater-agent-workspace/builds/worker-0-tc1/target:/opt/rustwide/target:rw,Z" "-v" "/var/lib/crater-agent-workspace/cargo-home:/opt/rustwide/cargo-home:ro,Z" "-v" "/var/lib/crater-agent-workspace/rustup-home:/opt/rustwide/rustup-home:ro,Z" "-m" "1610612736" "--network" "none" "ghcr.io/rust-lang/crates-build-env/linux@sha256:8683fc1fc2eb5c9ac98e0d076ab094b2ffac7f99da555d2b6a2e27f346de2ec7" "sleep" "infinity", kill_on_drop: false }`
[INFO] [stdout] 79fe0cbbb449b3a12dbd73df7b63e819f6fd40db8b1dd3418e382c19fd920df4
[INFO] running `Command { std: "docker" "start" "79fe0cbbb449b3a12dbd73df7b63e819f6fd40db8b1dd3418e382c19fd920df4", kill_on_drop: false }`
[INFO] running `Command { std: "docker" "inspect" "79fe0cbbb449b3a12dbd73df7b63e819f6fd40db8b1dd3418e382c19fd920df4", kill_on_drop: false }`
[INFO] running `Command { std: "docker" "exec" "-e" "SOURCE_DIR=/opt/rustwide/workdir" "-e" "CARGO_HOME=/opt/rustwide/cargo-home" "-e" "RUSTUP_HOME=/opt/rustwide/rustup-home" "-e" "CARGO_TARGET_DIR=/opt/rustwide/target" "-w" "/opt/rustwide/workdir" "--user" "0:0" "79fe0cbbb449b3a12dbd73df7b63e819f6fd40db8b1dd3418e382c19fd920df4" "/opt/rustwide/cargo-home/bin/cargo" "+1.98.0-beta.8" "metadata" "--no-deps" "--format-version=1", kill_on_drop: false }`
[INFO] running `Command { std: "docker" "inspect" "79fe0cbbb449b3a12dbd73df7b63e819f6fd40db8b1dd3418e382c19fd920df4", kill_on_drop: false }`
[INFO] running `Command { std: "docker" "exec" "-e" "SOURCE_DIR=/opt/rustwide/workdir" "-e" "CARGO_HOME=/opt/rustwide/cargo-home" "-e" "RUSTUP_HOME=/opt/rustwide/rustup-home" "-e" "CARGO_TARGET_DIR=/opt/rustwide/target" "-e" "CARGO_INCREMENTAL=0" "-e" "RUST_BACKTRACE=full" "-e" "RUSTFLAGS=--cap-lints=warn" "-e" "RUSTDOCFLAGS=--cap-lints=warn" "-w" "/opt/rustwide/workdir" "--user" "0:0" "79fe0cbbb449b3a12dbd73df7b63e819f6fd40db8b1dd3418e382c19fd920df4" "/opt/rustwide/cargo-home/bin/cargo" "+1.98.0-beta.8" "build" "--frozen" "--message-format=json" "--release", kill_on_drop: false }`
[INFO] [stderr]    Compiling proc-macro2 v1.0.106
[INFO] [stderr]    Compiling unicode-ident v1.0.24
[INFO] [stderr]    Compiling quote v1.0.45
[INFO] [stderr]    Compiling serde_core v1.0.228
[INFO] [stderr]    Compiling utf8parse v0.2.2
[INFO] [stderr]    Compiling anstyle-query v1.1.5
[INFO] [stderr]    Compiling colorchoice v1.0.5
[INFO] [stderr]    Compiling is_terminal_polyfill v1.70.2
[INFO] [stderr]    Compiling rustix v1.1.4
[INFO] [stderr]    Compiling anstyle v1.0.14
[INFO] [stderr]    Compiling zmij v1.0.21
[INFO] [stderr]    Compiling serde_json v1.0.150
[INFO] [stderr]    Compiling linux-raw-sys v0.12.1
[INFO] [stderr]    Compiling heck v0.5.0
[INFO] [stderr]    Compiling clap_lex v1.1.0
[INFO] [stderr]    Compiling bitflags v2.11.1
[INFO] [stderr]    Compiling strsim v0.11.1
[INFO] [stderr]    Compiling serde v1.0.228
[INFO] [stderr]    Compiling anstyle-parse v1.0.0
[INFO] [stderr]    Compiling memchr v2.8.1
[INFO] [stderr]    Compiling itoa v1.0.18
[INFO] [stderr]    Compiling same-file v1.0.6
[INFO] [stderr]    Compiling humantime v2.3.0
[INFO] [stderr]    Compiling walkdir v2.5.0
[INFO] [stderr]    Compiling anstream v1.0.0
[INFO] [stderr]    Compiling clap_builder v4.6.0
[INFO] [stderr]    Compiling syn v2.0.117
[INFO] [stderr]    Compiling xattr v1.6.1
[INFO] [stderr]    Compiling serde_derive v1.0.228
[INFO] [stderr]    Compiling clap_derive v4.6.1
[INFO] [stderr]    Compiling clap v4.6.1
[INFO] [stderr]    Compiling provq v0.1.0 (/opt/rustwide/workdir)
[INFO] [stderr]     Finished `release` profile [optimized] target(s) in 30.18s
[INFO] running `Command { std: "docker" "inspect" "79fe0cbbb449b3a12dbd73df7b63e819f6fd40db8b1dd3418e382c19fd920df4", kill_on_drop: false }`
[INFO] running `Command { std: "docker" "exec" "-e" "SOURCE_DIR=/opt/rustwide/workdir" "-e" "CARGO_HOME=/opt/rustwide/cargo-home" "-e" "RUSTUP_HOME=/opt/rustwide/rustup-home" "-e" "CARGO_TARGET_DIR=/opt/rustwide/target" "-e" "CARGO_INCREMENTAL=0" "-e" "RUST_BACKTRACE=full" "-e" "RUSTFLAGS=--cap-lints=warn" "-e" "RUSTDOCFLAGS=--cap-lints=warn" "-w" "/opt/rustwide/workdir" "--user" "0:0" "79fe0cbbb449b3a12dbd73df7b63e819f6fd40db8b1dd3418e382c19fd920df4" "/opt/rustwide/cargo-home/bin/cargo" "+1.98.0-beta.8" "test" "--frozen" "--no-run" "--message-format=json" "--release", kill_on_drop: false }`
[INFO] [stderr]    Compiling libc v0.2.186
[INFO] [stderr]    Compiling rustix v1.1.4
[INFO] [stderr]    Compiling predicates-core v1.0.10
[INFO] [stderr]    Compiling getrandom v0.4.2
[INFO] [stderr]    Compiling termtree v0.5.1
[INFO] [stderr]    Compiling assert_cmd v2.2.2
[INFO] [stderr]    Compiling cfg-if v1.0.4
[INFO] [stderr]    Compiling difflib v0.4.0
[INFO] [stderr]    Compiling regex-automata v0.4.14
[INFO] [stderr]    Compiling fastrand v2.4.1
[INFO] [stderr]    Compiling once_cell v1.21.4
[INFO] [stderr]    Compiling predicates-tree v1.0.13
[INFO] [stderr]    Compiling predicates v3.1.4
[INFO] [stderr]    Compiling bstr v1.12.1
[INFO] [stderr]    Compiling wait-timeout v0.2.1
[INFO] [stderr]    Compiling xattr v1.6.1
[INFO] [stderr]    Compiling tempfile v3.27.0
[INFO] [stderr]    Compiling provq v0.1.0 (/opt/rustwide/workdir)
[INFO] [stderr]     Finished `release` profile [optimized] target(s) in 39.96s
[INFO] running `Command { std: "docker" "inspect" "79fe0cbbb449b3a12dbd73df7b63e819f6fd40db8b1dd3418e382c19fd920df4", kill_on_drop: false }`
[INFO] running `Command { std: "docker" "exec" "-e" "SOURCE_DIR=/opt/rustwide/workdir" "-e" "CARGO_HOME=/opt/rustwide/cargo-home" "-e" "RUSTUP_HOME=/opt/rustwide/rustup-home" "-e" "CARGO_TARGET_DIR=/opt/rustwide/target" "-e" "CARGO_INCREMENTAL=0" "-e" "RUST_BACKTRACE=full" "-e" "RUSTFLAGS=--cap-lints=warn" "-e" "RUSTDOCFLAGS=--cap-lints=warn" "-w" "/opt/rustwide/workdir" "--user" "0:0" "79fe0cbbb449b3a12dbd73df7b63e819f6fd40db8b1dd3418e382c19fd920df4" "/opt/rustwide/cargo-home/bin/cargo" "+1.98.0-beta.8" "test" "--frozen" "--release", kill_on_drop: false }`
[INFO] [stderr]     Finished `release` profile [optimized] target(s) in 0.13s
[INFO] [stderr]      Running unittests src/main.rs (/opt/rustwide/target/release/deps/provq-fd56bbecc970c200)
[INFO] [stdout] 
[INFO] [stdout] running 9 tests
[INFO] [stdout] test decode::tests::civil_round_trip_known_dates ... ok
[INFO] [stdout] test decode::tests::decode_session_hex_16b ... ok
[INFO] [stdout] test decode::tests::decode_ts_le_u64 ... ok
[INFO] [stdout] test scan::tests::session_match_hex_case_insensitive ... ok
[INFO] [stdout] test scan::tests::skipped_by_dir_name ... ok
[INFO] [stdout] test scan::tests::skipped_by_prefix ... ok
[INFO] [stdout] test decode::tests::decode_session_comm_fallback ... ok
[INFO] [stdout] test decode::tests::decode_session_raw_for_unknown ... ok
[INFO] [stdout] test decode::tests::decode_ts_ascii ... ok
[INFO] [stdout] 
[INFO] [stdout] test result: ok. 9 passed; 0 failed; 0 ignored; 0 measured; 0 filtered out; finished in 0.00s
[INFO] [stdout] 
[INFO] [stderr]      Running tests/scan.rs (/opt/rustwide/target/release/deps/scan-eb20cb57b91ef3c5)
[INFO] [stdout] 
[INFO] [stdout] running 5 tests
[INFO] [stdout] test scan_empty_json_array ... ok
[INFO] [stdout] test scan_skips_target_dir ... ok
[INFO] [stdout] test scan_since_filters_to_recent ... FAILED
[INFO] [stdout] test scan_null_terminated ... ok
[INFO] [stdout] test scan_session_filter ... ok
[INFO] [stdout] 
[INFO] [stdout] failures:
[INFO] [stdout] 
[INFO] [stdout] ---- scan_since_filters_to_recent stdout ----
[INFO] [stdout] 
[INFO] [stdout] thread 'scan_since_filters_to_recent' (1615) panicked at tests/scan.rs:52:5:
[INFO] [stdout] did not expect old.txt in /tmp/.tmp0CS9ig/old.txt
[INFO] [stdout] /tmp/.tmp0CS9ig/recent.txt
[INFO] [stdout] 
[INFO] [stdout] stack backtrace:
[INFO] [stdout]    0:     0x5aa130fcca26 - <unknown>
[INFO] [stdout]    1:     0x5aa130f7069a - <unknown>
[INFO] [stdout]    2:     0x5aa130fd242c - <unknown>
[INFO] [stdout]    3:     0x5aa130fa60d2 - <unknown>
[INFO] [stdout]    4:     0x5aa130fc4221 - <unknown>
[INFO] [stdout]    5:     0x5aa130fc4402 - <unknown>
[INFO] [stdout]    6:     0x5aa130fa6182 - <unknown>
[INFO] [stdout]    7:     0x5aa130f9db09 - <unknown>
[INFO] [stdout]    8:     0x5aa130faaf1d - <unknown>
[INFO] [stdout]    9:     0x5aa130f70d7c - <unknown>
[INFO] [stdout]   10:     0x5aa130f8a8fe - <unknown>
[INFO] [stdout]   11:     0x5aa130fd51eb - <unknown>
[INFO] [stdout]   12:     0x5aa130fe3561 - <unknown>
[INFO] [stdout]   13:     0x5aa130fdde34 - <unknown>
[INFO] [stdout]   14:     0x5aa130fe73d2 - <unknown>
[INFO] [stdout]   15:     0x5aa130fcba14 - <unknown>
[INFO] [stdout]   16:     0x7d449c30107a - <unknown>
[INFO] [stdout]   17:     0x7d449c394534 - clone
[INFO] [stdout]   18:                0x0 - <unknown>
[INFO] [stdout] 
[INFO] [stdout] 
[INFO] [stdout] failures:
[INFO] [stderr] error: test failed, to rerun pass `--test scan`
[INFO] [stdout]     scan_since_filters_to_recent
[INFO] [stdout] 
[INFO] [stdout] test result: FAILED. 4 passed; 1 failed; 0 ignored; 0 measured; 0 filtered out; finished in 0.01s
[INFO] [stdout] 
[INFO] running `Command { std: "docker" "inspect" "79fe0cbbb449b3a12dbd73df7b63e819f6fd40db8b1dd3418e382c19fd920df4", kill_on_drop: false }`
[INFO] running `Command { std: "docker" "rm" "-f" "79fe0cbbb449b3a12dbd73df7b63e819f6fd40db8b1dd3418e382c19fd920df4", kill_on_drop: false }`
[INFO] [stdout] 79fe0cbbb449b3a12dbd73df7b63e819f6fd40db8b1dd3418e382c19fd920df4
