[INFO] cloning repository https://github.com/ivzap/cgrep
[INFO] running `Command { std: "git" "-c" "credential.helper=" "-c" "credential.helper=/workspace/cargo-home/bin/git-credential-null" "clone" "--bare" "https://github.com/ivzap/cgrep" "/workspace/cache/git-repos/https%3A%2F%2Fgithub.com%2Fivzap%2Fcgrep", kill_on_drop: false }`
[INFO] [stderr] Cloning into bare repository '/workspace/cache/git-repos/https%3A%2F%2Fgithub.com%2Fivzap%2Fcgrep'...
[INFO] running `Command { std: "git" "rev-parse" "HEAD", kill_on_drop: false }`
[INFO] [stdout] 3f64050d53c91917cb830a523516fd516e388606
[INFO] testing ivzap/cgrep against 1.98.0-beta.8+cargoflags=--release for beta-release-1.99-2
[INFO] running `Command { std: "git" "clone" "/workspace/cache/git-repos/https%3A%2F%2Fgithub.com%2Fivzap%2Fcgrep" "/workspace/builds/worker-5-tc1/source", kill_on_drop: false }`
[INFO] [stderr] Cloning into '/workspace/builds/worker-5-tc1/source'...
[INFO] [stderr] done.
[INFO] started tweaking git repo https://github.com/ivzap/cgrep
[INFO] finished tweaking git repo https://github.com/ivzap/cgrep
[INFO] tweaked toml for git repo https://github.com/ivzap/cgrep written to /workspace/builds/worker-5-tc1/source/Cargo.toml
[INFO] validating manifest of git repo https://github.com/ivzap/cgrep on toolchain 1.98.0-beta.8
[INFO] running `Command { std: CARGO_HOME="/workspace/cargo-home" RUSTUP_HOME="/workspace/rustup-home" "/workspace/cargo-home/bin/cargo" "+1.98.0-beta.8" "metadata" "--manifest-path" "Cargo.toml" "--no-deps", kill_on_drop: false }`
[INFO] crate git repo https://github.com/ivzap/cgrep already has a lockfile, it will not be regenerated
[INFO] running `Command { std: CARGO_HOME="/workspace/cargo-home" RUSTUP_HOME="/workspace/rustup-home" "/workspace/cargo-home/bin/cargo" "+1.98.0-beta.8" "fetch" "--manifest-path" "Cargo.toml", kill_on_drop: false }`
[INFO] [stderr]     Updating crates.io index
[INFO] [stderr]  Downloading crates ...
[INFO] [stderr]   Downloaded cfg-if v1.0.1
[INFO] [stderr]   Downloaded quote v1.0.40
[INFO] [stderr]   Downloaded rustc-demangle v0.1.26
[INFO] [stderr]   Downloaded signal-hook-registry v1.4.6
[INFO] [stderr]   Downloaded redox_syscall v0.5.17
[INFO] [stderr]   Downloaded lock_api v0.4.13
[INFO] [stderr]   Downloaded unicode-ident v1.0.18
[INFO] [stderr]   Downloaded slab v0.4.11
[INFO] [stderr]   Downloaded parking_lot_core v0.9.11
[INFO] [stderr]   Downloaded parking_lot v0.12.4
[INFO] [stderr]   Downloaded proc-macro2 v1.0.95
[INFO] [stderr]   Downloaded bitflags v2.9.1
[INFO] [stderr]   Downloaded bytes v1.10.1
[INFO] [stderr]   Downloaded cc v1.0.106
[INFO] [stderr]   Downloaded socket2 v0.6.0
[INFO] [stderr]   Downloaded backtrace v0.3.75
[INFO] [stderr]   Downloaded mio v1.0.4
[INFO] [stderr]   Downloaded memchr v2.7.5
[INFO] [stderr]   Downloaded io-uring v0.7.9
[INFO] [stderr]   Downloaded tree-sitter-rust v0.20.4
[INFO] [stderr]   Downloaded tree-sitter v0.20.10
[INFO] [stderr]   Downloaded regex v1.11.1
[INFO] [stderr]   Downloaded syn v2.0.104
[INFO] [stderr]   Downloaded object v0.36.7
[INFO] [stderr]   Downloaded regex-syntax v0.8.5
[INFO] [stderr]   Downloaded regex-automata v0.4.9
[INFO] [stderr]   Downloaded libc v0.2.174
[INFO] [stderr]   Downloaded tokio v1.47.1
[INFO] running `Command { std: "docker" "create" "-v" "/var/lib/crater-agent-workspace/builds/worker-5-tc1/source:/opt/rustwide/workdir:ro,Z" "-v" "/var/lib/crater-agent-workspace/builds/worker-5-tc1/target:/opt/rustwide/target:rw,Z" "-v" "/var/lib/crater-agent-workspace/cargo-home:/opt/rustwide/cargo-home:ro,Z" "-v" "/var/lib/crater-agent-workspace/rustup-home:/opt/rustwide/rustup-home:ro,Z" "-m" "1610612736" "--network" "none" "ghcr.io/rust-lang/crates-build-env/linux@sha256:8683fc1fc2eb5c9ac98e0d076ab094b2ffac7f99da555d2b6a2e27f346de2ec7" "sleep" "infinity", kill_on_drop: false }`
[INFO] [stdout] 6cf39df0967d6c0feac8baaa5909406ac0e56b43fd587581fe8f2e555b869721
[INFO] running `Command { std: "docker" "start" "6cf39df0967d6c0feac8baaa5909406ac0e56b43fd587581fe8f2e555b869721", kill_on_drop: false }`
[INFO] running `Command { std: "docker" "inspect" "6cf39df0967d6c0feac8baaa5909406ac0e56b43fd587581fe8f2e555b869721", kill_on_drop: false }`
[INFO] running `Command { std: "docker" "exec" "-e" "SOURCE_DIR=/opt/rustwide/workdir" "-e" "CARGO_HOME=/opt/rustwide/cargo-home" "-e" "RUSTUP_HOME=/opt/rustwide/rustup-home" "-e" "CARGO_TARGET_DIR=/opt/rustwide/target" "-w" "/opt/rustwide/workdir" "--user" "0:0" "6cf39df0967d6c0feac8baaa5909406ac0e56b43fd587581fe8f2e555b869721" "/opt/rustwide/cargo-home/bin/cargo" "+1.98.0-beta.8" "metadata" "--no-deps" "--format-version=1", kill_on_drop: false }`
[INFO] running `Command { std: "docker" "inspect" "6cf39df0967d6c0feac8baaa5909406ac0e56b43fd587581fe8f2e555b869721", kill_on_drop: false }`
[INFO] running `Command { std: "docker" "exec" "-e" "SOURCE_DIR=/opt/rustwide/workdir" "-e" "CARGO_HOME=/opt/rustwide/cargo-home" "-e" "RUSTUP_HOME=/opt/rustwide/rustup-home" "-e" "CARGO_TARGET_DIR=/opt/rustwide/target" "-e" "CARGO_INCREMENTAL=0" "-e" "RUST_BACKTRACE=full" "-e" "RUSTFLAGS=--cap-lints=warn" "-e" "RUSTDOCFLAGS=--cap-lints=warn" "-w" "/opt/rustwide/workdir" "--user" "0:0" "6cf39df0967d6c0feac8baaa5909406ac0e56b43fd587581fe8f2e555b869721" "/opt/rustwide/cargo-home/bin/cargo" "+1.98.0-beta.8" "build" "--frozen" "--message-format=json" "--release", kill_on_drop: false }`
[INFO] [stderr]    Compiling proc-macro2 v1.0.95
[INFO] [stderr]    Compiling unicode-ident v1.0.18
[INFO] [stderr]    Compiling libc v0.2.174
[INFO] [stderr]    Compiling memchr v2.7.5
[INFO] [stderr]    Compiling cc v1.0.106
[INFO] [stderr]    Compiling autocfg v1.5.0
[INFO] [stderr]    Compiling pin-project-lite v0.2.16
[INFO] [stderr]    Compiling parking_lot_core v0.9.11
[INFO] [stderr]    Compiling regex-syntax v0.8.5
[INFO] [stderr]    Compiling futures-core v0.3.31
[INFO] [stderr]    Compiling futures-sink v0.3.31
[INFO] [stderr]    Compiling slab v0.4.11
[INFO] [stderr]    Compiling futures-channel v0.3.31
[INFO] [stderr]    Compiling smallvec v1.15.1
[INFO] [stderr]    Compiling lock_api v0.4.13
[INFO] [stderr]    Compiling aho-corasick v1.1.3
[INFO] [stderr]    Compiling futures-task v0.3.31
[INFO] [stderr]    Compiling scopeguard v1.2.0
[INFO] [stderr]    Compiling pin-utils v0.1.0
[INFO] [stderr]    Compiling cfg-if v1.0.1
[INFO] [stderr]    Compiling futures-io v0.3.31
[INFO] [stderr]    Compiling bytes v1.10.1
[INFO] [stderr]    Compiling quote v1.0.40
[INFO] [stderr]    Compiling socket2 v0.6.0
[INFO] [stderr]    Compiling tree-sitter v0.20.10
[INFO] [stderr]    Compiling syn v2.0.104
[INFO] [stderr]    Compiling tree-sitter-rust v0.20.4
[INFO] [stderr]    Compiling parking_lot v0.12.4
[INFO] [stderr]    Compiling signal-hook-registry v1.4.6
[INFO] [stderr]    Compiling mio v1.0.4
[INFO] [stderr]    Compiling regex-automata v0.4.9
[INFO] [stderr]    Compiling futures-macro v0.3.31
[INFO] [stderr]    Compiling tokio-macros v2.5.0
[INFO] [stderr]    Compiling regex v1.11.1
[INFO] [stderr]    Compiling futures-util v0.3.31
[INFO] [stderr]    Compiling tokio v1.47.1
[INFO] [stderr]    Compiling futures-executor v0.3.31
[INFO] [stderr]    Compiling futures v0.3.31
[INFO] [stderr]    Compiling cgrep v0.1.0 (/opt/rustwide/workdir)
[INFO] [stdout] warning: unused variable: `keyword`
[INFO] [stdout]    --> src/search.rs:116:5
[INFO] [stdout]     |
[INFO] [stdout] 116 |     keyword: &str,
[INFO] [stdout]     |     ^^^^^^^ help: if this is intentional, prefix it with an underscore: `_keyword`
[INFO] [stdout]     |
[INFO] [stdout]     = note: `#[warn(unused_variables)]` (part of `#[warn(unused)]`) on by default
[INFO] [stdout] 
[INFO] [stdout] 
[INFO] [stdout] warning: unused variable: `language`
[INFO] [stdout]    --> src/search.rs:117:5
[INFO] [stdout]     |
[INFO] [stdout] 117 |     language: Language,
[INFO] [stdout]     |     ^^^^^^^^ help: if this is intentional, prefix it with an underscore: `_language`
[INFO] [stdout] 
[INFO] [stdout] 
[INFO] [stdout] warning: unused import: `std::sync::Arc`
[INFO] [stdout]  --> src/main.rs:5:5
[INFO] [stdout]   |
[INFO] [stdout] 5 | use std::sync::Arc;
[INFO] [stdout]   |     ^^^^^^^^^^^^^^
[INFO] [stdout]   |
[INFO] [stdout]   = note: `#[warn(unused_imports)]` (part of `#[warn(unused)]`) on by default
[INFO] [stdout] 
[INFO] [stdout] 
[INFO] [stdout] warning: unused imports: `Language`, `Parser`, `QueryCursor`, and `Query`
[INFO] [stdout]  --> src/main.rs:9:19
[INFO] [stdout]   |
[INFO] [stdout] 9 | use tree_sitter::{Language, Parser, Query, QueryCursor, Tree};
[INFO] [stdout]   |                   ^^^^^^^^  ^^^^^^  ^^^^^  ^^^^^^^^^^^
[INFO] [stdout] 
[INFO] [stdout] 
[INFO] [stderr]     Finished `release` profile [optimized] target(s) in 1m 28s
[INFO] running `Command { std: "docker" "inspect" "6cf39df0967d6c0feac8baaa5909406ac0e56b43fd587581fe8f2e555b869721", kill_on_drop: false }`
[INFO] running `Command { std: "docker" "exec" "-e" "SOURCE_DIR=/opt/rustwide/workdir" "-e" "CARGO_HOME=/opt/rustwide/cargo-home" "-e" "RUSTUP_HOME=/opt/rustwide/rustup-home" "-e" "CARGO_TARGET_DIR=/opt/rustwide/target" "-e" "CARGO_INCREMENTAL=0" "-e" "RUST_BACKTRACE=full" "-e" "RUSTFLAGS=--cap-lints=warn" "-e" "RUSTDOCFLAGS=--cap-lints=warn" "-w" "/opt/rustwide/workdir" "--user" "0:0" "6cf39df0967d6c0feac8baaa5909406ac0e56b43fd587581fe8f2e555b869721" "/opt/rustwide/cargo-home/bin/cargo" "+1.98.0-beta.8" "test" "--frozen" "--no-run" "--message-format=json" "--release", kill_on_drop: false }`
[INFO] [stderr]    Compiling cgrep v0.1.0 (/opt/rustwide/workdir)
[INFO] [stdout] warning: unused variable: `keyword`
[INFO] [stdout]    --> src/search.rs:116:5
[INFO] [stdout]     |
[INFO] [stdout] 116 |     keyword: &str,
[INFO] [stdout]     |     ^^^^^^^ help: if this is intentional, prefix it with an underscore: `_keyword`
[INFO] [stdout]     |
[INFO] [stdout]     = note: `#[warn(unused_variables)]` (part of `#[warn(unused)]`) on by default
[INFO] [stdout] 
[INFO] [stdout] 
[INFO] [stdout] warning: unused variable: `language`
[INFO] [stdout]    --> src/search.rs:117:5
[INFO] [stdout]     |
[INFO] [stdout] 117 |     language: Language,
[INFO] [stdout]     |     ^^^^^^^^ help: if this is intentional, prefix it with an underscore: `_language`
[INFO] [stdout] 
[INFO] [stdout] 
[INFO] [stdout] warning: unused import: `std::sync::Arc`
[INFO] [stdout]  --> src/main.rs:5:5
[INFO] [stdout]   |
[INFO] [stdout] 5 | use std::sync::Arc;
[INFO] [stdout]   |     ^^^^^^^^^^^^^^
[INFO] [stdout]   |
[INFO] [stdout]   = note: `#[warn(unused_imports)]` (part of `#[warn(unused)]`) on by default
[INFO] [stdout] 
[INFO] [stdout] 
[INFO] [stdout] warning: unused imports: `Language`, `Parser`, `QueryCursor`, and `Query`
[INFO] [stdout]  --> src/main.rs:9:19
[INFO] [stdout]   |
[INFO] [stdout] 9 | use tree_sitter::{Language, Parser, Query, QueryCursor, Tree};
[INFO] [stdout]   |                   ^^^^^^^^  ^^^^^^  ^^^^^  ^^^^^^^^^^^
[INFO] [stdout] 
[INFO] [stdout] 
[INFO] [stdout] warning: unused variable: `keyword`
[INFO] [stdout]    --> src/search.rs:116:5
[INFO] [stdout]     |
[INFO] [stdout] 116 |     keyword: &str,
[INFO] [stdout]     |     ^^^^^^^ help: if this is intentional, prefix it with an underscore: `_keyword`
[INFO] [stdout]     |
[INFO] [stdout]     = note: `#[warn(unused_variables)]` (part of `#[warn(unused)]`) on by default
[INFO] [stdout] 
[INFO] [stdout] 
[INFO] [stdout] warning: unused variable: `language`
[INFO] [stdout]    --> src/search.rs:117:5
[INFO] [stdout]     |
[INFO] [stdout] 117 |     language: Language,
[INFO] [stdout]     |     ^^^^^^^^ help: if this is intentional, prefix it with an underscore: `_language`
[INFO] [stdout] 
[INFO] [stdout] 
[INFO] [stdout] warning: unused variable: `e`
[INFO] [stdout]   --> src/walk.rs:43:17
[INFO] [stdout]    |
[INFO] [stdout] 43 |             Err(e) => {}
[INFO] [stdout]    |                 ^ help: if this is intentional, prefix it with an underscore: `_e`
[INFO] [stdout] 
[INFO] [stdout] 
[INFO] [stdout] warning: unused variable: `e`
[INFO] [stdout]   --> src/walk.rs:54:17
[INFO] [stdout]    |
[INFO] [stdout] 54 |             Err(e) => {}
[INFO] [stdout]    |                 ^ help: if this is intentional, prefix it with an underscore: `_e`
[INFO] [stdout] 
[INFO] [stdout] 
[INFO] [stderr]     Finished `release` profile [optimized] target(s) in 1.75s
[INFO] running `Command { std: "docker" "inspect" "6cf39df0967d6c0feac8baaa5909406ac0e56b43fd587581fe8f2e555b869721", kill_on_drop: false }`
[INFO] running `Command { std: "docker" "exec" "-e" "SOURCE_DIR=/opt/rustwide/workdir" "-e" "CARGO_HOME=/opt/rustwide/cargo-home" "-e" "RUSTUP_HOME=/opt/rustwide/rustup-home" "-e" "CARGO_TARGET_DIR=/opt/rustwide/target" "-e" "CARGO_INCREMENTAL=0" "-e" "RUST_BACKTRACE=full" "-e" "RUSTFLAGS=--cap-lints=warn" "-e" "RUSTDOCFLAGS=--cap-lints=warn" "-w" "/opt/rustwide/workdir" "--user" "0:0" "6cf39df0967d6c0feac8baaa5909406ac0e56b43fd587581fe8f2e555b869721" "/opt/rustwide/cargo-home/bin/cargo" "+1.98.0-beta.8" "test" "--frozen" "--release", kill_on_drop: false }`
[INFO] [stderr] warning: unused variable: `keyword`
[INFO] [stderr]    --> src/search.rs:116:5
[INFO] [stderr]     |
[INFO] [stderr] 116 |     keyword: &str,
[INFO] [stderr]     |     ^^^^^^^ help: if this is intentional, prefix it with an underscore: `_keyword`
[INFO] [stderr]     |
[INFO] [stderr]     = note: `#[warn(unused_variables)]` (part of `#[warn(unused)]`) on by default
[INFO] [stderr] 
[INFO] [stderr] warning: unused variable: `language`
[INFO] [stderr]    --> src/search.rs:117:5
[INFO] [stderr]     |
[INFO] [stderr] 117 |     language: Language,
[INFO] [stderr]     |     ^^^^^^^^ help: if this is intentional, prefix it with an underscore: `_language`
[INFO] [stderr] 
[INFO] [stderr] warning: unused variable: `e`
[INFO] [stderr]   --> src/walk.rs:43:17
[INFO] [stderr]    |
[INFO] [stderr] 43 |             Err(e) => {}
[INFO] [stderr]    |                 ^ help: if this is intentional, prefix it with an underscore: `_e`
[INFO] [stderr] 
[INFO] [stderr] warning: unused variable: `e`
[INFO] [stderr]   --> src/walk.rs:54:17
[INFO] [stderr]    |
[INFO] [stderr] 54 |             Err(e) => {}
[INFO] [stderr]    |                 ^ help: if this is intentional, prefix it with an underscore: `_e`
[INFO] [stderr] 
[INFO] [stderr] warning: `cgrep` (lib) generated 2 warnings (run `cargo fix --lib -p cgrep` to apply 2 suggestions)
[INFO] [stderr] warning: `cgrep` (lib test) generated 4 warnings (2 duplicates) (run `cargo fix --lib -p cgrep --tests` to apply 2 suggestions)
[INFO] [stderr] warning: unused import: `std::sync::Arc`
[INFO] [stderr]  --> src/main.rs:5:5
[INFO] [stderr]   |
[INFO] [stderr] 5 | use std::sync::Arc;
[INFO] [stderr]   |     ^^^^^^^^^^^^^^
[INFO] [stderr]   |
[INFO] [stderr]   = note: `#[warn(unused_imports)]` (part of `#[warn(unused)]`) on by default
[INFO] [stderr] 
[INFO] [stderr] warning: unused imports: `Language`, `Parser`, `QueryCursor`, and `Query`
[INFO] [stderr]  --> src/main.rs:9:19
[INFO] [stderr]   |
[INFO] [stderr] 9 | use tree_sitter::{Language, Parser, Query, QueryCursor, Tree};
[INFO] [stderr]   |                   ^^^^^^^^  ^^^^^^  ^^^^^  ^^^^^^^^^^^
[INFO] [stderr] 
[INFO] [stderr] warning: `cgrep` (bin "cgrep" test) generated 2 warnings (run `cargo fix --bin "cgrep" -p cgrep --tests` to apply 2 suggestions)
[INFO] [stderr]     Finished `release` profile [optimized] target(s) in 0.14s
[INFO] [stderr]      Running unittests src/lib.rs (/opt/rustwide/target/release/deps/cgrep-a48fd4434eec966c)
[INFO] [stdout] 
[INFO] [stdout] running 2 tests
[INFO] [stdout] test walk::tests::test_walk_directory_filters_py ... FAILED
[INFO] [stdout] test walk::tests::test_walk_directory_filters_rs ... FAILED
[INFO] [stdout] 
[INFO] [stdout] failures:
[INFO] [stdout] 
[INFO] [stdout] ---- walk::tests::test_walk_directory_filters_py stdout ----
[INFO] [stdout] 
[INFO] [stdout] thread 'walk::tests::test_walk_directory_filters_py' (987) panicked at src/walk.rs:46:72:
[INFO] [stdout] called `Result::unwrap()` on an `Err` value: Os { code: 2, kind: NotFound, message: "No such file or directory" }
[INFO] [stdout] stack backtrace:
[INFO] [stdout]    0:     0x5e68b3883431 - <<std[97b98282bc616a66]::sys::backtrace::BacktraceLock>::print::DisplayBacktrace as core[832e9a552fc17241]::fmt::Display>::fmt
[INFO] [stdout]    1:     0x5e68b389742a - core[832e9a552fc17241]::fmt::write
[INFO] [stdout]    2:     0x5e68b3887bbc - <alloc[3ecab9f82c41dc7d]::vec::Vec<u8> as std[97b98282bc616a66]::io::Write>::write_fmt
[INFO] [stdout]    3:     0x5e68b3860616 - std[97b98282bc616a66]::panicking::default_hook::{closure#0}
[INFO] [stdout]    4:     0x5e68b387ad69 - std[97b98282bc616a66]::panicking::default_hook
[INFO] [stdout]    5:     0x5e68b3814eb0 - test[39766f3d73431624]::test_main_inner::<test[39766f3d73431624]::test_main_static::{closure#0}>::{closure#0}
[INFO] [stdout]    6:     0x5e68b387af22 - std[97b98282bc616a66]::panicking::panic_with_hook
[INFO] [stdout]    7:     0x5e68b38606c2 - std[97b98282bc616a66]::panicking::panic_handler::{closure#0}
[INFO] [stdout]    8:     0x5e68b3857e59 - std[97b98282bc616a66]::sys::backtrace::__rust_end_short_backtrace::<std[97b98282bc616a66]::panicking::panic_handler::{closure#0}, !>
[INFO] [stdout]    9:     0x5e68b38612bd - __rustc[e3d8617bb01b7f69]::rust_begin_unwind
[INFO] [stdout]   10:     0x5e68b3897b5c - core[832e9a552fc17241]::panicking::panic_fmt
[INFO] [stdout]   11:     0x5e68b3897932 - core[832e9a552fc17241]::result::unwrap_failed
[INFO] [stdout]   12:     0x5e68b3807505 - cgrep[b78b2ff5f2cba3b6]::walk::tests::setup_test_dir
[INFO] [stdout]   13:     0x5e68b3807798 - cgrep[b78b2ff5f2cba3b6]::walk::tests::test_walk_directory_filters_py
[INFO] [stdout]   14:     0x5e68b3806e09 - <cgrep[b78b2ff5f2cba3b6]::walk::tests::test_walk_directory_filters_py::{closure#0} as core[832e9a552fc17241]::ops::function::FnOnce<()>>::call_once
[INFO] [stdout]   15:     0x5e68b38081eb - test[39766f3d73431624]::__rust_begin_short_backtrace::<core[832e9a552fc17241]::result::Result<(), alloc[3ecab9f82c41dc7d]::string::String>, fn() -> core[832e9a552fc17241]::result::Result<(), alloc[3ecab9f82c41dc7d]::string::String>>
[INFO] [stdout]   16:     0x5e68b3815835 - test[39766f3d73431624]::run_test::{closure#0}
[INFO] [stdout]   17:     0x5e68b38102e4 - std[97b98282bc616a66]::sys::backtrace::__rust_begin_short_backtrace::<test[39766f3d73431624]::run_test::{closure#1}, ()>
[INFO] [stdout]   18:     0x5e68b3818982 - <std[97b98282bc616a66]::thread::lifecycle::spawn_unchecked<test[39766f3d73431624]::run_test::{closure#1}, ()>::{closure#1} as core[832e9a552fc17241]::ops::function::FnOnce<()>>::call_once::{shim:vtable#0}
[INFO] [stdout]   19:     0x5e68b3882cbf - <std[97b98282bc616a66]::sys::thread::unix::Thread>::new::thread_start
[INFO] [stdout]   20:     0x7522d075007a - <unknown>
[INFO] [stdout]   21:     0x7522d07e3534 - clone
[INFO] [stdout]   22:                0x0 - <unknown>
[INFO] [stdout] 
[INFO] [stdout] ---- walk::tests::test_walk_directory_filters_rs stdout ----
[INFO] [stdout] 
[INFO] [stdout] thread 'walk::tests::test_walk_directory_filters_rs' (988) panicked at src/walk.rs:46:72:
[INFO] [stdout] called `Result::unwrap()` on an `Err` value: Os { code: 2, kind: NotFound, message: "No such file or directory" }
[INFO] [stdout] stack backtrace:
[INFO] [stdout]    0:     0x5e68b3883431 - <<std[97b98282bc616a66]::sys::backtrace::BacktraceLock>::print::DisplayBacktrace as core[832e9a552fc17241]::fmt::Display>::fmt
[INFO] [stdout]    1:     0x5e68b389742a - core[832e9a552fc17241]::fmt::write
[INFO] [stdout]    2:     0x5e68b3887bbc - <alloc[3ecab9f82c41dc7d]::vec::Vec<u8> as std[97b98282bc616a66]::io::Write>::write_fmt
[INFO] [stdout]    3:     0x5e68b3860616 - std[97b98282bc616a66]::panicking::default_hook::{closure#0}
[INFO] [stdout]    4:     0x5e68b387ad69 - std[97b98282bc616a66]::panicking::default_hook
[INFO] [stdout]    5:     0x5e68b3814eb0 - test[39766f3d73431624]::test_main_inner::<test[39766f3d73431624]::test_main_static::{closure#0}>::{closure#0}
[INFO] [stdout]    6:     0x5e68b387af22 - std[97b98282bc616a66]::panicking::panic_with_hook
[INFO] [stdout]    7:     0x5e68b38606c2 - std[97b98282bc616a66]::panicking::panic_handler::{closure#0}
[INFO] [stdout]    8:     0x5e68b3857e59 - std[97b98282bc616a66]::sys::backtrace::__rust_end_short_backtrace::<std[97b98282bc616a66]::panicking::panic_handler::{closure#0}, !>
[INFO] [stdout]    9:     0x5e68b38612bd - __rustc[e3d8617bb01b7f69]::rust_begin_unwind
[INFO] [stdout]   10:     0x5e68b3897b5c - core[832e9a552fc17241]::panicking::panic_fmt
[INFO] [stdout]   11:     0x5e68b3897932 - core[832e9a552fc17241]::result::unwrap_failed
[INFO] [stdout]   12:     0x5e68b3807505 - cgrep[b78b2ff5f2cba3b6]::walk::tests::setup_test_dir
[INFO] [stdout]   13:     0x5e68b3807b48 - cgrep[b78b2ff5f2cba3b6]::walk::tests::test_walk_directory_filters_rs
[INFO] [stdout]   14:     0x5e68b3806e29 - <cgrep[b78b2ff5f2cba3b6]::walk::tests::test_walk_directory_filters_rs::{closure#0} as core[832e9a552fc17241]::ops::function::FnOnce<()>>::call_once
[INFO] [stdout]   15:     0x5e68b38081eb - test[39766f3d73431624]::__rust_begin_short_backtrace::<core[832e9a552fc17241]::result::Result<(), alloc[3ecab9f82c41dc7d]::string::String>, fn() -> core[832e9a552fc17241]::result::Result<(), alloc[3ecab9f82c41dc7d]::string::String>>
[INFO] [stdout]   16:     0x5e68b3815835 - test[39766f3d73431624]::run_test::{closure#0}
[INFO] [stdout]   17:     0x5e68b38102e4 - std[97b98282bc616a66]::sys::backtrace::__rust_begin_short_backtrace::<test[39766f3d73431624]::run_test::{closure#1}, ()>
[INFO] [stdout]   18:     0x5e68b3818982 - <std[97b98282bc616a66]::thread::lifecycle::spawn_unchecked<test[39766f3d73431624]::run_test::{closure#1}, ()>::{closure#1} as core[832e9a552fc17241]::ops::function::FnOnce<()>>::call_once::{shim:vtable#0}
[INFO] [stdout]   19:     0x5e68b3882cbf - <std[97b98282bc616a66]::sys::thread::unix::Thread>::new::thread_start
[INFO] [stdout]   20:     0x7522d075007a - <unknown>
[INFO] [stdout]   21:     0x7522d07e3534 - clone
[INFO] [stdout]   22:                0x0 - <unknown>
[INFO] [stdout] 
[INFO] [stdout] 
[INFO] [stdout] failures:
[INFO] [stdout]     walk::tests::test_walk_directory_filters_py
[INFO] [stdout]     walk::tests::test_walk_directory_filters_rs
[INFO] [stdout] 
[INFO] [stdout] test result: FAILED. 0 passed; 2 failed; 0 ignored; 0 measured; 0 filtered out; finished in 0.00s
[INFO] [stdout] 
[INFO] [stderr] error: test failed, to rerun pass `--lib`
[INFO] running `Command { std: "docker" "inspect" "6cf39df0967d6c0feac8baaa5909406ac0e56b43fd587581fe8f2e555b869721", kill_on_drop: false }`
[INFO] running `Command { std: "docker" "rm" "-f" "6cf39df0967d6c0feac8baaa5909406ac0e56b43fd587581fe8f2e555b869721", kill_on_drop: false }`
[INFO] [stdout] 6cf39df0967d6c0feac8baaa5909406ac0e56b43fd587581fe8f2e555b869721
