[INFO] cloning repository https://github.com/its2ru3/qdd_rs
[INFO] running `Command { std: "git" "-c" "credential.helper=" "-c" "credential.helper=/workspace/cargo-home/bin/git-credential-null" "clone" "--bare" "https://github.com/its2ru3/qdd_rs" "/workspace/cache/git-repos/https%3A%2F%2Fgithub.com%2Fits2ru3%2Fqdd_rs", kill_on_drop: false }`
[INFO] [stderr] Cloning into bare repository '/workspace/cache/git-repos/https%3A%2F%2Fgithub.com%2Fits2ru3%2Fqdd_rs'...
[INFO] running `Command { std: "git" "rev-parse" "HEAD", kill_on_drop: false }`
[INFO] [stdout] 50bbf7b028efb91db40771c0a2eaef342af47117
[INFO] testing its2ru3/qdd_rs against 1.98.0-beta.8+cargoflags=--release for beta-release-1.99-2
[INFO] running `Command { std: "git" "clone" "/workspace/cache/git-repos/https%3A%2F%2Fgithub.com%2Fits2ru3%2Fqdd_rs" "/workspace/builds/worker-4-tc1/source", kill_on_drop: false }`
[INFO] [stderr] Cloning into '/workspace/builds/worker-4-tc1/source'...
[INFO] [stderr] done.
[INFO] started tweaking git repo https://github.com/its2ru3/qdd_rs
[INFO] finished tweaking git repo https://github.com/its2ru3/qdd_rs
[INFO] tweaked toml for git repo https://github.com/its2ru3/qdd_rs written to /workspace/builds/worker-4-tc1/source/Cargo.toml
[INFO] validating manifest of git repo https://github.com/its2ru3/qdd_rs on toolchain 1.98.0-beta.8
[INFO] running `Command { std: CARGO_HOME="/workspace/cargo-home" RUSTUP_HOME="/workspace/rustup-home" "/workspace/cargo-home/bin/cargo" "+1.98.0-beta.8" "metadata" "--manifest-path" "Cargo.toml" "--no-deps", kill_on_drop: false }`
[INFO] crate git repo https://github.com/its2ru3/qdd_rs already has a lockfile, it will not be regenerated
[INFO] running `Command { std: CARGO_HOME="/workspace/cargo-home" RUSTUP_HOME="/workspace/rustup-home" "/workspace/cargo-home/bin/cargo" "+1.98.0-beta.8" "fetch" "--manifest-path" "Cargo.toml", kill_on_drop: false }`
[INFO] [stderr]     Updating crates.io index
[INFO] [stderr]  Downloading crates ...
[INFO] [stderr]   Downloaded rand v0.9.0
[INFO] [stderr]   Downloaded unicode-ident v1.0.16
[INFO] [stderr]   Downloaded wit-bindgen-rt v0.33.0
[INFO] [stderr]   Downloaded plotters-svg v0.3.7
[INFO] [stderr]   Downloaded plotters-bitmap v0.3.7
[INFO] [stderr]   Downloaded yeslogic-fontconfig-sys v6.0.0
[INFO] [stderr]   Downloaded plotters-backend v0.3.7
[INFO] [stderr]   Downloaded rand_core v0.9.0
[INFO] [stderr]   Downloaded rustversion v1.0.19
[INFO] [stderr]   Downloaded libloading v0.8.6
[INFO] [stderr]   Downloaded dwrote v0.11.2
[INFO] [stderr]   Downloaded iana-time-zone v0.1.61
[INFO] [stderr]   Downloaded semver v1.0.25
[INFO] [stderr]   Downloaded quote v1.0.38
[INFO] [stderr]   Downloaded once_cell v1.20.3
[INFO] [stderr]   Downloaded pathfinder_simd v0.5.4
[INFO] [stderr]   Downloaded getrandom v0.3.1
[INFO] [stderr]   Downloaded bitflags v2.8.0
[INFO] [stderr]   Downloaded log v0.4.25
[INFO] [stderr]   Downloaded bytemuck v1.21.0
[INFO] [stderr]   Downloaded proc-macro2 v1.0.93
[INFO] [stderr]   Downloaded zerocopy-derive v0.8.17
[INFO] [stderr]   Downloaded font-kit v0.14.2
[INFO] [stderr]   Downloaded miniz_oxide v0.8.4
[INFO] [stderr]   Downloaded flate2 v1.0.35
[INFO] [stderr]   Downloaded indexmap v2.7.1
[INFO] [stderr]   Downloaded cc v1.2.13
[INFO] [stderr]   Downloaded plotters v0.3.7
[INFO] [stderr]   Downloaded wasi v0.13.3+wasi-0.2.2
[INFO] [stderr]   Downloaded ttf-parser v0.20.0
[INFO] [stderr]   Downloaded zerocopy v0.8.17
[INFO] [stderr]   Downloaded chrono v0.4.39
[INFO] [stderr]   Downloaded syn v2.0.98
[INFO] [stderr]   Downloaded gif v0.12.0
[INFO] [stderr]   Downloaded petgraph v0.7.1
[INFO] [stderr]   Downloaded libc v0.2.169
[INFO] [stderr]   Downloaded freetype-sys v0.20.1
[INFO] [stderr]   Downloaded image v0.24.9
[INFO] running `Command { std: "docker" "create" "-v" "/var/lib/crater-agent-workspace/builds/worker-4-tc1/source:/opt/rustwide/workdir:ro,Z" "-v" "/var/lib/crater-agent-workspace/builds/worker-4-tc1/target:/opt/rustwide/target:rw,Z" "-v" "/var/lib/crater-agent-workspace/cargo-home:/opt/rustwide/cargo-home:ro,Z" "-v" "/var/lib/crater-agent-workspace/rustup-home:/opt/rustwide/rustup-home:ro,Z" "-m" "1610612736" "--network" "none" "ghcr.io/rust-lang/crates-build-env/linux@sha256:8683fc1fc2eb5c9ac98e0d076ab094b2ffac7f99da555d2b6a2e27f346de2ec7" "sleep" "infinity", kill_on_drop: false }`
[INFO] [stdout] 750eb361843e3463697a5e61901b4c5bf9ea8f8f3d5473bc592c58109d4ac064
[INFO] running `Command { std: "docker" "start" "750eb361843e3463697a5e61901b4c5bf9ea8f8f3d5473bc592c58109d4ac064", kill_on_drop: false }`
[INFO] running `Command { std: "docker" "inspect" "750eb361843e3463697a5e61901b4c5bf9ea8f8f3d5473bc592c58109d4ac064", kill_on_drop: false }`
[INFO] running `Command { std: "docker" "exec" "-e" "SOURCE_DIR=/opt/rustwide/workdir" "-e" "CARGO_HOME=/opt/rustwide/cargo-home" "-e" "RUSTUP_HOME=/opt/rustwide/rustup-home" "-e" "CARGO_TARGET_DIR=/opt/rustwide/target" "-w" "/opt/rustwide/workdir" "--user" "0:0" "750eb361843e3463697a5e61901b4c5bf9ea8f8f3d5473bc592c58109d4ac064" "/opt/rustwide/cargo-home/bin/cargo" "+1.98.0-beta.8" "metadata" "--no-deps" "--format-version=1", kill_on_drop: false }`
[INFO] running `Command { std: "docker" "inspect" "750eb361843e3463697a5e61901b4c5bf9ea8f8f3d5473bc592c58109d4ac064", kill_on_drop: false }`
[INFO] running `Command { std: "docker" "exec" "-e" "SOURCE_DIR=/opt/rustwide/workdir" "-e" "CARGO_HOME=/opt/rustwide/cargo-home" "-e" "RUSTUP_HOME=/opt/rustwide/rustup-home" "-e" "CARGO_TARGET_DIR=/opt/rustwide/target" "-e" "CARGO_INCREMENTAL=0" "-e" "RUST_BACKTRACE=full" "-e" "RUSTFLAGS=--cap-lints=warn" "-e" "RUSTDOCFLAGS=--cap-lints=warn" "-w" "/opt/rustwide/workdir" "--user" "0:0" "750eb361843e3463697a5e61901b4c5bf9ea8f8f3d5473bc592c58109d4ac064" "/opt/rustwide/cargo-home/bin/cargo" "+1.98.0-beta.8" "build" "--frozen" "--message-format=json" "--release", kill_on_drop: false }`
[INFO] [stderr]    Compiling autocfg v1.4.0
[INFO] [stderr]    Compiling libc v0.2.169
[INFO] [stderr]    Compiling proc-macro2 v1.0.93
[INFO] [stderr]    Compiling semver v1.0.25
[INFO] [stderr]    Compiling pkg-config v0.3.31
[INFO] [stderr]    Compiling unicode-ident v1.0.16
[INFO] [stderr]    Compiling simd-adler32 v0.3.7
[INFO] [stderr]    Compiling adler2 v2.0.0
[INFO] [stderr]    Compiling zerocopy v0.8.17
[INFO] [stderr]    Compiling getrandom v0.3.1
[INFO] [stderr]    Compiling color_quant v1.1.0
[INFO] [stderr]    Compiling option-ext v0.2.0
[INFO] [stderr]    Compiling cc v1.2.13
[INFO] [stderr]    Compiling crc32fast v1.4.2
[INFO] [stderr]    Compiling libloading v0.8.6
[INFO] [stderr]    Compiling jpeg-decoder v0.3.1
[INFO] [stderr]    Compiling font-kit v0.14.2
[INFO] [stderr]    Compiling bytemuck v1.21.0
[INFO] [stderr]    Compiling once_cell v1.20.3
[INFO] [stderr]    Compiling dlib v0.5.2
[INFO] [stderr]    Compiling plotters-backend v0.3.7
[INFO] [stderr]    Compiling same-file v1.0.6
[INFO] [stderr]    Compiling weezl v0.1.8
[INFO] [stderr]    Compiling log v0.4.25
[INFO] [stderr]    Compiling walkdir v2.5.0
[INFO] [stderr]    Compiling bitflags v2.8.0
[INFO] [stderr]    Compiling float-ord v0.3.2
[INFO] [stderr]    Compiling rustc_version v0.4.1
[INFO] [stderr]    Compiling num-traits v0.2.19
[INFO] [stderr]    Compiling hashbrown v0.15.2
[INFO] [stderr]    Compiling miniz_oxide v0.8.4
[INFO] [stderr]    Compiling fdeflate v0.3.7
[INFO] [stderr]    Compiling yeslogic-fontconfig-sys v6.0.0
[INFO] [stderr]    Compiling iana-time-zone v0.1.61
[INFO] [stderr]    Compiling plotters-svg v0.3.7
[INFO] [stderr]    Compiling dirs-sys v0.4.1
[INFO] [stderr]    Compiling quote v1.0.38
[INFO] [stderr]    Compiling pathfinder_simd v0.5.4
[INFO] [stderr]    Compiling gif v0.12.0
[INFO] [stderr]    Compiling syn v2.0.98
[INFO] [stderr]    Compiling dirs v5.0.1
[INFO] [stderr]    Compiling fixedbitset v0.5.7
[INFO] [stderr]    Compiling ttf-parser v0.20.0
[INFO] [stderr]    Compiling flate2 v1.0.35
[INFO] [stderr]    Compiling indexmap v2.7.1
[INFO] [stderr]    Compiling png v0.17.16
[INFO] [stderr]    Compiling freetype-sys v0.20.1
[INFO] [stderr]    Compiling num-integer v0.1.46
[INFO] [stderr]    Compiling pathfinder_geometry v0.5.1
[INFO] [stderr]    Compiling chrono v0.4.39
[INFO] [stderr]    Compiling num-complex v0.4.6
[INFO] [stderr]    Compiling num-bigint v0.4.6
[INFO] [stderr]    Compiling num-iter v0.1.45
[INFO] [stderr]    Compiling float-cmp v0.10.0
[INFO] [stderr]    Compiling petgraph v0.7.1
[INFO] [stderr]    Compiling rand_core v0.9.0
[INFO] [stderr]    Compiling image v0.24.9
[INFO] [stderr]    Compiling zerocopy-derive v0.7.35
[INFO] [stderr]    Compiling num-rational v0.4.2
[INFO] [stderr]    Compiling num v0.4.3
[INFO] [stderr]    Compiling zerocopy v0.7.35
[INFO] [stderr]    Compiling ppv-lite86 v0.2.20
[INFO] [stderr]    Compiling rand_chacha v0.9.0
[INFO] [stderr]    Compiling rand v0.9.0
[INFO] [stderr]    Compiling plotters-bitmap v0.3.7
[INFO] [stderr]    Compiling plotters v0.3.7
[INFO] [stderr]    Compiling qdd_rs v0.1.0 (/opt/rustwide/workdir)
[INFO] [stdout] warning: unused import: `RefMut`
[INFO] [stdout]  --> src/gates/apply_h.rs:1:31
[INFO] [stdout]   |
[INFO] [stdout] 1 | use std::cell::{Ref, RefCell, RefMut};
[INFO] [stdout]   |                               ^^^^^^
[INFO] [stdout]   |
[INFO] [stdout]   = note: `#[warn(unused_imports)]` (part of `#[warn(unused)]`) on by default
[INFO] [stdout] 
[INFO] [stdout] 
[INFO] [stdout] warning: unused import: `TOL`
[INFO] [stdout]  --> src/gates/apply_cz.rs:5:35
[INFO] [stdout]   |
[INFO] [stdout] 5 | use crate::constants::{MINUS_ONE, TOL};
[INFO] [stdout]   |                                   ^^^
[INFO] [stdout] 
[INFO] [stdout] 
[INFO] [stdout] warning: unused import: `apply_h`
[INFO] [stdout]  --> src/gates/apply_cz.rs:6:25
[INFO] [stdout]   |
[INFO] [stdout] 6 | use super::{apply_cnot, apply_h};
[INFO] [stdout]   |                         ^^^^^^^
[INFO] [stdout] 
[INFO] [stdout] 
[INFO] [stdout] warning: variable does not need to be mutable
[INFO] [stdout]    --> src/gates/apply_cnot.rs:171:9
[INFO] [stdout]     |
[INFO] [stdout] 171 |     let mut node_ref = node.borrow();
[INFO] [stdout]     |         ----^^^^^^^^
[INFO] [stdout]     |         |
[INFO] [stdout]     |         help: remove this `mut`
[INFO] [stdout]     |
[INFO] [stdout]     = note: `#[warn(unused_mut)]` (part of `#[warn(unused)]`) on by default
[INFO] [stdout] 
[INFO] [stdout] 
[INFO] [stdout] warning: unused variable: `phi`
[INFO] [stdout]   --> src/gates/apply_u.rs:11:64
[INFO] [stdout]    |
[INFO] [stdout] 11 |     pub fn apply_u(&mut self, target_qubit: usize, theta: f64, phi: f64, lambda: f64) {
[INFO] [stdout]    |                                                                ^^^ help: if this is intentional, prefix it with an underscore: `_phi`
[INFO] [stdout]    |
[INFO] [stdout]    = note: `#[warn(unused_variables)]` (part of `#[warn(unused)]`) on by default
[INFO] [stdout] 
[INFO] [stdout] 
[INFO] [stdout] warning: function `draw_dot` is never used
[INFO] [stdout]   --> src/main.rs:55:4
[INFO] [stdout]    |
[INFO] [stdout] 55 | fn draw_dot(dot: &str, output_path: &str) -> std::io::Result<()> {
[INFO] [stdout]    |    ^^^^^^^^
[INFO] [stdout]    |
[INFO] [stdout]    = note: `#[warn(dead_code)]` (part of `#[warn(unused)]`) on by default
[INFO] [stdout] 
[INFO] [stdout] 
[INFO] [stderr]     Finished `release` profile [optimized] target(s) in 34.48s
[INFO] running `Command { std: "docker" "inspect" "750eb361843e3463697a5e61901b4c5bf9ea8f8f3d5473bc592c58109d4ac064", kill_on_drop: false }`
[INFO] running `Command { std: "docker" "exec" "-e" "SOURCE_DIR=/opt/rustwide/workdir" "-e" "CARGO_HOME=/opt/rustwide/cargo-home" "-e" "RUSTUP_HOME=/opt/rustwide/rustup-home" "-e" "CARGO_TARGET_DIR=/opt/rustwide/target" "-e" "CARGO_INCREMENTAL=0" "-e" "RUST_BACKTRACE=full" "-e" "RUSTFLAGS=--cap-lints=warn" "-e" "RUSTDOCFLAGS=--cap-lints=warn" "-w" "/opt/rustwide/workdir" "--user" "0:0" "750eb361843e3463697a5e61901b4c5bf9ea8f8f3d5473bc592c58109d4ac064" "/opt/rustwide/cargo-home/bin/cargo" "+1.98.0-beta.8" "test" "--frozen" "--no-run" "--message-format=json" "--release", kill_on_drop: false }`
[INFO] [stdout] warning: unused import: `RefMut`
[INFO] [stdout]  --> src/gates/apply_h.rs:1:31
[INFO] [stdout]   |
[INFO] [stdout] 1 | use std::cell::{Ref, RefCell, RefMut};
[INFO] [stdout]   |                               ^^^^^^
[INFO] [stdout]   |
[INFO] [stdout]   = note: `#[warn(unused_imports)]` (part of `#[warn(unused)]`) on by default
[INFO] [stdout] 
[INFO] [stdout] 
[INFO] [stdout] warning: unused import: `TOL`
[INFO] [stdout]  --> src/gates/apply_cz.rs:5:35
[INFO] [stdout]   |
[INFO] [stdout] 5 | use crate::constants::{MINUS_ONE, TOL};
[INFO] [stdout]   |                                   ^^^
[INFO] [stdout] 
[INFO] [stdout] 
[INFO] [stdout] warning: unused import: `apply_h`
[INFO] [stdout]  --> src/gates/apply_cz.rs:6:25
[INFO] [stdout]   |
[INFO] [stdout] 6 | use super::{apply_cnot, apply_h};
[INFO] [stdout]   |                         ^^^^^^^
[INFO] [stdout] 
[INFO] [stdout] 
[INFO] [stdout] warning: variable does not need to be mutable
[INFO] [stdout]    --> src/gates/apply_cnot.rs:171:9
[INFO] [stdout]     |
[INFO] [stdout] 171 |     let mut node_ref = node.borrow();
[INFO] [stdout]     |         ----^^^^^^^^
[INFO] [stdout]     |         |
[INFO] [stdout]     |         help: remove this `mut`
[INFO] [stdout]     |
[INFO] [stdout]     = note: `#[warn(unused_mut)]` (part of `#[warn(unused)]`) on by default
[INFO] [stdout] 
[INFO] [stdout] 
[INFO] [stdout] warning: unused variable: `phi`
[INFO] [stdout]   --> src/gates/apply_u.rs:11:64
[INFO] [stdout]    |
[INFO] [stdout] 11 |     pub fn apply_u(&mut self, target_qubit: usize, theta: f64, phi: f64, lambda: f64) {
[INFO] [stdout]    |                                                                ^^^ help: if this is intentional, prefix it with an underscore: `_phi`
[INFO] [stdout]    |
[INFO] [stdout]    = note: `#[warn(unused_variables)]` (part of `#[warn(unused)]`) on by default
[INFO] [stdout] 
[INFO] [stdout] 
[INFO] [stderr]    Compiling qdd_rs v0.1.0 (/opt/rustwide/workdir)
[INFO] [stdout] warning: function `draw_dot` is never used
[INFO] [stdout]   --> src/main.rs:55:4
[INFO] [stdout]    |
[INFO] [stdout] 55 | fn draw_dot(dot: &str, output_path: &str) -> std::io::Result<()> {
[INFO] [stdout]    |    ^^^^^^^^
[INFO] [stdout]    |
[INFO] [stdout]    = note: `#[warn(dead_code)]` (part of `#[warn(unused)]`) on by default
[INFO] [stdout] 
[INFO] [stdout] 
[INFO] [stdout] warning: unused import: `RefMut`
[INFO] [stdout]  --> src/gates/apply_h.rs:1:31
[INFO] [stdout]   |
[INFO] [stdout] 1 | use std::cell::{Ref, RefCell, RefMut};
[INFO] [stdout]   |                               ^^^^^^
[INFO] [stdout]   |
[INFO] [stdout]   = note: `#[warn(unused_imports)]` (part of `#[warn(unused)]`) on by default
[INFO] [stdout] 
[INFO] [stdout] 
[INFO] [stdout] warning: unused import: `TOL`
[INFO] [stdout]  --> src/gates/apply_cz.rs:5:35
[INFO] [stdout]   |
[INFO] [stdout] 5 | use crate::constants::{MINUS_ONE, TOL};
[INFO] [stdout]   |                                   ^^^
[INFO] [stdout] 
[INFO] [stdout] 
[INFO] [stdout] warning: unused import: `apply_h`
[INFO] [stdout]  --> src/gates/apply_cz.rs:6:25
[INFO] [stdout]   |
[INFO] [stdout] 6 | use super::{apply_cnot, apply_h};
[INFO] [stdout]   |                         ^^^^^^^
[INFO] [stdout] 
[INFO] [stdout] 
[INFO] [stdout] warning: unused variable: `bits`
[INFO] [stdout]    --> src/quantum_circuit/statevector/get_full_statevector.rs:203:17
[INFO] [stdout]     |
[INFO] [stdout] 203 |             let bits = i >> 1; // q0 is unprocessed
[INFO] [stdout]     |                 ^^^^ help: if this is intentional, prefix it with an underscore: `_bits`
[INFO] [stdout]     |
[INFO] [stdout]     = note: `#[warn(unused_variables)]` (part of `#[warn(unused)]`) on by default
[INFO] [stdout] 
[INFO] [stdout] 
[INFO] [stdout] warning: variable does not need to be mutable
[INFO] [stdout]    --> src/gates/apply_cnot.rs:171:9
[INFO] [stdout]     |
[INFO] [stdout] 171 |     let mut node_ref = node.borrow();
[INFO] [stdout]     |         ----^^^^^^^^
[INFO] [stdout]     |         |
[INFO] [stdout]     |         help: remove this `mut`
[INFO] [stdout]     |
[INFO] [stdout]     = note: `#[warn(unused_mut)]` (part of `#[warn(unused)]`) on by default
[INFO] [stdout] 
[INFO] [stdout] 
[INFO] [stdout] warning: unused variable: `phi`
[INFO] [stdout]   --> src/gates/apply_u.rs:11:64
[INFO] [stdout]    |
[INFO] [stdout] 11 |     pub fn apply_u(&mut self, target_qubit: usize, theta: f64, phi: f64, lambda: f64) {
[INFO] [stdout]    |                                                                ^^^ help: if this is intentional, prefix it with an underscore: `_phi`
[INFO] [stdout] 
[INFO] [stdout] 
[INFO] [stdout] warning: unused variable: `expected_adjacency_list`
[INFO] [stdout]   --> src/lib.rs:81:13
[INFO] [stdout]    |
[INFO] [stdout] 81 |         let expected_adjacency_list = "
[INFO] [stdout]    |             ^^^^^^^^^^^^^^^^^^^^^^^ help: if this is intentional, prefix it with an underscore: `_expected_adjacency_list`
[INFO] [stdout] 
[INFO] [stdout] 
[INFO] [stderr]     Finished `release` profile [optimized] target(s) in 1.22s
[INFO] running `Command { std: "docker" "inspect" "750eb361843e3463697a5e61901b4c5bf9ea8f8f3d5473bc592c58109d4ac064", kill_on_drop: false }`
[INFO] running `Command { std: "docker" "exec" "-e" "SOURCE_DIR=/opt/rustwide/workdir" "-e" "CARGO_HOME=/opt/rustwide/cargo-home" "-e" "RUSTUP_HOME=/opt/rustwide/rustup-home" "-e" "CARGO_TARGET_DIR=/opt/rustwide/target" "-e" "CARGO_INCREMENTAL=0" "-e" "RUST_BACKTRACE=full" "-e" "RUSTFLAGS=--cap-lints=warn" "-e" "RUSTDOCFLAGS=--cap-lints=warn" "-w" "/opt/rustwide/workdir" "--user" "0:0" "750eb361843e3463697a5e61901b4c5bf9ea8f8f3d5473bc592c58109d4ac064" "/opt/rustwide/cargo-home/bin/cargo" "+1.98.0-beta.8" "test" "--frozen" "--release", kill_on_drop: false }`
[INFO] [stderr] warning: unused import: `RefMut`
[INFO] [stderr]  --> src/gates/apply_h.rs:1:31
[INFO] [stderr]   |
[INFO] [stderr] 1 | use std::cell::{Ref, RefCell, RefMut};
[INFO] [stderr]   |                               ^^^^^^
[INFO] [stderr]   |
[INFO] [stderr]   = note: `#[warn(unused_imports)]` (part of `#[warn(unused)]`) on by default
[INFO] [stderr] 
[INFO] [stderr] warning: unused import: `TOL`
[INFO] [stderr]  --> src/gates/apply_cz.rs:5:35
[INFO] [stderr]   |
[INFO] [stderr] 5 | use crate::constants::{MINUS_ONE, TOL};
[INFO] [stderr]   |                                   ^^^
[INFO] [stderr] 
[INFO] [stderr] warning: unused import: `apply_h`
[INFO] [stderr]  --> src/gates/apply_cz.rs:6:25
[INFO] [stderr]   |
[INFO] [stderr] 6 | use super::{apply_cnot, apply_h};
[INFO] [stderr]   |                         ^^^^^^^
[INFO] [stderr] 
[INFO] [stderr] warning: variable does not need to be mutable
[INFO] [stderr]    --> src/gates/apply_cnot.rs:171:9
[INFO] [stderr]     |
[INFO] [stderr] 171 |     let mut node_ref = node.borrow();
[INFO] [stderr]     |         ----^^^^^^^^
[INFO] [stderr]     |         |
[INFO] [stderr]     |         help: remove this `mut`
[INFO] [stderr]     |
[INFO] [stderr]     = note: `#[warn(unused_mut)]` (part of `#[warn(unused)]`) on by default
[INFO] [stderr] 
[INFO] [stderr] warning: unused variable: `phi`
[INFO] [stderr]   --> src/gates/apply_u.rs:11:64
[INFO] [stderr]    |
[INFO] [stderr] 11 |     pub fn apply_u(&mut self, target_qubit: usize, theta: f64, phi: f64, lambda: f64) {
[INFO] [stderr]    |                                                                ^^^ help: if this is intentional, prefix it with an underscore: `_phi`
[INFO] [stderr]    |
[INFO] [stderr]    = note: `#[warn(unused_variables)]` (part of `#[warn(unused)]`) on by default
[INFO] [stderr] 
[INFO] [stderr] warning: unused variable: `bits`
[INFO] [stderr]    --> src/quantum_circuit/statevector/get_full_statevector.rs:203:17
[INFO] [stderr]     |
[INFO] [stderr] 203 |             let bits = i >> 1; // q0 is unprocessed
[INFO] [stderr]     |                 ^^^^ help: if this is intentional, prefix it with an underscore: `_bits`
[INFO] [stderr]     |
[INFO] [stderr]     = note: `#[warn(unused_variables)]` (part of `#[warn(unused)]`) on by default
[INFO] [stderr] 
[INFO] [stderr] warning: unused variable: `phi`
[INFO] [stderr]   --> src/gates/apply_u.rs:11:64
[INFO] [stderr]    |
[INFO] [stderr] 11 |     pub fn apply_u(&mut self, target_qubit: usize, theta: f64, phi: f64, lambda: f64) {
[INFO] [stderr]    |                                                                ^^^ help: if this is intentional, prefix it with an underscore: `_phi`
[INFO] [stderr] 
[INFO] [stderr] warning: unused variable: `expected_adjacency_list`
[INFO] [stderr]   --> src/lib.rs:81:13
[INFO] [stderr]    |
[INFO] [stderr] 81 |         let expected_adjacency_list = "
[INFO] [stderr]    |             ^^^^^^^^^^^^^^^^^^^^^^^ help: if this is intentional, prefix it with an underscore: `_expected_adjacency_list`
[INFO] [stderr] 
[INFO] [stderr] warning: `qdd_rs` (lib) generated 5 warnings (run `cargo fix --lib -p qdd_rs` to apply 5 suggestions)
[INFO] [stderr] warning: `qdd_rs` (lib test) generated 7 warnings (4 duplicates) (run `cargo fix --lib -p qdd_rs --tests` to apply 3 suggestions)
[INFO] [stderr] warning: function `draw_dot` is never used
[INFO] [stderr]   --> src/main.rs:55:4
[INFO] [stderr]    |
[INFO] [stderr] 55 | fn draw_dot(dot: &str, output_path: &str) -> std::io::Result<()> {
[INFO] [stderr]    |    ^^^^^^^^
[INFO] [stderr]    |
[INFO] [stderr]    = note: `#[warn(dead_code)]` (part of `#[warn(unused)]`) on by default
[INFO] [stderr] 
[INFO] [stderr] warning: `qdd_rs` (bin "qdd_rs" test) generated 1 warning
[INFO] [stderr]     Finished `release` profile [optimized] target(s) in 0.11s
[INFO] [stderr]      Running unittests src/lib.rs (/opt/rustwide/target/release/deps/qdd_rs-8737eaefa2f7dafa)
[INFO] [stdout] 
[INFO] [stdout] running 6 tests
[INFO] [stdout] test quantum_circuit::statevector::get_full_statevector::tests::test_early_terminal ... ok
[INFO] [stdout] test tests::test_h_and_cx_gates ... ok
[INFO] [stdout] test quantum_circuit::statevector::get_full_statevector::tests::test_full_processing_no_unused ... ok
[INFO] [stdout] test quantum_circuit::statevector::get_full_statevector::tests::test_sink_node_distribution ... FAILED
[INFO] [stdout] test quantum_circuit::statevector::get_full_statevector::tests::test_negative_and_complex_weights ... FAILED
[INFO] [stdout] test quantum_circuit::statevector::get_full_statevector::tests::test_basic_single_qubit ... ok
[INFO] [stdout] 
[INFO] [stdout] failures:
[INFO] [stdout] 
[INFO] [stdout] ---- quantum_circuit::statevector::get_full_statevector::tests::test_sink_node_distribution stdout ----
[INFO] [stdout] 
[INFO] [stdout] thread 'quantum_circuit::statevector::get_full_statevector::tests::test_sink_node_distribution' (1427) panicked at src/quantum_circuit/statevector/get_full_statevector.rs:121:9:
[INFO] [stdout] Expected 1+0i got 2+0i
[INFO] [stdout] stack backtrace:
[INFO] [stdout]    0:     0x58c738c90eb1 - <<std[97b98282bc616a66]::sys::backtrace::BacktraceLock>::print::DisplayBacktrace as core[832e9a552fc17241]::fmt::Display>::fmt
[INFO] [stdout]    1:     0x58c738ca4c7a - core[832e9a552fc17241]::fmt::write
[INFO] [stdout]    2:     0x58c738c9536c - <alloc[3ecab9f82c41dc7d]::vec::Vec<u8> as std[97b98282bc616a66]::io::Write>::write_fmt
[INFO] [stdout]    3:     0x58c738c6f5d6 - std[97b98282bc616a66]::panicking::default_hook::{closure#0}
[INFO] [stdout]    4:     0x58c738c890d9 - std[97b98282bc616a66]::panicking::default_hook
[INFO] [stdout]    5:     0x58c738c23e20 - test[39766f3d73431624]::test_main_inner::<test[39766f3d73431624]::test_main_static::{closure#0}>::{closure#0}
[INFO] [stdout]    6:     0x58c738c89292 - std[97b98282bc616a66]::panicking::panic_with_hook
[INFO] [stdout]    7:     0x58c738c6f682 - std[97b98282bc616a66]::panicking::panic_handler::{closure#0}
[INFO] [stdout]    8:     0x58c738c66fd9 - std[97b98282bc616a66]::sys::backtrace::__rust_end_short_backtrace::<std[97b98282bc616a66]::panicking::panic_handler::{closure#0}, !>
[INFO] [stdout]    9:     0x58c738c7027d - __rustc[e3d8617bb01b7f69]::rust_begin_unwind
[INFO] [stdout]   10:     0x58c738ca53dc - core[832e9a552fc17241]::panicking::panic_fmt
[INFO] [stdout]   11:     0x58c738c16573 - qdd_rs[9114416fc3c717bb]::quantum_circuit::statevector::get_full_statevector::tests::test_sink_node_distribution
[INFO] [stdout]   12:     0x58c738c14ab9 - <qdd_rs[9114416fc3c717bb]::quantum_circuit::statevector::get_full_statevector::tests::test_sink_node_distribution::{closure#0} as core[832e9a552fc17241]::ops::function::FnOnce<()>>::call_once
[INFO] [stdout]   13:     0x58c738c1715b - test[39766f3d73431624]::__rust_begin_short_backtrace::<core[832e9a552fc17241]::result::Result<(), alloc[3ecab9f82c41dc7d]::string::String>, fn() -> core[832e9a552fc17241]::result::Result<(), alloc[3ecab9f82c41dc7d]::string::String>>
[INFO] [stdout]   14:     0x58c738c247a5 - test[39766f3d73431624]::run_test::{closure#0}
[INFO] [stdout]   15:     0x58c738c1f254 - std[97b98282bc616a66]::sys::backtrace::__rust_begin_short_backtrace::<test[39766f3d73431624]::run_test::{closure#1}, ()>
[INFO] [stdout]   16:     0x58c738c278f2 - <std[97b98282bc616a66]::thread::lifecycle::spawn_unchecked<test[39766f3d73431624]::run_test::{closure#1}, ()>::{closure#1} as core[832e9a552fc17241]::ops::function::FnOnce<()>>::call_once::{shim:vtable#0}
[INFO] [stdout]   17:     0x58c738c9073f - <std[97b98282bc616a66]::sys::thread::unix::Thread>::new::thread_start
[INFO] [stdout]   18:     0x78bb71b5807a - <unknown>
[INFO] [stdout]   19:     0x78bb71beb534 - clone
[INFO] [stdout]   20:                0x0 - <unknown>
[INFO] [stdout] 
[INFO] [stdout] ---- quantum_circuit::statevector::get_full_statevector::tests::test_negative_and_complex_weights stdout ----
[INFO] [stdout] 
[INFO] [stdout] thread 'quantum_circuit::statevector::get_full_statevector::tests::test_negative_and_complex_weights' (1426) panicked at src/quantum_circuit/statevector/get_full_statevector.rs:121:9:
[INFO] [stdout] Expected 0-0.7071067811865476i got 1+0i
[INFO] [stderr] error: test failed, to rerun pass `--lib`
[INFO] [stdout] stack backtrace:
[INFO] [stdout]    0:     0x58c738c90eb1 - <<std[97b98282bc616a66]::sys::backtrace::BacktraceLock>::print::DisplayBacktrace as core[832e9a552fc17241]::fmt::Display>::fmt
[INFO] [stdout]    1:     0x58c738ca4c7a - core[832e9a552fc17241]::fmt::write
[INFO] [stdout]    2:     0x58c738c9536c - <alloc[3ecab9f82c41dc7d]::vec::Vec<u8> as std[97b98282bc616a66]::io::Write>::write_fmt
[INFO] [stdout]    3:     0x58c738c6f5d6 - std[97b98282bc616a66]::panicking::default_hook::{closure#0}
[INFO] [stdout]    4:     0x58c738c890d9 - std[97b98282bc616a66]::panicking::default_hook
[INFO] [stdout]    5:     0x58c738c23e20 - test[39766f3d73431624]::test_main_inner::<test[39766f3d73431624]::test_main_static::{closure#0}>::{closure#0}
[INFO] [stdout]    6:     0x58c738c89292 - std[97b98282bc616a66]::panicking::panic_with_hook
[INFO] [stdout]    7:     0x58c738c6f682 - std[97b98282bc616a66]::panicking::panic_handler::{closure#0}
[INFO] [stdout]    8:     0x58c738c66fd9 - std[97b98282bc616a66]::sys::backtrace::__rust_end_short_backtrace::<std[97b98282bc616a66]::panicking::panic_handler::{closure#0}, !>
[INFO] [stdout]    9:     0x58c738c7027d - __rustc[e3d8617bb01b7f69]::rust_begin_unwind
[INFO] [stdout]   10:     0x58c738ca53dc - core[832e9a552fc17241]::panicking::panic_fmt
[INFO] [stdout]   11:     0x58c738c16fc1 - qdd_rs[9114416fc3c717bb]::quantum_circuit::statevector::get_full_statevector::tests::test_negative_and_complex_weights
[INFO] [stdout]   12:     0x58c738c14af9 - <qdd_rs[9114416fc3c717bb]::quantum_circuit::statevector::get_full_statevector::tests::test_negative_and_complex_weights::{closure#0} as core[832e9a552fc17241]::ops::function::FnOnce<()>>::call_once
[INFO] [stdout]   13:     0x58c738c1715b - test[39766f3d73431624]::__rust_begin_short_backtrace::<core[832e9a552fc17241]::result::Result<(), alloc[3ecab9f82c41dc7d]::string::String>, fn() -> core[832e9a552fc17241]::result::Result<(), alloc[3ecab9f82c41dc7d]::string::String>>
[INFO] [stdout]   14:     0x58c738c247a5 - test[39766f3d73431624]::run_test::{closure#0}
[INFO] [stdout]   15:     0x58c738c1f254 - std[97b98282bc616a66]::sys::backtrace::__rust_begin_short_backtrace::<test[39766f3d73431624]::run_test::{closure#1}, ()>
[INFO] [stdout]   16:     0x58c738c278f2 - <std[97b98282bc616a66]::thread::lifecycle::spawn_unchecked<test[39766f3d73431624]::run_test::{closure#1}, ()>::{closure#1} as core[832e9a552fc17241]::ops::function::FnOnce<()>>::call_once::{shim:vtable#0}
[INFO] [stdout]   17:     0x58c738c9073f - <std[97b98282bc616a66]::sys::thread::unix::Thread>::new::thread_start
[INFO] [stdout]   18:     0x78bb71b5807a - <unknown>
[INFO] [stdout]   19:     0x78bb71beb534 - clone
[INFO] [stdout]   20:                0x0 - <unknown>
[INFO] [stdout] 
[INFO] [stdout] 
[INFO] [stdout] failures:
[INFO] [stdout]     quantum_circuit::statevector::get_full_statevector::tests::test_negative_and_complex_weights
[INFO] [stdout]     quantum_circuit::statevector::get_full_statevector::tests::test_sink_node_distribution
[INFO] [stdout] 
[INFO] [stdout] test result: FAILED. 4 passed; 2 failed; 0 ignored; 0 measured; 0 filtered out; finished in 0.00s
[INFO] [stdout] 
[INFO] running `Command { std: "docker" "inspect" "750eb361843e3463697a5e61901b4c5bf9ea8f8f3d5473bc592c58109d4ac064", kill_on_drop: false }`
[INFO] running `Command { std: "docker" "rm" "-f" "750eb361843e3463697a5e61901b4c5bf9ea8f8f3d5473bc592c58109d4ac064", kill_on_drop: false }`
[INFO] [stdout] 750eb361843e3463697a5e61901b4c5bf9ea8f8f3d5473bc592c58109d4ac064
