[INFO] cloning repository https://github.com/iphizic/zapret2-nextgen-blockcheck
[INFO] running `Command { std: "git" "-c" "credential.helper=" "-c" "credential.helper=/workspace/cargo-home/bin/git-credential-null" "clone" "--bare" "https://github.com/iphizic/zapret2-nextgen-blockcheck" "/workspace/cache/git-repos/https%3A%2F%2Fgithub.com%2Fiphizic%2Fzapret2-nextgen-blockcheck", kill_on_drop: false }`
[INFO] [stderr] Cloning into bare repository '/workspace/cache/git-repos/https%3A%2F%2Fgithub.com%2Fiphizic%2Fzapret2-nextgen-blockcheck'...
[INFO] running `Command { std: "git" "rev-parse" "HEAD", kill_on_drop: false }`
[INFO] [stdout] 3338f73a93ca174b397ac73a6f5e9d0f8b699c10
[INFO] testing iphizic/zapret2-nextgen-blockcheck against 1.99.0-beta.1+cargoflags=--release for beta-release-1.99-2
[INFO] running `Command { std: "git" "clone" "/workspace/cache/git-repos/https%3A%2F%2Fgithub.com%2Fiphizic%2Fzapret2-nextgen-blockcheck" "/workspace/builds/worker-5-tc2/source", kill_on_drop: false }`
[INFO] [stderr] Cloning into '/workspace/builds/worker-5-tc2/source'...
[INFO] [stderr] done.
[INFO] started tweaking git repo https://github.com/iphizic/zapret2-nextgen-blockcheck
[INFO] finished tweaking git repo https://github.com/iphizic/zapret2-nextgen-blockcheck
[INFO] tweaked toml for git repo https://github.com/iphizic/zapret2-nextgen-blockcheck written to /workspace/builds/worker-5-tc2/source/Cargo.toml
[INFO] validating manifest of git repo https://github.com/iphizic/zapret2-nextgen-blockcheck on toolchain 1.99.0-beta.1
[INFO] running `Command { std: CARGO_HOME="/workspace/cargo-home" RUSTUP_HOME="/workspace/rustup-home" "/workspace/cargo-home/bin/cargo" "+1.99.0-beta.1" "metadata" "--manifest-path" "Cargo.toml" "--no-deps", kill_on_drop: false }`
[INFO] crate git repo https://github.com/iphizic/zapret2-nextgen-blockcheck already has a lockfile, it will not be regenerated
[INFO] running `Command { std: CARGO_HOME="/workspace/cargo-home" RUSTUP_HOME="/workspace/rustup-home" "/workspace/cargo-home/bin/cargo" "+1.99.0-beta.1" "fetch" "--manifest-path" "Cargo.toml", kill_on_drop: false }`
[INFO] running `Command { std: "docker" "create" "-v" "/var/lib/crater-agent-workspace/builds/worker-5-tc2/source:/opt/rustwide/workdir:ro,Z" "-v" "/var/lib/crater-agent-workspace/builds/worker-5-tc2/target:/opt/rustwide/target:rw,Z" "-v" "/var/lib/crater-agent-workspace/cargo-home:/opt/rustwide/cargo-home:ro,Z" "-v" "/var/lib/crater-agent-workspace/rustup-home:/opt/rustwide/rustup-home:ro,Z" "-m" "1610612736" "--network" "none" "ghcr.io/rust-lang/crates-build-env/linux@sha256:8683fc1fc2eb5c9ac98e0d076ab094b2ffac7f99da555d2b6a2e27f346de2ec7" "sleep" "infinity", kill_on_drop: false }`
[INFO] [stdout] b70586274e54c74c581c02c607d51ebc24adaf61f509fb31db2e2865b8578e25
[INFO] running `Command { std: "docker" "start" "b70586274e54c74c581c02c607d51ebc24adaf61f509fb31db2e2865b8578e25", kill_on_drop: false }`
[INFO] running `Command { std: "docker" "inspect" "b70586274e54c74c581c02c607d51ebc24adaf61f509fb31db2e2865b8578e25", kill_on_drop: false }`
[INFO] running `Command { std: "docker" "exec" "-e" "SOURCE_DIR=/opt/rustwide/workdir" "-e" "CARGO_HOME=/opt/rustwide/cargo-home" "-e" "RUSTUP_HOME=/opt/rustwide/rustup-home" "-e" "CARGO_TARGET_DIR=/opt/rustwide/target" "-w" "/opt/rustwide/workdir" "--user" "0:0" "b70586274e54c74c581c02c607d51ebc24adaf61f509fb31db2e2865b8578e25" "/opt/rustwide/cargo-home/bin/cargo" "+1.99.0-beta.1" "metadata" "--no-deps" "--format-version=1", kill_on_drop: false }`
[INFO] running `Command { std: "docker" "inspect" "b70586274e54c74c581c02c607d51ebc24adaf61f509fb31db2e2865b8578e25", kill_on_drop: false }`
[INFO] running `Command { std: "docker" "exec" "-e" "SOURCE_DIR=/opt/rustwide/workdir" "-e" "CARGO_HOME=/opt/rustwide/cargo-home" "-e" "RUSTUP_HOME=/opt/rustwide/rustup-home" "-e" "CARGO_TARGET_DIR=/opt/rustwide/target" "-e" "CARGO_INCREMENTAL=0" "-e" "RUST_BACKTRACE=full" "-e" "RUSTFLAGS=--cap-lints=warn" "-e" "RUSTDOCFLAGS=--cap-lints=warn" "-w" "/opt/rustwide/workdir" "--user" "0:0" "b70586274e54c74c581c02c607d51ebc24adaf61f509fb31db2e2865b8578e25" "/opt/rustwide/cargo-home/bin/cargo" "+1.99.0-beta.1" "build" "--frozen" "--message-format=json" "--release", kill_on_drop: false }`
[INFO] [stderr]    Compiling proc-macro2 v1.0.106
[INFO] [stderr]    Compiling unicode-ident v1.0.24
[INFO] [stderr]    Compiling quote v1.0.45
[INFO] [stderr]    Compiling libc v0.2.186
[INFO] [stderr]    Compiling cfg-if v1.0.4
[INFO] [stderr]    Compiling shlex v1.3.0
[INFO] [stderr]    Compiling find-msvc-tools v0.1.9
[INFO] [stderr]    Compiling pin-project-lite v0.2.17
[INFO] [stderr]    Compiling smallvec v1.15.1
[INFO] [stderr]    Compiling stable_deref_trait v1.2.1
[INFO] [stderr]    Compiling bytes v1.11.1
[INFO] [stderr]    Compiling dunce v1.0.5
[INFO] [stderr]    Compiling fs_extra v1.3.0
[INFO] [stderr]    Compiling futures-core v0.3.32
[INFO] [stderr]    Compiling once_cell v1.21.4
[INFO] [stderr]    Compiling parking_lot_core v0.9.12
[INFO] [stderr]    Compiling log v0.4.29
[INFO] [stderr]    Compiling zeroize v1.8.2
[INFO] [stderr]    Compiling scopeguard v1.2.0
[INFO] [stderr]    Compiling aws-lc-rs v1.17.0
[INFO] [stderr]    Compiling serde_core v1.0.228
[INFO] [stderr]    Compiling lock_api v0.4.14
[INFO] [stderr]    Compiling futures-sink v0.3.32
[INFO] [stderr]    Compiling itoa v1.0.18
[INFO] [stderr]    Compiling rustls-pki-types v1.14.1
[INFO] [stderr]    Compiling zerocopy v0.8.48
[INFO] [stderr]    Compiling slab v0.4.12
[INFO] [stderr]    Compiling serde v1.0.228
[INFO] [stderr]    Compiling writeable v0.6.3
[INFO] [stderr]    Compiling memchr v2.8.0
[INFO] [stderr]    Compiling untrusted v0.9.0
[INFO] [stderr]    Compiling futures-channel v0.3.32
[INFO] [stderr]    Compiling tracing-core v0.1.36
[INFO] [stderr]    Compiling litemap v0.8.2
[INFO] [stderr]    Compiling futures-task v0.3.32
[INFO] [stderr]    Compiling getrandom v0.3.4
[INFO] [stderr]    Compiling icu_properties_data v2.2.0
[INFO] [stderr]    Compiling icu_normalizer_data v2.2.0
[INFO] [stderr]    Compiling rustls v0.23.40
[INFO] [stderr]    Compiling futures-io v0.3.32
[INFO] [stderr]    Compiling utf8_iter v1.0.4
[INFO] [stderr]    Compiling percent-encoding v2.3.2
[INFO] [stderr]    Compiling subtle v2.6.1
[INFO] [stderr]    Compiling http v1.4.0
[INFO] [stderr]    Compiling httparse v1.10.1
[INFO] [stderr]    Compiling cfg_aliases v0.2.1
[INFO] [stderr]    Compiling libm v0.2.16
[INFO] [stderr]    Compiling try-lock v0.2.5
[INFO] [stderr]    Compiling tower-service v0.3.3
[INFO] [stderr]    Compiling want v0.3.1
[INFO] [stderr]    Compiling form_urlencoded v1.2.2
[INFO] [stderr]    Compiling openssl-probe v0.2.1
[INFO] [stderr]    Compiling zmij v1.0.21
[INFO] [stderr]    Compiling thiserror v2.0.18
[INFO] [stderr]    Compiling hashbrown v0.17.1
[INFO] [stderr]    Compiling syn v2.0.117
[INFO] [stderr]    Compiling equivalent v1.0.2
[INFO] [stderr]    Compiling utf8parse v0.2.2
[INFO] [stderr]    Compiling atomic-waker v1.1.2
[INFO] [stderr]    Compiling anstyle-parse v1.0.0
[INFO] [stderr]    Compiling jobserver v0.1.34
[INFO] [stderr]    Compiling rustls-native-certs v0.8.3
[INFO] [stderr]    Compiling quinn-udp v0.5.14
[INFO] [stderr]    Compiling sync_wrapper v1.0.2
[INFO] [stderr]    Compiling cc v1.2.62
[INFO] [stderr]    Compiling tower-layer v0.3.3
[INFO] [stderr]    Compiling ryu v1.0.23
[INFO] [stderr]    Compiling ipnet v2.12.0
[INFO] [stderr]    Compiling is_terminal_polyfill v1.70.2
[INFO] [stderr]    Compiling anstyle v1.0.14
[INFO] [stderr]    Compiling tinyvec_macros v0.1.1
[INFO] [stderr]    Compiling anstyle-query v1.1.5
[INFO] [stderr]    Compiling regex-syntax v0.8.10
[INFO] [stderr]    Compiling siphasher v1.0.3
[INFO] [stderr]    Compiling colorchoice v1.0.5
[INFO] [stderr]    Compiling http-body v1.0.1
[INFO] [stderr]    Compiling serde_json v1.0.149
[INFO] [stderr]    Compiling base64 v0.22.1
[INFO] [stderr]    Compiling anstream v1.0.0
[INFO] [stderr]    Compiling getrandom v0.2.17
[INFO] [stderr]    Compiling socket2 v0.6.3
[INFO] [stderr]    Compiling errno v0.3.14
[INFO] [stderr]    Compiling parking_lot v0.12.5
[INFO] [stderr]    Compiling signal-hook-registry v1.4.8
[INFO] [stderr]    Compiling mio v1.2.0
[INFO] [stderr]    Compiling indexmap v2.14.0
[INFO] [stderr]    Compiling rand_core v0.9.5
[INFO] [stderr]    Compiling rand_core v0.6.4
[INFO] [stderr]    Compiling tinyvec v1.11.0
[INFO] [stderr]    Compiling quinn v0.11.9
[INFO] [stderr]    Compiling webpki-roots v1.0.7
[INFO] [stderr]    Compiling rustc-hash v2.1.2
[INFO] [stderr]    Compiling lazy_static v1.5.0
[INFO] [stderr]    Compiling heck v0.5.0
[INFO] [stderr]    Compiling bitflags v2.11.1
[INFO] [stderr]    Compiling toml_write v0.1.2
[INFO] [stderr]    Compiling cmake v0.1.58
[INFO] [stderr]    Compiling thiserror v1.0.69
[INFO] [stderr]    Compiling clap_lex v1.1.0
[INFO] [stderr]    Compiling anyhow v1.0.102
[INFO] [stderr]    Compiling lru-slab v0.1.2
[INFO] [stderr]    Compiling strsim v0.11.1
[INFO] [stderr]    Compiling winnow v0.7.15
[INFO] [stderr]    Compiling sharded-slab v0.1.7
[INFO] [stderr]    Compiling http-body-util v0.1.3
[INFO] [stderr]    Compiling tracing-log v0.2.0
[INFO] [stderr]    Compiling thread_local v1.1.9
[INFO] [stderr]    Compiling unsafe-libyaml v0.2.11
[INFO] [stderr]    Compiling clap_builder v4.6.0
[INFO] [stderr]    Compiling nu-ansi-term v0.50.3
[INFO] [stderr]    Compiling regex-automata v0.4.14
[INFO] [stderr]    Compiling socket2 v0.5.10
[INFO] [stderr]    Compiling aws-lc-sys v0.41.0
[INFO] [stderr]    Compiling ring v0.17.14
[INFO] [stderr]    Compiling ppv-lite86 v0.2.21
[INFO] [stderr]    Compiling synstructure v0.13.2
[INFO] [stderr]    Compiling matchers v0.2.0
[INFO] [stderr]    Compiling rand_chacha v0.9.0
[INFO] [stderr]    Compiling rand_chacha v0.3.1
[INFO] [stderr]    Compiling rand v0.9.4
[INFO] [stderr]    Compiling rand v0.8.6
[INFO] [stderr]    Compiling zerofrom-derive v0.1.7
[INFO] [stderr]    Compiling yoke-derive v0.8.2
[INFO] [stderr]    Compiling zerovec-derive v0.11.3
[INFO] [stderr]    Compiling displaydoc v0.2.5
[INFO] [stderr]    Compiling tokio-macros v2.7.0
[INFO] [stderr]    Compiling futures-macro v0.3.32
[INFO] [stderr]    Compiling serde_derive v1.0.228
[INFO] [stderr]    Compiling tracing-attributes v0.1.31
[INFO] [stderr]    Compiling thiserror-impl v2.0.18
[INFO] [stderr]    Compiling fastbloom v0.14.1
[INFO] [stderr]    Compiling tokio v1.52.3
[INFO] [stderr]    Compiling clap_derive v4.6.1
[INFO] [stderr]    Compiling thiserror-impl v1.0.69
[INFO] [stderr]    Compiling futures-util v0.3.32
[INFO] [stderr]    Compiling async-trait v0.1.89
[INFO] [stderr]    Compiling zerofrom v0.1.8
[INFO] [stderr]    Compiling yoke v0.8.2
[INFO] [stderr]    Compiling zerovec v0.11.6
[INFO] [stderr]    Compiling zerotrie v0.2.4
[INFO] [stderr]    Compiling tracing v0.1.44
[INFO] [stderr]    Compiling tinystr v0.8.3
[INFO] [stderr]    Compiling potential_utf v0.1.5
[INFO] [stderr]    Compiling icu_collections v2.2.0
[INFO] [stderr]    Compiling tracing-subscriber v0.3.23
[INFO] [stderr]    Compiling icu_locale_core v2.2.0
[INFO] [stderr]    Compiling clap v4.6.1
[INFO] [stderr]    Compiling icu_provider v2.2.0
[INFO] [stderr]    Compiling icu_normalizer v2.2.0
[INFO] [stderr]    Compiling icu_properties v2.2.0
[INFO] [stderr]    Compiling toml_datetime v0.6.11
[INFO] [stderr]    Compiling serde_spanned v0.6.9
[INFO] [stderr]    Compiling serde_urlencoded v0.7.1
[INFO] [stderr]    Compiling toml_edit v0.22.27
[INFO] [stderr]    Compiling futures-executor v0.3.32
[INFO] [stderr]    Compiling serde_yaml v0.9.34+deprecated
[INFO] [stderr]    Compiling futures v0.3.32
[INFO] [stderr]    Compiling idna_adapter v1.2.2
[INFO] [stderr]    Compiling idna v1.1.0
[INFO] [stderr]    Compiling url v2.5.8
[INFO] [stderr]    Compiling hyper v1.9.0
[INFO] [stderr]    Compiling tower v0.5.3
[INFO] [stderr]    Compiling toml v0.8.23
[INFO] [stderr]    Compiling tower-http v0.6.11
[INFO] [stderr]    Compiling tokio-util v0.7.18
[INFO] [stderr]    Compiling hyper-util v0.1.20
[INFO] [stderr]    Compiling rustls-webpki v0.103.13
[INFO] [stderr]    Compiling rustls-platform-verifier v0.6.2
[INFO] [stderr]    Compiling tokio-rustls v0.26.4
[INFO] [stderr]    Compiling quinn-proto v0.11.14
[INFO] [stderr]    Compiling hyper-rustls v0.27.9
[INFO] [stderr]    Compiling reqwest v0.12.28
[INFO] [stderr]    Compiling zapret-checker v0.2.0 (/opt/rustwide/workdir)
[INFO] [stdout] warning: unused import: `linux::set_socket_mark`
[INFO] [stdout]   --> src/socket_mark.rs:62:9
[INFO] [stdout]    |
[INFO] [stdout] 62 | pub use linux::set_socket_mark;
[INFO] [stdout]    |         ^^^^^^^^^^^^^^^^^^^^^^
[INFO] [stdout]    |
[INFO] [stdout]    = note: `#[warn(unused_imports)]` (part of `#[warn(unused)]`) on by default
[INFO] [stdout] 
[INFO] [stdout] 
[INFO] [stdout] warning: unused import: `crate::isolation::generate_assignments`
[INFO] [stdout]  --> src/worker_pool.rs:1:9
[INFO] [stdout]   |
[INFO] [stdout] 1 | pub use crate::isolation::generate_assignments;
[INFO] [stdout]   |         ^^^^^^^^^^^^^^^^^^^^^^^^^^^^^^^^^^^^^^
[INFO] [stdout] 
[INFO] [stdout] 
[INFO] [stdout] warning: field `start_grace_ms` is never read
[INFO] [stdout]    --> src/config.rs:290:9
[INFO] [stdout]     |
[INFO] [stdout] 284 | pub struct NfqwsConfig {
[INFO] [stdout]     |            ----------- field in this struct
[INFO] [stdout] ...
[INFO] [stdout] 290 |     pub start_grace_ms: u64,
[INFO] [stdout]     |         ^^^^^^^^^^^^^^
[INFO] [stdout]     |
[INFO] [stdout]     = note: `NfqwsConfig` has derived impls for the traits `Clone` and `Debug`, but these are intentionally ignored during dead code analysis
[INFO] [stdout]     = note: `#[warn(dead_code)]` (part of `#[warn(unused)]`) on by default
[INFO] [stdout] 
[INFO] [stdout] 
[INFO] [stdout] warning: field `transition_matrix` is never read
[INFO] [stdout]    --> src/config.rs:509:9
[INFO] [stdout]     |
[INFO] [stdout] 506 | pub struct StrategiesConfig {
[INFO] [stdout]     |            ---------------- field in this struct
[INFO] [stdout] ...
[INFO] [stdout] 509 |     pub transition_matrix: Option<PathBuf>,
[INFO] [stdout]     |         ^^^^^^^^^^^^^^^^^
[INFO] [stdout]     |
[INFO] [stdout]     = note: `StrategiesConfig` has derived impls for the traits `Clone` and `Debug`, but these are intentionally ignored during dead code analysis
[INFO] [stdout] 
[INFO] [stdout] 
[INFO] [stdout] warning: function `prior_success_ratio` is never used
[INFO] [stdout]    --> src/graph.rs:599:8
[INFO] [stdout]     |
[INFO] [stdout] 599 | pub fn prior_success_ratio(node: &StrategyNode) -> f64 {
[INFO] [stdout]     |        ^^^^^^^^^^^^^^^^^^^
[INFO] [stdout] 
[INFO] [stdout] 
[INFO] [stdout] warning: function `format_hex_mark` is never used
[INFO] [stdout]   --> src/isolation.rs:35:8
[INFO] [stdout]    |
[INFO] [stdout] 35 | pub fn format_hex_mark(value: u32) -> String {
[INFO] [stdout]    |        ^^^^^^^^^^^^^^^
[INFO] [stdout] 
[INFO] [stdout] 
[INFO] [stdout] warning: enum `QueueError` is never used
[INFO] [stdout]  --> src/queue.rs:6:10
[INFO] [stdout]   |
[INFO] [stdout] 6 | pub enum QueueError {
[INFO] [stdout]   |          ^^^^^^^^^^
[INFO] [stdout] 
[INFO] [stdout] 
[INFO] [stdout] warning: field `notify` is never read
[INFO] [stdout]   --> src/queue.rs:18:5
[INFO] [stdout]    |
[INFO] [stdout] 16 | struct Inner {
[INFO] [stdout]    |        ----- field in this struct
[INFO] [stdout] 17 |     available: Mutex<VecDeque<u16>>,
[INFO] [stdout] 18 |     notify: Notify,
[INFO] [stdout]    |     ^^^^^^
[INFO] [stdout] 
[INFO] [stdout] 
[INFO] [stdout] warning: associated items `new`, `acquire`, and `release_qnum` are never used
[INFO] [stdout]   --> src/queue.rs:22:12
[INFO] [stdout]    |
[INFO] [stdout] 21 | impl QueueAllocator {
[INFO] [stdout]    | ------------------- associated items in this implementation
[INFO] [stdout] 22 |     pub fn new(base_qnum: u16, qnum_count: u16) -> Result<Self, QueueError> {
[INFO] [stdout]    |            ^^^
[INFO] [stdout] ...
[INFO] [stdout] 38 |     pub async fn acquire(&self) -> Result<QueueLease, QueueError> {
[INFO] [stdout]    |                  ^^^^^^^
[INFO] [stdout] ...
[INFO] [stdout] 53 |     async fn release_qnum(&self, qnum: u16) {
[INFO] [stdout]    |              ^^^^^^^^^^^^
[INFO] [stdout] 
[INFO] [stdout] 
[INFO] [stdout] warning: struct `QueueLease` is never constructed
[INFO] [stdout]   --> src/queue.rs:67:12
[INFO] [stdout]    |
[INFO] [stdout] 67 | pub struct QueueLease {
[INFO] [stdout]    |            ^^^^^^^^^^
[INFO] [stdout] 
[INFO] [stdout] 
[INFO] [stdout] warning: method `release` is never used
[INFO] [stdout]   --> src/queue.rs:74:18
[INFO] [stdout]    |
[INFO] [stdout] 73 | impl QueueLease {
[INFO] [stdout]    | --------------- method in this implementation
[INFO] [stdout] 74 |     pub async fn release(mut self) {
[INFO] [stdout]    |                  ^^^^^^^
[INFO] [stdout] 
[INFO] [stdout] 
[INFO] [stdout] warning: variant `UnsupportedPlatform` is never constructed
[INFO] [stdout]  --> src/socket_mark.rs:6:5
[INFO] [stdout]   |
[INFO] [stdout] 4 | pub enum SoMarkError {
[INFO] [stdout]   |          ----------- variant in this enum
[INFO] [stdout] 5 |     #[error("SO_MARK is only supported on Linux")]
[INFO] [stdout] 6 |     UnsupportedPlatform,
[INFO] [stdout]   |     ^^^^^^^^^^^^^^^^^^^
[INFO] [stdout]   |
[INFO] [stdout]   = note: `SoMarkError` has a derived impl for the trait `Debug`, but this is intentionally ignored during dead code analysis
[INFO] [stdout] 
[INFO] [stdout] 
[INFO] [stdout] warning: field `isolation` is never read
[INFO] [stdout]   --> src/worker_pool.rs:26:9
[INFO] [stdout]    |
[INFO] [stdout] 24 | pub struct WorkerPoolConfig {
[INFO] [stdout]    |            ---------------- field in this struct
[INFO] [stdout] 25 |     pub workers: WorkersConfig,
[INFO] [stdout] 26 |     pub isolation: IsolationConfig,
[INFO] [stdout]    |         ^^^^^^^^^
[INFO] [stdout]    |
[INFO] [stdout]    = note: `WorkerPoolConfig` has derived impls for the traits `Clone` and `Debug`, but these are intentionally ignored during dead code analysis
[INFO] [stdout] 
[INFO] [stdout] 
[INFO] [stdout] warning: methods `assignments`, `worker_count`, and `run_tasks` are never used
[INFO] [stdout]    --> src/worker_pool.rs:154:12
[INFO] [stdout]     |
[INFO] [stdout] 145 | impl<B: PoolWorkerBackend + 'static> WorkerPool<B> {
[INFO] [stdout]     | -------------------------------------------------- methods in this implementation
[INFO] [stdout] ...
[INFO] [stdout] 154 |     pub fn assignments(&self) -> &[WorkerAssignment] {
[INFO] [stdout]     |            ^^^^^^^^^^^
[INFO] [stdout] ...
[INFO] [stdout] 158 |     pub fn worker_count(&self) -> usize {
[INFO] [stdout]     |            ^^^^^^^^^^^^
[INFO] [stdout] ...
[INFO] [stdout] 258 |     pub async fn run_tasks(
[INFO] [stdout]     |                  ^^^^^^^^^
[INFO] [stdout] 
[INFO] [stdout] 
[INFO] [stderr]     Finished `release` profile [optimized] target(s) in 4m 09s
[INFO] [stderr] warning: the following packages contain code that will be rejected by a future version of Rust: quinn v0.11.9, quinn-udp v0.5.14
[INFO] [stderr] note: to see what the problems were, use the option `--future-incompat-report`, or run `cargo report future-incompatibilities --id 1`
[INFO] running `Command { std: "docker" "inspect" "b70586274e54c74c581c02c607d51ebc24adaf61f509fb31db2e2865b8578e25", kill_on_drop: false }`
[INFO] running `Command { std: "docker" "exec" "-e" "SOURCE_DIR=/opt/rustwide/workdir" "-e" "CARGO_HOME=/opt/rustwide/cargo-home" "-e" "RUSTUP_HOME=/opt/rustwide/rustup-home" "-e" "CARGO_TARGET_DIR=/opt/rustwide/target" "-e" "CARGO_INCREMENTAL=0" "-e" "RUST_BACKTRACE=full" "-e" "RUSTFLAGS=--cap-lints=warn" "-e" "RUSTDOCFLAGS=--cap-lints=warn" "-w" "/opt/rustwide/workdir" "--user" "0:0" "b70586274e54c74c581c02c607d51ebc24adaf61f509fb31db2e2865b8578e25" "/opt/rustwide/cargo-home/bin/cargo" "+1.99.0-beta.1" "test" "--frozen" "--no-run" "--message-format=json" "--release", kill_on_drop: false }`
[INFO] [stderr]    Compiling tokio v1.52.3
[INFO] [stderr]    Compiling powerfmt v0.2.0
[INFO] [stderr]    Compiling time-core v0.1.8
[INFO] [stderr]    Compiling num-conv v0.2.1
[INFO] [stderr]    Compiling pem v3.0.6
[INFO] [stderr]    Compiling deranged v0.5.8
[INFO] [stderr]    Compiling time v0.3.47
[INFO] [stderr]    Compiling yasna v0.5.2
[INFO] [stderr]    Compiling rcgen v0.13.2
[INFO] [stderr]    Compiling hyper v1.9.0
[INFO] [stderr]    Compiling tokio-rustls v0.26.4
[INFO] [stderr]    Compiling tower v0.5.3
[INFO] [stderr]    Compiling quinn v0.11.9
[INFO] [stderr]    Compiling tokio-util v0.7.18
[INFO] [stderr]    Compiling tokio-stream v0.1.18
[INFO] [stderr]    Compiling tokio-test v0.4.5
[INFO] [stderr]    Compiling tower-http v0.6.11
[INFO] [stderr]    Compiling hyper-util v0.1.20
[INFO] [stderr]    Compiling hyper-rustls v0.27.9
[INFO] [stderr]    Compiling reqwest v0.12.28
[INFO] [stderr]    Compiling zapret-checker v0.2.0 (/opt/rustwide/workdir)
[INFO] [stdout] warning: unused import: `linux::set_socket_mark`
[INFO] [stdout]   --> src/socket_mark.rs:62:9
[INFO] [stdout]    |
[INFO] [stdout] 62 | pub use linux::set_socket_mark;
[INFO] [stdout]    |         ^^^^^^^^^^^^^^^^^^^^^^
[INFO] [stdout]    |
[INFO] [stdout]    = note: `#[warn(unused_imports)]` (part of `#[warn(unused)]`) on by default
[INFO] [stdout] 
[INFO] [stdout] 
[INFO] [stdout] warning: unused import: `linux::set_socket_mark`
[INFO] [stdout]   --> src/socket_mark.rs:62:9
[INFO] [stdout]    |
[INFO] [stdout] 62 | pub use linux::set_socket_mark;
[INFO] [stdout]    |         ^^^^^^^^^^^^^^^^^^^^^^
[INFO] [stdout]    |
[INFO] [stdout]    = note: `#[warn(unused_imports)]` (part of `#[warn(unused)]`) on by default
[INFO] [stdout] 
[INFO] [stdout] 
[INFO] [stdout] warning: unused import: `crate::isolation::generate_assignments`
[INFO] [stdout]  --> src/worker_pool.rs:1:9
[INFO] [stdout]   |
[INFO] [stdout] 1 | pub use crate::isolation::generate_assignments;
[INFO] [stdout]   |         ^^^^^^^^^^^^^^^^^^^^^^^^^^^^^^^^^^^^^^
[INFO] [stdout] 
[INFO] [stdout] 
[INFO] [stdout] warning: field `start_grace_ms` is never read
[INFO] [stdout]    --> src/config.rs:290:9
[INFO] [stdout]     |
[INFO] [stdout] 284 | pub struct NfqwsConfig {
[INFO] [stdout]     |            ----------- field in this struct
[INFO] [stdout] ...
[INFO] [stdout] 290 |     pub start_grace_ms: u64,
[INFO] [stdout]     |         ^^^^^^^^^^^^^^
[INFO] [stdout]     |
[INFO] [stdout]     = note: `NfqwsConfig` has derived impls for the traits `Clone` and `Debug`, but these are intentionally ignored during dead code analysis
[INFO] [stdout]     = note: `#[warn(dead_code)]` (part of `#[warn(unused)]`) on by default
[INFO] [stdout] 
[INFO] [stdout] 
[INFO] [stdout] warning: field `transition_matrix` is never read
[INFO] [stdout]    --> src/config.rs:509:9
[INFO] [stdout]     |
[INFO] [stdout] 506 | pub struct StrategiesConfig {
[INFO] [stdout]     |            ---------------- field in this struct
[INFO] [stdout] ...
[INFO] [stdout] 509 |     pub transition_matrix: Option<PathBuf>,
[INFO] [stdout]     |         ^^^^^^^^^^^^^^^^^
[INFO] [stdout]     |
[INFO] [stdout]     = note: `StrategiesConfig` has derived impls for the traits `Clone` and `Debug`, but these are intentionally ignored during dead code analysis
[INFO] [stdout] 
[INFO] [stdout] 
[INFO] [stdout] warning: function `prior_success_ratio` is never used
[INFO] [stdout]    --> src/graph.rs:599:8
[INFO] [stdout]     |
[INFO] [stdout] 599 | pub fn prior_success_ratio(node: &StrategyNode) -> f64 {
[INFO] [stdout]     |        ^^^^^^^^^^^^^^^^^^^
[INFO] [stdout] 
[INFO] [stdout] 
[INFO] [stdout] warning: function `format_hex_mark` is never used
[INFO] [stdout]   --> src/isolation.rs:35:8
[INFO] [stdout]    |
[INFO] [stdout] 35 | pub fn format_hex_mark(value: u32) -> String {
[INFO] [stdout]    |        ^^^^^^^^^^^^^^^
[INFO] [stdout] 
[INFO] [stdout] 
[INFO] [stdout] warning: enum `QueueError` is never used
[INFO] [stdout]  --> src/queue.rs:6:10
[INFO] [stdout]   |
[INFO] [stdout] 6 | pub enum QueueError {
[INFO] [stdout]   |          ^^^^^^^^^^
[INFO] [stdout] 
[INFO] [stdout] 
[INFO] [stdout] warning: field `notify` is never read
[INFO] [stdout]   --> src/queue.rs:18:5
[INFO] [stdout]    |
[INFO] [stdout] 16 | struct Inner {
[INFO] [stdout]    |        ----- field in this struct
[INFO] [stdout] 17 |     available: Mutex<VecDeque<u16>>,
[INFO] [stdout] 18 |     notify: Notify,
[INFO] [stdout]    |     ^^^^^^
[INFO] [stdout] 
[INFO] [stdout] 
[INFO] [stdout] warning: associated items `new`, `acquire`, and `release_qnum` are never used
[INFO] [stdout]   --> src/queue.rs:22:12
[INFO] [stdout]    |
[INFO] [stdout] 21 | impl QueueAllocator {
[INFO] [stdout]    | ------------------- associated items in this implementation
[INFO] [stdout] 22 |     pub fn new(base_qnum: u16, qnum_count: u16) -> Result<Self, QueueError> {
[INFO] [stdout]    |            ^^^
[INFO] [stdout] ...
[INFO] [stdout] 38 |     pub async fn acquire(&self) -> Result<QueueLease, QueueError> {
[INFO] [stdout]    |                  ^^^^^^^
[INFO] [stdout] ...
[INFO] [stdout] 53 |     async fn release_qnum(&self, qnum: u16) {
[INFO] [stdout]    |              ^^^^^^^^^^^^
[INFO] [stdout] 
[INFO] [stdout] 
[INFO] [stdout] warning: struct `QueueLease` is never constructed
[INFO] [stdout]   --> src/queue.rs:67:12
[INFO] [stdout]    |
[INFO] [stdout] 67 | pub struct QueueLease {
[INFO] [stdout]    |            ^^^^^^^^^^
[INFO] [stdout] 
[INFO] [stdout] 
[INFO] [stdout] warning: method `release` is never used
[INFO] [stdout]   --> src/queue.rs:74:18
[INFO] [stdout]    |
[INFO] [stdout] 73 | impl QueueLease {
[INFO] [stdout]    | --------------- method in this implementation
[INFO] [stdout] 74 |     pub async fn release(mut self) {
[INFO] [stdout]    |                  ^^^^^^^
[INFO] [stdout] 
[INFO] [stdout] 
[INFO] [stdout] warning: variant `UnsupportedPlatform` is never constructed
[INFO] [stdout]  --> src/socket_mark.rs:6:5
[INFO] [stdout]   |
[INFO] [stdout] 4 | pub enum SoMarkError {
[INFO] [stdout]   |          ----------- variant in this enum
[INFO] [stdout] 5 |     #[error("SO_MARK is only supported on Linux")]
[INFO] [stdout] 6 |     UnsupportedPlatform,
[INFO] [stdout]   |     ^^^^^^^^^^^^^^^^^^^
[INFO] [stdout]   |
[INFO] [stdout]   = note: `SoMarkError` has a derived impl for the trait `Debug`, but this is intentionally ignored during dead code analysis
[INFO] [stdout] 
[INFO] [stdout] 
[INFO] [stdout] warning: field `isolation` is never read
[INFO] [stdout]   --> src/worker_pool.rs:26:9
[INFO] [stdout]    |
[INFO] [stdout] 24 | pub struct WorkerPoolConfig {
[INFO] [stdout]    |            ---------------- field in this struct
[INFO] [stdout] 25 |     pub workers: WorkersConfig,
[INFO] [stdout] 26 |     pub isolation: IsolationConfig,
[INFO] [stdout]    |         ^^^^^^^^^
[INFO] [stdout]    |
[INFO] [stdout]    = note: `WorkerPoolConfig` has derived impls for the traits `Clone` and `Debug`, but these are intentionally ignored during dead code analysis
[INFO] [stdout] 
[INFO] [stdout] 
[INFO] [stdout] warning: methods `assignments`, `worker_count`, and `run_tasks` are never used
[INFO] [stdout]    --> src/worker_pool.rs:154:12
[INFO] [stdout]     |
[INFO] [stdout] 145 | impl<B: PoolWorkerBackend + 'static> WorkerPool<B> {
[INFO] [stdout]     | -------------------------------------------------- methods in this implementation
[INFO] [stdout] ...
[INFO] [stdout] 154 |     pub fn assignments(&self) -> &[WorkerAssignment] {
[INFO] [stdout]     |            ^^^^^^^^^^^
[INFO] [stdout] ...
[INFO] [stdout] 158 |     pub fn worker_count(&self) -> usize {
[INFO] [stdout]     |            ^^^^^^^^^^^^
[INFO] [stdout] ...
[INFO] [stdout] 258 |     pub async fn run_tasks(
[INFO] [stdout]     |                  ^^^^^^^^^
[INFO] [stdout] 
[INFO] [stdout] 
[INFO] [stdout] warning: field `start_grace_ms` is never read
[INFO] [stdout]    --> src/config.rs:290:9
[INFO] [stdout]     |
[INFO] [stdout] 284 | pub struct NfqwsConfig {
[INFO] [stdout]     |            ----------- field in this struct
[INFO] [stdout] ...
[INFO] [stdout] 290 |     pub start_grace_ms: u64,
[INFO] [stdout]     |         ^^^^^^^^^^^^^^
[INFO] [stdout]     |
[INFO] [stdout]     = note: `NfqwsConfig` has derived impls for the traits `Clone` and `Debug`, but these are intentionally ignored during dead code analysis
[INFO] [stdout]     = note: `#[warn(dead_code)]` (part of `#[warn(unused)]`) on by default
[INFO] [stdout] 
[INFO] [stdout] 
[INFO] [stdout] warning: field `transition_matrix` is never read
[INFO] [stdout]    --> src/config.rs:509:9
[INFO] [stdout]     |
[INFO] [stdout] 506 | pub struct StrategiesConfig {
[INFO] [stdout]     |            ---------------- field in this struct
[INFO] [stdout] ...
[INFO] [stdout] 509 |     pub transition_matrix: Option<PathBuf>,
[INFO] [stdout]     |         ^^^^^^^^^^^^^^^^^
[INFO] [stdout]     |
[INFO] [stdout]     = note: `StrategiesConfig` has derived impls for the traits `Clone` and `Debug`, but these are intentionally ignored during dead code analysis
[INFO] [stdout] 
[INFO] [stdout] 
[INFO] [stdout] warning: function `prior_success_ratio` is never used
[INFO] [stdout]    --> src/graph.rs:599:8
[INFO] [stdout]     |
[INFO] [stdout] 599 | pub fn prior_success_ratio(node: &StrategyNode) -> f64 {
[INFO] [stdout]     |        ^^^^^^^^^^^^^^^^^^^
[INFO] [stdout] 
[INFO] [stdout] 
[INFO] [stdout] warning: function `format_hex_mark` is never used
[INFO] [stdout]   --> src/isolation.rs:35:8
[INFO] [stdout]    |
[INFO] [stdout] 35 | pub fn format_hex_mark(value: u32) -> String {
[INFO] [stdout]    |        ^^^^^^^^^^^^^^^
[INFO] [stdout] 
[INFO] [stdout] 
[INFO] [stdout] warning: enum `QueueError` is never used
[INFO] [stdout]  --> src/queue.rs:6:10
[INFO] [stdout]   |
[INFO] [stdout] 6 | pub enum QueueError {
[INFO] [stdout]   |          ^^^^^^^^^^
[INFO] [stdout] 
[INFO] [stdout] 
[INFO] [stdout] warning: field `notify` is never read
[INFO] [stdout]   --> src/queue.rs:18:5
[INFO] [stdout]    |
[INFO] [stdout] 16 | struct Inner {
[INFO] [stdout]    |        ----- field in this struct
[INFO] [stdout] 17 |     available: Mutex<VecDeque<u16>>,
[INFO] [stdout] 18 |     notify: Notify,
[INFO] [stdout]    |     ^^^^^^
[INFO] [stdout] 
[INFO] [stdout] 
[INFO] [stdout] warning: associated items `new`, `acquire`, and `release_qnum` are never used
[INFO] [stdout]   --> src/queue.rs:22:12
[INFO] [stdout]    |
[INFO] [stdout] 21 | impl QueueAllocator {
[INFO] [stdout]    | ------------------- associated items in this implementation
[INFO] [stdout] 22 |     pub fn new(base_qnum: u16, qnum_count: u16) -> Result<Self, QueueError> {
[INFO] [stdout]    |            ^^^
[INFO] [stdout] ...
[INFO] [stdout] 38 |     pub async fn acquire(&self) -> Result<QueueLease, QueueError> {
[INFO] [stdout]    |                  ^^^^^^^
[INFO] [stdout] ...
[INFO] [stdout] 53 |     async fn release_qnum(&self, qnum: u16) {
[INFO] [stdout]    |              ^^^^^^^^^^^^
[INFO] [stdout] 
[INFO] [stdout] 
[INFO] [stdout] warning: struct `QueueLease` is never constructed
[INFO] [stdout]   --> src/queue.rs:67:12
[INFO] [stdout]    |
[INFO] [stdout] 67 | pub struct QueueLease {
[INFO] [stdout]    |            ^^^^^^^^^^
[INFO] [stdout] 
[INFO] [stdout] 
[INFO] [stdout] warning: method `release` is never used
[INFO] [stdout]   --> src/queue.rs:74:18
[INFO] [stdout]    |
[INFO] [stdout] 73 | impl QueueLease {
[INFO] [stdout]    | --------------- method in this implementation
[INFO] [stdout] 74 |     pub async fn release(mut self) {
[INFO] [stdout]    |                  ^^^^^^^
[INFO] [stdout] 
[INFO] [stdout] 
[INFO] [stdout] warning: field `isolation` is never read
[INFO] [stdout]   --> src/worker_pool.rs:26:9
[INFO] [stdout]    |
[INFO] [stdout] 24 | pub struct WorkerPoolConfig {
[INFO] [stdout]    |            ---------------- field in this struct
[INFO] [stdout] 25 |     pub workers: WorkersConfig,
[INFO] [stdout] 26 |     pub isolation: IsolationConfig,
[INFO] [stdout]    |         ^^^^^^^^^
[INFO] [stdout]    |
[INFO] [stdout]    = note: `WorkerPoolConfig` has derived impls for the traits `Clone` and `Debug`, but these are intentionally ignored during dead code analysis
[INFO] [stdout] 
[INFO] [stdout] 
[INFO] [stdout] warning: methods `assignments` and `worker_count` are never used
[INFO] [stdout]    --> src/worker_pool.rs:154:12
[INFO] [stdout]     |
[INFO] [stdout] 145 | impl<B: PoolWorkerBackend + 'static> WorkerPool<B> {
[INFO] [stdout]     | -------------------------------------------------- methods in this implementation
[INFO] [stdout] ...
[INFO] [stdout] 154 |     pub fn assignments(&self) -> &[WorkerAssignment] {
[INFO] [stdout]     |            ^^^^^^^^^^^
[INFO] [stdout] ...
[INFO] [stdout] 158 |     pub fn worker_count(&self) -> usize {
[INFO] [stdout]     |            ^^^^^^^^^^^^
[INFO] [stdout] 
[INFO] [stdout] 
[INFO] [stderr]     Finished `release` profile [optimized] target(s) in 1m 36s
[INFO] [stderr] warning: the following packages contain code that will be rejected by a future version of Rust: quinn v0.11.9, quinn-udp v0.5.14
[INFO] [stderr] note: to see what the problems were, use the option `--future-incompat-report`, or run `cargo report future-incompatibilities --id 1`
[INFO] running `Command { std: "docker" "inspect" "b70586274e54c74c581c02c607d51ebc24adaf61f509fb31db2e2865b8578e25", kill_on_drop: false }`
[INFO] running `Command { std: "docker" "exec" "-e" "SOURCE_DIR=/opt/rustwide/workdir" "-e" "CARGO_HOME=/opt/rustwide/cargo-home" "-e" "RUSTUP_HOME=/opt/rustwide/rustup-home" "-e" "CARGO_TARGET_DIR=/opt/rustwide/target" "-e" "CARGO_INCREMENTAL=0" "-e" "RUST_BACKTRACE=full" "-e" "RUSTFLAGS=--cap-lints=warn" "-e" "RUSTDOCFLAGS=--cap-lints=warn" "-w" "/opt/rustwide/workdir" "--user" "0:0" "b70586274e54c74c581c02c607d51ebc24adaf61f509fb31db2e2865b8578e25" "/opt/rustwide/cargo-home/bin/cargo" "+1.99.0-beta.1" "test" "--frozen" "--release", kill_on_drop: false }`
[INFO] [stderr] warning: unused import: `linux::set_socket_mark`
[INFO] [stderr]   --> src/socket_mark.rs:62:9
[INFO] [stderr]    |
[INFO] [stderr] 62 | pub use linux::set_socket_mark;
[INFO] [stderr]    |         ^^^^^^^^^^^^^^^^^^^^^^
[INFO] [stderr]    |
[INFO] [stderr]    = note: `#[warn(unused_imports)]` (part of `#[warn(unused)]`) on by default
[INFO] [stderr] 
[INFO] [stderr] warning: unused import: `crate::isolation::generate_assignments`
[INFO] [stderr]  --> src/worker_pool.rs:1:9
[INFO] [stderr]   |
[INFO] [stderr] 1 | pub use crate::isolation::generate_assignments;
[INFO] [stderr]   |         ^^^^^^^^^^^^^^^^^^^^^^^^^^^^^^^^^^^^^^
[INFO] [stderr] 
[INFO] [stderr] warning: field `start_grace_ms` is never read
[INFO] [stderr]    --> src/config.rs:290:9
[INFO] [stderr]     |
[INFO] [stderr] 284 | pub struct NfqwsConfig {
[INFO] [stderr]     |            ----------- field in this struct
[INFO] [stderr] ...
[INFO] [stderr] 290 |     pub start_grace_ms: u64,
[INFO] [stderr]     |         ^^^^^^^^^^^^^^
[INFO] [stderr]     |
[INFO] [stderr]     = note: `NfqwsConfig` has derived impls for the traits `Clone` and `Debug`, but these are intentionally ignored during dead code analysis
[INFO] [stderr]     = note: `#[warn(dead_code)]` (part of `#[warn(unused)]`) on by default
[INFO] [stderr] 
[INFO] [stderr] warning: field `transition_matrix` is never read
[INFO] [stderr]    --> src/config.rs:509:9
[INFO] [stderr]     |
[INFO] [stderr] 506 | pub struct StrategiesConfig {
[INFO] [stderr]     |            ---------------- field in this struct
[INFO] [stderr] ...
[INFO] [stderr] 509 |     pub transition_matrix: Option<PathBuf>,
[INFO] [stderr]     |         ^^^^^^^^^^^^^^^^^
[INFO] [stderr]     |
[INFO] [stderr]     = note: `StrategiesConfig` has derived impls for the traits `Clone` and `Debug`, but these are intentionally ignored during dead code analysis
[INFO] [stderr] 
[INFO] [stderr] warning: function `prior_success_ratio` is never used
[INFO] [stderr]    --> src/graph.rs:599:8
[INFO] [stderr]     |
[INFO] [stderr] 599 | pub fn prior_success_ratio(node: &StrategyNode) -> f64 {
[INFO] [stderr]     |        ^^^^^^^^^^^^^^^^^^^
[INFO] [stderr] 
[INFO] [stderr] warning: function `format_hex_mark` is never used
[INFO] [stderr]   --> src/isolation.rs:35:8
[INFO] [stderr]    |
[INFO] [stderr] 35 | pub fn format_hex_mark(value: u32) -> String {
[INFO] [stderr]    |        ^^^^^^^^^^^^^^^
[INFO] [stderr] 
[INFO] [stderr] warning: enum `QueueError` is never used
[INFO] [stderr]  --> src/queue.rs:6:10
[INFO] [stderr]   |
[INFO] [stderr] 6 | pub enum QueueError {
[INFO] [stderr]   |          ^^^^^^^^^^
[INFO] [stderr] 
[INFO] [stderr] warning: field `notify` is never read
[INFO] [stderr]   --> src/queue.rs:18:5
[INFO] [stderr]    |
[INFO] [stderr] 16 | struct Inner {
[INFO] [stderr]    |        ----- field in this struct
[INFO] [stderr] 17 |     available: Mutex<VecDeque<u16>>,
[INFO] [stderr] 18 |     notify: Notify,
[INFO] [stderr]    |     ^^^^^^
[INFO] [stderr] 
[INFO] [stderr] warning: associated items `new`, `acquire`, and `release_qnum` are never used
[INFO] [stderr]   --> src/queue.rs:22:12
[INFO] [stderr]    |
[INFO] [stderr] 21 | impl QueueAllocator {
[INFO] [stderr]    | ------------------- associated items in this implementation
[INFO] [stderr] 22 |     pub fn new(base_qnum: u16, qnum_count: u16) -> Result<Self, QueueError> {
[INFO] [stderr]    |            ^^^
[INFO] [stderr] ...
[INFO] [stderr] 38 |     pub async fn acquire(&self) -> Result<QueueLease, QueueError> {
[INFO] [stderr]    |                  ^^^^^^^
[INFO] [stderr] ...
[INFO] [stderr] 53 |     async fn release_qnum(&self, qnum: u16) {
[INFO] [stderr]    |              ^^^^^^^^^^^^
[INFO] [stderr] 
[INFO] [stderr] warning: struct `QueueLease` is never constructed
[INFO] [stderr]   --> src/queue.rs:67:12
[INFO] [stderr]    |
[INFO] [stderr] 67 | pub struct QueueLease {
[INFO] [stderr]    |            ^^^^^^^^^^
[INFO] [stderr] 
[INFO] [stderr] warning: method `release` is never used
[INFO] [stderr]   --> src/queue.rs:74:18
[INFO] [stderr]    |
[INFO] [stderr] 73 | impl QueueLease {
[INFO] [stderr]    | --------------- method in this implementation
[INFO] [stderr] 74 |     pub async fn release(mut self) {
[INFO] [stderr]    |                  ^^^^^^^
[INFO] [stderr] 
[INFO] [stderr] warning: variant `UnsupportedPlatform` is never constructed
[INFO] [stderr]  --> src/socket_mark.rs:6:5
[INFO] [stderr]   |
[INFO] [stderr] 4 | pub enum SoMarkError {
[INFO] [stderr]   |          ----------- variant in this enum
[INFO] [stderr] 5 |     #[error("SO_MARK is only supported on Linux")]
[INFO] [stderr] 6 |     UnsupportedPlatform,
[INFO] [stderr]   |     ^^^^^^^^^^^^^^^^^^^
[INFO] [stderr]   |
[INFO] [stderr]   = note: `SoMarkError` has a derived impl for the trait `Debug`, but this is intentionally ignored during dead code analysis
[INFO] [stderr] 
[INFO] [stderr] warning: field `isolation` is never read
[INFO] [stderr]   --> src/worker_pool.rs:26:9
[INFO] [stderr]    |
[INFO] [stderr] 24 | pub struct WorkerPoolConfig {
[INFO] [stderr]    |            ---------------- field in this struct
[INFO] [stderr] 25 |     pub workers: WorkersConfig,
[INFO] [stderr] 26 |     pub isolation: IsolationConfig,
[INFO] [stderr]    |         ^^^^^^^^^
[INFO] [stderr]    |
[INFO] [stderr]    = note: `WorkerPoolConfig` has derived impls for the traits `Clone` and `Debug`, but these are intentionally ignored during dead code analysis
[INFO] [stderr] 
[INFO] [stderr] warning: methods `assignments`, `worker_count`, and `run_tasks` are never used
[INFO] [stderr]    --> src/worker_pool.rs:154:12
[INFO] [stderr]     |
[INFO] [stderr] 145 | impl<B: PoolWorkerBackend + 'static> WorkerPool<B> {
[INFO] [stderr]     | -------------------------------------------------- methods in this implementation
[INFO] [stderr] ...
[INFO] [stderr] 154 |     pub fn assignments(&self) -> &[WorkerAssignment] {
[INFO] [stderr]     |            ^^^^^^^^^^^
[INFO] [stderr] ...
[INFO] [stderr] 158 |     pub fn worker_count(&self) -> usize {
[INFO] [stderr]     |            ^^^^^^^^^^^^
[INFO] [stderr] ...
[INFO] [stderr] 258 |     pub async fn run_tasks(
[INFO] [stderr]     |                  ^^^^^^^^^
[INFO] [stderr] 
[INFO] [stderr] warning: methods `assignments` and `worker_count` are never used
[INFO] [stderr]    --> src/worker_pool.rs:154:12
[INFO] [stderr]     |
[INFO] [stderr] 145 | impl<B: PoolWorkerBackend + 'static> WorkerPool<B> {
[INFO] [stderr]     | -------------------------------------------------- methods in this implementation
[INFO] [stderr] ...
[INFO] [stderr] 154 |     pub fn assignments(&self) -> &[WorkerAssignment] {
[INFO] [stderr]     |            ^^^^^^^^^^^
[INFO] [stderr] ...
[INFO] [stderr] 158 |     pub fn worker_count(&self) -> usize {
[INFO] [stderr]     |            ^^^^^^^^^^^^
[INFO] [stderr] 
[INFO] [stderr] warning: `zapret-checker` (bin "zapret-checker") generated 14 warnings (run `cargo fix --bin "zapret-checker" -p zapret-checker` to apply 2 suggestions)
[INFO] [stderr] warning: `zapret-checker` (bin "zapret-checker" test) generated 12 warnings (11 duplicates)
[INFO] [stderr]     Finished `release` profile [optimized] target(s) in 0.38s
[INFO] [stderr] warning: the following packages contain code that will be rejected by a future version of Rust: quinn v0.11.9, quinn-udp v0.5.14
[INFO] [stderr] note: to see what the problems were, use the option `--future-incompat-report`, or run `cargo report future-incompatibilities --id 1`
[INFO] [stderr]      Running unittests src/lib.rs (/opt/rustwide/target/release/deps/zapret_checker-051c3c622ac51bb0)
[INFO] [stdout] 
[INFO] [stdout] running 25 tests
[INFO] [stdout] test isolation::tests::config_validation_rejects_invalid_mode_and_equal_marks ... ok
[INFO] [stdout] test isolation::tests::fwmark_assignment_uses_queue_base_and_mark_base ... ok
[INFO] [stdout] test isolation::tests::nfqws_desync_mark_mismatch_is_rejected ... ok
[INFO] [stdout] test payload_registry::tests::aliases_from_payloads_groups_by_protocol ... ok
[INFO] [stdout] test payload_registry::tests::auto_load_true_nonexistent_file_returns_error ... ok
[INFO] [stdout] test isolation::tests::source_port_assignment_has_no_fwmark ... ok
[INFO] [stdout] test payload_registry::tests::auto_load_false_ignores_files_and_does_not_check_path ... ok
[INFO] [stdout] test payload_registry::tests::builtin_conflict_for_file_alias_returns_error ... ok
[INFO] [stdout] test socket_mark::tests::socket_mark_abstraction_accepts_mark_on_supported_backend ... ok
[INFO] [stdout] test socket_mark::tests::socket_mark_abstraction_reports_unsupported_platform ... ok
[INFO] [stdout] test worker_pool::tests::assignment_generation_uses_queue_base_plus_worker_id ... ok
[INFO] [stdout] test worker_pool::tests::nfqws_args_order_is_base_qnum_strategy ... ok
[INFO] [stdout] test worker_pool::tests::fwmark_assignment_sets_mark_and_queue ... ok
[INFO] [stdout] test payload_registry::tests::config_alias_is_used ... ok
[INFO] [stdout] test payload_registry::tests::duplicate_alias_returns_error ... ok
[INFO] [stdout] test payload_registry::tests::file_creates_blob_arg ... ok
[INFO] [stdout] test worker_pool::tests::deterministic_task_indexing_preserved_in_results ... ok
[INFO] [stdout] test payload_registry::tests::file_alias_is_generated_from_name ... ok
[INFO] [stdout] test payload_registry::tests::max_per_protocol_counts_only_file_payloads ... ok
[INFO] [stdout] test payload_registry::tests::builtin_does_not_create_blob_arg ... ok
[INFO] [stdout] test worker_pool::tests::out_of_order_results_are_sorted_by_strategy_index ... ok
[INFO] [stdout] test worker_pool::tests::stop_at_success_does_not_run_prefilled_queue_tail ... ok
[INFO] [stdout] test worker_pool::tests::stop_at_success_stops_queueing_new_tasks ... ok
[INFO] [stdout] test worker_pool::tests::strategy_runs_all_targets_even_after_failure ... ok
[INFO] [stdout] test worker_pool::tests::active_workers_never_exceed_workers_count ... ok
[INFO] [stdout] 
[INFO] [stdout] test result: ok. 25 passed; 0 failed; 0 ignored; 0 measured; 0 filtered out; finished in 0.17s
[INFO] [stdout] 
[INFO] [stderr]      Running unittests src/main.rs (/opt/rustwide/target/release/deps/zapret_checker-90fc97536c3d9723)
[INFO] [stdout] 
[INFO] [stdout] running 33 tests
[INFO] [stdout] test isolation::tests::fwmark_assignment_uses_queue_base_and_mark_base ... ok
[INFO] [stdout] test isolation::tests::config_validation_rejects_invalid_mode_and_equal_marks ... ok
[INFO] [stdout] test isolation::tests::nfqws_desync_mark_mismatch_is_rejected ... ok
[INFO] [stdout] test isolation::tests::source_port_assignment_has_no_fwmark ... ok
[INFO] [stdout] test payload_registry::tests::auto_load_false_ignores_files_and_does_not_check_path ... ok
[INFO] [stdout] test payload_registry::tests::builtin_does_not_create_blob_arg ... ok
[INFO] [stdout] test payload_registry::tests::config_alias_is_used ... ok
[INFO] [stdout] test payload_registry::tests::duplicate_alias_returns_error ... ok
[INFO] [stdout] test socket_mark::tests::socket_mark_abstraction_reports_unsupported_platform ... ok
[INFO] [stdout] test payload_registry::tests::file_creates_blob_arg ... ok
[INFO] [stdout] test tests::doh_normalizes_bracketed_ipv6_literal ... ok
[INFO] [stdout] test tests::doh_normalizes_host_port_before_query ... ok
[INFO] [stdout] test payload_registry::tests::file_alias_is_generated_from_name ... ok
[INFO] [stdout] test tests::report_combined_strategy_name_includes_family_and_actions ... ok
[INFO] [stdout] test tests::report_non_combined_strategy_name_is_old_id ... ok
[INFO] [stdout] test socket_mark::tests::socket_mark_abstraction_accepts_mark_on_supported_backend ... ok
[INFO] [stdout] test tests::blob_aliases_are_extracted_from_multiple_strategy_args ... ok
[INFO] [stdout] test tests::strategy_command_args_include_used_blob_import_before_strategy_args ... ok
[INFO] [stdout] test payload_registry::tests::max_per_protocol_counts_only_file_payloads ... ok
[INFO] [stdout] test worker_pool::tests::assignment_generation_uses_queue_base_plus_worker_id ... ok
[INFO] [stdout] test payload_registry::tests::aliases_from_payloads_groups_by_protocol ... ok
[INFO] [stdout] test payload_registry::tests::builtin_conflict_for_file_alias_returns_error ... ok
[INFO] [stdout] test worker_pool::tests::deterministic_task_indexing_preserved_in_results ... ok
[INFO] [stdout] test tests::report_payload_summary_counts_payloads ... ok
[INFO] [stdout] test worker_pool::tests::nfqws_args_order_is_base_qnum_strategy ... ok
[INFO] [stdout] test payload_registry::tests::auto_load_true_nonexistent_file_returns_error ... ok
[INFO] [stdout] test worker_pool::tests::fwmark_assignment_sets_mark_and_queue ... ok
[INFO] [stdout] test tests::report_does_not_panic_without_payloads ... ok
[INFO] [stdout] test worker_pool::tests::out_of_order_results_are_sorted_by_strategy_index ... ok
[INFO] [stdout] test worker_pool::tests::stop_at_success_stops_queueing_new_tasks ... ok
[INFO] [stdout] test worker_pool::tests::stop_at_success_does_not_run_prefilled_queue_tail ... ok
[INFO] [stdout] test worker_pool::tests::strategy_runs_all_targets_even_after_failure ... ok
[INFO] [stdout] test worker_pool::tests::active_workers_never_exceed_workers_count ... ok
[INFO] [stdout] 
[INFO] [stdout] test result: ok. 33 passed; 0 failed; 0 ignored; 0 measured; 0 filtered out; finished in 0.17s
[INFO] [stdout] 
[INFO] [stderr]      Running tests/bayes_persistence_tests.rs (/opt/rustwide/target/release/deps/bayes_persistence_tests-09c53f65fb85ecb6)
[INFO] [stdout] 
[INFO] [stdout] running 2 tests
[INFO] [stdout] test bayes_json_state_roundtrips ... ok
[INFO] [stdout] test bayes_yaml_preserves_base_file_and_updates_runtime_posteriors ... ok
[INFO] [stdout] 
[INFO] [stdout] test result: ok. 2 passed; 0 failed; 0 ignored; 0 measured; 0 filtered out; finished in 0.00s
[INFO] [stdout] 
[INFO] [stderr]      Running tests/config_graph_tests.rs (/opt/rustwide/target/release/deps/config_graph_tests-098c04adb27a1411)
[INFO] [stdout] 
[INFO] [stdout] running 57 tests
[INFO] [stdout] test combined_output_is_deterministic ... ok
[INFO] [stdout] test combined_legacy_action_is_not_used ... ok
[INFO] [stdout] test combined_args_are_concatenated_without_joining ... ok
[INFO] [stdout] test combined_fake_split_allowed_generates_node ... ok
[INFO] [stdout] test combined_disallowed_pair_is_not_generated ... ok
[INFO] [stdout] test combined_same_action_blocked_when_not_allowed ... ok
[INFO] [stdout] test combined_components_len_is_two ... ok
[INFO] [stdout] test combined_same_family_blocked_when_required ... ok
[INFO] [stdout] test config_loads_without_transition_matrix ... ok
[INFO] [stdout] test combined_split_fake_does_not_generate_reverse_duplicate ... ok
[INFO] [stdout] test config_accepts_expand_search_mode ... ok
[INFO] [stdout] test config_loads_checker_toml_and_validates_os_assigned_source_port ... ok
[INFO] [stdout] test diverse_selection_deduplicates_by_args ... ok
[INFO] [stdout] test diverse_selection_is_deterministic ... ok
[INFO] [stdout] test diverse_selection_limits_per_family ... ok
[INFO] [stdout] test ordered_seed_preserves_graph_order ... ok
[INFO] [stdout] test diverse_selection_limits_per_action ... ok
[INFO] [stdout] test diverse_selection_round_robins_families_by_rank ... ok
[INFO] [stdout] test custom_strategy_dir_schema_still_loads_simple_files ... FAILED
[INFO] [stdout] test checker_toml_payload_aliases_extend_tls_blob_values ... ok
[INFO] [stdout] test fake_dir_blob_generates_separate_blob_option ... ok
[INFO] [stdout] test generated_args_include_runtime_blob_alias_for_fake_action ... ok
[INFO] [stdout] test legacy_actions_are_not_generated ... ok
[INFO] [stdout] test payload_config_defaults_load_from_checker_toml ... ok
[INFO] [stdout] test payload_config_auto_load_false_allows_missing_base_dir ... ok
[INFO] [stdout] test payload_config_rejects_alias_with_hyphen ... ok
[INFO] [stdout] test payload_config_rejects_duplicate_alias_between_protocols ... ok
[INFO] [stdout] test payload_config_rejects_zero_max_per_protocol ... ok
[INFO] [stdout] test payload_config_auto_load_true_requires_base_dir ... ok
[INFO] [stdout] test diverse_selection_applies_max_candidates_and_reindexes_ids ... ok
[INFO] [stdout] test config_rejects_source_port_pool_mode ... ok
[INFO] [stdout] test catalog_strategy_adds_payload_filter_before_lua_desync ... ok
[INFO] [stdout] test catalog_strategy_infers_payload_option_when_lua_function_uses_standard_payload ... ok
[INFO] [stdout] test runtime_payload_aliases_are_deduped_after_yaml_values ... ok
[INFO] [stdout] test runtime_payload_aliases_do_not_extend_non_blob_params ... ok
[INFO] [stdout] test runtime_tls_payload_aliases_extend_tls12_and_tls13_blob_values ... ok
[INFO] [stdout] test graph_loads_without_transition_path ... ok
[INFO] [stdout] test runtime_quic_payload_aliases_extend_only_quic_blob_values ... ok
[INFO] [stdout] test runtime_http_payload_aliases_extend_only_http_blob_values ... ok
[INFO] [stdout] test strategy_combinations_default_is_disabled ... ok
[INFO] [stdout] test strategy_values_blob_keeps_payload_alias_injection ... ok
[INFO] [stdout] test strategy_combinations_pair_allowed_is_unordered ... ok
[INFO] [stdout] test strategy_values_extend_dedups_preserving_yaml_order ... ok
[INFO] [stdout] test strategy_combinations_disabled_pair_allowed_is_false ... ok
[INFO] [stdout] test strategy_values_rejects_invalid_mode ... ok
[INFO] [stdout] test strategy_combinations_force_mode_allows_pair ... ok
[INFO] [stdout] test strategy_combinations_rejects_family_count_not_two ... ok
[INFO] [stdout] test strategy_values_extend_yaml_values ... ok
[INFO] [stdout] test strategy_combinations_rejects_invalid_protocol ... ok
[INFO] [stdout] test unresolved_placeholder_variant_is_skipped ... ok
[INFO] [stdout] test strategy_values_override_yaml_values ... ok
[INFO] [stdout] test signal_cartesian_product_expands_split_positions ... ok
[INFO] [stdout] test strategy_values_tls_map_applies_to_tls12_and_tls13 ... ok
[INFO] [stdout] test strategy_values_payload_param_generates_config_payload_value ... ok
[INFO] [stdout] test signal_tls12_generates_more_than_nine_candidates_without_placeholders ... ok
[INFO] [stdout] test expand_mode_generates_candidates_and_max_candidates_caps_nodes ... ok
[INFO] [stderr] error: test failed, to rerun pass `--test config_graph_tests`
[INFO] [stdout] test strategy_graph_loads_standart_catalog_without_transition_matrix ... ok
[INFO] [stdout] 
[INFO] [stdout] failures:
[INFO] [stdout] 
[INFO] [stdout] ---- custom_strategy_dir_schema_still_loads_simple_files stdout ----
[INFO] [stdout] 
[INFO] [stdout] thread 'custom_strategy_dir_schema_still_loads_simple_files' (5431) panicked at tests/config_graph_tests.rs:1167:86:
[INFO] [stdout] called `Result::unwrap()` on an `Err` value: No such file or directory (os error 2)
[INFO] [stdout] 
[INFO] [stdout] Stack backtrace:
[INFO] [stdout]    0: <anyhow::Error as core::convert::From<core::io::error::Error>>::from
[INFO] [stdout]    1: <zapret_checker::graph::StrategyGraph>::load_for_protocol_mode
[INFO] [stdout]    2: <zapret_checker::graph::StrategyGraph>::load
[INFO] [stdout]    3: <config_graph_tests::custom_strategy_dir_schema_still_loads_simple_files::{closure#0} as core::ops::function::FnOnce<()>>::call_once
[INFO] [stdout]    4: test::__rust_begin_short_backtrace::<core::result::Result<(), alloc::string::String>, fn() -> core::result::Result<(), alloc::string::String>>
[INFO] [stdout]    5: test::run_test::{closure#0}
[INFO] [stdout]    6: std::sys::backtrace::__rust_begin_short_backtrace::<test::run_test::{closure#1}, ()>
[INFO] [stdout]    7: <std::thread::lifecycle::spawn_unchecked<test::run_test::{closure#1}, ()>::{closure#1} as core::ops::function::FnOnce<()>>::call_once::{shim:vtable#0}
[INFO] [stdout]    8: <std::sys::thread::unix::Thread>::new::thread_start
[INFO] [stdout]    9: <unknown>
[INFO] [stdout]   10: clone
[INFO] [stdout] stack backtrace:
[INFO] [stdout]    0:     0x60eb081d57b1 - <<std[104cf6e2632825ea]::sys::backtrace::BacktraceLock>::print::DisplayBacktrace as core[7c831bd917ebf35f]::fmt::Display>::fmt
[INFO] [stdout]    1:     0x60eb081ebe8a - core[7c831bd917ebf35f]::fmt::write
[INFO] [stdout]    2:     0x60eb081da43c - <alloc[2fdc3f7464fcf288]::vec::Vec<u8> as core[7c831bd917ebf35f]::io::write::Write>::write_fmt
[INFO] [stdout]    3:     0x60eb081b01c6 - std[104cf6e2632825ea]::panicking::default_hook::{closure#0}
[INFO] [stdout]    4:     0x60eb081cd739 - std[104cf6e2632825ea]::panicking::default_hook
[INFO] [stdout]    5:     0x60eb0807f040 - test[73009c9f9aebf890]::test_main_inner::<test[73009c9f9aebf890]::test_main_static::{closure#0}>::{closure#0}
[INFO] [stdout]    6:     0x60eb081cd8f2 - std[104cf6e2632825ea]::panicking::panic_with_hook
[INFO] [stdout]    7:     0x60eb081b0272 - std[104cf6e2632825ea]::panicking::panic_handler::{closure#0}
[INFO] [stdout]    8:     0x60eb081a7f79 - std[104cf6e2632825ea]::sys::backtrace::__rust_end_short_backtrace::<std[104cf6e2632825ea]::panicking::panic_handler::{closure#0}, !>
[INFO] [stdout]    9:     0x60eb081b0f7d - __rustc[b0d56fa5b193ad05]::rust_begin_unwind
[INFO] [stdout]   10:     0x60eb081ec5bc - core[7c831bd917ebf35f]::panicking::panic_fmt
[INFO] [stdout]   11:     0x60eb081ec392 - core[7c831bd917ebf35f]::result::unwrap_failed
[INFO] [stdout]   12:     0x60eb08066b6f - <config_graph_tests[a9e0c0d9fab5acbe]::custom_strategy_dir_schema_still_loads_simple_files::{closure#0} as core[7c831bd917ebf35f]::ops::function::FnOnce<()>>::call_once
[INFO] [stdout]   13:     0x60eb0807232b - test[73009c9f9aebf890]::__rust_begin_short_backtrace::<core[7c831bd917ebf35f]::result::Result<(), alloc[2fdc3f7464fcf288]::string::String>, fn() -> core[7c831bd917ebf35f]::result::Result<(), alloc[2fdc3f7464fcf288]::string::String>>
[INFO] [stdout]   14:     0x60eb0807f995 - test[73009c9f9aebf890]::run_test::{closure#0}
[INFO] [stdout]   15:     0x60eb08078d54 - std[104cf6e2632825ea]::sys::backtrace::__rust_begin_short_backtrace::<test[73009c9f9aebf890]::run_test::{closure#1}, ()>
[INFO] [stdout]   16:     0x60eb08082af2 - <std[104cf6e2632825ea]::thread::lifecycle::spawn_unchecked<test[73009c9f9aebf890]::run_test::{closure#1}, ()>::{closure#1} as core[7c831bd917ebf35f]::ops::function::FnOnce<()>>::call_once::{shim:vtable#0}
[INFO] [stdout]   17:     0x60eb081d4b29 - <std[104cf6e2632825ea]::sys::thread::unix::Thread>::new::thread_start
[INFO] [stdout]   18:     0x7a241a5f507a - <unknown>
[INFO] [stdout]   19:     0x7a241a688534 - clone
[INFO] [stdout]   20:                0x0 - <unknown>
[INFO] [stdout] 
[INFO] [stdout] 
[INFO] [stdout] failures:
[INFO] [stdout]     custom_strategy_dir_schema_still_loads_simple_files
[INFO] [stdout] 
[INFO] [stdout] test result: FAILED. 56 passed; 1 failed; 0 ignored; 0 measured; 0 filtered out; finished in 0.07s
[INFO] [stdout] 
[INFO] running `Command { std: "docker" "inspect" "b70586274e54c74c581c02c607d51ebc24adaf61f509fb31db2e2865b8578e25", kill_on_drop: false }`
[INFO] running `Command { std: "docker" "rm" "-f" "b70586274e54c74c581c02c607d51ebc24adaf61f509fb31db2e2865b8578e25", kill_on_drop: false }`
[INFO] [stdout] b70586274e54c74c581c02c607d51ebc24adaf61f509fb31db2e2865b8578e25
