[INFO] cloning repository https://github.com/inschrift-spruch-raum/vhdx-rs
[INFO] running `Command { std: "git" "-c" "credential.helper=" "-c" "credential.helper=/workspace/cargo-home/bin/git-credential-null" "clone" "--bare" "https://github.com/inschrift-spruch-raum/vhdx-rs" "/workspace/cache/git-repos/https%3A%2F%2Fgithub.com%2Finschrift-spruch-raum%2Fvhdx-rs", kill_on_drop: false }`
[INFO] [stderr] Cloning into bare repository '/workspace/cache/git-repos/https%3A%2F%2Fgithub.com%2Finschrift-spruch-raum%2Fvhdx-rs'...
[INFO] running `Command { std: "git" "rev-parse" "HEAD", kill_on_drop: false }`
[INFO] [stdout] c447ca8ab9f6ef33c71c2f48f98d04c44c891942
[INFO] testing inschrift-spruch-raum/vhdx-rs against 1.98.0-beta.8+cargoflags=--release for beta-release-1.99-2
[INFO] running `Command { std: "git" "clone" "/workspace/cache/git-repos/https%3A%2F%2Fgithub.com%2Finschrift-spruch-raum%2Fvhdx-rs" "/workspace/builds/worker-6-tc1/source", kill_on_drop: false }`
[INFO] [stderr] Cloning into '/workspace/builds/worker-6-tc1/source'...
[INFO] [stderr] done.
[INFO] started tweaking git repo https://github.com/inschrift-spruch-raum/vhdx-rs
[INFO] finished tweaking git repo https://github.com/inschrift-spruch-raum/vhdx-rs
[INFO] tweaked toml for git repo https://github.com/inschrift-spruch-raum/vhdx-rs written to /workspace/builds/worker-6-tc1/source/Cargo.toml
[INFO] validating manifest of git repo https://github.com/inschrift-spruch-raum/vhdx-rs on toolchain 1.98.0-beta.8
[INFO] running `Command { std: CARGO_HOME="/workspace/cargo-home" RUSTUP_HOME="/workspace/rustup-home" "/workspace/cargo-home/bin/cargo" "+1.98.0-beta.8" "metadata" "--manifest-path" "Cargo.toml" "--no-deps", kill_on_drop: false }`
[INFO] crate git repo https://github.com/inschrift-spruch-raum/vhdx-rs already has a lockfile, it will not be regenerated
[INFO] running `Command { std: CARGO_HOME="/workspace/cargo-home" RUSTUP_HOME="/workspace/rustup-home" "/workspace/cargo-home/bin/cargo" "+1.98.0-beta.8" "fetch" "--manifest-path" "Cargo.toml", kill_on_drop: false }`
[INFO] [stderr]     Blocking waiting for file lock on package cache
[INFO] [stderr]     Updating crates.io index
[INFO] [stderr]     Blocking waiting for file lock on package cache
[INFO] [stderr]  Downloading crates ...
[INFO] [stderr]   Downloaded wasm-bindgen-shared v0.2.122
[INFO] [stderr]   Downloaded uuid v1.23.2
[INFO] [stderr]   Downloaded wasm-bindgen-macro v0.2.122
[INFO] [stderr]   Downloaded wasm-bindgen-macro-support v0.2.122
[INFO] [stderr]   Downloaded wasm-bindgen v0.2.122
[INFO] [stderr]   Downloaded ref-cast-impl v1.0.25
[INFO] [stderr]   Downloaded dyn-clone v1.0.20
[INFO] [stderr]   Downloaded utf8-width v0.1.8
[INFO] [stderr]   Downloaded ahash v0.7.8
[INFO] [stderr]   Downloaded difflib v0.4.0
[INFO] [stderr]   Downloaded normalize-line-endings v0.3.0
[INFO] [stderr]   Downloaded predicates-tree v1.0.13
[INFO] [stderr]   Downloaded ptr_meta v0.1.4
[INFO] [stderr]   Downloaded float-cmp v0.10.0
[INFO] [stderr]   Downloaded ref-cast v1.0.25
[INFO] [stderr]   Downloaded crc32c v0.6.8
[INFO] [stderr]   Downloaded ucs2 v0.3.3
[INFO] [stderr]   Downloaded predicates-core v1.0.10
[INFO] [stderr]   Downloaded rend v0.4.2
[INFO] [stderr]   Downloaded bytecheck v0.6.12
[INFO] [stderr]   Downloaded bytecheck_derive v0.6.12
[INFO] [stderr]   Downloaded matchers v0.2.0
[INFO] [stderr]   Downloaded bit_field v0.10.3
[INFO] [stderr]   Downloaded proc-macro-crate v3.5.0
[INFO] [stderr]   Downloaded crc v3.4.0
[INFO] [stderr]   Downloaded tap v1.0.1
[INFO] [stderr]   Downloaded radium v0.7.0
[INFO] [stderr]   Downloaded funty v2.0.0
[INFO] [stderr]   Downloaded ptr_meta_derive v0.1.4
[INFO] [stderr]   Downloaded autocfg v1.5.1
[INFO] [stderr]   Downloaded rkyv_derive v0.7.46
[INFO] [stderr]   Downloaded simdutf8 v0.1.5
[INFO] [stderr]   Downloaded wait-timeout v0.2.1
[INFO] [stderr]   Downloaded uguid v2.2.1
[INFO] [stderr]   Downloaded crc-catalog v2.5.0
[INFO] [stderr]   Downloaded arrayvec v0.7.6
[INFO] [stderr]   Downloaded gpt_disk_types v0.16.1
[INFO] [stderr]   Downloaded gpt_disk_io v0.16.2
[INFO] [stderr]   Downloaded wyz v0.5.1
[INFO] [stderr]   Downloaded tracing-log v0.2.0
[INFO] [stderr]   Downloaded predicates v3.1.4
[INFO] [stderr]   Downloaded seahash v4.1.0
[INFO] [stderr]   Downloaded toml_datetime v1.1.1+spec-1.1.0
[INFO] [stderr]   Downloaded assert_cmd v2.2.2
[INFO] [stderr]   Downloaded termtree v0.5.1
[INFO] [stderr]   Downloaded bytemuck_derive v1.10.2
[INFO] [stderr]   Downloaded nu-ansi-term v0.50.3
[INFO] [stderr]   Downloaded tracing-attributes v0.1.31
[INFO] [stderr]   Downloaded byte-unit v5.2.0
[INFO] [stderr]   Downloaded toml_parser v1.1.2+spec-1.1.0
[INFO] [stderr]   Downloaded semver v1.0.28
[INFO] [stderr]   Downloaded log v0.4.32
[INFO] [stderr]   Downloaded tinyvec v1.11.0
[INFO] [stderr]   Downloaded borsh-derive v1.6.1
[INFO] [stderr]   Downloaded getrandom v0.4.2
[INFO] [stderr]   Downloaded toml_edit v0.25.12+spec-1.1.0
[INFO] [stderr]   Downloaded rand v0.8.6
[INFO] [stderr]   Downloaded zerocopy-derive v0.8.50
[INFO] [stderr]   Downloaded memchr v2.8.1
[INFO] [stderr]   Downloaded schemars v1.2.1
[INFO] [stderr]   Downloaded borsh v1.6.1
[INFO] [stderr]   Downloaded js-sys v0.3.99
[INFO] [stderr]   Downloaded rkyv v0.7.46
[INFO] [stderr]   Downloaded hashbrown v0.12.3
[INFO] [stderr]   Downloaded wasip2 v1.0.3+wasi-0.2.9
[INFO] [stderr]   Downloaded rust_decimal v1.42.0
[INFO] [stderr]   Downloaded tracing-subscriber v0.3.23
[INFO] [stderr]   Downloaded winnow v1.0.3
[INFO] [stderr]   Downloaded bitvec v1.0.1
[INFO] [stderr]   Downloaded zerocopy v0.8.50
[INFO] [stderr]   Downloaded bstr v1.12.1
[INFO] [stderr]   Downloaded regex-syntax v0.8.10
[INFO] running `Command { std: "docker" "create" "-v" "/var/lib/crater-agent-workspace/builds/worker-6-tc1/source:/opt/rustwide/workdir:ro,Z" "-v" "/var/lib/crater-agent-workspace/builds/worker-6-tc1/target:/opt/rustwide/target:rw,Z" "-v" "/var/lib/crater-agent-workspace/cargo-home:/opt/rustwide/cargo-home:ro,Z" "-v" "/var/lib/crater-agent-workspace/rustup-home:/opt/rustwide/rustup-home:ro,Z" "-m" "1610612736" "--network" "none" "ghcr.io/rust-lang/crates-build-env/linux@sha256:8683fc1fc2eb5c9ac98e0d076ab094b2ffac7f99da555d2b6a2e27f346de2ec7" "sleep" "infinity", kill_on_drop: false }`
[INFO] [stdout] b7af159c99483195d823a4b3f69380427dc1978b77d4823b6e2dcbe433e2e43c
[INFO] running `Command { std: "docker" "start" "b7af159c99483195d823a4b3f69380427dc1978b77d4823b6e2dcbe433e2e43c", kill_on_drop: false }`
[INFO] running `Command { std: "docker" "inspect" "b7af159c99483195d823a4b3f69380427dc1978b77d4823b6e2dcbe433e2e43c", kill_on_drop: false }`
[INFO] running `Command { std: "docker" "exec" "-e" "SOURCE_DIR=/opt/rustwide/workdir" "-e" "CARGO_HOME=/opt/rustwide/cargo-home" "-e" "RUSTUP_HOME=/opt/rustwide/rustup-home" "-e" "CARGO_TARGET_DIR=/opt/rustwide/target" "-w" "/opt/rustwide/workdir" "--user" "0:0" "b7af159c99483195d823a4b3f69380427dc1978b77d4823b6e2dcbe433e2e43c" "/opt/rustwide/cargo-home/bin/cargo" "+1.98.0-beta.8" "metadata" "--no-deps" "--format-version=1", kill_on_drop: false }`
[INFO] running `Command { std: "docker" "inspect" "b7af159c99483195d823a4b3f69380427dc1978b77d4823b6e2dcbe433e2e43c", kill_on_drop: false }`
[INFO] running `Command { std: "docker" "exec" "-e" "SOURCE_DIR=/opt/rustwide/workdir" "-e" "CARGO_HOME=/opt/rustwide/cargo-home" "-e" "RUSTUP_HOME=/opt/rustwide/rustup-home" "-e" "CARGO_TARGET_DIR=/opt/rustwide/target" "-e" "CARGO_INCREMENTAL=0" "-e" "RUST_BACKTRACE=full" "-e" "RUSTFLAGS=--cap-lints=warn" "-e" "RUSTDOCFLAGS=--cap-lints=warn" "-w" "/opt/rustwide/workdir" "--user" "0:0" "b7af159c99483195d823a4b3f69380427dc1978b77d4823b6e2dcbe433e2e43c" "/opt/rustwide/cargo-home/bin/cargo" "+1.98.0-beta.8" "build" "--frozen" "--message-format=json" "--release", kill_on_drop: false }`
[INFO] [stderr]    Compiling proc-macro2 v1.0.106
[INFO] [stderr]    Compiling unicode-ident v1.0.24
[INFO] [stderr]    Compiling quote v1.0.45
[INFO] [stderr]    Compiling libc v0.2.186
[INFO] [stderr]    Compiling semver v1.0.28
[INFO] [stderr]    Compiling getrandom v0.4.2
[INFO] [stderr]    Compiling radium v0.7.0
[INFO] [stderr]    Compiling thiserror v2.0.18
[INFO] [stderr]    Compiling tap v1.0.1
[INFO] [stderr]    Compiling once_cell v1.21.4
[INFO] [stderr]    Compiling cfg-if v1.0.4
[INFO] [stderr]    Compiling funty v2.0.0
[INFO] [stderr]    Compiling pin-project-lite v0.2.17
[INFO] [stderr]    Compiling wyz v0.5.1
[INFO] [stderr]    Compiling tracing-core v0.1.36
[INFO] [stderr]    Compiling rustc_version v0.4.1
[INFO] [stderr]    Compiling crc32c v0.6.8
[INFO] [stderr]    Compiling bitvec v1.0.1
[INFO] [stderr]    Compiling syn v2.0.117
[INFO] [stderr]    Compiling uuid v1.23.2
[INFO] [stderr]    Compiling tracing-attributes v0.1.31
[INFO] [stderr]    Compiling thiserror-impl v2.0.18
[INFO] [stderr]    Compiling tracing v0.1.44
[INFO] [stderr]    Compiling vhdx-rs v0.2.0 (/opt/rustwide/workdir)
[INFO] [stderr]     Finished `release` profile [optimized] target(s) in 12.12s
[INFO] running `Command { std: "docker" "inspect" "b7af159c99483195d823a4b3f69380427dc1978b77d4823b6e2dcbe433e2e43c", kill_on_drop: false }`
[INFO] running `Command { std: "docker" "exec" "-e" "SOURCE_DIR=/opt/rustwide/workdir" "-e" "CARGO_HOME=/opt/rustwide/cargo-home" "-e" "RUSTUP_HOME=/opt/rustwide/rustup-home" "-e" "CARGO_TARGET_DIR=/opt/rustwide/target" "-e" "CARGO_INCREMENTAL=0" "-e" "RUST_BACKTRACE=full" "-e" "RUSTFLAGS=--cap-lints=warn" "-e" "RUSTDOCFLAGS=--cap-lints=warn" "-w" "/opt/rustwide/workdir" "--user" "0:0" "b7af159c99483195d823a4b3f69380427dc1978b77d4823b6e2dcbe433e2e43c" "/opt/rustwide/cargo-home/bin/cargo" "+1.98.0-beta.8" "test" "--frozen" "--no-run" "--message-format=json" "--release", kill_on_drop: false }`
[INFO] [stderr]    Compiling rustix v1.1.4
[INFO] [stderr]    Compiling linux-raw-sys v0.12.1
[INFO] [stderr]    Compiling bitflags v2.13.0
[INFO] [stderr]    Compiling fastrand v2.4.1
[INFO] [stderr]    Compiling tempfile v3.27.0
[INFO] [stderr]    Compiling vhdx-rs v0.2.0 (/opt/rustwide/workdir)
[INFO] [stderr]     Finished `release` profile [optimized] target(s) in 11.05s
[INFO] running `Command { std: "docker" "inspect" "b7af159c99483195d823a4b3f69380427dc1978b77d4823b6e2dcbe433e2e43c", kill_on_drop: false }`
[INFO] running `Command { std: "docker" "exec" "-e" "SOURCE_DIR=/opt/rustwide/workdir" "-e" "CARGO_HOME=/opt/rustwide/cargo-home" "-e" "RUSTUP_HOME=/opt/rustwide/rustup-home" "-e" "CARGO_TARGET_DIR=/opt/rustwide/target" "-e" "CARGO_INCREMENTAL=0" "-e" "RUST_BACKTRACE=full" "-e" "RUSTFLAGS=--cap-lints=warn" "-e" "RUSTDOCFLAGS=--cap-lints=warn" "-w" "/opt/rustwide/workdir" "--user" "0:0" "b7af159c99483195d823a4b3f69380427dc1978b77d4823b6e2dcbe433e2e43c" "/opt/rustwide/cargo-home/bin/cargo" "+1.98.0-beta.8" "test" "--frozen" "--release", kill_on_drop: false }`
[INFO] [stderr]     Finished `release` profile [optimized] target(s) in 0.11s
[INFO] [stderr]      Running unittests src/lib.rs (/opt/rustwide/target/release/deps/vhdx-56cb634420e54175)
[INFO] [stdout] 
[INFO] [stdout] running 215 tests
[INFO] [stdout] test bat::tests::bat_entry_state_returns_correct_variant ... ok
[INFO] [stdout] test bat::tests::empty_bat ... ok
[INFO] [stdout] test bat::tests::entries_iterator_yields_correct_count ... ok
[INFO] [stdout] test bat::tests::entry_count_matches_buffer ... ok
[INFO] [stdout] test bat::tests::file_offset_mb_extraction ... ok
[INFO] [stdout] test bat::tests::interleaving_pattern ... ok
[INFO] [stdout] test bat::tests::invalid_state_4_returns_error_for_payload ... ok
[INFO] [stdout] test bat::tests::file_offset_mb_44bit_max ... ok
[INFO] [stdout] test bat::tests::entry_out_of_bounds ... ok
[INFO] [stdout] test bat::tests::invalid_state_5_returns_error_for_payload ... ok
[INFO] [stdout] test bat::tests::state_extraction_all_payload_values ... ok
[INFO] [stdout] test bat::tests::state_extraction_sector_bitmap ... ok
[INFO] [stdout] test common::tests::compute_chunk_ratio_standard_values ... ok
[INFO] [stdout] test common::tests::crc32c_zeroed_checksum_all_zeros ... ok
[INFO] [stdout] test common::tests::crc32c_zeroed_checksum_zeroes_field_before_compute ... ok
[INFO] [stdout] test header::tests::both_headers_corrupt_fails ... ok
[INFO] [stdout] test header::tests::current_header_picks_higher_sequence ... ok
[INFO] [stdout] test header::tests::buffer_too_small_fails ... ok
[INFO] [stdout] test header::tests::current_header_picks_only_valid ... ok
[INFO] [stdout] test header::tests::file_type_creator_is_512_bytes ... ok
[INFO] [stdout] test common::tests::crc32c_zeroed_checksum_does_not_mutate_original ... ok
[INFO] [stdout] test header::tests::region_table2_valid ... ok
[INFO] [stdout] test header::tests::region_table_entry_fields ... ok
[INFO] [stdout] test header::tests::region_table_entries_iterator ... ok
[INFO] [stdout] test header::tests::region_table_crc_validated ... ok
[INFO] [stdout] test header::tests::region_table_header_checksum ... ok
[INFO] [stdout] test header::tests::header_crc_validated ... ok
[INFO] [stdout] test header::tests::current_header_rejects_equal_sequence ... ok
[INFO] [stdout] test header::tests::file_type_signature ... ok
[INFO] [stdout] test header::tests::region_table_header_reserved ... ok
[INFO] [stdout] test header::tests::header_index_out_of_range ... ok
[INFO] [stdout] test header::tests::header_fields ... ok
[INFO] [stdout] test header::tests::current_region_table_follows_current_header ... ok
[INFO] [stdout] test header::tests::header2_valid ... ok
[INFO] [stdout] test common::tests::compute_chunk_ratio_large_block_small_sector ... ok
[INFO] [stdout] test header::tests::region_table_index_out_of_range ... ok
[INFO] [stdout] test header::tests::region_table1_valid ... ok
[INFO] [stdout] test header::tests::header1_valid ... ok
[INFO] [stdout] test io::tests::byte::byte_offset_write_to_read_only_returns_error ... ok
[INFO] [stdout] test io::tests::byte::byte_offset_cross_block_boundary_read ... ok
[INFO] [stdout] test io::tests::byte::byte_offset_rmw_write_preserves_surrounding_bytes ... ok
[INFO] [stdout] test io::tests::core::multi_sector_read_within_single_block ... ok
[INFO] [stdout] test io::tests::core::multi_sector_out_of_bounds_range ... ok
[INFO] [stdout] test io::tests::core::multi_sector_read_count_one_regression ... ok
[INFO] [stdout] test io::tests::core::multi_sector_read_spanning_block_boundary ... ok
[INFO] [stdout] test io::tests::core::multi_sector_read_buffer_size_mismatch ... ok
[INFO] [stdout] test io::tests::core::sector_bitmap_bit_lookup_correctness ... ok
[INFO] [stdout] test io::tests::core::multi_sector_start_plus_count_overflow ... ok
[INFO] [stdout] test io::tests::core::multi_sector_write_count_one_regression ... ok
[INFO] [stdout] test io::tests::core::multi_sector_count_zero_is_error ... ok
[INFO] [stdout] test io::tests::byte::byte_offset_empty_buf_is_noop ... ok
[INFO] [stdout] test io::tests::byte::byte_offset_write_to_not_present_block_allocates ... ok
[INFO] [stdout] test io::tests::core::no_overlay_falls_through_to_file ... ok
[INFO] [stdout] test log::tests::data_sector_assembly ... ok
[INFO] [stdout] test log::tests::data_sector_data_method_returns_4096_bytes ... ok
[INFO] [stdout] test log::tests::data_sectors_iterator ... ok
[INFO] [stdout] test log::tests::descriptor_bytes_second_sector ... ok
[INFO] [stdout] test log::tests::descriptor_index_out_of_bounds ... ok
[INFO] [stdout] test io::tests::core::multi_sector_write_spanning_block_boundary ... ok
[INFO] [stdout] test log::tests::descriptor_unknown_signature_returns_log_entry_corrupted ... ok
[INFO] [stdout] test io::tests::core::io_creation_from_test_file ... ok
[INFO] [stdout] test log::tests::descriptors_iterator ... ok
[INFO] [stdout] test log::tests::empty_log ... ok
[INFO] [stdout] test log::tests::entry_checksum_invalid ... ok
[INFO] [stdout] test log::tests::entry_checksum_valid ... ok
[INFO] [stdout] test log::tests::entry_out_of_bounds_returns_invalid_parameter ... ok
[INFO] [stdout] test log::tests::entry_with_no_descriptors ... ok
[INFO] [stdout] test log::tests::log_buffer_must_be_4kb_aligned ... ok
[INFO] [stdout] test log::tests::multiple_entries_in_log ... ok
[INFO] [stdout] test log::tests::no_data_sectors_for_zero_only_entry ... ok
[INFO] [stdout] test log::tests::single_entry_header_fields ... ok
[INFO] [stdout] test log::tests::zero_descriptors_count_doesnt_affect_data_sectors ... ok
[INFO] [stdout] test log_replay::tests::active::checksum_failure_entry_ignored ... ok
[INFO] [stdout] test io::tests::core::multi_sector_write_data_size_mismatch ... ok
[INFO] [stdout] test io::tests::core::sector_write_fails_on_read_only ... ok
[INFO] [stdout] test log_replay::tests::active::empty_log_no_sequence ... ok
[INFO] [stdout] test log_replay::tests::active::has_pending_log_empty_buffer ... ok
[INFO] [stdout] test log_replay::tests::active::guid_mismatch_entry_ignored ... ok
[INFO] [stdout] test log_replay::tests::active::has_pending_log_with_sequence ... ok
[INFO] [stdout] test log_replay::tests::active::has_pending_log_zero_guid ... ok
[INFO] [stdout] test log_replay::tests::active::multiple_sequences_picks_newest ... ok
[INFO] [stdout] test log_replay::tests::active::single_entry_self_tail ... ok
[INFO] [stdout] test io::tests::core::sector_read_byte_range_exceeds_range ... ok
[INFO] [stdout] test log_replay::tests::apply::apply_region_data_priority_over_zero ... ok
[INFO] [stdout] test io::tests::core::overlay_data_served_through_sector_read ... ok
[INFO] [stdout] test io::tests::byte::byte_offset_zero_read_matches_full_sector ... ok
[INFO] [stdout] test io::tests::core::sector_out_of_bounds ... ok
[INFO] [stdout] test log::tests::entry_index_out_of_bounds ... ok
[INFO] [stdout] test log_replay::tests::apply::apply_region_data_sector_fully_inside ... ok
[INFO] [stdout] test io::tests::core::sector_zero_is_valid ... ok
[INFO] [stdout] test io::tests::byte::byte_offset_non_aligned_read_extracts_correct_bytes ... ok
[INFO] [stdout] test log_replay::tests::apply::apply_region_empty_overlay ... ok
[INFO] [stdout] test log_replay::tests::apply::apply_region_multiple_overlapping_entries ... ok
[INFO] [stdout] test log_replay::tests::active::three_entry_sequence ... ok
[INFO] [stdout] test log_replay::tests::apply::apply_region_offset_at_sector_boundary ... ok
[INFO] [stdout] test log_replay::tests::apply::apply_region_data_sector_partial_overlap ... ok
[INFO] [stdout] test log_replay::tests::apply::apply_region_data_sector_outside ... ok
[INFO] [stdout] test log_replay::tests::apply::apply_region_single_byte_overlap ... ok
[INFO] [stdout] test log_replay::tests::overlay::active_sequence_flushed_and_last_file_offsets ... ok
[INFO] [stdout] test log_replay::tests::apply::apply_region_zero_fills_zeros ... ok
[INFO] [stdout] test io::tests::core::sector_zero_read_is_all_zeros_for_dynamic_disk ... ok
[INFO] [stdout] test log_replay::tests::overlay::build_overlay_mixed_descriptors ... ok
[INFO] [stdout] test log_replay::tests::overlay::active_sequence_entries_are_in_replay_order ... ok
[INFO] [stdout] test log_replay::tests::overlay::candidate_with_higher_seq_always_wins ... ok
[INFO] [stdout] test log_replay::tests::read::read_at_mid_sector_offset ... ok
[INFO] [stdout] test log_replay::tests::overlay::build_overlay_zero_descriptor ... ok
[INFO] [stdout] test log_replay::tests::overlay::build_overlay_single_data_descriptor ... ok
[INFO] [stdout] test log_replay::tests::read::read_data_sector_overlaps_zero_region_at_different_offset ... ok
[INFO] [stdout] test log_replay::tests::read::read_near_end_of_sector ... ok
[INFO] [stdout] test log_replay::tests::read::read_returns_overlay_data_at_sector_offset ... ok
[INFO] [stdout] test log_replay::tests::overlay::replay_to_file_writes_data ... ok
[INFO] [stdout] test log_replay::tests::overlay::entry_with_no_descriptors_replays_ok ... ok
[INFO] [stdout] test log_replay::tests::read::read_at_sector_boundary_returns_zero ... ok
[INFO] [stdout] test log_replay::tests::read::read_zero_region_beyond_returns_zero ... ok
[INFO] [stdout] test log_replay::tests::read::read_zero_region_returns_zeroes ... ok
[INFO] [stdout] test log_replay::tests::read::read_returns_zero_for_non_overlaid_offset ... ok
[INFO] [stdout] test log_replay::tests::read::read_with_multiple_sectors ... ok
[INFO] [stdout] test log_replay::tests::read::read_zero_region_mid_offset ... ok
[INFO] [stdout] test log_replay::tests::read::read_empty_buf ... ok
[INFO] [stdout] test log_replay::tests::read::read_partial_buf_smaller_than_sector ... ok
[INFO] [stdout] test medium::tests::create::create_1gb_default ... FAILED
[INFO] [stdout] test medium::tests::create::create_dynamic_bat_entries_not_present ... FAILED
[INFO] [stdout] test medium::tests::create::create_differencing_has_parent_locator ... FAILED
[INFO] [stdout] test medium::tests::create::create_fixed_bat_entries_fully_present ... FAILED
[INFO] [stdout] test medium::tests::create::create_dynamic_metadata_items_values ... FAILED
[INFO] [stdout] test medium::tests::create::create_fixed_file_parameters_leave_block_allocated ... FAILED
[INFO] [stdout] test io::tests::core::sector_read_returns_logical_sector_size ... ok
[INFO] [stdout] test medium::tests::create::create_fixed_file_size_includes_payloads ... FAILED
[INFO] [stdout] test medium::tests::create::sequence_number_is_zero ... FAILED
[INFO] [stdout] test medium::tests::create::create_dynamic_metadata_table ... FAILED
[INFO] [stdout] test medium::tests::create::create_differencing_file_parameters_has_parent_flag ... FAILED
[INFO] [stdout] test medium::tests::create::region_table_has_two_entries ... FAILED
[INFO] [stdout] test medium::tests::create::validation_rejects_invalid_block_size ... ok
[INFO] [stdout] test medium::tests::create::validation_rejects_invalid_sector_size ... ok
[INFO] [stdout] test medium::tests::open::create_options_finish_signature_names_len_capability ... ok
[INFO] [stdout] test medium::tests::open::log_replay_default_is_require ... ok
[INFO] [stdout] test io::tests::byte::byte_offset_validation_exceeds_range ... ok
[INFO] [stdout] test medium::tests::open::open_nonexistent_file ... ok
[INFO] [stdout] test medium::tests::open::open_options_builder_non_strict ... FAILED
[INFO] [stdout] test medium::tests::open::open_options_builder_write ... FAILED
[INFO] [stdout] test medium::tests::open::open_options_builder_log_replay ... FAILED
[INFO] [stdout] test io::tests::core::overlay_zero_region_served_through_sector_read ... ok
[INFO] [stdout] test medium::tests::open::medium_open_accepts_caller_owned_std_file ... FAILED
[INFO] [stdout] test medium::tests::create::version_is_one ... FAILED
[INFO] [stdout] test medium::tests::open::fixed_offset_io_paths_use_shared_helpers ... ok
[INFO] [stdout] test medium::tests::create::validation_rejects_zero_size ... ok
[INFO] [stdout] test medium::tests::open::medium_capability_traits_cover_std_file_and_cursor_vec ... ok
[INFO] [stdout] test io::tests::byte::byte_offset_cross_block_boundary_write_rmw ... ok
[INFO] [stdout] test medium::tests::create::validation_allows_physical_lt_logical ... ok
[INFO] [stdout] test medium::tests::open::open_invalid_file ... ok
[INFO] [stdout] test log::tests::descriptors_data_and_zero ... ok
[INFO] [stdout] test medium::tests::open::open_void_vhdx ... FAILED
[INFO] [stdout] test metadata::tests::entry_flags ... ok
[INFO] [stdout] test metadata::tests::file_parameters_dynamic_disk ... ok
[INFO] [stdout] test metadata::tests::logical_sector_size ... ok
[INFO] [stdout] test metadata::tests::metadata_entries_iterator_count ... ok
[INFO] [stdout] test metadata::tests::metadata_entry_count ... ok
[INFO] [stdout] test metadata::tests::metadata_entry_lookup_found ... ok
[INFO] [stdout] test metadata::tests::metadata_entry_lookup_not_found ... ok
[INFO] [stdout] test metadata::tests::metadata_region_too_small ... ok
[INFO] [stdout] test metadata::tests::metadata_signature_valid ... ok
[INFO] [stdout] test metadata::tests::parent_locator_decodes_relative_path_value ... ok
[INFO] [stdout] test metadata::tests::parent_locator_empty ... ok
[INFO] [stdout] test metadata::tests::parent_locator_resolve_parent_path_errors_when_no_path_key_exists ... ok
[INFO] [stdout] test metadata::tests::parent_locator_preserves_all_path_candidates_without_fallback ... ok
[INFO] [stdout] test metadata::tests::parent_locator_resolves_parent_path_falls_back_to_volume_then_absolute ... ok
[INFO] [stdout] test metadata::tests::parent_locator_resolves_parent_path_by_spec_order ... ok
[INFO] [stdout] test metadata::tests::parent_locator_with_entries ... ok
[INFO] [stdout] test metadata::tests::virtual_disk_size ... ok
[INFO] [stdout] test types::tests::guid_debug ... ok
[INFO] [stdout] test metadata::tests::physical_sector_size ... ok
[INFO] [stdout] test metadata::tests::utf16le_decoding ... ok
[INFO] [stdout] test types::tests::guid_display ... ok
[INFO] [stdout] test types::tests::guid_from_bytes_roundtrip ... ok
[INFO] [stdout] test types::tests::guid_new_v4_is_unique ... ok
[INFO] [stdout] test types::tests::standard_items_are_distinct ... ok
[INFO] [stdout] test medium::tests::open::open_rejects_header_section_shorter_than_one_mib ... ok
[INFO] [stdout] test validation::tests::core::spec_validator_new ... ok
[INFO] [stdout] test medium::tests::open::read_semantics_default ... ok
[INFO] [stdout] test medium::tests::open::medium_create_accepts_caller_owned_cursor_and_returns_inner ... ok
[INFO] [stdout] test validation::tests::core::validate_header_bad_version ... ok
[INFO] [stdout] test validation::tests::core::validate_header_bad_file_signature ... ok
[INFO] [stdout] test validation::tests::core::test_metadata_item_corrupted_file_parameters ... ok
[INFO] [stdout] test validation::tests::core::validate_region_table_bad_entry_count ... ok
[INFO] [stdout] test validation::tests::core::validate_region_table_bad_signature ... ok
[INFO] [stdout] test validation::tests::core::validate_header_valid ... ok
[INFO] [stdout] test validation::tests::core::validate_metadata_valid ... ok
[INFO] [stdout] test validation::tests::core::validate_log_empty_ok ... ok
[INFO] [stdout] test validation::tests::core::has_parent_detection ... ok
[INFO] [stdout] test validation::tests::core::validate_header_corrupted_header1 ... ok
[INFO] [stdout] test validation::tests::core::test_metadata_item_corrupted_preserves_missing ... ok
[INFO] [stdout] test validation::tests::core::validation_issue_fields ... ok
[INFO] [stdout] test validation::tests::issues::test_metadata_file_parameters_reserved_flags ... ok
[INFO] [stdout] test validation::tests::core::validate_bat_valid ... ok
[INFO] [stdout] test validation::tests::core::validate_region_table_valid ... ok
[INFO] [stdout] test validation::tests::core::test_metadata_item_corrupted_not_for_valid_size ... ok
[INFO] [stdout] test validation::tests::parent::test_validate_parent_locator_corrupt_key ... ok
[INFO] [stdout] test validation::tests::core::validate_file_valid ... ok
[INFO] [stdout] test validation::tests::issues::test_optional_unknown_metadata_pushes_issue ... ok
[INFO] [stdout] test validation::tests::core::validate_required_metadata_items_missing ... ok
[INFO] [stdout] test validation::tests::core::validate_required_metadata_items_valid ... ok
[INFO] [stdout] test validation::tests::parent::test_validate_parent_locator_rejects_linkage2 ... ok
[INFO] [stdout] test validation::tests::issues::test_strict_true_no_issue_for_optional_unknown_region ... ok
[INFO] [stdout] test validation::tests::issues::test_metadata_entry_reserved_nonzero ... ok
[INFO] [stdout] test validation::tests::issues::validate_header_accepts_single_valid_header ... ok
[INFO] [stdout] test validation::tests::issues::test_optional_unknown_region_pushes_issue ... ok
[INFO] [stdout] test validation::tests::parent::test_validate_file_covers_parent_chain ... ok
[INFO] [stdout] test medium::tests::open::write_bat_entry_invalidates_validator_cache ... ok
[INFO] [stdout] test validation::tests::strict::test_strict_false_required_unknown_region_fails ... ok
[INFO] [stdout] test validation::tests::issues::test_valid_vhdx_no_issues ... ok
[INFO] [stdout] test validation::tests::strict::test_strict_false_optional_unknown_region_passes ... ok
[INFO] [stdout] test validation::tests::strict::test_strict_true_optional_unknown_region_fails ... ok
[INFO] [stdout] test validation::tests::parent::test_validate_parent_locator_rejects_unparseable_linkage ... ok
[INFO] [stdout] test validation::tests::parent::test_from_file_constructor ... ok
[INFO] [stdout] test validation::tests::parent::test_file_validator_integration ... ok
[INFO] [stdout] 
[INFO] [stdout] failures:
[INFO] [stdout] 
[INFO] [stdout] ---- medium::tests::create::create_1gb_default stdout ----
[INFO] [stdout] 
[INFO] [stdout] thread 'medium::tests::create::create_1gb_default' (1021) panicked at src/medium/tests/create.rs:36:43:
[INFO] [stdout] create test-output dir: Os { code: 30, kind: ReadOnlyFilesystem, message: "Read-only file system" }
[INFO] [stdout] stack backtrace:
[INFO] [stdout]    0:     0x5a6282c4da81 - <<std[97b98282bc616a66]::sys::backtrace::BacktraceLock>::print::DisplayBacktrace as core[832e9a552fc17241]::fmt::Display>::fmt
[INFO] [stdout]    1:     0x5a6282c62ada - core[832e9a552fc17241]::fmt::write
[INFO] [stdout]    2:     0x5a6282c522ec - <alloc[3ecab9f82c41dc7d]::vec::Vec<u8> as std[97b98282bc616a66]::io::Write>::write_fmt
[INFO] [stdout]    3:     0x5a6282c298f6 - std[97b98282bc616a66]::panicking::default_hook::{closure#0}
[INFO] [stdout]    4:     0x5a6282c44519 - std[97b98282bc616a66]::panicking::default_hook
[INFO] [stdout]    5:     0x5a6282bddbe0 - test[39766f3d73431624]::test_main_inner::<test[39766f3d73431624]::test_main_static::{closure#0}>::{closure#0}
[INFO] [stdout]    6:     0x5a6282c446d2 - std[97b98282bc616a66]::panicking::panic_with_hook
[INFO] [stdout]    7:     0x5a6282c299a2 - std[97b98282bc616a66]::panicking::panic_handler::{closure#0}
[INFO] [stdout]    8:     0x5a6282c211d9 - std[97b98282bc616a66]::sys::backtrace::__rust_end_short_backtrace::<std[97b98282bc616a66]::panicking::panic_handler::{closure#0}, !>
[INFO] [stdout]    9:     0x5a6282c2a59d - __rustc[e3d8617bb01b7f69]::rust_begin_unwind
[INFO] [stdout]   10:     0x5a6282c6323c - core[832e9a552fc17241]::panicking::panic_fmt
[INFO] [stdout]   11:     0x5a6282c63012 - core[832e9a552fc17241]::result::unwrap_failed
[INFO] [stdout]   12:     0x5a6282bc4463 - vhdx[db1ea01ad140d6e5]::medium::tests::create::create_test_vhdx
[INFO] [stdout]   13:     0x5a6282bc59a1 - vhdx[db1ea01ad140d6e5]::medium::tests::create::create_1gb_default
[INFO] [stdout]   14:     0x5a6282b85099 - <vhdx[db1ea01ad140d6e5]::medium::tests::create::create_1gb_default::{closure#0} as core[832e9a552fc17241]::ops::function::FnOnce<()>>::call_once
[INFO] [stdout]   15:     0x5a6282bd0f1b - test[39766f3d73431624]::__rust_begin_short_backtrace::<core[832e9a552fc17241]::result::Result<(), alloc[3ecab9f82c41dc7d]::string::String>, fn() -> core[832e9a552fc17241]::result::Result<(), alloc[3ecab9f82c41dc7d]::string::String>>
[INFO] [stdout]   16:     0x5a6282bde565 - test[39766f3d73431624]::run_test::{closure#0}
[INFO] [stdout]   17:     0x5a6282bd9014 - std[97b98282bc616a66]::sys::backtrace::__rust_begin_short_backtrace::<test[39766f3d73431624]::run_test::{closure#1}, ()>
[INFO] [stdout]   18:     0x5a6282be16b2 - <std[97b98282bc616a66]::thread::lifecycle::spawn_unchecked<test[39766f3d73431624]::run_test::{closure#1}, ()>::{closure#1} as core[832e9a552fc17241]::ops::function::FnOnce<()>>::call_once::{shim:vtable#0}
[INFO] [stdout]   19:     0x5a6282c4d21f - <std[97b98282bc616a66]::sys::thread::unix::Thread>::new::thread_start
[INFO] [stdout]   20:     0x775b6d96107a - <unknown>
[INFO] [stdout]   21:     0x775b6d9f4534 - clone
[INFO] [stdout]   22:                0x0 - <unknown>
[INFO] [stdout] 
[INFO] [stdout] ---- medium::tests::create::create_dynamic_bat_entries_not_present stdout ----
[INFO] [stdout] 
[INFO] [stdout] thread 'medium::tests::create::create_dynamic_bat_entries_not_present' (1024) panicked at src/medium/tests/create.rs:183:43:
[INFO] [stdout] create test-output dir: Os { code: 30, kind: ReadOnlyFilesystem, message: "Read-only file system" }
[INFO] [stdout] stack backtrace:
[INFO] [stdout]    0:     0x5a6282c4da81 - <<std[97b98282bc616a66]::sys::backtrace::BacktraceLock>::print::DisplayBacktrace as core[832e9a552fc17241]::fmt::Display>::fmt
[INFO] [stdout]    1:     0x5a6282c62ada - core[832e9a552fc17241]::fmt::write
[INFO] [stdout]    2:     0x5a6282c522ec - <alloc[3ecab9f82c41dc7d]::vec::Vec<u8> as std[97b98282bc616a66]::io::Write>::write_fmt
[INFO] [stdout]    3:     0x5a6282c298f6 - std[97b98282bc616a66]::panicking::default_hook::{closure#0}
[INFO] [stdout]    4:     0x5a6282c44519 - std[97b98282bc616a66]::panicking::default_hook
[INFO] [stdout]    5:     0x5a6282bddbe0 - test[39766f3d73431624]::test_main_inner::<test[39766f3d73431624]::test_main_static::{closure#0}>::{closure#0}
[INFO] [stdout]    6:     0x5a6282c446d2 - std[97b98282bc616a66]::panicking::panic_with_hook
[INFO] [stdout]    7:     0x5a6282c299a2 - std[97b98282bc616a66]::panicking::panic_handler::{closure#0}
[INFO] [stdout]    8:     0x5a6282c211d9 - std[97b98282bc616a66]::sys::backtrace::__rust_end_short_backtrace::<std[97b98282bc616a66]::panicking::panic_handler::{closure#0}, !>
[INFO] [stdout]    9:     0x5a6282c2a59d - __rustc[e3d8617bb01b7f69]::rust_begin_unwind
[INFO] [stdout]   10:     0x5a6282c6323c - core[832e9a552fc17241]::panicking::panic_fmt
[INFO] [stdout]   11:     0x5a6282c63012 - core[832e9a552fc17241]::result::unwrap_failed
[INFO] [stdout]   12:     0x5a6282bc530f - vhdx[db1ea01ad140d6e5]::medium::tests::create::create_test_vhdx_detailed
[INFO] [stdout]   13:     0x5a6282bc7ca3 - vhdx[db1ea01ad140d6e5]::medium::tests::create::create_dynamic_bat_entries_not_present
[INFO] [stdout]   14:     0x5a6282b851b9 - <vhdx[db1ea01ad140d6e5]::medium::tests::create::create_dynamic_bat_entries_not_present::{closure#0} as core[832e9a552fc17241]::ops::function::FnOnce<()>>::call_once
[INFO] [stdout]   15:     0x5a6282bd0f1b - test[39766f3d73431624]::__rust_begin_short_backtrace::<core[832e9a552fc17241]::result::Result<(), alloc[3ecab9f82c41dc7d]::string::String>, fn() -> core[832e9a552fc17241]::result::Result<(), alloc[3ecab9f82c41dc7d]::string::String>>
[INFO] [stdout]   16:     0x5a6282bde565 - test[39766f3d73431624]::run_test::{closure#0}
[INFO] [stdout]   17:     0x5a6282bd9014 - std[97b98282bc616a66]::sys::backtrace::__rust_begin_short_backtrace::<test[39766f3d73431624]::run_test::{closure#1}, ()>
[INFO] [stdout]   18:     0x5a6282be16b2 - <std[97b98282bc616a66]::thread::lifecycle::spawn_unchecked<test[39766f3d73431624]::run_test::{closure#1}, ()>::{closure#1} as core[832e9a552fc17241]::ops::function::FnOnce<()>>::call_once::{shim:vtable#0}
[INFO] [stdout]   19:     0x5a6282c4d21f - <std[97b98282bc616a66]::sys::thread::unix::Thread>::new::thread_start
[INFO] [stdout]   20:     0x775b6d96107a - <unknown>
[INFO] [stdout]   21:     0x775b6d9f4534 - clone
[INFO] [stdout]   22:                0x0 - <unknown>
[INFO] [stdout] 
[INFO] [stdout] ---- medium::tests::create::create_differencing_has_parent_locator stdout ----
[INFO] [stdout] 
[INFO] [stdout] thread 'medium::tests::create::create_differencing_has_parent_locator' (1023) panicked at src/medium/tests/create.rs:183:43:
[INFO] [stdout] create test-output dir: Os { code: 30, kind: ReadOnlyFilesystem, message: "Read-only file system" }
[INFO] [stdout] stack backtrace:
[INFO] [stdout]    0:     0x5a6282c4da81 - <<std[97b98282bc616a66]::sys::backtrace::BacktraceLock>::print::DisplayBacktrace as core[832e9a552fc17241]::fmt::Display>::fmt
[INFO] [stdout]    1:     0x5a6282c62ada - core[832e9a552fc17241]::fmt::write
[INFO] [stdout]    2:     0x5a6282c522ec - <alloc[3ecab9f82c41dc7d]::vec::Vec<u8> as std[97b98282bc616a66]::io::Write>::write_fmt
[INFO] [stdout]    3:     0x5a6282c298f6 - std[97b98282bc616a66]::panicking::default_hook::{closure#0}
[INFO] [stdout]    4:     0x5a6282c44519 - std[97b98282bc616a66]::panicking::default_hook
[INFO] [stdout]    5:     0x5a6282bddbe0 - test[39766f3d73431624]::test_main_inner::<test[39766f3d73431624]::test_main_static::{closure#0}>::{closure#0}
[INFO] [stdout]    6:     0x5a6282c446d2 - std[97b98282bc616a66]::panicking::panic_with_hook
[INFO] [stdout]    7:     0x5a6282c299a2 - std[97b98282bc616a66]::panicking::panic_handler::{closure#0}
[INFO] [stdout]    8:     0x5a6282c211d9 - std[97b98282bc616a66]::sys::backtrace::__rust_end_short_backtrace::<std[97b98282bc616a66]::panicking::panic_handler::{closure#0}, !>
[INFO] [stdout]    9:     0x5a6282c2a59d - __rustc[e3d8617bb01b7f69]::rust_begin_unwind
[INFO] [stdout]   10:     0x5a6282c6323c - core[832e9a552fc17241]::panicking::panic_fmt
[INFO] [stdout]   11:     0x5a6282c63012 - core[832e9a552fc17241]::result::unwrap_failed
[INFO] [stdout]   12:     0x5a6282bc530f - vhdx[db1ea01ad140d6e5]::medium::tests::create::create_test_vhdx_detailed
[INFO] [stdout]   13:     0x5a6282bc797e - vhdx[db1ea01ad140d6e5]::medium::tests::create::create_differencing_has_parent_locator
[INFO] [stdout]   14:     0x5a6282b85199 - <vhdx[db1ea01ad140d6e5]::medium::tests::create::create_differencing_has_parent_locator::{closure#0} as core[832e9a552fc17241]::ops::function::FnOnce<()>>::call_once
[INFO] [stdout]   15:     0x5a6282bd0f1b - test[39766f3d73431624]::__rust_begin_short_backtrace::<core[832e9a552fc17241]::result::Result<(), alloc[3ecab9f82c41dc7d]::string::String>, fn() -> core[832e9a552fc17241]::result::Result<(), alloc[3ecab9f82c41dc7d]::string::String>>
[INFO] [stdout]   16:     0x5a6282bde565 - test[39766f3d73431624]::run_test::{closure#0}
[INFO] [stdout]   17:     0x5a6282bd9014 - std[97b98282bc616a66]::sys::backtrace::__rust_begin_short_backtrace::<test[39766f3d73431624]::run_test::{closure#1}, ()>
[INFO] [stdout]   18:     0x5a6282be16b2 - <std[97b98282bc616a66]::thread::lifecycle::spawn_unchecked<test[39766f3d73431624]::run_test::{closure#1}, ()>::{closure#1} as core[832e9a552fc17241]::ops::function::FnOnce<()>>::call_once::{shim:vtable#0}
[INFO] [stdout]   19:     0x5a6282c4d21f - <std[97b98282bc616a66]::sys::thread::unix::Thread>::new::thread_start
[INFO] [stdout]   20:     0x775b6d96107a - <unknown>
[INFO] [stdout]   21:     0x775b6d9f4534 - clone
[INFO] [stdout]   22:                0x0 - <unknown>
[INFO] [stdout] 
[INFO] [stdout] ---- medium::tests::create::create_fixed_bat_entries_fully_present stdout ----
[INFO] [stdout] 
[INFO] [stdout] thread 'medium::tests::create::create_fixed_bat_entries_fully_present' (1027) panicked at src/medium/tests/create.rs:183:43:
[INFO] [stdout] create test-output dir: Os { code: 30, kind: ReadOnlyFilesystem, message: "Read-only file system" }
[INFO] [stdout] stack backtrace:
[INFO] [stdout]    0:     0x5a6282c4da81 - <<std[97b98282bc616a66]::sys::backtrace::BacktraceLock>::print::DisplayBacktrace as core[832e9a552fc17241]::fmt::Display>::fmt
[INFO] [stdout]    1:     0x5a6282c62ada - core[832e9a552fc17241]::fmt::write
[INFO] [stdout]    2:     0x5a6282c522ec - <alloc[3ecab9f82c41dc7d]::vec::Vec<u8> as std[97b98282bc616a66]::io::Write>::write_fmt
[INFO] [stdout]    3:     0x5a6282c298f6 - std[97b98282bc616a66]::panicking::default_hook::{closure#0}
[INFO] [stdout]    4:     0x5a6282c44519 - std[97b98282bc616a66]::panicking::default_hook
[INFO] [stdout]    5:     0x5a6282bddbe0 - test[39766f3d73431624]::test_main_inner::<test[39766f3d73431624]::test_main_static::{closure#0}>::{closure#0}
[INFO] [stdout]    6:     0x5a6282c446d2 - std[97b98282bc616a66]::panicking::panic_with_hook
[INFO] [stdout]    7:     0x5a6282c299a2 - std[97b98282bc616a66]::panicking::panic_handler::{closure#0}
[INFO] [stdout]    8:     0x5a6282c211d9 - std[97b98282bc616a66]::sys::backtrace::__rust_end_short_backtrace::<std[97b98282bc616a66]::panicking::panic_handler::{closure#0}, !>
[INFO] [stdout]    9:     0x5a6282c2a59d - __rustc[e3d8617bb01b7f69]::rust_begin_unwind
[INFO] [stdout]   10:     0x5a6282c6323c - core[832e9a552fc17241]::panicking::panic_fmt
[INFO] [stdout]   11:     0x5a6282c63012 - core[832e9a552fc17241]::result::unwrap_failed
[INFO] [stdout]   12:     0x5a6282bc530f - vhdx[db1ea01ad140d6e5]::medium::tests::create::create_test_vhdx_detailed
[INFO] [stdout]   13:     0x5a6282bc7e8a - vhdx[db1ea01ad140d6e5]::medium::tests::create::create_fixed_bat_entries_fully_present
[INFO] [stdout]   14:     0x5a6282b851d9 - <vhdx[db1ea01ad140d6e5]::medium::tests::create::create_fixed_bat_entries_fully_present::{closure#0} as core[832e9a552fc17241]::ops::function::FnOnce<()>>::call_once
[INFO] [stdout]   15:     0x5a6282bd0f1b - test[39766f3d73431624]::__rust_begin_short_backtrace::<core[832e9a552fc17241]::result::Result<(), alloc[3ecab9f82c41dc7d]::string::String>, fn() -> core[832e9a552fc17241]::result::Result<(), alloc[3ecab9f82c41dc7d]::string::String>>
[INFO] [stdout]   16:     0x5a6282bde565 - test[39766f3d73431624]::run_test::{closure#0}
[INFO] [stdout]   17:     0x5a6282bd9014 - std[97b98282bc616a66]::sys::backtrace::__rust_begin_short_backtrace::<test[39766f3d73431624]::run_test::{closure#1}, ()>
[INFO] [stdout]   18:     0x5a6282be16b2 - <std[97b98282bc616a66]::thread::lifecycle::spawn_unchecked<test[39766f3d73431624]::run_test::{closure#1}, ()>::{closure#1} as core[832e9a552fc17241]::ops::function::FnOnce<()>>::call_once::{shim:vtable#0}
[INFO] [stdout]   19:     0x5a6282c4d21f - <std[97b98282bc616a66]::sys::thread::unix::Thread>::new::thread_start
[INFO] [stdout]   20:     0x775b6d96107a - <unknown>
[INFO] [stdout]   21:     0x775b6d9f4534 - clone
[INFO] [stdout]   22:                0x0 - <unknown>
[INFO] [stdout] 
[INFO] [stdout] ---- medium::tests::create::create_dynamic_metadata_items_values stdout ----
[INFO] [stdout] 
[INFO] [stdout] thread 'medium::tests::create::create_dynamic_metadata_items_values' (1025) panicked at src/medium/tests/create.rs:183:43:
[INFO] [stdout] create test-output dir: Os { code: 30, kind: ReadOnlyFilesystem, message: "Read-only file system" }
[INFO] [stdout] stack backtrace:
[INFO] [stdout]    0:     0x5a6282c4da81 - <<std[97b98282bc616a66]::sys::backtrace::BacktraceLock>::print::DisplayBacktrace as core[832e9a552fc17241]::fmt::Display>::fmt
[INFO] [stdout]    1:     0x5a6282c62ada - core[832e9a552fc17241]::fmt::write
[INFO] [stdout]    2:     0x5a6282c522ec - <alloc[3ecab9f82c41dc7d]::vec::Vec<u8> as std[97b98282bc616a66]::io::Write>::write_fmt
[INFO] [stdout]    3:     0x5a6282c298f6 - std[97b98282bc616a66]::panicking::default_hook::{closure#0}
[INFO] [stdout]    4:     0x5a6282c44519 - std[97b98282bc616a66]::panicking::default_hook
[INFO] [stdout]    5:     0x5a6282bddbe0 - test[39766f3d73431624]::test_main_inner::<test[39766f3d73431624]::test_main_static::{closure#0}>::{closure#0}
[INFO] [stdout]    6:     0x5a6282c446d2 - std[97b98282bc616a66]::panicking::panic_with_hook
[INFO] [stdout]    7:     0x5a6282c299a2 - std[97b98282bc616a66]::panicking::panic_handler::{closure#0}
[INFO] [stdout]    8:     0x5a6282c211d9 - std[97b98282bc616a66]::sys::backtrace::__rust_end_short_backtrace::<std[97b98282bc616a66]::panicking::panic_handler::{closure#0}, !>
[INFO] [stdout]    9:     0x5a6282c2a59d - __rustc[e3d8617bb01b7f69]::rust_begin_unwind
[INFO] [stdout]   10:     0x5a6282c6323c - core[832e9a552fc17241]::panicking::panic_fmt
[INFO] [stdout]   11:     0x5a6282c63012 - core[832e9a552fc17241]::result::unwrap_failed
[INFO] [stdout]   12:     0x5a6282bc530f - vhdx[db1ea01ad140d6e5]::medium::tests::create::create_test_vhdx_detailed
[INFO] [stdout]   13:     0x5a6282bc6a46 - vhdx[db1ea01ad140d6e5]::medium::tests::create::create_dynamic_metadata_items_values
[INFO] [stdout]   14:     0x5a6282b85139 - <vhdx[db1ea01ad140d6e5]::medium::tests::create::create_dynamic_metadata_items_values::{closure#0} as core[832e9a552fc17241]::ops::function::FnOnce<()>>::call_once
[INFO] [stdout]   15:     0x5a6282bd0f1b - test[39766f3d73431624]::__rust_begin_short_backtrace::<core[832e9a552fc17241]::result::Result<(), alloc[3ecab9f82c41dc7d]::string::String>, fn() -> core[832e9a552fc17241]::result::Result<(), alloc[3ecab9f82c41dc7d]::string::String>>
[INFO] [stdout]   16:     0x5a6282bde565 - test[39766f3d73431624]::run_test::{closure#0}
[INFO] [stdout]   17:     0x5a6282bd9014 - std[97b98282bc616a66]::sys::backtrace::__rust_begin_short_backtrace::<test[39766f3d73431624]::run_test::{closure#1}, ()>
[INFO] [stdout]   18:     0x5a6282be16b2 - <std[97b98282bc616a66]::thread::lifecycle::spawn_unchecked<test[39766f3d73431624]::run_test::{closure#1}, ()>::{closure#1} as core[832e9a552fc17241]::ops::function::FnOnce<()>>::call_once::{shim:vtable#0}
[INFO] [stdout]   19:     0x5a6282c4d21f - <std[97b98282bc616a66]::sys::thread::unix::Thread>::new::thread_start
[INFO] [stdout]   20:     0x775b6d96107a - <unknown>
[INFO] [stdout]   21:     0x775b6d9f4534 - clone
[INFO] [stdout]   22:                0x0 - <unknown>
[INFO] [stdout] 
[INFO] [stdout] ---- medium::tests::create::create_fixed_file_parameters_leave_block_allocated stdout ----
[INFO] [stdout] 
[INFO] [stdout] thread 'medium::tests::create::create_fixed_file_parameters_leave_block_allocated' (1028) panicked at src/medium/tests/create.rs:183:43:
[INFO] [stdout] create test-output dir: Os { code: 30, kind: ReadOnlyFilesystem, message: "Read-only file system" }
[INFO] [stdout] stack backtrace:
[INFO] [stdout]    0:     0x5a6282c4da81 - <<std[97b98282bc616a66]::sys::backtrace::BacktraceLock>::print::DisplayBacktrace as core[832e9a552fc17241]::fmt::Display>::fmt
[INFO] [stdout]    1:     0x5a6282c62ada - core[832e9a552fc17241]::fmt::write
[INFO] [stdout]    2:     0x5a6282c522ec - <alloc[3ecab9f82c41dc7d]::vec::Vec<u8> as std[97b98282bc616a66]::io::Write>::write_fmt
[INFO] [stdout]    3:     0x5a6282c298f6 - std[97b98282bc616a66]::panicking::default_hook::{closure#0}
[INFO] [stdout]    4:     0x5a6282c44519 - std[97b98282bc616a66]::panicking::default_hook
[INFO] [stdout]    5:     0x5a6282bddbe0 - test[39766f3d73431624]::test_main_inner::<test[39766f3d73431624]::test_main_static::{closure#0}>::{closure#0}
[INFO] [stdout]    6:     0x5a6282c446d2 - std[97b98282bc616a66]::panicking::panic_with_hook
[INFO] [stdout]    7:     0x5a6282c299a2 - std[97b98282bc616a66]::panicking::panic_handler::{closure#0}
[INFO] [stdout]    8:     0x5a6282c211d9 - std[97b98282bc616a66]::sys::backtrace::__rust_end_short_backtrace::<std[97b98282bc616a66]::panicking::panic_handler::{closure#0}, !>
[INFO] [stdout]    9:     0x5a6282c2a59d - __rustc[e3d8617bb01b7f69]::rust_begin_unwind
[INFO] [stdout]   10:     0x5a6282c6323c - core[832e9a552fc17241]::panicking::panic_fmt
[INFO] [stdout]   11:     0x5a6282c63012 - core[832e9a552fc17241]::result::unwrap_failed
[INFO] [stdout]   12:     0x5a6282bc530f - vhdx[db1ea01ad140d6e5]::medium::tests::create::create_test_vhdx_detailed
[INFO] [stdout]   13:     0x5a6282bc8922 - vhdx[db1ea01ad140d6e5]::medium::tests::create::create_fixed_file_parameters_leave_block_allocated
[INFO] [stdout]   14:     0x5a6282b85239 - <vhdx[db1ea01ad140d6e5]::medium::tests::create::create_fixed_file_parameters_leave_block_allocated::{closure#0} as core[832e9a552fc17241]::ops::function::FnOnce<()>>::call_once
[INFO] [stdout]   15:     0x5a6282bd0f1b - test[39766f3d73431624]::__rust_begin_short_backtrace::<core[832e9a552fc17241]::result::Result<(), alloc[3ecab9f82c41dc7d]::string::String>, fn() -> core[832e9a552fc17241]::result::Result<(), alloc[3ecab9f82c41dc7d]::string::String>>
[INFO] [stdout]   16:     0x5a6282bde565 - test[39766f3d73431624]::run_test::{closure#0}
[INFO] [stdout]   17:     0x5a6282bd9014 - std[97b98282bc616a66]::sys::backtrace::__rust_begin_short_backtrace::<test[39766f3d73431624]::run_test::{closure#1}, ()>
[INFO] [stdout]   18:     0x5a6282be16b2 - <std[97b98282bc616a66]::thread::lifecycle::spawn_unchecked<test[39766f3d73431624]::run_test::{closure#1}, ()>::{closure#1} as core[832e9a552fc17241]::ops::function::FnOnce<()>>::call_once::{shim:vtable#0}
[INFO] [stdout]   19:     0x5a6282c4d21f - <std[97b98282bc616a66]::sys::thread::unix::Thread>::new::thread_start
[INFO] [stdout]   20:     0x775b6d96107a - <unknown>
[INFO] [stdout]   21:     0x775b6d9f4534 - clone
[INFO] [stdout]   22:                0x0 - <unknown>
[INFO] [stdout] 
[INFO] [stdout] ---- medium::tests::create::create_fixed_file_size_includes_payloads stdout ----
[INFO] [stdout] 
[INFO] [stdout] thread 'medium::tests::create::create_fixed_file_size_includes_payloads' (1029) panicked at src/medium/tests/create.rs:183:43:
[INFO] [stdout] create test-output dir: Os { code: 30, kind: ReadOnlyFilesystem, message: "Read-only file system" }
[INFO] [stdout] stack backtrace:
[INFO] [stdout]    0:     0x5a6282c4da81 - <<std[97b98282bc616a66]::sys::backtrace::BacktraceLock>::print::DisplayBacktrace as core[832e9a552fc17241]::fmt::Display>::fmt
[INFO] [stdout]    1:     0x5a6282c62ada - core[832e9a552fc17241]::fmt::write
[INFO] [stdout]    2:     0x5a6282c522ec - <alloc[3ecab9f82c41dc7d]::vec::Vec<u8> as std[97b98282bc616a66]::io::Write>::write_fmt
[INFO] [stdout]    3:     0x5a6282c298f6 - std[97b98282bc616a66]::panicking::default_hook::{closure#0}
[INFO] [stdout]    4:     0x5a6282c44519 - std[97b98282bc616a66]::panicking::default_hook
[INFO] [stdout]    5:     0x5a6282bddbe0 - test[39766f3d73431624]::test_main_inner::<test[39766f3d73431624]::test_main_static::{closure#0}>::{closure#0}
[INFO] [stdout]    6:     0x5a6282c446d2 - std[97b98282bc616a66]::panicking::panic_with_hook
[INFO] [stdout]    7:     0x5a6282c299a2 - std[97b98282bc616a66]::panicking::panic_handler::{closure#0}
[INFO] [stdout]    8:     0x5a6282c211d9 - std[97b98282bc616a66]::sys::backtrace::__rust_end_short_backtrace::<std[97b98282bc616a66]::panicking::panic_handler::{closure#0}, !>
[INFO] [stdout]    9:     0x5a6282c2a59d - __rustc[e3d8617bb01b7f69]::rust_begin_unwind
[INFO] [stdout]   10:     0x5a6282c6323c - core[832e9a552fc17241]::panicking::panic_fmt
[INFO] [stdout]   11:     0x5a6282c63012 - core[832e9a552fc17241]::result::unwrap_failed
[INFO] [stdout]   12:     0x5a6282bc530f - vhdx[db1ea01ad140d6e5]::medium::tests::create::create_test_vhdx_detailed
[INFO] [stdout]   13:     0x5a6282bc8773 - vhdx[db1ea01ad140d6e5]::medium::tests::create::create_fixed_file_size_includes_payloads
[INFO] [stdout]   14:     0x5a6282b85219 - <vhdx[db1ea01ad140d6e5]::medium::tests::create::create_fixed_file_size_includes_payloads::{closure#0} as core[832e9a552fc17241]::ops::function::FnOnce<()>>::call_once
[INFO] [stdout]   15:     0x5a6282bd0f1b - test[39766f3d73431624]::__rust_begin_short_backtrace::<core[832e9a552fc17241]::result::Result<(), alloc[3ecab9f82c41dc7d]::string::String>, fn() -> core[832e9a552fc17241]::result::Result<(), alloc[3ecab9f82c41dc7d]::string::String>>
[INFO] [stdout]   16:     0x5a6282bde565 - test[39766f3d73431624]::run_test::{closure#0}
[INFO] [stdout]   17:     0x5a6282bd9014 - std[97b98282bc616a66]::sys::backtrace::__rust_begin_short_backtrace::<test[39766f3d73431624]::run_test::{closure#1}, ()>
[INFO] [stdout]   18:     0x5a6282be16b2 - <std[97b98282bc616a66]::thread::lifecycle::spawn_unchecked<test[39766f3d73431624]::run_test::{closure#1}, ()>::{closure#1} as core[832e9a552fc17241]::ops::function::FnOnce<()>>::call_once::{shim:vtable#0}
[INFO] [stdout]   19:     0x5a6282c4d21f - <std[97b98282bc616a66]::sys::thread::unix::Thread>::new::thread_start
[INFO] [stdout]   20:     0x775b6d96107a - <unknown>
[INFO] [stdout]   21:     0x775b6d9f4534 - clone
[INFO] [stdout]   22:                0x0 - <unknown>
[INFO] [stdout] 
[INFO] [stdout] ---- medium::tests::create::sequence_number_is_zero stdout ----
[INFO] [stdout] 
[INFO] [stdout] thread 'medium::tests::create::sequence_number_is_zero' (1031) panicked at src/medium/tests/create.rs:36:43:
[INFO] [stdout] create test-output dir: Os { code: 30, kind: ReadOnlyFilesystem, message: "Read-only file system" }
[INFO] [stdout] stack backtrace:
[INFO] [stdout]    0:     0x5a6282c4da81 - <<std[97b98282bc616a66]::sys::backtrace::BacktraceLock>::print::DisplayBacktrace as core[832e9a552fc17241]::fmt::Display>::fmt
[INFO] [stdout]    1:     0x5a6282c62ada - core[832e9a552fc17241]::fmt::write
[INFO] [stdout]    2:     0x5a6282c522ec - <alloc[3ecab9f82c41dc7d]::vec::Vec<u8> as std[97b98282bc616a66]::io::Write>::write_fmt
[INFO] [stdout]    3:     0x5a6282c298f6 - std[97b98282bc616a66]::panicking::default_hook::{closure#0}
[INFO] [stdout]    4:     0x5a6282c44519 - std[97b98282bc616a66]::panicking::default_hook
[INFO] [stdout]    5:     0x5a6282bddbe0 - test[39766f3d73431624]::test_main_inner::<test[39766f3d73431624]::test_main_static::{closure#0}>::{closure#0}
[INFO] [stdout]    6:     0x5a6282c446d2 - std[97b98282bc616a66]::panicking::panic_with_hook
[INFO] [stdout]    7:     0x5a6282c299a2 - std[97b98282bc616a66]::panicking::panic_handler::{closure#0}
[INFO] [stdout]    8:     0x5a6282c211d9 - std[97b98282bc616a66]::sys::backtrace::__rust_end_short_backtrace::<std[97b98282bc616a66]::panicking::panic_handler::{closure#0}, !>
[INFO] [stdout]    9:     0x5a6282c2a59d - __rustc[e3d8617bb01b7f69]::rust_begin_unwind
[INFO] [stdout]   10:     0x5a6282c6323c - core[832e9a552fc17241]::panicking::panic_fmt
[INFO] [stdout]   11:     0x5a6282c63012 - core[832e9a552fc17241]::result::unwrap_failed
[INFO] [stdout]   12:     0x5a6282bc4463 - vhdx[db1ea01ad140d6e5]::medium::tests::create::create_test_vhdx
[INFO] [stdout]   13:     0x5a6282bc5b7d - vhdx[db1ea01ad140d6e5]::medium::tests::create::sequence_number_is_zero
[INFO] [stdout]   14:     0x5a6282b850b9 - <vhdx[db1ea01ad140d6e5]::medium::tests::create::sequence_number_is_zero::{closure#0} as core[832e9a552fc17241]::ops::function::FnOnce<()>>::call_once
[INFO] [stdout]   15:     0x5a6282bd0f1b - test[39766f3d73431624]::__rust_begin_short_backtrace::<core[832e9a552fc17241]::result::Result<(), alloc[3ecab9f82c41dc7d]::string::String>, fn() -> core[832e9a552fc17241]::result::Result<(), alloc[3ecab9f82c41dc7d]::string::String>>
[INFO] [stdout]   16:     0x5a6282bde565 - test[39766f3d73431624]::run_test::{closure#0}
[INFO] [stdout]   17:     0x5a6282bd9014 - std[97b98282bc616a66]::sys::backtrace::__rust_begin_short_backtrace::<test[39766f3d73431624]::run_test::{closure#1}, ()>
[INFO] [stdout]   18:     0x5a6282be16b2 - <std[97b98282bc616a66]::thread::lifecycle::spawn_unchecked<test[39766f3d73431624]::run_test::{closure#1}, ()>::{closure#1} as core[832e9a552fc17241]::ops::function::FnOnce<()>>::call_once::{shim:vtable#0}
[INFO] [stdout]   19:     0x5a6282c4d21f - <std[97b98282bc616a66]::sys::thread::unix::Thread>::new::thread_start
[INFO] [stdout]   20:     0x775b6d96107a - <unknown>
[INFO] [stdout]   21:     0x775b6d9f4534 - clone
[INFO] [stdout]   22:                0x0 - <unknown>
[INFO] [stdout] 
[INFO] [stdout] ---- medium::tests::create::create_dynamic_metadata_table stdout ----
[INFO] [stdout] 
[INFO] [stdout] thread 'medium::tests::create::create_dynamic_metadata_table' (1026) panicked at src/medium/tests/create.rs:183:43:
[INFO] [stdout] create test-output dir: Os { code: 30, kind: ReadOnlyFilesystem, message: "Read-only file system" }
[INFO] [stdout] stack backtrace:
[INFO] [stdout]    0:     0x5a6282c4da81 - <<std[97b98282bc616a66]::sys::backtrace::BacktraceLock>::print::DisplayBacktrace as core[832e9a552fc17241]::fmt::Display>::fmt
[INFO] [stdout]    1:     0x5a6282c62ada - core[832e9a552fc17241]::fmt::write
[INFO] [stdout]    2:     0x5a6282c522ec - <alloc[3ecab9f82c41dc7d]::vec::Vec<u8> as std[97b98282bc616a66]::io::Write>::write_fmt
[INFO] [stdout]    3:     0x5a6282c298f6 - std[97b98282bc616a66]::panicking::default_hook::{closure#0}
[INFO] [stdout]    4:     0x5a6282c44519 - std[97b98282bc616a66]::panicking::default_hook
[INFO] [stdout]    5:     0x5a6282bddbe0 - test[39766f3d73431624]::test_main_inner::<test[39766f3d73431624]::test_main_static::{closure#0}>::{closure#0}
[INFO] [stdout]    6:     0x5a6282c446d2 - std[97b98282bc616a66]::panicking::panic_with_hook
[INFO] [stdout]    7:     0x5a6282c299a2 - std[97b98282bc616a66]::panicking::panic_handler::{closure#0}
[INFO] [stdout]    8:     0x5a6282c211d9 - std[97b98282bc616a66]::sys::backtrace::__rust_end_short_backtrace::<std[97b98282bc616a66]::panicking::panic_handler::{closure#0}, !>
[INFO] [stdout]    9:     0x5a6282c2a59d - __rustc[e3d8617bb01b7f69]::rust_begin_unwind
[INFO] [stdout]   10:     0x5a6282c6323c - core[832e9a552fc17241]::panicking::panic_fmt
[INFO] [stdout]   11:     0x5a6282c63012 - core[832e9a552fc17241]::result::unwrap_failed
[INFO] [stdout]   12:     0x5a6282bc530f - vhdx[db1ea01ad140d6e5]::medium::tests::create::create_test_vhdx_detailed
[INFO] [stdout]   13:     0x5a6282bc5f54 - vhdx[db1ea01ad140d6e5]::medium::tests::create::create_dynamic_metadata_table
[INFO] [stdout]   14:     0x5a6282b85119 - <vhdx[db1ea01ad140d6e5]::medium::tests::create::create_dynamic_metadata_table::{closure#0} as core[832e9a552fc17241]::ops::function::FnOnce<()>>::call_once
[INFO] [stdout]   15:     0x5a6282bd0f1b - test[39766f3d73431624]::__rust_begin_short_backtrace::<core[832e9a552fc17241]::result::Result<(), alloc[3ecab9f82c41dc7d]::string::String>, fn() -> core[832e9a552fc17241]::result::Result<(), alloc[3ecab9f82c41dc7d]::string::String>>
[INFO] [stdout]   16:     0x5a6282bde565 - test[39766f3d73431624]::run_test::{closure#0}
[INFO] [stdout]   17:     0x5a6282bd9014 - std[97b98282bc616a66]::sys::backtrace::__rust_begin_short_backtrace::<test[39766f3d73431624]::run_test::{closure#1}, ()>
[INFO] [stdout]   18:     0x5a6282be16b2 - <std[97b98282bc616a66]::thread::lifecycle::spawn_unchecked<test[39766f3d73431624]::run_test::{closure#1}, ()>::{closure#1} as core[832e9a552fc17241]::ops::function::FnOnce<()>>::call_once::{shim:vtable#0}
[INFO] [stdout]   19:     0x5a6282c4d21f - <std[97b98282bc616a66]::sys::thread::unix::Thread>::new::thread_start
[INFO] [stdout]   20:     0x775b6d96107a - <unknown>
[INFO] [stdout]   21:     0x775b6d9f4534 - clone
[INFO] [stdout]   22:                0x0 - <unknown>
[INFO] [stdout] 
[INFO] [stdout] ---- medium::tests::create::create_differencing_file_parameters_has_parent_flag stdout ----
[INFO] [stdout] 
[INFO] [stdout] thread 'medium::tests::create::create_differencing_file_parameters_has_parent_flag' (1022) panicked at src/medium/tests/create.rs:183:43:
[INFO] [stdout] create test-output dir: Os { code: 30, kind: ReadOnlyFilesystem, message: "Read-only file system" }
[INFO] [stdout] stack backtrace:
[INFO] [stdout]    0:     0x5a6282c4da81 - <<std[97b98282bc616a66]::sys::backtrace::BacktraceLock>::print::DisplayBacktrace as core[832e9a552fc17241]::fmt::Display>::fmt
[INFO] [stdout]    1:     0x5a6282c62ada - core[832e9a552fc17241]::fmt::write
[INFO] [stdout]    2:     0x5a6282c522ec - <alloc[3ecab9f82c41dc7d]::vec::Vec<u8> as std[97b98282bc616a66]::io::Write>::write_fmt
[INFO] [stdout]    3:     0x5a6282c298f6 - std[97b98282bc616a66]::panicking::default_hook::{closure#0}
[INFO] [stdout]    4:     0x5a6282c44519 - std[97b98282bc616a66]::panicking::default_hook
[INFO] [stdout]    5:     0x5a6282bddbe0 - test[39766f3d73431624]::test_main_inner::<test[39766f3d73431624]::test_main_static::{closure#0}>::{closure#0}
[INFO] [stdout]    6:     0x5a6282c446d2 - std[97b98282bc616a66]::panicking::panic_with_hook
[INFO] [stdout]    7:     0x5a6282c299a2 - std[97b98282bc616a66]::panicking::panic_handler::{closure#0}
[INFO] [stdout]    8:     0x5a6282c211d9 - std[97b98282bc616a66]::sys::backtrace::__rust_end_short_backtrace::<std[97b98282bc616a66]::panicking::panic_handler::{closure#0}, !>
[INFO] [stdout]    9:     0x5a6282c2a59d - __rustc[e3d8617bb01b7f69]::rust_begin_unwind
[INFO] [stdout]   10:     0x5a6282c6323c - core[832e9a552fc17241]::panicking::panic_fmt
[INFO] [stdout]   11:     0x5a6282c63012 - core[832e9a552fc17241]::result::unwrap_failed
[INFO] [stdout]   12:     0x5a6282bc530f - vhdx[db1ea01ad140d6e5]::medium::tests::create::create_test_vhdx_detailed
[INFO] [stdout]   13:     0x5a6282bc8b94 - vhdx[db1ea01ad140d6e5]::medium::tests::create::create_differencing_file_parameters_has_parent_flag
[INFO] [stdout]   14:     0x5a6282b85259 - <vhdx[db1ea01ad140d6e5]::medium::tests::create::create_differencing_file_parameters_has_parent_flag::{closure#0} as core[832e9a552fc17241]::ops::function::FnOnce<()>>::call_once
[INFO] [stdout]   15:     0x5a6282bd0f1b - test[39766f3d73431624]::__rust_begin_short_backtrace::<core[832e9a552fc17241]::result::Result<(), alloc[3ecab9f82c41dc7d]::string::String>, fn() -> core[832e9a552fc17241]::result::Result<(), alloc[3ecab9f82c41dc7d]::string::String>>
[INFO] [stdout]   16:     0x5a6282bde565 - test[39766f3d73431624]::run_test::{closure#0}
[INFO] [stdout]   17:     0x5a6282bd9014 - std[97b98282bc616a66]::sys::backtrace::__rust_begin_short_backtrace::<test[39766f3d73431624]::run_test::{closure#1}, ()>
[INFO] [stdout]   18:     0x5a6282be16b2 - <std[97b98282bc616a66]::thread::lifecycle::spawn_unchecked<test[39766f3d73431624]::run_test::{closure#1}, ()>::{closure#1} as core[832e9a552fc17241]::ops::function::FnOnce<()>>::call_once::{shim:vtable#0}
[INFO] [stdout]   19:     0x5a6282c4d21f - <std[97b98282bc616a66]::sys::thread::unix::Thread>::new::thread_start
[INFO] [stdout]   20:     0x775b6d96107a - <unknown>
[INFO] [stdout]   21:     0x775b6d9f4534 - clone
[INFO] [stdout]   22:                0x0 - <unknown>
[INFO] [stdout] 
[INFO] [stdout] ---- medium::tests::create::region_table_has_two_entries stdout ----
[INFO] [stdout] 
[INFO] [stdout] thread 'medium::tests::create::region_table_has_two_entries' (1030) panicked at src/medium/tests/create.rs:36:43:
[INFO] [stdout] create test-output dir: Os { code: 30, kind: ReadOnlyFilesystem, message: "Read-only file system" }
[INFO] [stdout] stack backtrace:
[INFO] [stdout]    0:     0x5a6282c4da81 - <<std[97b98282bc616a66]::sys::backtrace::BacktraceLock>::print::DisplayBacktrace as core[832e9a552fc17241]::fmt::Display>::fmt
[INFO] [stdout]    1:     0x5a6282c62ada - core[832e9a552fc17241]::fmt::write
[INFO] [stdout]    2:     0x5a6282c522ec - <alloc[3ecab9f82c41dc7d]::vec::Vec<u8> as std[97b98282bc616a66]::io::Write>::write_fmt
[INFO] [stdout]    3:     0x5a6282c298f6 - std[97b98282bc616a66]::panicking::default_hook::{closure#0}
[INFO] [stdout]    4:     0x5a6282c44519 - std[97b98282bc616a66]::panicking::default_hook
[INFO] [stdout]    5:     0x5a6282bddbe0 - test[39766f3d73431624]::test_main_inner::<test[39766f3d73431624]::test_main_static::{closure#0}>::{closure#0}
[INFO] [stdout]    6:     0x5a6282c446d2 - std[97b98282bc616a66]::panicking::panic_with_hook
[INFO] [stdout]    7:     0x5a6282c299a2 - std[97b98282bc616a66]::panicking::panic_handler::{closure#0}
[INFO] [stdout]    8:     0x5a6282c211d9 - std[97b98282bc616a66]::sys::backtrace::__rust_end_short_backtrace::<std[97b98282bc616a66]::panicking::panic_handler::{closure#0}, !>
[INFO] [stdout]    9:     0x5a6282c2a59d - __rustc[e3d8617bb01b7f69]::rust_begin_unwind
[INFO] [stdout]   10:     0x5a6282c6323c - core[832e9a552fc17241]::panicking::panic_fmt
[INFO] [stdout]   11:     0x5a6282c63012 - core[832e9a552fc17241]::result::unwrap_failed
[INFO] [stdout]   12:     0x5a6282bc4463 - vhdx[db1ea01ad140d6e5]::medium::tests::create::create_test_vhdx
[INFO] [stdout]   13:     0x5a6282bc5c4f - vhdx[db1ea01ad140d6e5]::medium::tests::create::region_table_has_two_entries
[INFO] [stdout]   14:     0x5a6282b850d9 - <vhdx[db1ea01ad140d6e5]::medium::tests::create::region_table_has_two_entries::{closure#0} as core[832e9a552fc17241]::ops::function::FnOnce<()>>::call_once
[INFO] [stdout]   15:     0x5a6282bd0f1b - test[39766f3d73431624]::__rust_begin_short_backtrace::<core[832e9a552fc17241]::result::Result<(), alloc[3ecab9f82c41dc7d]::string::String>, fn() -> core[832e9a552fc17241]::result::Result<(), alloc[3ecab9f82c41dc7d]::string::String>>
[INFO] [stdout]   16:     0x5a6282bde565 - test[39766f3d73431624]::run_test::{closure#0}
[INFO] [stdout]   17:     0x5a6282bd9014 - std[97b98282bc616a66]::sys::backtrace::__rust_begin_short_backtrace::<test[39766f3d73431624]::run_test::{closure#1}, ()>
[INFO] [stdout]   18:     0x5a6282be16b2 - <std[97b98282bc616a66]::thread::lifecycle::spawn_unchecked<test[39766f3d73431624]::run_test::{closure#1}, ()>::{closure#1} as core[832e9a552fc17241]::ops::function::FnOnce<()>>::call_once::{shim:vtable#0}
[INFO] [stdout]   19:     0x5a6282c4d21f - <std[97b98282bc616a66]::sys::thread::unix::Thread>::new::thread_start
[INFO] [stdout]   20:     0x775b6d96107a - <unknown>
[INFO] [stdout]   21:     0x775b6d9f4534 - clone
[INFO] [stdout]   22:                0x0 - <unknown>
[INFO] [stdout] 
[INFO] [stdout] ---- medium::tests::open::open_options_builder_non_strict stdout ----
[INFO] [stdout] 
[INFO] [stdout] thread 'medium::tests::open::open_options_builder_non_strict' (1046) panicked at src/medium/tests/open.rs:16:10:
[INFO] [stdout] tempdir: Custom { kind: NotFound, error: PathError { path: "/opt/rustwide/workdir/target/test/test-71RhsO", err: Os { code: 2, kind: NotFound, message: "No such file or directory" } } }
[INFO] [stdout] stack backtrace:
[INFO] [stdout]    0:     0x5a6282c4da81 - <<std[97b98282bc616a66]::sys::backtrace::BacktraceLock>::print::DisplayBacktrace as core[832e9a552fc17241]::fmt::Display>::fmt
[INFO] [stdout]    1:     0x5a6282c62ada - core[832e9a552fc17241]::fmt::write
[INFO] [stdout]    2:     0x5a6282c522ec - <alloc[3ecab9f82c41dc7d]::vec::Vec<u8> as std[97b98282bc616a66]::io::Write>::write_fmt
[INFO] [stdout]    3:     0x5a6282c298f6 - std[97b98282bc616a66]::panicking::default_hook::{closure#0}
[INFO] [stdout]    4:     0x5a6282c44519 - std[97b98282bc616a66]::panicking::default_hook
[INFO] [stdout]    5:     0x5a6282bddbe0 - test[39766f3d73431624]::test_main_inner::<test[39766f3d73431624]::test_main_static::{closure#0}>::{closure#0}
[INFO] [stdout]    6:     0x5a6282c446d2 - std[97b98282bc616a66]::panicking::panic_with_hook
[INFO] [stdout]    7:     0x5a6282c299a2 - std[97b98282bc616a66]::panicking::panic_handler::{closure#0}
[INFO] [stdout]    8:     0x5a6282c211d9 - std[97b98282bc616a66]::sys::backtrace::__rust_end_short_backtrace::<std[97b98282bc616a66]::panicking::panic_handler::{closure#0}, !>
[INFO] [stdout]    9:     0x5a6282c2a59d - __rustc[e3d8617bb01b7f69]::rust_begin_unwind
[INFO] [stdout]   10:     0x5a6282c6323c - core[832e9a552fc17241]::panicking::panic_fmt
[INFO] [stdout]   11:     0x5a6282c63012 - core[832e9a552fc17241]::result::unwrap_failed
[INFO] [stdout]   12:     0x5a6282b940be - vhdx[db1ea01ad140d6e5]::medium::tests::open::ref_to_tmp
[INFO] [stdout]   13:     0x5a6282b94e67 - vhdx[db1ea01ad140d6e5]::medium::tests::open::open_options_builder_non_strict
[INFO] [stdout]   14:     0x5a6282b84f79 - <vhdx[db1ea01ad140d6e5]::medium::tests::open::open_options_builder_non_strict::{closure#0} as core[832e9a552fc17241]::ops::function::FnOnce<()>>::call_once
[INFO] [stdout]   15:     0x5a6282bd0f1b - test[39766f3d73431624]::__rust_begin_short_backtrace::<core[832e9a552fc17241]::result::Result<(), alloc[3ecab9f82c41dc7d]::string::String>, fn() -> core[832e9a552fc17241]::result::Result<(), alloc[3ecab9f82c41dc7d]::string::String>>
[INFO] [stdout]   16:     0x5a6282bde565 - test[39766f3d73431624]::run_test::{closure#0}
[INFO] [stdout]   17:     0x5a6282bd9014 - std[97b98282bc616a66]::sys::backtrace::__rust_begin_short_backtrace::<test[39766f3d73431624]::run_test::{closure#1}, ()>
[INFO] [stdout]   18:     0x5a6282be16b2 - <std[97b98282bc616a66]::thread::lifecycle::spawn_unchecked<test[39766f3d73431624]::run_test::{closure#1}, ()>::{closure#1} as core[832e9a552fc17241]::ops::function::FnOnce<()>>::call_once::{shim:vtable#0}
[INFO] [stdout]   19:     0x5a6282c4d21f - <std[97b98282bc616a66]::sys::thread::unix::Thread>::new::thread_start
[INFO] [stdout]   20:     0x775b6d96107a - <unknown>
[INFO] [stdout]   21:     0x775b6d9f4534 - clone
[INFO] [stdout]   22:                0x0 - <unknown>
[INFO] [stdout] 
[INFO] [stdout] ---- medium::tests::open::open_options_builder_write stdout ----
[INFO] [stdout] 
[INFO] [stdout] thread 'medium::tests::open::open_options_builder_write' (1047) panicked at src/medium/tests/open.rs:16:10:
[INFO] [stdout] tempdir: Custom { kind: NotFound, error: PathError { path: "/opt/rustwide/workdir/target/test/test-txcmxO", err: Os { code: 2, kind: NotFound, message: "No such file or directory" } } }
[INFO] [stdout] stack backtrace:
[INFO] [stdout]    0:     0x5a6282c4da81 - <<std[97b98282bc616a66]::sys::backtrace::BacktraceLock>::print::DisplayBacktrace as core[832e9a552fc17241]::fmt::Display>::fmt
[INFO] [stdout]    1:     0x5a6282c62ada - core[832e9a552fc17241]::fmt::write
[INFO] [stdout]    2:     0x5a6282c522ec - <alloc[3ecab9f82c41dc7d]::vec::Vec<u8> as std[97b98282bc616a66]::io::Write>::write_fmt
[INFO] [stdout]    3:     0x5a6282c298f6 - std[97b98282bc616a66]::panicking::default_hook::{closure#0}
[INFO] [stdout]    4:     0x5a6282c44519 - std[97b98282bc616a66]::panicking::default_hook
[INFO] [stdout]    5:     0x5a6282bddbe0 - test[39766f3d73431624]::test_main_inner::<test[39766f3d73431624]::test_main_static::{closure#0}>::{closure#0}
[INFO] [stdout]    6:     0x5a6282c446d2 - std[97b98282bc616a66]::panicking::panic_with_hook
[INFO] [stdout]    7:     0x5a6282c299a2 - std[97b98282bc616a66]::panicking::panic_handler::{closure#0}
[INFO] [stdout]    8:     0x5a6282c211d9 - std[97b98282bc616a66]::sys::backtrace::__rust_end_short_backtrace::<std[97b98282bc616a66]::panicking::panic_handler::{closure#0}, !>
[INFO] [stdout]    9:     0x5a6282c2a59d - __rustc[e3d8617bb01b7f69]::rust_begin_unwind
[INFO] [stdout]   10:     0x5a6282c6323c - core[832e9a552fc17241]::panicking::panic_fmt
[INFO] [stdout]   11:     0x5a6282c63012 - core[832e9a552fc17241]::result::unwrap_failed
[INFO] [stdout]   12:     0x5a6282b940be - vhdx[db1ea01ad140d6e5]::medium::tests::open::ref_to_tmp
[INFO] [stdout]   13:     0x5a6282b949b7 - vhdx[db1ea01ad140d6e5]::medium::tests::open::open_options_builder_write
[INFO] [stdout]   14:     0x5a6282b84f39 - <vhdx[db1ea01ad140d6e5]::medium::tests::open::open_options_builder_write::{closure#0} as core[832e9a552fc17241]::ops::function::FnOnce<()>>::call_once
[INFO] [stdout]   15:     0x5a6282bd0f1b - test[39766f3d73431624]::__rust_begin_short_backtrace::<core[832e9a552fc17241]::result::Result<(), alloc[3ecab9f82c41dc7d]::string::String>, fn() -> core[832e9a552fc17241]::result::Result<(), alloc[3ecab9f82c41dc7d]::string::String>>
[INFO] [stdout]   16:     0x5a6282bde565 - test[39766f3d73431624]::run_test::{closure#0}
[INFO] [stdout]   17:     0x5a6282bd9014 - std[97b98282bc616a66]::sys::backtrace::__rust_begin_short_backtrace::<test[39766f3d73431624]::run_test::{closure#1}, ()>
[INFO] [stdout]   18:     0x5a6282be16b2 - <std[97b98282bc616a66]::thread::lifecycle::spawn_unchecked<test[39766f3d73431624]::run_test::{closure#1}, ()>::{closure#1} as core[832e9a552fc17241]::ops::function::FnOnce<()>>::call_once::{shim:vtable#0}
[INFO] [stdout]   19:     0x5a6282c4d21f - <std[97b98282bc616a66]::sys::thread::unix::Thread>::new::thread_start
[INFO] [stdout]   20:     0x775b6d96107a - <unknown>
[INFO] [stdout]   21:     0x775b6d9f4534 - clone
[INFO] [stdout]   22:                0x0 - <unknown>
[INFO] [stdout] 
[INFO] [stdout] ---- medium::tests::open::open_options_builder_log_replay stdout ----
[INFO] [stdout] 
[INFO] [stdout] thread 'medium::tests::open::open_options_builder_log_replay' (1045) panicked at src/medium/tests/open.rs:16:10:
[INFO] [stdout] tempdir: Custom { kind: NotFound, error: PathError { path: "/opt/rustwide/workdir/target/test/test-3YNs0T", err: Os { code: 2, kind: NotFound, message: "No such file or directory" } } }
[INFO] [stdout] stack backtrace:
[INFO] [stdout]    0:     0x5a6282c4da81 - <<std[97b98282bc616a66]::sys::backtrace::BacktraceLock>::print::DisplayBacktrace as core[832e9a552fc17241]::fmt::Display>::fmt
[INFO] [stdout]    1:     0x5a6282c62ada - core[832e9a552fc17241]::fmt::write
[INFO] [stdout]    2:     0x5a6282c522ec - <alloc[3ecab9f82c41dc7d]::vec::Vec<u8> as std[97b98282bc616a66]::io::Write>::write_fmt
[INFO] [stdout]    3:     0x5a6282c298f6 - std[97b98282bc616a66]::panicking::default_hook::{closure#0}
[INFO] [stdout]    4:     0x5a6282c44519 - std[97b98282bc616a66]::panicking::default_hook
[INFO] [stdout]    5:     0x5a6282bddbe0 - test[39766f3d73431624]::test_main_inner::<test[39766f3d73431624]::test_main_static::{closure#0}>::{closure#0}
[INFO] [stdout]    6:     0x5a6282c446d2 - std[97b98282bc616a66]::panicking::panic_with_hook
[INFO] [stdout]    7:     0x5a6282c299a2 - std[97b98282bc616a66]::panicking::panic_handler::{closure#0}
[INFO] [stdout]    8:     0x5a6282c211d9 - std[97b98282bc616a66]::sys::backtrace::__rust_end_short_backtrace::<std[97b98282bc616a66]::panicking::panic_handler::{closure#0}, !>
[INFO] [stdout]    9:     0x5a6282c2a59d - __rustc[e3d8617bb01b7f69]::rust_begin_unwind
[INFO] [stdout]   10:     0x5a6282c6323c - core[832e9a552fc17241]::panicking::panic_fmt
[INFO] [stdout]   11:     0x5a6282c63012 - core[832e9a552fc17241]::result::unwrap_failed
[INFO] [stdout]   12:     0x5a6282b940be - vhdx[db1ea01ad140d6e5]::medium::tests::open::ref_to_tmp
[INFO] [stdout]   13:     0x5a6282b94c07 - vhdx[db1ea01ad140d6e5]::medium::tests::open::open_options_builder_log_replay
[INFO] [stdout]   14:     0x5a6282b84f59 - <vhdx[db1ea01ad140d6e5]::medium::tests::open::open_options_builder_log_replay::{closure#0} as core[832e9a552fc17241]::ops::function::FnOnce<()>>::call_once
[INFO] [stdout]   15:     0x5a6282bd0f1b - test[39766f3d73431624]::__rust_begin_short_backtrace::<core[832e9a552fc17241]::result::Result<(), alloc[3ecab9f82c41dc7d]::string::String>, fn() -> core[832e9a552fc17241]::result::Result<(), alloc[3ecab9f82c41dc7d]::string::String>>
[INFO] [stdout]   16:     0x5a6282bde565 - test[39766f3d73431624]::run_test::{closure#0}
[INFO] [stdout]   17:     0x5a6282bd9014 - std[97b98282bc616a66]::sys::backtrace::__rust_begin_short_backtrace::<test[39766f3d73431624]::run_test::{closure#1}, ()>
[INFO] [stdout]   18:     0x5a6282be16b2 - <std[97b98282bc616a66]::thread::lifecycle::spawn_unchecked<test[39766f3d73431624]::run_test::{closure#1}, ()>::{closure#1} as core[832e9a552fc17241]::ops::function::FnOnce<()>>::call_once::{shim:vtable#0}
[INFO] [stdout]   19:     0x5a6282c4d21f - <std[97b98282bc616a66]::sys::thread::unix::Thread>::new::thread_start
[INFO] [stdout]   20:     0x775b6d96107a - <unknown>
[INFO] [stdout]   21:     0x775b6d9f4534 - clone
[INFO] [stdout]   22:                0x0 - <unknown>
[INFO] [stdout] 
[INFO] [stdout] ---- medium::tests::open::medium_open_accepts_caller_owned_std_file stdout ----
[INFO] [stdout] 
[INFO] [stdout] thread 'medium::tests::open::medium_open_accepts_caller_owned_std_file' (1042) panicked at src/medium/tests/open.rs:16:10:
[INFO] [stdout] tempdir: Custom { kind: NotFound, error: PathError { path: "/opt/rustwide/workdir/target/test/test-5vC1un", err: Os { code: 2, kind: NotFound, message: "No such file or directory" } } }
[INFO] [stdout] stack backtrace:
[INFO] [stdout]    0:     0x5a6282c4da81 - <<std[97b98282bc616a66]::sys::backtrace::BacktraceLock>::print::DisplayBacktrace as core[832e9a552fc17241]::fmt::Display>::fmt
[INFO] [stdout]    1:     0x5a6282c62ada - core[832e9a552fc17241]::fmt::write
[INFO] [stdout]    2:     0x5a6282c522ec - <alloc[3ecab9f82c41dc7d]::vec::Vec<u8> as std[97b98282bc616a66]::io::Write>::write_fmt
[INFO] [stdout]    3:     0x5a6282c298f6 - std[97b98282bc616a66]::panicking::default_hook::{closure#0}
[INFO] [stdout]    4:     0x5a6282c44519 - std[97b98282bc616a66]::panicking::default_hook
[INFO] [stdout]    5:     0x5a6282bddbe0 - test[39766f3d73431624]::test_main_inner::<test[39766f3d73431624]::test_main_static::{closure#0}>::{closure#0}
[INFO] [stdout]    6:     0x5a6282c446d2 - std[97b98282bc616a66]::panicking::panic_with_hook
[INFO] [stdout]    7:     0x5a6282c299a2 - std[97b98282bc616a66]::panicking::panic_handler::{closure#0}
[INFO] [stdout]    8:     0x5a6282c211d9 - std[97b98282bc616a66]::sys::backtrace::__rust_end_short_backtrace::<std[97b98282bc616a66]::panicking::panic_handler::{closure#0}, !>
[INFO] [stdout]    9:     0x5a6282c2a59d - __rustc[e3d8617bb01b7f69]::rust_begin_unwind
[INFO] [stdout]   10:     0x5a6282c6323c - core[832e9a552fc17241]::panicking::panic_fmt
[INFO] [stdout]   11:     0x5a6282c63012 - core[832e9a552fc17241]::result::unwrap_failed
[INFO] [stdout]   12:     0x5a6282b940be - vhdx[db1ea01ad140d6e5]::medium::tests::open::ref_to_tmp
[INFO] [stdout]   13:     0x5a6282b95327 - vhdx[db1ea01ad140d6e5]::medium::tests::open::medium_open_accepts_caller_owned_std_file
[INFO] [stdout]   14:     0x5a6282b84fb9 - <vhdx[db1ea01ad140d6e5]::medium::tests::open::medium_open_accepts_caller_owned_std_file::{closure#0} as core[832e9a552fc17241]::ops::function::FnOnce<()>>::call_once
[INFO] [stdout]   15:     0x5a6282bd0f1b - test[39766f3d73431624]::__rust_begin_short_backtrace::<core[832e9a552fc17241]::result::Result<(), alloc[3ecab9f82c41dc7d]::string::String>, fn() -> core[832e9a552fc17241]::result::Result<(), alloc[3ecab9f82c41dc7d]::string::String>>
[INFO] [stdout]   16:     0x5a6282bde565 - test[39766f3d73431624]::run_test::{closure#0}
[INFO] [stdout]   17:     0x5a6282bd9014 - std[97b98282bc616a66]::sys::backtrace::__rust_begin_short_backtrace::<test[39766f3d73431624]::run_test::{closure#1}, ()>
[INFO] [stdout]   18:     0x5a6282be16b2 - <std[97b98282bc616a66]::thread::lifecycle::spawn_unchecked<test[39766f3d73431624]::run_test::{closure#1}, ()>::{closure#1} as core[832e9a552fc17241]::ops::function::FnOnce<()>>::call_once::{shim:vtable#0}
[INFO] [stdout]   19:     0x5a6282c4d21f - <std[97b98282bc616a66]::sys::thread::unix::Thread>::new::thread_start
[INFO] [stdout]   20:     0x775b6d96107a - <unknown>
[INFO] [stdout]   21:     0x775b6d9f4534 - clone
[INFO] [stdout]   22:                0x0 - <unknown>
[INFO] [stdout] 
[INFO] [stdout] ---- medium::tests::create::version_is_one stdout ----
[INFO] [stdout] 
[INFO] [stdout] thread 'medium::tests::create::version_is_one' (1036) panicked at src/medium/tests/create.rs:36:43:
[INFO] [stdout] create test-output dir: Os { code: 30, kind: ReadOnlyFilesystem, message: "Read-only file system" }
[INFO] [stdout] stack backtrace:
[INFO] [stdout]    0:     0x5a6282c4da81 - <<std[97b98282bc616a66]::sys::backtrace::BacktraceLock>::print::DisplayBacktrace as core[832e9a552fc17241]::fmt::Display>::fmt
[INFO] [stdout]    1:     0x5a6282c62ada - core[832e9a552fc17241]::fmt::write
[INFO] [stdout]    2:     0x5a6282c522ec - <alloc[3ecab9f82c41dc7d]::vec::Vec<u8> as std[97b98282bc616a66]::io::Write>::write_fmt
[INFO] [stdout]    3:     0x5a6282c298f6 - std[97b98282bc616a66]::panicking::default_hook::{closure#0}
[INFO] [stdout]    4:     0x5a6282c44519 - std[97b98282bc616a66]::panicking::default_hook
[INFO] [stdout]    5:     0x5a6282bddbe0 - test[39766f3d73431624]::test_main_inner::<test[39766f3d73431624]::test_main_static::{closure#0}>::{closure#0}
[INFO] [stdout]    6:     0x5a6282c446d2 - std[97b98282bc616a66]::panicking::panic_with_hook
[INFO] [stdout]    7:     0x5a6282c299a2 - std[97b98282bc616a66]::panicking::panic_handler::{closure#0}
[INFO] [stdout]    8:     0x5a6282c211d9 - std[97b98282bc616a66]::sys::backtrace::__rust_end_short_backtrace::<std[97b98282bc616a66]::panicking::panic_handler::{closure#0}, !>
[INFO] [stdout]    9:     0x5a6282c2a59d - __rustc[e3d8617bb01b7f69]::rust_begin_unwind
[INFO] [stdout]   10:     0x5a6282c6323c - core[832e9a552fc17241]::panicking::panic_fmt
[INFO] [stdout]   11:     0x5a6282c63012 - core[832e9a552fc17241]::result::unwrap_failed
[INFO] [stdout]   12:     0x5a6282bc4463 - vhdx[db1ea01ad140d6e5]::medium::tests::create::create_test_vhdx
[INFO] [stdout]   13:     0x5a6282bc58cf - vhdx[db1ea01ad140d6e5]::medium::tests::create::version_is_one
[INFO] [stdout]   14:     0x5a6282b85079 - <vhdx[db1ea01ad140d6e5]::medium::tests::create::version_is_one::{closure#0} as core[832e9a552fc17241]::ops::function::FnOnce<()>>::call_once
[INFO] [stdout]   15:     0x5a6282bd0f1b - test[39766f3d73431624]::__rust_begin_short_backtrace::<core[832e9a552fc17241]::result::Result<(), alloc[3ecab9f82c41dc7d]::string::String>, fn() -> core[832e9a552fc17241]::result::Result<(), alloc[3ecab9f82c41dc7d]::string::String>>
[INFO] [stdout]   16:     0x5a6282bde565 - test[39766f3d73431624]::run_test::{closure#0}
[INFO] [stdout]   17:     0x5a6282bd9014 - std[97b98282bc616a66]::sys::backtrace::__rust_begin_short_backtrace::<test[39766f3d73431624]::run_test::{closure#1}, ()>
[INFO] [stdout]   18:     0x5a6282be16b2 - <std[97b98282bc616a66]::thread::lifecycle::spawn_unchecked<test[39766f3d73431624]::run_test::{closure#1}, ()>::{closure#1} as core[832e9a552fc17241]::ops::function::FnOnce<()>>::call_once::{shim:vtable#0}
[INFO] [stdout]   19:     0x5a6282c4d21f - <std[97b98282bc616a66]::sys::thread::unix::Thread>::new::thread_start
[INFO] [stdout]   20:     0x775b6d96107a - <unknown>
[INFO] [stdout]   21:     0x775b6d9f4534 - clone
[INFO] [stdout]   22:                0x0 - <unknown>
[INFO] [stdout] 
[INFO] [stdout] ---- medium::tests::open::open_void_vhdx stdout ----
[INFO] [stdout] 
[INFO] [stdout] thread 'medium::tests::open::open_void_vhdx' (1049) panicked at src/medium/tests/open.rs:16:10:
[INFO] [stdout] tempdir: Custom { kind: NotFound, error: PathError { path: "/opt/rustwide/workdir/target/test/test-hnL5ch", err: Os { code: 2, kind: NotFound, message: "No such file or directory" } } }
[INFO] [stdout] stack backtrace:
[INFO] [stdout]    0:     0x5a6282c4da81 - <<std[97b98282bc616a66]::sys::backtrace::BacktraceLock>::print::DisplayBacktrace as core[832e9a552fc17241]::fmt::Display>::fmt
[INFO] [stdout]    1:     0x5a6282c62ada - core[832e9a552fc17241]::fmt::write
[INFO] [stdout]    2:     0x5a6282c522ec - <alloc[3ecab9f82c41dc7d]::vec::Vec<u8> as std[97b98282bc616a66]::io::Write>::write_fmt
[INFO] [stdout]    3:     0x5a6282c298f6 - std[97b98282bc616a66]::panicking::default_hook::{closure#0}
[INFO] [stdout]    4:     0x5a6282c44519 - std[97b98282bc616a66]::panicking::default_hook
[INFO] [stdout]    5:     0x5a6282bddbe0 - test[39766f3d73431624]::test_main_inner::<test[39766f3d73431624]::test_main_static::{closure#0}>::{closure#0}
[INFO] [stdout]    6:     0x5a6282c446d2 - std[97b98282bc616a66]::panicking::panic_with_hook
[INFO] [stdout]    7:     0x5a6282c299a2 - std[97b98282bc616a66]::panicking::panic_handler::{closure#0}
[INFO] [stdout]    8:     0x5a6282c211d9 - std[97b98282bc616a66]::sys::backtrace::__rust_end_short_backtrace::<std[97b98282bc616a66]::panicking::panic_handler::{closure#0}, !>
[INFO] [stdout]    9:     0x5a6282c2a59d - __rustc[e3d8617bb01b7f69]::rust_begin_unwind
[INFO] [stdout]   10:     0x5a6282c6323c - core[832e9a552fc17241]::panicking::panic_fmt
[INFO] [stdout]   11:     0x5a6282c63012 - core[832e9a552fc17241]::result::unwrap_failed
[INFO] [stdout]   12:     0x5a6282b940be - vhdx[db1ea01ad140d6e5]::medium::tests::open::ref_to_tmp
[INFO] [stdout]   13:     0x5a6282b94177 - vhdx[db1ea01ad140d6e5]::medium::tests::open::open_void_vhdx
[INFO] [stdout]   14:     0x5a6282b84ed9 - <vhdx[db1ea01ad140d6e5]::medium::tests::open::open_void_vhdx::{closure#0} as core[832e9a552fc17241]::ops::function::FnOnce<()>>::call_once
[INFO] [stdout]   15:     0x5a6282bd0f1b - test[39766f3d73431624]::__rust_begin_short_backtrace::<core[832e9a552fc17241]::result::Result<(), alloc[3ecab9f82c41dc7d]::string::String>, fn() -> core[832e9a552fc17241]::result::Result<(), alloc[3ecab9f82c41dc7d]::string::String>>
[INFO] [stdout]   16:     0x5a6282bde565 - test[39766f3d73431624]::run_test::{closure#0}
[INFO] [stdout]   17:     0x5a6282bd9014 - std[97b98282bc616a66]::sys::backtrace::__rust_begin_short_backtrace::<test[39766f3d73431624]::run_test::{closure#1}, ()>
[INFO] [stdout]   18:     0x5a6282be16b2 - <std[97b98282bc616a66]::thread::lifecycle::spawn_unchecked<test[39766f3d73431624]::run_test::{closure#1}, ()>::{closure#1} as core[832e9a552fc17241]::ops::function::FnOnce<()>>::call_once::{shim:vtable#0}
[INFO] [stdout]   19:     0x5a6282c4d21f - <std[97b98282bc616a66]::sys::thread::unix::Thread>::new::thread_start
[INFO] [stdout]   20:     0x775b6d96107a - <unknown>
[INFO] [stdout]   21:     0x775b6d9f4534 - clone
[INFO] [stdout]   22:                0x0 - <unknown>
[INFO] [stdout] 
[INFO] [stdout] 
[INFO] [stdout] failures:
[INFO] [stdout]     medium::tests::create::create_1gb_default
[INFO] [stdout]     medium::tests::create::create_differencing_file_parameters_has_parent_flag
[INFO] [stdout]     medium::tests::create::create_differencing_has_parent_locator
[INFO] [stdout]     medium::tests::create::create_dynamic_bat_entries_not_present
[INFO] [stdout]     medium::tests::create::create_dynamic_metadata_items_values
[INFO] [stdout]     medium::tests::create::create_dynamic_metadata_table
[INFO] [stdout]     medium::tests::create::create_fixed_bat_entries_fully_present
[INFO] [stdout]     medium::tests::create::create_fixed_file_parameters_leave_block_allocated
[INFO] [stdout]     medium::tests::create::create_fixed_file_size_includes_payloads
[INFO] [stdout]     medium::tests::create::region_table_has_two_entries
[INFO] [stdout]     medium::tests::create::sequence_number_is_zero
[INFO] [stdout]     medium::tests::create::version_is_one
[INFO] [stdout]     medium::tests::open::medium_open_accepts_caller_owned_std_file
[INFO] [stdout]     medium::tests::open::open_options_builder_log_replay
[INFO] [stdout]     medium::tests::open::open_options_builder_non_strict
[INFO] [stdout]     medium::tests::open::open_options_builder_write
[INFO] [stdout]     medium::tests::open::open_void_vhdx
[INFO] [stdout] 
[INFO] [stdout] test result: FAILED. 198 passed; 17 failed; 0 ignored; 0 measured; 0 filtered out; finished in 0.25s
[INFO] [stdout] 
[INFO] [stderr] error: test failed, to rerun pass `--lib`
[INFO] running `Command { std: "docker" "inspect" "b7af159c99483195d823a4b3f69380427dc1978b77d4823b6e2dcbe433e2e43c", kill_on_drop: false }`
[INFO] running `Command { std: "docker" "rm" "-f" "b7af159c99483195d823a4b3f69380427dc1978b77d4823b6e2dcbe433e2e43c", kill_on_drop: false }`
[INFO] [stdout] b7af159c99483195d823a4b3f69380427dc1978b77d4823b6e2dcbe433e2e43c
