[INFO] cloning repository https://github.com/infinityabundance/ryg-rans-rs
[INFO] running `Command { std: "git" "-c" "credential.helper=" "-c" "credential.helper=/workspace/cargo-home/bin/git-credential-null" "clone" "--bare" "https://github.com/infinityabundance/ryg-rans-rs" "/workspace/cache/git-repos/https%3A%2F%2Fgithub.com%2Finfinityabundance%2Fryg-rans-rs", kill_on_drop: false }`
[INFO] [stderr] Cloning into bare repository '/workspace/cache/git-repos/https%3A%2F%2Fgithub.com%2Finfinityabundance%2Fryg-rans-rs'...
[INFO] running `Command { std: "git" "rev-parse" "HEAD", kill_on_drop: false }`
[INFO] [stdout] d4c8f40c084ac058ef9b0d48a636a0984f0a080f
[INFO] testing infinityabundance/ryg-rans-rs against 1.98.0-beta.8+cargoflags=--release for beta-release-1.99-2
[INFO] running `Command { std: "git" "clone" "/workspace/cache/git-repos/https%3A%2F%2Fgithub.com%2Finfinityabundance%2Fryg-rans-rs" "/workspace/builds/worker-5-tc1/source", kill_on_drop: false }`
[INFO] [stderr] Cloning into '/workspace/builds/worker-5-tc1/source'...
[INFO] [stderr] done.
[INFO] [stderr] Updating files:  65% (11520/17710)
Updating files:  66% (11689/17710)
Updating files:  67% (11866/17710)
Updating files:  68% (12043/17710)
Updating files:  69% (12220/17710)
Updating files:  70% (12397/17710)
Updating files:  71% (12575/17710)
Updating files:  72% (12752/17710)
Updating files:  73% (12929/17710)
Updating files:  74% (13106/17710)
Updating files:  75% (13283/17710)
Updating files:  76% (13460/17710)
Updating files:  77% (13637/17710)
Updating files:  78% (13814/17710)
Updating files:  79% (13991/17710)
Updating files:  80% (14168/17710)
Updating files:  81% (14346/17710)
Updating files:  82% (14523/17710)
Updating files:  83% (14700/17710)
Updating files:  84% (14877/17710)
Updating files:  85% (15054/17710)
Updating files:  86% (15231/17710)
Updating files:  87% (15408/17710)
Updating files:  88% (15585/17710)
Updating files:  89% (15762/17710)
Updating files:  90% (15939/17710)
Updating files:  91% (16117/17710)
Updating files:  92% (16294/17710)
Updating files:  93% (16471/17710)
Updating files:  94% (16648/17710)
Updating files:  95% (16825/17710)
Updating files:  96% (17002/17710)
Updating files:  97% (17179/17710)
Updating files:  98% (17356/17710)
Updating files:  99% (17533/17710)
Updating files: 100% (17710/17710)
Updating files: 100% (17710/17710), done.
[INFO] removed /workspace/builds/worker-5-tc1/source/.cargo/config.toml
[INFO] started tweaking git repo https://github.com/infinityabundance/ryg-rans-rs
[INFO] finished tweaking git repo https://github.com/infinityabundance/ryg-rans-rs
[INFO] tweaked toml for git repo https://github.com/infinityabundance/ryg-rans-rs written to /workspace/builds/worker-5-tc1/source/Cargo.toml
[INFO] validating manifest of git repo https://github.com/infinityabundance/ryg-rans-rs on toolchain 1.98.0-beta.8
[INFO] running `Command { std: CARGO_HOME="/workspace/cargo-home" RUSTUP_HOME="/workspace/rustup-home" "/workspace/cargo-home/bin/cargo" "+1.98.0-beta.8" "metadata" "--manifest-path" "Cargo.toml" "--no-deps", kill_on_drop: false }`
[INFO] crate git repo https://github.com/infinityabundance/ryg-rans-rs already has a lockfile, it will not be regenerated
[INFO] running `Command { std: CARGO_HOME="/workspace/cargo-home" RUSTUP_HOME="/workspace/rustup-home" "/workspace/cargo-home/bin/cargo" "+1.98.0-beta.8" "fetch" "--manifest-path" "Cargo.toml", kill_on_drop: false }`
[INFO] [stderr]     Updating crates.io index
[INFO] [stderr]  Downloading crates ...
[INFO] [stderr]   Downloaded litemap v0.7.5
[INFO] [stderr]   Downloaded icu_normalizer_data v1.5.1
[INFO] [stderr]   Downloaded icu_locid_transform_data v1.5.1
[INFO] [stderr]   Downloaded rusty-fork v0.3.1
[INFO] [stderr]   Downloaded generator v0.8.9
[INFO] [stderr]   Downloaded loom v0.7.2
[INFO] [stderr]   Downloaded icu_properties_data v1.5.1
[INFO] [stderr]   Downloaded ryg-rans-sys v1.2.0
[INFO] [stderr]   Downloaded clang-sys v1.9.1
[INFO] [stderr]   Downloaded terminal_size v0.4.4
[INFO] [stderr]   Downloaded clap_complete v4.6.8
[INFO] running `Command { std: "docker" "create" "-v" "/var/lib/crater-agent-workspace/builds/worker-5-tc1/source:/opt/rustwide/workdir:ro,Z" "-v" "/var/lib/crater-agent-workspace/builds/worker-5-tc1/target:/opt/rustwide/target:rw,Z" "-v" "/var/lib/crater-agent-workspace/cargo-home:/opt/rustwide/cargo-home:ro,Z" "-v" "/var/lib/crater-agent-workspace/rustup-home:/opt/rustwide/rustup-home:ro,Z" "-m" "1610612736" "--network" "none" "ghcr.io/rust-lang/crates-build-env/linux@sha256:8683fc1fc2eb5c9ac98e0d076ab094b2ffac7f99da555d2b6a2e27f346de2ec7" "sleep" "infinity", kill_on_drop: false }`
[INFO] [stdout] 8495ade8de11d4bcc1ae5d366a6ecf4537a4eed0dfc7b323ba167213a194a80f
[INFO] running `Command { std: "docker" "start" "8495ade8de11d4bcc1ae5d366a6ecf4537a4eed0dfc7b323ba167213a194a80f", kill_on_drop: false }`
[INFO] running `Command { std: "docker" "inspect" "8495ade8de11d4bcc1ae5d366a6ecf4537a4eed0dfc7b323ba167213a194a80f", kill_on_drop: false }`
[INFO] running `Command { std: "docker" "exec" "-e" "SOURCE_DIR=/opt/rustwide/workdir" "-e" "CARGO_HOME=/opt/rustwide/cargo-home" "-e" "RUSTUP_HOME=/opt/rustwide/rustup-home" "-e" "CARGO_TARGET_DIR=/opt/rustwide/target" "-w" "/opt/rustwide/workdir" "--user" "0:0" "8495ade8de11d4bcc1ae5d366a6ecf4537a4eed0dfc7b323ba167213a194a80f" "/opt/rustwide/cargo-home/bin/cargo" "+1.98.0-beta.8" "metadata" "--no-deps" "--format-version=1", kill_on_drop: false }`
[INFO] running `Command { std: "docker" "inspect" "8495ade8de11d4bcc1ae5d366a6ecf4537a4eed0dfc7b323ba167213a194a80f", kill_on_drop: false }`
[INFO] running `Command { std: "docker" "exec" "-e" "SOURCE_DIR=/opt/rustwide/workdir" "-e" "CARGO_HOME=/opt/rustwide/cargo-home" "-e" "RUSTUP_HOME=/opt/rustwide/rustup-home" "-e" "CARGO_TARGET_DIR=/opt/rustwide/target" "-e" "CARGO_INCREMENTAL=0" "-e" "RUST_BACKTRACE=full" "-e" "RUSTFLAGS=--cap-lints=warn" "-e" "RUSTDOCFLAGS=--cap-lints=warn" "-w" "/opt/rustwide/workdir" "--user" "0:0" "8495ade8de11d4bcc1ae5d366a6ecf4537a4eed0dfc7b323ba167213a194a80f" "/opt/rustwide/cargo-home/bin/cargo" "+1.98.0-beta.8" "build" "--frozen" "--message-format=json" "--release", kill_on_drop: false }`
[INFO] [stderr]    Compiling proc-macro2 v1.0.107
[INFO] [stderr]    Compiling quote v1.0.47
[INFO] [stderr]    Compiling libc v0.2.189
[INFO] [stderr]    Compiling serde_core v1.0.229
[INFO] [stderr]    Compiling serde v1.0.229
[INFO] [stderr]    Compiling typenum v1.20.1
[INFO] [stderr]    Compiling zmij v1.0.23
[INFO] [stderr]    Compiling serde_json v1.0.151
[INFO] [stderr]    Compiling rustix v1.1.4
[INFO] [stderr]    Compiling bitflags v2.13.1
[INFO] [stderr]    Compiling stable_deref_trait v1.2.1
[INFO] [stderr]    Compiling zerocopy v0.8.55
[INFO] [stderr]    Compiling ryg-rans-rs-core v0.5.1 (/opt/rustwide/workdir/crates/ryg-rans-rs-core)
[INFO] [stderr]    Compiling utf8parse v0.2.2
[INFO] [stderr]    Compiling num-traits v0.2.19
[INFO] [stderr]    Compiling colorchoice v1.0.5
[INFO] [stderr]    Compiling anstyle-parse v1.0.0
[INFO] [stderr]    Compiling is_terminal_polyfill v1.70.2
[INFO] [stderr]    Compiling anstyle-query v1.1.5
[INFO] [stderr]    Compiling anstyle v1.0.14
[INFO] [stderr]    Compiling clap_lex v1.1.0
[INFO] [stderr]    Compiling litemap v0.7.5
[INFO] [stderr]    Compiling writeable v0.5.5
[INFO] [stderr]    Compiling icu_locid_transform_data v1.5.1
[INFO] [stderr]    Compiling strsim v0.11.1
[INFO] [stderr]    Compiling icu_properties_data v1.5.1
[INFO] [stderr]    Compiling anstream v1.0.0
[INFO] [stderr]    Compiling hashbrown v0.17.1
[INFO] [stderr]    Compiling icu_normalizer_data v1.5.1
[INFO] [stderr]    Compiling crossbeam-utils v0.8.22
[INFO] [stderr]    Compiling ryg-rans-rs-simd v0.5.1 (/opt/rustwide/workdir/crates/ryg-rans-rs-simd)
[INFO] [stderr]    Compiling either v1.17.0
[INFO] [stderr]    Compiling zstd-safe v7.2.4
[INFO] [stderr]    Compiling zeroize v1.9.0
[INFO] [stderr]    Compiling ciborium-io v0.2.2
[INFO] [stderr]    Compiling regex-automata v0.4.16
[INFO] [stderr]    Compiling toml_write v0.1.2
[INFO] [stderr]    Compiling itertools v0.10.5
[INFO] [stderr]    Compiling cast v0.3.0
[INFO] [stderr]    Compiling rustls-pki-types v1.15.1
[INFO] [stderr]    Compiling syn v3.0.3
[INFO] [stderr]    Compiling syn v2.0.119
[INFO] [stderr]    Compiling write16 v1.0.0
[INFO] [stderr]    Compiling generic-array v0.14.7
[INFO] [stderr]    Compiling smallvec v1.15.2
[INFO] [stderr]    Compiling simd-adler32 v0.3.10
[INFO] [stderr]    Compiling jobserver v0.1.35
[INFO] [stderr]    Compiling utf16_iter v1.0.5
[INFO] [stderr]    Compiling crossbeam-channel v0.5.16
[INFO] [stderr]    Compiling indexmap v2.14.0
[INFO] [stderr]    Compiling oorandom v11.1.5
[INFO] [stderr]    Compiling untrusted v0.9.0
[INFO] [stderr]    Compiling anes v0.1.6
[INFO] [stderr]    Compiling cc v1.4.0
[INFO] [stderr]    Compiling getrandom v0.2.17
[INFO] [stderr]    Compiling is-terminal v0.4.17
[INFO] [stderr]    Compiling filetime v0.2.29
[INFO] [stderr]    Compiling block-buffer v0.10.4
[INFO] [stderr]    Compiling crypto-common v0.1.7
[INFO] [stderr]    Compiling rand_core v0.6.4
[INFO] [stderr]    Compiling miniz_oxide v0.8.9
[INFO] [stderr]    Compiling thiserror v2.0.19
[INFO] [stderr]    Compiling rustls v0.23.43
[INFO] [stderr]    Compiling digest v0.10.7
[INFO] [stderr]    Compiling percent-encoding v2.3.2
[INFO] [stderr]    Compiling webpki-roots v1.0.9
[INFO] [stderr]    Compiling sha2 v0.10.9
[INFO] [stderr]    Compiling criterion-plot v0.5.0
[INFO] [stderr]    Compiling subtle v2.6.1
[INFO] [stderr]    Compiling form_urlencoded v1.2.2
[INFO] [stderr]    Compiling bumpalo v3.20.3
[INFO] [stderr]    Compiling zip v2.4.2
[INFO] [stderr]    Compiling webpki-roots v0.26.11
[INFO] [stderr]    Compiling ryg-rans-rs v0.5.1 (/opt/rustwide/workdir/crates/ryg-rans-rs)
[INFO] [stderr]    Compiling pico-args v0.5.0
[INFO] [stderr]    Compiling zopfli v0.8.3
[INFO] [stderr]    Compiling flate2 v1.1.9
[INFO] [stderr]    Compiling regex v1.13.1
[INFO] [stderr]    Compiling zstd-sys v2.0.16+zstd.1.5.7
[INFO] [stderr]    Compiling ring v0.17.14
[INFO] [stderr]    Compiling terminal_size v0.4.4
[INFO] [stderr]    Compiling xattr v1.6.1
[INFO] [stderr]    Compiling clap_builder v4.6.2
[INFO] [stderr]    Compiling tar v0.4.46
[INFO] [stderr]    Compiling serde_derive v1.0.229
[INFO] [stderr]    Compiling displaydoc v0.2.7
[INFO] [stderr]    Compiling clap_derive v4.6.4
[INFO] [stderr]    Compiling thiserror-impl v2.0.19
[INFO] [stderr]    Compiling synstructure v0.13.2
[INFO] [stderr]    Compiling clap v4.6.4
[INFO] [stderr]    Compiling clap_complete v4.6.8
[INFO] [stderr]    Compiling zerofrom-derive v0.1.7
[INFO] [stderr]    Compiling yoke-derive v0.7.5
[INFO] [stderr]    Compiling zerovec-derive v0.10.3
[INFO] [stderr]    Compiling zerofrom v0.1.8
[INFO] [stderr]    Compiling zerocopy-derive v0.8.55
[INFO] [stderr]    Compiling icu_provider_macros v1.5.0
[INFO] [stderr]    Compiling yoke v0.7.5
[INFO] [stderr]    Compiling ryg-rans-rs-casefile v0.5.1 (/opt/rustwide/workdir/crates/ryg-rans-rs-casefile)
[INFO] [stderr]    Compiling toml_datetime v0.6.11
[INFO] [stderr]    Compiling serde_spanned v0.6.9
[INFO] [stderr]    Compiling toml_edit v0.22.27
[INFO] [stderr]    Compiling tinytemplate v1.2.1
[INFO] [stderr]    Compiling zerovec v0.10.4
[INFO] [stderr]    Compiling ryg-rans-rs-parallel v0.5.1 (/opt/rustwide/workdir/crates/ryg-rans-rs-parallel)
[INFO] [stdout] warning: unused import: `decode_plan::*`
[INFO] [stdout]    --> crates/ryg-rans-rs-parallel/src/lib.rs:149:9
[INFO] [stdout]     |
[INFO] [stdout] 149 | pub use decode_plan::*;
[INFO] [stdout]     |         ^^^^^^^^^^^^^^
[INFO] [stdout]     |
[INFO] [stdout]     = note: `#[warn(unused_imports)]` (part of `#[warn(unused)]`) on by default
[INFO] [stdout] 
[INFO] [stdout] 
[INFO] [stderr]    Compiling chrono v0.4.45
[INFO] [stderr]    Compiling ryg-rans-rs-cli v0.5.1 (/opt/rustwide/workdir/crates/ryg-rans-rs-cli)
[INFO] [stderr]    Compiling tinystr v0.7.6
[INFO] [stderr]    Compiling icu_collections v1.5.0
[INFO] [stderr]    Compiling icu_locid v1.5.0
[INFO] [stderr]    Compiling ryg-rans-rs-oracle v0.5.1 (/opt/rustwide/workdir/crates/ryg-rans-rs-oracle)
[INFO] [stderr]    Compiling toml v0.8.23
[INFO] [stderr]    Compiling icu_provider v1.5.0
[INFO] [stderr]    Compiling icu_locid_transform v1.5.0
[INFO] [stderr]    Compiling icu_properties v1.5.1
[INFO] [stderr]    Compiling half v2.7.1
[INFO] [stderr]    Compiling ppv-lite86 v0.2.21
[INFO] [stderr]    Compiling ciborium-ll v0.2.2
[INFO] [stderr]    Compiling rand_chacha v0.3.1
[INFO] [stderr]    Compiling rustls-webpki v0.103.13
[INFO] [stderr]    Compiling ciborium v0.2.2
[INFO] [stderr]    Compiling rand v0.8.7
[INFO] [stderr]    Compiling criterion v0.5.1
[INFO] [stderr]    Compiling icu_normalizer v1.5.0
[INFO] [stderr]    Compiling idna_adapter v1.2.0
[INFO] [stderr]    Compiling idna v1.1.0
[INFO] [stderr]    Compiling url v2.5.8
[INFO] [stderr]    Compiling zstd v0.13.3
[INFO] [stderr]    Compiling ryg-rans-rs-bench v0.5.1 (/opt/rustwide/workdir/crates/ryg-rans-rs-bench)
[INFO] [stderr]    Compiling ureq v2.12.1
[INFO] [stderr]    Compiling xtask v0.1.0 (/opt/rustwide/workdir/xtask)
[INFO] [stderr]     Finished `release` profile [optimized] target(s) in 3m 28s
[INFO] running `Command { std: "docker" "inspect" "8495ade8de11d4bcc1ae5d366a6ecf4537a4eed0dfc7b323ba167213a194a80f", kill_on_drop: false }`
[INFO] running `Command { std: "docker" "exec" "-e" "SOURCE_DIR=/opt/rustwide/workdir" "-e" "CARGO_HOME=/opt/rustwide/cargo-home" "-e" "RUSTUP_HOME=/opt/rustwide/rustup-home" "-e" "CARGO_TARGET_DIR=/opt/rustwide/target" "-e" "CARGO_INCREMENTAL=0" "-e" "RUST_BACKTRACE=full" "-e" "RUSTFLAGS=--cap-lints=warn" "-e" "RUSTDOCFLAGS=--cap-lints=warn" "-w" "/opt/rustwide/workdir" "--user" "0:0" "8495ade8de11d4bcc1ae5d366a6ecf4537a4eed0dfc7b323ba167213a194a80f" "/opt/rustwide/cargo-home/bin/cargo" "+1.98.0-beta.8" "test" "--frozen" "--no-run" "--message-format=json" "--release", kill_on_drop: false }`
[INFO] [stderr]    Compiling regex-syntax v0.8.11
[INFO] [stderr]    Compiling getrandom v0.4.3
[INFO] [stderr]    Compiling fastrand v2.5.0
[INFO] [stderr]    Compiling getrandom v0.3.4
[INFO] [stderr]    Compiling log v0.4.33
[INFO] [stderr]    Compiling wait-timeout v0.2.1
[INFO] [stderr]    Compiling quick-error v1.2.3
[INFO] [stderr]    Compiling bit-vec v0.8.0
[INFO] [stderr]    Compiling unarray v0.1.4
[INFO] [stdout] warning: unused import: `decode_plan::*`
[INFO] [stdout]    --> crates/ryg-rans-rs-parallel/src/lib.rs:149:9
[INFO] [stdout]     |
[INFO] [stdout] 149 | pub use decode_plan::*;
[INFO] [stdout]     |         ^^^^^^^^^^^^^^
[INFO] [stdout]     |
[INFO] [stdout]     = note: `#[warn(unused_imports)]` (part of `#[warn(unused)]`) on by default
[INFO] [stdout] 
[INFO] [stdout] 
[INFO] [stderr]    Compiling tracing-core v0.1.36
[INFO] [stderr]    Compiling generator v0.8.9
[INFO] [stderr]    Compiling lazy_static v1.5.0
[INFO] [stderr]    Compiling thread_local v1.1.10
[INFO] [stderr]    Compiling nu-ansi-term v0.50.3
[INFO] [stderr]    Compiling ryg-rans-rs-oracle v0.5.1 (/opt/rustwide/workdir/crates/ryg-rans-rs-oracle)
[INFO] [stderr]    Compiling sharded-slab v0.1.7
[INFO] [stderr]    Compiling ryg-rans-rs-simd v0.5.1 (/opt/rustwide/workdir/crates/ryg-rans-rs-simd)
[INFO] [stderr]    Compiling rand_core v0.9.5
[INFO] [stderr]    Compiling rand v0.9.5
[INFO] [stderr]    Compiling rand_chacha v0.9.0
[INFO] [stderr]    Compiling bit-set v0.8.0
[INFO] [stderr]    Compiling rand_xorshift v0.4.0
[INFO] [stderr]    Compiling tempfile v3.27.0
[INFO] [stderr]    Compiling rustls v0.23.43
[INFO] [stderr]    Compiling zopfli v0.8.3
[INFO] [stderr]    Compiling ryg-rans-rs-casefile v0.5.1 (/opt/rustwide/workdir/crates/ryg-rans-rs-casefile)
[INFO] [stderr]    Compiling ryg-rans-rs v0.5.1 (/opt/rustwide/workdir/crates/ryg-rans-rs)
[INFO] [stderr]    Compiling tracing v0.1.44
[INFO] [stderr]    Compiling tracing-log v0.2.0
[INFO] [stderr]    Compiling rusty-fork v0.3.1
[INFO] [stderr]    Compiling ryg-rans-rs-core v0.5.1 (/opt/rustwide/workdir/crates/ryg-rans-rs-core)
[INFO] [stderr]    Compiling zip v2.4.2
[INFO] [stderr]    Compiling regex-automata v0.4.16
[INFO] [stderr]    Compiling proptest v1.11.0
[INFO] [stderr]    Compiling ureq v2.12.1
[INFO] [stderr]    Compiling matchers v0.2.0
[INFO] [stderr]    Compiling regex v1.13.1
[INFO] [stderr]    Compiling tracing-subscriber v0.3.23
[INFO] [stderr]    Compiling criterion v0.5.1
[INFO] [stderr]    Compiling loom v0.7.2
[INFO] [stderr]    Compiling ryg-rans-rs-cli v0.5.1 (/opt/rustwide/workdir/crates/ryg-rans-rs-cli)
[INFO] [stderr]    Compiling ryg-rans-rs-bench v0.5.1 (/opt/rustwide/workdir/crates/ryg-rans-rs-bench)
[INFO] [stderr]    Compiling ryg-rans-rs-parallel v0.5.1 (/opt/rustwide/workdir/crates/ryg-rans-rs-parallel)
[INFO] [stdout] warning: unused import: `decode_plan::*`
[INFO] [stdout]    --> crates/ryg-rans-rs-parallel/src/lib.rs:149:9
[INFO] [stdout]     |
[INFO] [stdout] 149 | pub use decode_plan::*;
[INFO] [stdout]     |         ^^^^^^^^^^^^^^
[INFO] [stdout]     |
[INFO] [stdout]     = note: `#[warn(unused_imports)]` (part of `#[warn(unused)]`) on by default
[INFO] [stdout] 
[INFO] [stdout] 
[INFO] [stderr]    Compiling xtask v0.1.0 (/opt/rustwide/workdir/xtask)
[INFO] [stderr]     Finished `release` profile [optimized] target(s) in 1m 12s
[INFO] running `Command { std: "docker" "inspect" "8495ade8de11d4bcc1ae5d366a6ecf4537a4eed0dfc7b323ba167213a194a80f", kill_on_drop: false }`
[INFO] running `Command { std: "docker" "exec" "-e" "SOURCE_DIR=/opt/rustwide/workdir" "-e" "CARGO_HOME=/opt/rustwide/cargo-home" "-e" "RUSTUP_HOME=/opt/rustwide/rustup-home" "-e" "CARGO_TARGET_DIR=/opt/rustwide/target" "-e" "CARGO_INCREMENTAL=0" "-e" "RUST_BACKTRACE=full" "-e" "RUSTFLAGS=--cap-lints=warn" "-e" "RUSTDOCFLAGS=--cap-lints=warn" "-w" "/opt/rustwide/workdir" "--user" "0:0" "8495ade8de11d4bcc1ae5d366a6ecf4537a4eed0dfc7b323ba167213a194a80f" "/opt/rustwide/cargo-home/bin/cargo" "+1.98.0-beta.8" "test" "--frozen" "--release", kill_on_drop: false }`
[INFO] [stderr] warning: unused import: `decode_plan::*`
[INFO] [stderr]    --> crates/ryg-rans-rs-parallel/src/lib.rs:149:9
[INFO] [stderr]     |
[INFO] [stderr] 149 | pub use decode_plan::*;
[INFO] [stderr]     |         ^^^^^^^^^^^^^^
[INFO] [stderr]     |
[INFO] [stderr]     = note: `#[warn(unused_imports)]` (part of `#[warn(unused)]`) on by default
[INFO] [stderr] 
[INFO] [stderr] warning: `ryg-rans-rs-parallel` (lib) generated 1 warning (run `cargo fix --lib -p ryg-rans-rs-parallel` to apply 1 suggestion)
[INFO] [stderr] warning: `ryg-rans-rs-parallel` (lib test) generated 1 warning (1 duplicate)
[INFO] [stderr]     Finished `release` profile [optimized] target(s) in 0.25s
[INFO] [stderr]      Running unittests src/lib.rs (/opt/rustwide/target/release/deps/ryg_rans_rs-882069c881749880)
[INFO] [stdout] 
[INFO] [stdout] running 0 tests
[INFO] [stdout] 
[INFO] [stderr]      Running unittests src/lib.rs (/opt/rustwide/target/release/deps/ryg_rans_rs_bench-354458c407c3b05d)
[INFO] [stdout] test result: ok. 0 passed; 0 failed; 0 ignored; 0 measured; 0 filtered out; finished in 0.00s
[INFO] [stdout] 
[INFO] [stdout] 
[INFO] [stdout] running 19 tests
[INFO] [stdout] test common::metadata::tests::compiled_target_defaults_are_honest ... ok
[INFO] [stdout] test common::metadata::tests::parse_target_cpu_handles_all_flag_forms ... ok
[INFO] [stdout] test exporter::tests::test_csv_escape ... ok
[INFO] [stdout] test exporter::tests::test_determine_threads_effective ... ok
[INFO] [stdout] test exporter::tests::test_extract_bytes_no_match ... ok
[INFO] [stdout] test exporter::tests::test_extract_confidence_interval_missing ... ok
[INFO] [stdout] test exporter::tests::test_extract_confidence_interval_no_mean ... ok
[INFO] [stdout] test exporter::tests::test_extract_threads_requested_single_threaded_defaults_to_one ... ok
[INFO] [stdout] test exporter::tests::test_sort_deterministic ... ok
[INFO] [stdout] test exporter::tests::test_validate_estimates_nan ... ok
[INFO] [stdout] test exporter::tests::test_validate_estimates_infinity ... ok
[INFO] [stdout] test exporter::tests::test_validate_estimates_negative ... ok
[INFO] [stdout] test exporter::tests::test_validate_estimates_valid ... ok
[INFO] [stdout] test exporter::tests::test_validate_estimates_zero_samples ... ok
[INFO] [stdout] test exporter::tests::test_extract_confidence_interval_present ... ok
[INFO] [stdout] test exporter::tests::test_extract_threads_requested_parallel ... ok
[INFO] [stdout] test exporter::tests::test_serialize_canonical_json_sorted_keys ... ok
[INFO] [stdout] test exporter::tests::test_extract_bytes_mib ... ok
[INFO] [stdout] test courts::court_tests::every_court_passes ... FAILED
[INFO] [stdout] 
[INFO] [stdout] failures:
[INFO] [stdout] 
[INFO] [stdout] ---- courts::court_tests::every_court_passes stdout ----
[INFO] [stdout] 
[INFO] [stdout] thread 'ryg-parallel-1' (5090) panicked at crates/ryg-rans-rs-bench/src/courts/cancel_completeness.rs:245:17:
[INFO] [stdout] intentional court panic at block 3
[INFO] [stdout] stack backtrace:
[INFO] [stdout]    0:     0x57f6c3c348e1 - <<std[97b98282bc616a66]::sys::backtrace::BacktraceLock>::print::DisplayBacktrace as core[832e9a552fc17241]::fmt::Display>::fmt
[INFO] [stdout]    1:     0x57f6c3c4a50a - core[832e9a552fc17241]::fmt::write
[INFO] [stdout]    2:     0x57f6c3c3923c - <alloc[3ecab9f82c41dc7d]::vec::Vec<u8> as std[97b98282bc616a66]::io::Write>::write_fmt
[INFO] [stdout]    3:     0x57f6c3c0f666 - std[97b98282bc616a66]::panicking::default_hook::{closure#0}
[INFO] [stdout]    4:     0x57f6c3c2ad69 - std[97b98282bc616a66]::panicking::default_hook
[INFO] [stdout]    5:     0x57f6c3ba1cb0 - test[39766f3d73431624]::test_main_inner::<test[39766f3d73431624]::test_main_static::{closure#0}>::{closure#0}
[INFO] [stdout]    6:     0x57f6c3c2af22 - std[97b98282bc616a66]::panicking::panic_with_hook
[INFO] [stdout]    7:     0x57f6c3c0f712 - std[97b98282bc616a66]::panicking::panic_handler::{closure#0}
[INFO] [stdout]    8:     0x57f6c3c06c49 - std[97b98282bc616a66]::sys::backtrace::__rust_end_short_backtrace::<std[97b98282bc616a66]::panicking::panic_handler::{closure#0}, !>
[INFO] [stdout]    9:     0x57f6c3c105ad - __rustc[e3d8617bb01b7f69]::rust_begin_unwind
[INFO] [stdout]   10:     0x57f6c3c4ac3c - core[832e9a552fc17241]::panicking::panic_fmt
[INFO] [stdout]   11:     0x57f6c3a15e2f - std[97b98282bc616a66]::sys::backtrace::__rust_begin_short_backtrace::<ryg_rans_rs_parallel[58e43958a166b7b2]::executor::run_tasks_with_affinity<ryg_rans_rs_bench[7ba0517255c40cf5]::courts::cancel_completeness::court::PanicTask, core[832e9a552fc17241]::result::Result<u64, ()>>::{closure#1}, ()>
[INFO] [stdout]   12:     0x57f6c395d81b - <std[97b98282bc616a66]::thread::lifecycle::spawn_unchecked<ryg_rans_rs_parallel[58e43958a166b7b2]::executor::run_tasks_with_affinity<ryg_rans_rs_bench[7ba0517255c40cf5]::courts::cancel_completeness::court::PanicTask, core[832e9a552fc17241]::result::Result<u64, ()>>::{closure#1}, ()>::{closure#1} as core[832e9a552fc17241]::ops::function::FnOnce<()>>::call_once::{shim:vtable#0}
[INFO] [stdout]   13:     0x57f6c3c338af - <std[97b98282bc616a66]::sys::thread::unix::Thread>::new::thread_start
[INFO] [stdout]   14:     0x7e13b9c1f07a - <unknown>
[INFO] [stdout]   15:     0x7e13b9cb2534 - clone
[INFO] [stdout]   16:                0x0 - <unknown>
[INFO] [stdout] 
[INFO] [stdout] thread 'ryg-parallel-0' (5095) panicked at crates/ryg-rans-rs-bench/src/courts/cancel_completeness.rs:245:17:
[INFO] [stdout] intentional court panic at block 2
[INFO] [stdout] stack backtrace:
[INFO] [stdout]    0:     0x57f6c3c348e1 - <<std[97b98282bc616a66]::sys::backtrace::BacktraceLock>::print::DisplayBacktrace as core[832e9a552fc17241]::fmt::Display>::fmt
[INFO] [stdout]    1:     0x57f6c3c4a50a - core[832e9a552fc17241]::fmt::write
[INFO] [stdout]    2:     0x57f6c3c3923c - <alloc[3ecab9f82c41dc7d]::vec::Vec<u8> as std[97b98282bc616a66]::io::Write>::write_fmt
[INFO] [stdout]    3:     0x57f6c3c0f666 - std[97b98282bc616a66]::panicking::default_hook::{closure#0}
[INFO] [stdout]    4:     0x57f6c3c2ad69 - std[97b98282bc616a66]::panicking::default_hook
[INFO] [stdout]    5:     0x57f6c3ba1cb0 - test[39766f3d73431624]::test_main_inner::<test[39766f3d73431624]::test_main_static::{closure#0}>::{closure#0}
[INFO] [stdout]    6:     0x57f6c3c2af22 - std[97b98282bc616a66]::panicking::panic_with_hook
[INFO] [stdout]    7:     0x57f6c3c0f712 - std[97b98282bc616a66]::panicking::panic_handler::{closure#0}
[INFO] [stdout]    8:     0x57f6c3c06c49 - std[97b98282bc616a66]::sys::backtrace::__rust_end_short_backtrace::<std[97b98282bc616a66]::panicking::panic_handler::{closure#0}, !>
[INFO] [stdout]    9:     0x57f6c3c105ad - __rustc[e3d8617bb01b7f69]::rust_begin_unwind
[INFO] [stdout]   10:     0x57f6c3c4ac3c - core[832e9a552fc17241]::panicking::panic_fmt
[INFO] [stdout]   11:     0x57f6c3a15e2f - std[97b98282bc616a66]::sys::backtrace::__rust_begin_short_backtrace::<ryg_rans_rs_parallel[58e43958a166b7b2]::executor::run_tasks_with_affinity<ryg_rans_rs_bench[7ba0517255c40cf5]::courts::cancel_completeness::court::PanicTask, core[832e9a552fc17241]::result::Result<u64, ()>>::{closure#1}, ()>
[INFO] [stdout]   12:     0x57f6c395d81b - <std[97b98282bc616a66]::thread::lifecycle::spawn_unchecked<ryg_rans_rs_parallel[58e43958a166b7b2]::executor::run_tasks_with_affinity<ryg_rans_rs_bench[7ba0517255c40cf5]::courts::cancel_completeness::court::PanicTask, core[832e9a552fc17241]::result::Result<u64, ()>>::{closure#1}, ()>::{closure#1} as core[832e9a552fc17241]::ops::function::FnOnce<()>>::call_once::{shim:vtable#0}
[INFO] [stdout]   13:     0x57f6c3c338af - <std[97b98282bc616a66]::sys::thread::unix::Thread>::new::thread_start
[INFO] [stdout]   14:     0x7e13b9c1f07a - <unknown>
[INFO] [stdout]   15:     0x7e13b9cb2534 - clone
[INFO] [stdout]   16:                0x0 - <unknown>
[INFO] [stdout] 
[INFO] [stdout] thread '<unnamed>' (5254) panicked at crates/ryg-rans-rs-bench/src/courts/phase_o_cache.rs:373:18:
[INFO] [stdout] build: InvalidFrequencySum
[INFO] [stdout] stack backtrace:
[INFO] [stdout]    0:     0x57f6c3c348e1 - <<std[97b98282bc616a66]::sys::backtrace::BacktraceLock>::print::DisplayBacktrace as core[832e9a552fc17241]::fmt::Display>::fmt
[INFO] [stdout]    1:     0x57f6c3c4a50a - core[832e9a552fc17241]::fmt::write
[INFO] [stdout]    2:     0x57f6c3c3923c - <alloc[3ecab9f82c41dc7d]::vec::Vec<u8> as std[97b98282bc616a66]::io::Write>::write_fmt
[INFO] [stdout]    3:     0x57f6c3c0f666 - std[97b98282bc616a66]::panicking::default_hook::{closure#0}
[INFO] [stdout]    4:     0x57f6c3c2ad69 - std[97b98282bc616a66]::panicking::default_hook
[INFO] [stdout]    5:     0x57f6c3ba1cb0 - test[39766f3d73431624]::test_main_inner::<test[39766f3d73431624]::test_main_static::{closure#0}>::{closure#0}
[INFO] [stdout]    6:     0x57f6c3c2af22 - std[97b98282bc616a66]::panicking::panic_with_hook
[INFO] [stdout]    7:     0x57f6c3c0f712 - std[97b98282bc616a66]::panicking::panic_handler::{closure#0}
[INFO] [stdout]    8:     0x57f6c3c06c49 - std[97b98282bc616a66]::sys::backtrace::__rust_end_short_backtrace::<std[97b98282bc616a66]::panicking::panic_handler::{closure#0}, !>
[INFO] [stdout]    9:     0x57f6c3c105ad - __rustc[e3d8617bb01b7f69]::rust_begin_unwind
[INFO] [stdout]   10:     0x57f6c3c4ac3c - core[832e9a552fc17241]::panicking::panic_fmt
[INFO] [stdout]   11:     0x57f6c3c4aa12 - core[832e9a552fc17241]::result::unwrap_failed
[INFO] [stdout]   12:     0x57f6c3a1832a - std[97b98282bc616a66]::sys::backtrace::__rust_begin_short_backtrace::<ryg_rans_rs_bench[7ba0517255c40cf5]::courts::phase_o_cache::court_single_flight::{closure#2}, alloc[3ecab9f82c41dc7d]::sync::Arc<ryg_rans_rs_parallel[58e43958a166b7b2]::cache::ValidatedModelArtifacts>>
[INFO] [stdout]   13:     0x57f6c395f351 - <std[97b98282bc616a66]::thread::lifecycle::spawn_unchecked<ryg_rans_rs_bench[7ba0517255c40cf5]::courts::phase_o_cache::court_single_flight::{closure#2}, alloc[3ecab9f82c41dc7d]::sync::Arc<ryg_rans_rs_parallel[58e43958a166b7b2]::cache::ValidatedModelArtifacts>>::{closure#1} as core[832e9a552fc17241]::ops::function::FnOnce<()>>::call_once::{shim:vtable#0}
[INFO] [stdout]   14:     0x57f6c3c338af - <std[97b98282bc616a66]::sys::thread::unix::Thread>::new::thread_start
[INFO] [stdout]   15:     0x7e13b9c1f07a - <unknown>
[INFO] [stdout]   16:     0x7e13b9cb2534 - clone
[INFO] [stdout]   17:                0x0 - <unknown>
[INFO] [stdout] 
[INFO] [stdout] thread '<unnamed>' (5255) panicked at crates/ryg-rans-rs-bench/src/courts/phase_o_cache.rs:373:18:
[INFO] [stdout] build: InvalidFrequencySum
[INFO] [stdout] stack backtrace:
[INFO] [stdout]    0:     0x57f6c3c348e1 - <<std[97b98282bc616a66]::sys::backtrace::BacktraceLock>::print::DisplayBacktrace as core[832e9a552fc17241]::fmt::Display>::fmt
[INFO] [stdout]    1:     0x57f6c3c4a50a - core[832e9a552fc17241]::fmt::write
[INFO] [stdout]    2:     0x57f6c3c3923c - <alloc[3ecab9f82c41dc7d]::vec::Vec<u8> as std[97b98282bc616a66]::io::Write>::write_fmt
[INFO] [stdout]    3:     0x57f6c3c0f666 - std[97b98282bc616a66]::panicking::default_hook::{closure#0}
[INFO] [stdout]    4:     0x57f6c3c2ad69 - std[97b98282bc616a66]::panicking::default_hook
[INFO] [stdout]    5:     0x57f6c3ba1cb0 - test[39766f3d73431624]::test_main_inner::<test[39766f3d73431624]::test_main_static::{closure#0}>::{closure#0}
[INFO] [stdout]    6:     0x57f6c3c2af22 - std[97b98282bc616a66]::panicking::panic_with_hook
[INFO] [stdout]    7:     0x57f6c3c0f712 - std[97b98282bc616a66]::panicking::panic_handler::{closure#0}
[INFO] [stdout]    8:     0x57f6c3c06c49 - std[97b98282bc616a66]::sys::backtrace::__rust_end_short_backtrace::<std[97b98282bc616a66]::panicking::panic_handler::{closure#0}, !>
[INFO] [stdout]    9:     0x57f6c3c105ad - __rustc[e3d8617bb01b7f69]::rust_begin_unwind
[INFO] [stdout]   10:     0x57f6c3c4ac3c - core[832e9a552fc17241]::panicking::panic_fmt
[INFO] [stdout]   11:     0x57f6c3c4aa12 - core[832e9a552fc17241]::result::unwrap_failed
[INFO] [stdout]   12:     0x57f6c3a1832a - std[97b98282bc616a66]::sys::backtrace::__rust_begin_short_backtrace::<ryg_rans_rs_bench[7ba0517255c40cf5]::courts::phase_o_cache::court_single_flight::{closure#2}, alloc[3ecab9f82c41dc7d]::sync::Arc<ryg_rans_rs_parallel[58e43958a166b7b2]::cache::ValidatedModelArtifacts>>
[INFO] [stdout]   13:     0x57f6c395f351 - <std[97b98282bc616a66]::thread::lifecycle::spawn_unchecked<ryg_rans_rs_bench[7ba0517255c40cf5]::courts::phase_o_cache::court_single_flight::{closure#2}, alloc[3ecab9f82c41dc7d]::sync::Arc<ryg_rans_rs_parallel[58e43958a166b7b2]::cache::ValidatedModelArtifacts>>::{closure#1} as core[832e9a552fc17241]::ops::function::FnOnce<()>>::call_once::{shim:vtable#0}
[INFO] [stdout]   14:     0x57f6c3c338af - <std[97b98282bc616a66]::sys::thread::unix::Thread>::new::thread_start
[INFO] [stdout]   15:     0x7e13b9c1f07a - <unknown>
[INFO] [stdout]   16:     0x7e13b9cb2534 - clone
[INFO] [stdout]   17:                0x0 - <unknown>
[INFO] [stdout] 
[INFO] [stdout] thread '<unnamed>' (5256) panicked at crates/ryg-rans-rs-bench/src/courts/phase_o_cache.rs:373:18:
[INFO] [stdout] build: InvalidFrequencySum
[INFO] [stdout] stack backtrace:
[INFO] [stdout]    0:     0x57f6c3c348e1 - <<std[97b98282bc616a66]::sys::backtrace::BacktraceLock>::print::DisplayBacktrace as core[832e9a552fc17241]::fmt::Display>::fmt
[INFO] [stdout]    1:     0x57f6c3c4a50a - core[832e9a552fc17241]::fmt::write
[INFO] [stdout]    2:     0x57f6c3c3923c - <alloc[3ecab9f82c41dc7d]::vec::Vec<u8> as std[97b98282bc616a66]::io::Write>::write_fmt
[INFO] [stdout]    3:     0x57f6c3c0f666 - std[97b98282bc616a66]::panicking::default_hook::{closure#0}
[INFO] [stdout]    4:     0x57f6c3c2ad69 - std[97b98282bc616a66]::panicking::default_hook
[INFO] [stdout]    5:     0x57f6c3ba1cb0 - test[39766f3d73431624]::test_main_inner::<test[39766f3d73431624]::test_main_static::{closure#0}>::{closure#0}
[INFO] [stdout]    6:     0x57f6c3c2af22 - std[97b98282bc616a66]::panicking::panic_with_hook
[INFO] [stdout]    7:     0x57f6c3c0f712 - std[97b98282bc616a66]::panicking::panic_handler::{closure#0}
[INFO] [stdout]    8:     0x57f6c3c06c49 - std[97b98282bc616a66]::sys::backtrace::__rust_end_short_backtrace::<std[97b98282bc616a66]::panicking::panic_handler::{closure#0}, !>
[INFO] [stdout]    9:     0x57f6c3c105ad - __rustc[e3d8617bb01b7f69]::rust_begin_unwind
[INFO] [stdout]   10:     0x57f6c3c4ac3c - core[832e9a552fc17241]::panicking::panic_fmt
[INFO] [stdout]   11:     0x57f6c3c4aa12 - core[832e9a552fc17241]::result::unwrap_failed
[INFO] [stdout]   12:     0x57f6c3a1832a - std[97b98282bc616a66]::sys::backtrace::__rust_begin_short_backtrace::<ryg_rans_rs_bench[7ba0517255c40cf5]::courts::phase_o_cache::court_single_flight::{closure#2}, alloc[3ecab9f82c41dc7d]::sync::Arc<ryg_rans_rs_parallel[58e43958a166b7b2]::cache::ValidatedModelArtifacts>>
[INFO] [stdout]   13:     0x57f6c395f351 - <std[97b98282bc616a66]::thread::lifecycle::spawn_unchecked<ryg_rans_rs_bench[7ba0517255c40cf5]::courts::phase_o_cache::court_single_flight::{closure#2}, alloc[3ecab9f82c41dc7d]::sync::Arc<ryg_rans_rs_parallel[58e43958a166b7b2]::cache::ValidatedModelArtifacts>>::{closure#1} as core[832e9a552fc17241]::ops::function::FnOnce<()>>::call_once::{shim:vtable#0}
[INFO] [stdout]   14:     0x57f6c3c338af - <std[97b98282bc616a66]::sys::thread::unix::Thread>::new::thread_start
[INFO] [stdout]   15:     0x7e13b9c1f07a - <unknown>
[INFO] [stdout]   16:     0x7e13b9cb2534 - clone
[INFO] [stdout]   17:                0x0 - <unknown>
[INFO] [stdout] 
[INFO] [stdout] thread '<unnamed>' (5257) panicked at crates/ryg-rans-rs-bench/src/courts/phase_o_cache.rs:373:18:
[INFO] [stdout] build: InvalidFrequencySum
[INFO] [stdout] stack backtrace:
[INFO] [stdout]    0:     0x57f6c3c348e1 - <<std[97b98282bc616a66]::sys::backtrace::BacktraceLock>::print::DisplayBacktrace as core[832e9a552fc17241]::fmt::Display>::fmt
[INFO] [stdout]    1:     0x57f6c3c4a50a - core[832e9a552fc17241]::fmt::write
[INFO] [stdout]    2:     0x57f6c3c3923c - <alloc[3ecab9f82c41dc7d]::vec::Vec<u8> as std[97b98282bc616a66]::io::Write>::write_fmt
[INFO] [stdout]    3:     0x57f6c3c0f666 - std[97b98282bc616a66]::panicking::default_hook::{closure#0}
[INFO] [stdout]    4:     0x57f6c3c2ad69 - std[97b98282bc616a66]::panicking::default_hook
[INFO] [stdout]    5:     0x57f6c3ba1cb0 - test[39766f3d73431624]::test_main_inner::<test[39766f3d73431624]::test_main_static::{closure#0}>::{closure#0}
[INFO] [stdout]    6:     0x57f6c3c2af22 - std[97b98282bc616a66]::panicking::panic_with_hook
[INFO] [stdout]    7:     0x57f6c3c0f712 - std[97b98282bc616a66]::panicking::panic_handler::{closure#0}
[INFO] [stdout]    8:     0x57f6c3c06c49 - std[97b98282bc616a66]::sys::backtrace::__rust_end_short_backtrace::<std[97b98282bc616a66]::panicking::panic_handler::{closure#0}, !>
[INFO] [stdout]    9:     0x57f6c3c105ad - __rustc[e3d8617bb01b7f69]::rust_begin_unwind
[INFO] [stdout]   10:     0x57f6c3c4ac3c - core[832e9a552fc17241]::panicking::panic_fmt
[INFO] [stdout]   11:     0x57f6c3c4aa12 - core[832e9a552fc17241]::result::unwrap_failed
[INFO] [stdout]   12:     0x57f6c3a1832a - std[97b98282bc616a66]::sys::backtrace::__rust_begin_short_backtrace::<ryg_rans_rs_bench[7ba0517255c40cf5]::courts::phase_o_cache::court_single_flight::{closure#2}, alloc[3ecab9f82c41dc7d]::sync::Arc<ryg_rans_rs_parallel[58e43958a166b7b2]::cache::ValidatedModelArtifacts>>
[INFO] [stdout]   13:     0x57f6c395f351 - <std[97b98282bc616a66]::thread::lifecycle::spawn_unchecked<ryg_rans_rs_bench[7ba0517255c40cf5]::courts::phase_o_cache::court_single_flight::{closure#2}, alloc[3ecab9f82c41dc7d]::sync::Arc<ryg_rans_rs_parallel[58e43958a166b7b2]::cache::ValidatedModelArtifacts>>::{closure#1} as core[832e9a552fc17241]::ops::function::FnOnce<()>>::call_once::{shim:vtable#0}
[INFO] [stdout]   14:     0x57f6c3c338af - <std[97b98282bc616a66]::sys::thread::unix::Thread>::new::thread_start
[INFO] [stdout]   15:     0x7e13b9c1f07a - <unknown>
[INFO] [stdout]   16:     0x7e13b9cb2534 - clone
[INFO] [stdout]   17:                0x0 - <unknown>
[INFO] [stdout] 
[INFO] [stdout] thread 'courts::court_tests::every_court_passes' (4982) panicked at crates/ryg-rans-rs-bench/src/courts/mod.rs:275:9:
[INFO] [stdout] court failures:
[INFO] [stdout] RYG_RANS.L.VERIFY.DECODED_HASH: Failed (14 passed / 1 failed / 0 skipped)
[INFO] [stdout] RYG_RANS.L.PERFORMANCE.EXPORT: Failed (9 passed / 1 failed / 0 skipped)
[INFO] [stdout] stack backtrace:
[INFO] [stdout]    0:     0x57f6c3c348e1 - <<std[97b98282bc616a66]::sys::backtrace::BacktraceLock>::print::DisplayBacktrace as core[832e9a552fc17241]::fmt::Display>::fmt
[INFO] [stdout]    1:     0x57f6c3c4a50a - core[832e9a552fc17241]::fmt::write
[INFO] [stdout]    2:     0x57f6c3c3923c - <alloc[3ecab9f82c41dc7d]::vec::Vec<u8> as std[97b98282bc616a66]::io::Write>::write_fmt
[INFO] [stdout]    3:     0x57f6c3c0f666 - std[97b98282bc616a66]::panicking::default_hook::{closure#0}
[INFO] [stdout]    4:     0x57f6c3c2ad69 - std[97b98282bc616a66]::panicking::default_hook
[INFO] [stdout]    5:     0x57f6c3ba1cb0 - test[39766f3d73431624]::test_main_inner::<test[39766f3d73431624]::test_main_static::{closure#0}>::{closure#0}
[INFO] [stdout]    6:     0x57f6c3c2af22 - std[97b98282bc616a66]::panicking::panic_with_hook
[INFO] [stdout]    7:     0x57f6c3c0f712 - std[97b98282bc616a66]::panicking::panic_handler::{closure#0}
[INFO] [stdout]    8:     0x57f6c3c06c49 - std[97b98282bc616a66]::sys::backtrace::__rust_end_short_backtrace::<std[97b98282bc616a66]::panicking::panic_handler::{closure#0}, !>
[INFO] [stdout]    9:     0x57f6c3c105ad - __rustc[e3d8617bb01b7f69]::rust_begin_unwind
[INFO] [stdout]   10:     0x57f6c3c4ac3c - core[832e9a552fc17241]::panicking::panic_fmt
[INFO] [stdout]   11:     0x57f6c39c6b91 - ryg_rans_rs_bench[7ba0517255c40cf5]::courts::court_tests::every_court_passes
[INFO] [stdout]   12:     0x57f6c3a7ac39 - <ryg_rans_rs_bench[7ba0517255c40cf5]::courts::court_tests::every_court_passes::{closure#0} as core[832e9a552fc17241]::ops::function::FnOnce<()>>::call_once
[INFO] [stdout]   13:     0x57f6c3b94feb - test[39766f3d73431624]::__rust_begin_short_backtrace::<core[832e9a552fc17241]::result::Result<(), alloc[3ecab9f82c41dc7d]::string::String>, fn() -> core[832e9a552fc17241]::result::Result<(), alloc[3ecab9f82c41dc7d]::string::String>>
[INFO] [stdout]   14:     0x57f6c3ba2635 - test[39766f3d73431624]::run_test::{closure#0}
[INFO] [stdout]   15:     0x57f6c3b9d0e4 - std[97b98282bc616a66]::sys::backtrace::__rust_begin_short_backtrace::<test[39766f3d73431624]::run_test::{closure#1}, ()>
[INFO] [stdout]   16:     0x57f6c3ba5782 - <std[97b98282bc616a66]::thread::lifecycle::spawn_unchecked<test[39766f3d73431624]::run_test::{closure#1}, ()>::{closure#1} as core[832e9a552fc17241]::ops::function::FnOnce<()>>::call_once::{shim:vtable#0}
[INFO] [stdout]   17:     0x57f6c3c338af - <std[97b98282bc616a66]::sys::thread::unix::Thread>::new::thread_start
[INFO] [stdout]   18:     0x7e13b9c1f07a - <unknown>
[INFO] [stdout]   19:     0x7e13b9cb2534 - clone
[INFO] [stdout]   20:                0x0 - <unknown>
[INFO] [stdout] 
[INFO] [stdout] 
[INFO] [stdout] failures:
[INFO] [stdout]     courts::court_tests::every_court_passes
[INFO] [stdout] 
[INFO] [stdout] test result: FAILED. 18 passed; 1 failed; 0 ignored; 0 measured; 0 filtered out; finished in 0.93s
[INFO] [stdout] 
[INFO] [stderr] error: test failed, to rerun pass `-p ryg-rans-rs-bench --lib`
[INFO] running `Command { std: "docker" "inspect" "8495ade8de11d4bcc1ae5d366a6ecf4537a4eed0dfc7b323ba167213a194a80f", kill_on_drop: false }`
[INFO] running `Command { std: "docker" "rm" "-f" "8495ade8de11d4bcc1ae5d366a6ecf4537a4eed0dfc7b323ba167213a194a80f", kill_on_drop: false }`
[INFO] [stdout] 8495ade8de11d4bcc1ae5d366a6ecf4537a4eed0dfc7b323ba167213a194a80f
