[INFO] cloning repository https://github.com/imsyy/ncm-api-rs
[INFO] running `Command { std: "git" "-c" "credential.helper=" "-c" "credential.helper=/workspace/cargo-home/bin/git-credential-null" "clone" "--bare" "https://github.com/imsyy/ncm-api-rs" "/workspace/cache/git-repos/https%3A%2F%2Fgithub.com%2Fimsyy%2Fncm-api-rs", kill_on_drop: false }`
[INFO] [stderr] Cloning into bare repository '/workspace/cache/git-repos/https%3A%2F%2Fgithub.com%2Fimsyy%2Fncm-api-rs'...
[INFO] running `Command { std: "git" "rev-parse" "HEAD", kill_on_drop: false }`
[INFO] [stdout] 133b65bfe482e41ebccf018870d3fce07bf58eb3
[INFO] testing imsyy/ncm-api-rs against 1.99.0-beta.1+cargoflags=--release for beta-release-1.99-2
[INFO] running `Command { std: "git" "clone" "/workspace/cache/git-repos/https%3A%2F%2Fgithub.com%2Fimsyy%2Fncm-api-rs" "/workspace/builds/worker-7-tc2/source", kill_on_drop: false }`
[INFO] [stderr] Cloning into '/workspace/builds/worker-7-tc2/source'...
[INFO] [stderr] done.
[INFO] started tweaking git repo https://github.com/imsyy/ncm-api-rs
[INFO] finished tweaking git repo https://github.com/imsyy/ncm-api-rs
[INFO] tweaked toml for git repo https://github.com/imsyy/ncm-api-rs written to /workspace/builds/worker-7-tc2/source/Cargo.toml
[INFO] validating manifest of git repo https://github.com/imsyy/ncm-api-rs on toolchain 1.99.0-beta.1
[INFO] running `Command { std: CARGO_HOME="/workspace/cargo-home" RUSTUP_HOME="/workspace/rustup-home" "/workspace/cargo-home/bin/cargo" "+1.99.0-beta.1" "metadata" "--manifest-path" "Cargo.toml" "--no-deps", kill_on_drop: false }`
[INFO] crate git repo https://github.com/imsyy/ncm-api-rs already has a lockfile, it will not be regenerated
[INFO] running `Command { std: CARGO_HOME="/workspace/cargo-home" RUSTUP_HOME="/workspace/rustup-home" "/workspace/cargo-home/bin/cargo" "+1.99.0-beta.1" "fetch" "--manifest-path" "Cargo.toml", kill_on_drop: false }`
[INFO] running `Command { std: "docker" "create" "-v" "/var/lib/crater-agent-workspace/builds/worker-7-tc2/source:/opt/rustwide/workdir:ro,Z" "-v" "/var/lib/crater-agent-workspace/builds/worker-7-tc2/target:/opt/rustwide/target:rw,Z" "-v" "/var/lib/crater-agent-workspace/cargo-home:/opt/rustwide/cargo-home:ro,Z" "-v" "/var/lib/crater-agent-workspace/rustup-home:/opt/rustwide/rustup-home:ro,Z" "-m" "1610612736" "--network" "none" "ghcr.io/rust-lang/crates-build-env/linux@sha256:8683fc1fc2eb5c9ac98e0d076ab094b2ffac7f99da555d2b6a2e27f346de2ec7" "sleep" "infinity", kill_on_drop: false }`
[INFO] [stdout] e2123ccc508acb287d4caa09ca69f7eaeff7b0e0bbf803bf1a3c7eefb546d663
[INFO] running `Command { std: "docker" "start" "e2123ccc508acb287d4caa09ca69f7eaeff7b0e0bbf803bf1a3c7eefb546d663", kill_on_drop: false }`
[INFO] running `Command { std: "docker" "inspect" "e2123ccc508acb287d4caa09ca69f7eaeff7b0e0bbf803bf1a3c7eefb546d663", kill_on_drop: false }`
[INFO] running `Command { std: "docker" "exec" "-e" "SOURCE_DIR=/opt/rustwide/workdir" "-e" "CARGO_HOME=/opt/rustwide/cargo-home" "-e" "RUSTUP_HOME=/opt/rustwide/rustup-home" "-e" "CARGO_TARGET_DIR=/opt/rustwide/target" "-w" "/opt/rustwide/workdir" "--user" "0:0" "e2123ccc508acb287d4caa09ca69f7eaeff7b0e0bbf803bf1a3c7eefb546d663" "/opt/rustwide/cargo-home/bin/cargo" "+1.99.0-beta.1" "metadata" "--no-deps" "--format-version=1", kill_on_drop: false }`
[INFO] running `Command { std: "docker" "inspect" "e2123ccc508acb287d4caa09ca69f7eaeff7b0e0bbf803bf1a3c7eefb546d663", kill_on_drop: false }`
[INFO] running `Command { std: "docker" "exec" "-e" "SOURCE_DIR=/opt/rustwide/workdir" "-e" "CARGO_HOME=/opt/rustwide/cargo-home" "-e" "RUSTUP_HOME=/opt/rustwide/rustup-home" "-e" "CARGO_TARGET_DIR=/opt/rustwide/target" "-e" "CARGO_INCREMENTAL=0" "-e" "RUST_BACKTRACE=full" "-e" "RUSTFLAGS=--cap-lints=warn" "-e" "RUSTDOCFLAGS=--cap-lints=warn" "-w" "/opt/rustwide/workdir" "--user" "0:0" "e2123ccc508acb287d4caa09ca69f7eaeff7b0e0bbf803bf1a3c7eefb546d663" "/opt/rustwide/cargo-home/bin/cargo" "+1.99.0-beta.1" "build" "--frozen" "--message-format=json" "--release", kill_on_drop: false }`
[INFO] [stderr]    Compiling libc v0.2.183
[INFO] [stderr]    Compiling zerocopy v0.8.42
[INFO] [stderr]    Compiling generic-array v0.14.7
[INFO] [stderr]    Compiling http-body v1.0.1
[INFO] [stderr]    Compiling slab v0.4.12
[INFO] [stderr]    Compiling futures-task v0.3.32
[INFO] [stderr]    Compiling zerovec-derive v0.11.2
[INFO] [stderr]    Compiling tokio-macros v2.6.1
[INFO] [stderr]    Compiling zerofrom-derive v0.1.6
[INFO] [stderr]    Compiling yoke-derive v0.8.1
[INFO] [stderr]    Compiling num-conv v0.2.0
[INFO] [stderr]    Compiling rustls v0.23.37
[INFO] [stderr]    Compiling tracing-core v0.1.36
[INFO] [stderr]    Compiling futures-channel v0.3.32
[INFO] [stderr]    Compiling psl-types v2.0.11
[INFO] [stderr]    Compiling litrs v1.0.0
[INFO] [stderr]    Compiling serde_json v1.0.149
[INFO] [stderr]    Compiling webpki-roots v1.0.6
[INFO] [stderr]    Compiling iri-string v0.7.10
[INFO] [stderr]    Compiling time-macros v0.2.27
[INFO] [stderr]    Compiling bitflags v2.11.0
[INFO] [stderr]    Compiling futures-util v0.3.32
[INFO] [stderr]    Compiling serde_urlencoded v0.7.1
[INFO] [stderr]    Compiling pkcs1 v0.7.5
[INFO] [stderr]    Compiling tracing v0.1.44
[INFO] [stderr]    Compiling document-features v0.2.12
[INFO] [stderr]    Compiling http-body-util v0.1.3
[INFO] [stderr]    Compiling thiserror-impl v2.0.18
[INFO] [stderr]    Compiling crypto-common v0.1.7
[INFO] [stderr]    Compiling block-padding v0.3.3
[INFO] [stderr]    Compiling block-buffer v0.10.4
[INFO] [stderr]    Compiling inout v0.1.4
[INFO] [stderr]    Compiling ncm-api-rs v0.1.0 (/opt/rustwide/workdir)
[INFO] [stderr]    Compiling chrono v0.4.44
[INFO] [stderr]    Compiling digest v0.10.7
[INFO] [stderr]    Compiling getrandom v0.2.17
[INFO] [stderr]    Compiling errno v0.3.14
[INFO] [stderr]    Compiling parking_lot_core v0.9.12
[INFO] [stderr]    Compiling socket2 v0.6.3
[INFO] [stderr]    Compiling signal-hook-registry v1.4.8
[INFO] [stderr]    Compiling mio v1.1.1
[INFO] [stderr]    Compiling cipher v0.4.4
[INFO] [stderr]    Compiling rand_core v0.6.4
[INFO] [stderr]    Compiling ring v0.17.14
[INFO] [stderr]    Compiling zerofrom v0.1.6
[INFO] [stderr]    Compiling time v0.3.47
[INFO] [stderr]    Compiling parking_lot v0.12.5
[INFO] [stderr]    Compiling signature v2.2.0
[INFO] [stderr]    Compiling yoke v0.8.1
[INFO] [stderr]    Compiling cbc v0.1.2
[INFO] [stderr]    Compiling ecb v0.1.2
[INFO] [stderr]    Compiling aes v0.8.4
[INFO] [stderr]    Compiling md-5 v0.10.6
[INFO] [stderr]    Compiling zerovec v0.11.5
[INFO] [stderr]    Compiling zerotrie v0.2.3
[INFO] [stderr]    Compiling tokio v1.50.0
[INFO] [stderr]    Compiling thiserror v2.0.18
[INFO] [stderr]    Compiling regex-lite v0.1.9
[INFO] [stderr]    Compiling urlencoding v2.1.3
[INFO] [stderr]    Compiling tinystr v0.8.2
[INFO] [stderr]    Compiling potential_utf v0.1.4
[INFO] [stderr]    Compiling icu_collections v2.1.1
[INFO] [stderr]    Compiling icu_locale_core v2.1.1
[INFO] [stderr]    Compiling icu_provider v2.1.1
[INFO] [stderr]    Compiling rustls-webpki v0.103.9
[INFO] [stderr]    Compiling cookie v0.18.1
[INFO] [stderr]    Compiling icu_normalizer v2.1.1
[INFO] [stderr]    Compiling icu_properties v2.1.2
[INFO] [stderr]    Compiling ppv-lite86 v0.2.21
[INFO] [stderr]    Compiling idna_adapter v1.2.1
[INFO] [stderr]    Compiling rand_chacha v0.3.1
[INFO] [stderr]    Compiling idna v1.1.0
[INFO] [stderr]    Compiling rand v0.8.5
[INFO] [stderr]    Compiling url v2.5.8
[INFO] [stderr]    Compiling publicsuffix v2.3.0
[INFO] [stderr]    Compiling num-bigint-dig v0.8.6
[INFO] [stderr]    Compiling cookie_store v0.22.1
[INFO] [stderr]    Compiling rsa v0.9.10
[INFO] [stderr]    Compiling hyper v1.8.1
[INFO] [stderr]    Compiling tower v0.5.3
[INFO] [stderr]    Compiling tower-http v0.6.8
[INFO] [stderr]    Compiling hyper-util v0.1.20
[INFO] [stderr]    Compiling tokio-rustls v0.26.4
[INFO] [stderr]    Compiling hyper-rustls v0.27.7
[INFO] [stderr]    Compiling reqwest v0.12.28
[INFO] [stderr]     Finished `release` profile [optimized] target(s) in 19.30s
[INFO] running `Command { std: "docker" "inspect" "e2123ccc508acb287d4caa09ca69f7eaeff7b0e0bbf803bf1a3c7eefb546d663", kill_on_drop: false }`
[INFO] running `Command { std: "docker" "exec" "-e" "SOURCE_DIR=/opt/rustwide/workdir" "-e" "CARGO_HOME=/opt/rustwide/cargo-home" "-e" "RUSTUP_HOME=/opt/rustwide/rustup-home" "-e" "CARGO_TARGET_DIR=/opt/rustwide/target" "-e" "CARGO_INCREMENTAL=0" "-e" "RUST_BACKTRACE=full" "-e" "RUSTFLAGS=--cap-lints=warn" "-e" "RUSTDOCFLAGS=--cap-lints=warn" "-w" "/opt/rustwide/workdir" "--user" "0:0" "e2123ccc508acb287d4caa09ca69f7eaeff7b0e0bbf803bf1a3c7eefb546d663" "/opt/rustwide/cargo-home/bin/cargo" "+1.99.0-beta.1" "test" "--frozen" "--no-run" "--message-format=json" "--release", kill_on_drop: false }`
[INFO] [stderr]    Compiling tokio v1.50.0
[INFO] [stderr]    Compiling hyper v1.8.1
[INFO] [stderr]    Compiling tokio-rustls v0.26.4
[INFO] [stderr]    Compiling tower v0.5.3
[INFO] [stderr]    Compiling tower-http v0.6.8
[INFO] [stderr]    Compiling hyper-util v0.1.20
[INFO] [stderr]    Compiling hyper-rustls v0.27.7
[INFO] [stderr]    Compiling reqwest v0.12.28
[INFO] [stderr]    Compiling ncm-api-rs v0.1.0 (/opt/rustwide/workdir)
[INFO] [stderr]     Finished `release` profile [optimized] target(s) in 15.08s
[INFO] running `Command { std: "docker" "inspect" "e2123ccc508acb287d4caa09ca69f7eaeff7b0e0bbf803bf1a3c7eefb546d663", kill_on_drop: false }`
[INFO] running `Command { std: "docker" "exec" "-e" "SOURCE_DIR=/opt/rustwide/workdir" "-e" "CARGO_HOME=/opt/rustwide/cargo-home" "-e" "RUSTUP_HOME=/opt/rustwide/rustup-home" "-e" "CARGO_TARGET_DIR=/opt/rustwide/target" "-e" "CARGO_INCREMENTAL=0" "-e" "RUST_BACKTRACE=full" "-e" "RUSTFLAGS=--cap-lints=warn" "-e" "RUSTDOCFLAGS=--cap-lints=warn" "-w" "/opt/rustwide/workdir" "--user" "0:0" "e2123ccc508acb287d4caa09ca69f7eaeff7b0e0bbf803bf1a3c7eefb546d663" "/opt/rustwide/cargo-home/bin/cargo" "+1.99.0-beta.1" "test" "--frozen" "--release", kill_on_drop: false }`
[INFO] [stderr]     Finished `release` profile [optimized] target(s) in 0.11s
[INFO] [stderr]      Running unittests src/lib.rs (/opt/rustwide/target/release/deps/ncm_api_rs-619955b3d29ac47b)
[INFO] [stdout] 
[INFO] [stdout] running 7 tests
[INFO] [stdout] test crypto::tests::test_aes_ecb_roundtrip ... ok
[INFO] [stdout] test crypto::tests::test_eapi_encrypt_decrypt ... ok
[INFO] [stdout] test crypto::tests::test_linuxapi_produces_eparams ... ok
[INFO] [stdout] test crypto::tests::test_weapi_produces_params_and_encseckey ... ok
[INFO] [stdout] test util::cookie::tests::test_cookie_to_json ... ok
[INFO] [stdout] test util::cookie::tests::test_cookie_obj_to_string ... ok
[INFO] [stdout] test util::cookie::tests::test_cookie_to_json_empty ... ok
[INFO] [stdout] 
[INFO] [stdout] test result: ok. 7 passed; 0 failed; 0 ignored; 0 measured; 0 filtered out; finished in 0.00s
[INFO] [stdout] 
[INFO] [stderr]      Running tests/error.rs (/opt/rustwide/target/release/deps/error-fd5da3daaf7ea1b3)
[INFO] [stdout] 
[INFO] [stdout] running 6 tests
[INFO] [stdout] test test_error_display ... ok
[INFO] [stdout] test test_error_from_api_auth_with_msg ... ok
[INFO] [stdout] test test_error_from_api_auth ... ok
[INFO] [stdout] test test_error_from_api_generic ... ok
[INFO] [stdout] test test_error_from_api_invalid_param ... ok
[INFO] [stdout] test test_error_from_api_rate_limited ... ok
[INFO] [stdout] 
[INFO] [stdout] test result: ok. 6 passed; 0 failed; 0 ignored; 0 measured; 0 filtered out; finished in 0.00s
[INFO] [stdout] 
[INFO] [stderr]      Running tests/integration.rs (/opt/rustwide/target/release/deps/integration-a2bf2684ccc275fc)
[INFO] [stdout] 
[INFO] [stdout] running 8 tests
[INFO] [stdout] test test_login_status_without_cookie ... FAILED
[INFO] [stdout] test test_search ... FAILED
[INFO] [stdout] test test_search_hot_detail ... FAILED
[INFO] [stdout] test test_song_detail_multiple_ids ... FAILED
[INFO] [stdout] test test_song_detail ... FAILED
[INFO] [stdout] test test_banner ... FAILED
[INFO] [stdout] test test_countries_code_list ... FAILED
[INFO] [stdout] test test_toplist ... FAILED
[INFO] [stdout] 
[INFO] [stdout] failures:
[INFO] [stdout] 
[INFO] [stdout] ---- test_login_status_without_cookie stdout ----
[INFO] [stdout] 
[INFO] [stdout] thread 'test_login_status_without_cookie' (2005) panicked at tests/integration.rs:80:5:
[INFO] [stdout] assertion failed: result.is_ok()
[INFO] [stdout] stack backtrace:
[INFO] [stdout]    0:     0x5ec1bac2d891 - <<std[104cf6e2632825ea]::sys::backtrace::BacktraceLock>::print::DisplayBacktrace as core[7c831bd917ebf35f]::fmt::Display>::fmt
[INFO] [stdout]    1:     0x5ec1bac43a4a - core[7c831bd917ebf35f]::fmt::write
[INFO] [stdout]    2:     0x5ec1bac3241c - <alloc[2fdc3f7464fcf288]::vec::Vec<u8> as core[7c831bd917ebf35f]::io::write::Write>::write_fmt
[INFO] [stdout]    3:     0x5ec1bac08b76 - std[104cf6e2632825ea]::panicking::default_hook::{closure#0}
[INFO] [stdout]    4:     0x5ec1bac25749 - std[104cf6e2632825ea]::panicking::default_hook
[INFO] [stdout]    5:     0x5ec1ba98aef0 - test[73009c9f9aebf890]::test_main_inner::<test[73009c9f9aebf890]::test_main_static::{closure#0}>::{closure#0}
[INFO] [stdout]    6:     0x5ec1bac25a72 - std[104cf6e2632825ea]::panicking::panic_with_hook
[INFO] [stdout]    7:     0x5ec1bac08c54 - std[104cf6e2632825ea]::panicking::panic_handler::{closure#0}
[INFO] [stdout]    8:     0x5ec1bac014e9 - std[104cf6e2632825ea]::sys::backtrace::__rust_end_short_backtrace::<std[104cf6e2632825ea]::panicking::panic_handler::{closure#0}, !>
[INFO] [stdout]    9:     0x5ec1bac09a0d - __rustc[b0d56fa5b193ad05]::rust_begin_unwind
[INFO] [stdout]   10:     0x5ec1bac441ac - core[7c831bd917ebf35f]::panicking::panic_fmt
[INFO] [stdout]   11:     0x5ec1bac44172 - core[7c831bd917ebf35f]::panicking::panic
[INFO] [stdout]   12:     0x5ec1ba96120e - integration[37592526e3864e5b]::test_login_status_without_cookie::{closure#0}
[INFO] [stdout]   13:     0x5ec1ba973153 - <tokio[fc6fada80827895e]::runtime::scheduler::current_thread::Context>::enter::<core[7c831bd917ebf35f]::task::poll::Poll<()>, <tokio[fc6fada80827895e]::runtime::scheduler::current_thread::CoreGuard>::block_on<core[7c831bd917ebf35f]::pin::Pin<&mut core[7c831bd917ebf35f]::pin::Pin<&mut dyn core[7c831bd917ebf35f]::future::future::Future<Output = ()>>>>::{closure#0}::{closure#0}>
[INFO] [stdout]   14:     0x5ec1ba976e19 - <std[104cf6e2632825ea]::thread::local::LocalKey<tokio[fc6fada80827895e]::runtime::context::Context>>::with::<tokio[fc6fada80827895e]::runtime::context::set_scheduler<(alloc[2fdc3f7464fcf288]::boxed::Box<tokio[fc6fada80827895e]::runtime::scheduler::current_thread::Core>, core[7c831bd917ebf35f]::option::Option<()>), <tokio[fc6fada80827895e]::runtime::scheduler::current_thread::CoreGuard>::enter<<tokio[fc6fada80827895e]::runtime::scheduler::current_thread::CoreGuard>::block_on<core[7c831bd917ebf35f]::pin::Pin<&mut core[7c831bd917ebf35f]::pin::Pin<&mut dyn core[7c831bd917ebf35f]::future::future::Future<Output = ()>>>>::{closure#0}, core[7c831bd917ebf35f]::option::Option<()>>::{closure#0}>::{closure#0}, (alloc[2fdc3f7464fcf288]::boxed::Box<tokio[fc6fada80827895e]::runtime::scheduler::current_thread::Core>, core[7c831bd917ebf35f]::option::Option<()>)>
[INFO] [stdout]   15:     0x5ec1ba9735f7 - <tokio[fc6fada80827895e]::runtime::scheduler::current_thread::CoreGuard>::block_on::<core[7c831bd917ebf35f]::pin::Pin<&mut core[7c831bd917ebf35f]::pin::Pin<&mut dyn core[7c831bd917ebf35f]::future::future::Future<Output = ()>>>>
[INFO] [stdout]   16:     0x5ec1ba977c57 - tokio[fc6fada80827895e]::runtime::context::runtime::enter_runtime::<<tokio[fc6fada80827895e]::runtime::scheduler::current_thread::CurrentThread>::block_on<core[7c831bd917ebf35f]::pin::Pin<&mut dyn core[7c831bd917ebf35f]::future::future::Future<Output = ()>>>::{closure#0}, ()>
[INFO] [stdout]   17:     0x5ec1ba976b3a - <tokio[fc6fada80827895e]::runtime::runtime::Runtime>::block_on::<core[7c831bd917ebf35f]::pin::Pin<&mut dyn core[7c831bd917ebf35f]::future::future::Future<Output = ()>>>
[INFO] [stdout]   18:     0x5ec1ba96a65e - <integration[37592526e3864e5b]::test_login_status_without_cookie::{closure#0} as core[7c831bd917ebf35f]::ops::function::FnOnce<()>>::call_once
[INFO] [stdout]   19:     0x5ec1ba97e1db - test[73009c9f9aebf890]::__rust_begin_short_backtrace::<core[7c831bd917ebf35f]::result::Result<(), alloc[2fdc3f7464fcf288]::string::String>, fn() -> core[7c831bd917ebf35f]::result::Result<(), alloc[2fdc3f7464fcf288]::string::String>>
[INFO] [stdout]   20:     0x5ec1ba98b845 - test[73009c9f9aebf890]::run_test::{closure#0}
[INFO] [stdout]   21:     0x5ec1ba984c04 - std[104cf6e2632825ea]::sys::backtrace::__rust_begin_short_backtrace::<test[73009c9f9aebf890]::run_test::{closure#1}, ()>
[INFO] [stdout]   22:     0x5ec1ba98e9a2 - <std[104cf6e2632825ea]::thread::lifecycle::spawn_unchecked<test[73009c9f9aebf890]::run_test::{closure#1}, ()>::{closure#1} as core[7c831bd917ebf35f]::ops::function::FnOnce<()>>::call_once::{shim:vtable#0}
[INFO] [stdout]   23:     0x5ec1bac2cdb9 - <std[104cf6e2632825ea]::sys::thread::unix::Thread>::new::thread_start
[INFO] [stdout]   24:     0x7bd4a2f8707a - <unknown>
[INFO] [stdout]   25:     0x7bd4a301a534 - clone
[INFO] [stdout]   26:                0x0 - <unknown>
[INFO] [stdout] 
[INFO] [stdout] ---- test_search stdout ----
[INFO] [stdout] 
[INFO] [stdout] thread 'test_search' (2006) panicked at tests/integration.rs:24:5:
[INFO] [stdout] assertion failed: result.is_ok()
[INFO] [stdout] stack backtrace:
[INFO] [stdout]    0:     0x5ec1bac2d891 - <<std[104cf6e2632825ea]::sys::backtrace::BacktraceLock>::print::DisplayBacktrace as core[7c831bd917ebf35f]::fmt::Display>::fmt
[INFO] [stdout]    1:     0x5ec1bac43a4a - core[7c831bd917ebf35f]::fmt::write
[INFO] [stdout]    2:     0x5ec1bac3241c - <alloc[2fdc3f7464fcf288]::vec::Vec<u8> as core[7c831bd917ebf35f]::io::write::Write>::write_fmt
[INFO] [stdout]    3:     0x5ec1bac08b76 - std[104cf6e2632825ea]::panicking::default_hook::{closure#0}
[INFO] [stdout]    4:     0x5ec1bac25749 - std[104cf6e2632825ea]::panicking::default_hook
[INFO] [stdout]    5:     0x5ec1ba98aef0 - test[73009c9f9aebf890]::test_main_inner::<test[73009c9f9aebf890]::test_main_static::{closure#0}>::{closure#0}
[INFO] [stdout]    6:     0x5ec1bac25a72 - std[104cf6e2632825ea]::panicking::panic_with_hook
[INFO] [stdout]    7:     0x5ec1bac08c54 - std[104cf6e2632825ea]::panicking::panic_handler::{closure#0}
[INFO] [stdout]    8:     0x5ec1bac014e9 - std[104cf6e2632825ea]::sys::backtrace::__rust_end_short_backtrace::<std[104cf6e2632825ea]::panicking::panic_handler::{closure#0}, !>
[INFO] [stdout]    9:     0x5ec1bac09a0d - __rustc[b0d56fa5b193ad05]::rust_begin_unwind
[INFO] [stdout]   10:     0x5ec1bac441ac - core[7c831bd917ebf35f]::panicking::panic_fmt
[INFO] [stdout]   11:     0x5ec1bac44172 - core[7c831bd917ebf35f]::panicking::panic
[INFO] [stdout]   12:     0x5ec1ba95fa18 - integration[37592526e3864e5b]::test_search::{closure#0}
[INFO] [stdout]   13:     0x5ec1ba973153 - <tokio[fc6fada80827895e]::runtime::scheduler::current_thread::Context>::enter::<core[7c831bd917ebf35f]::task::poll::Poll<()>, <tokio[fc6fada80827895e]::runtime::scheduler::current_thread::CoreGuard>::block_on<core[7c831bd917ebf35f]::pin::Pin<&mut core[7c831bd917ebf35f]::pin::Pin<&mut dyn core[7c831bd917ebf35f]::future::future::Future<Output = ()>>>>::{closure#0}::{closure#0}>
[INFO] [stdout]   14:     0x5ec1ba976e19 - <std[104cf6e2632825ea]::thread::local::LocalKey<tokio[fc6fada80827895e]::runtime::context::Context>>::with::<tokio[fc6fada80827895e]::runtime::context::set_scheduler<(alloc[2fdc3f7464fcf288]::boxed::Box<tokio[fc6fada80827895e]::runtime::scheduler::current_thread::Core>, core[7c831bd917ebf35f]::option::Option<()>), <tokio[fc6fada80827895e]::runtime::scheduler::current_thread::CoreGuard>::enter<<tokio[fc6fada80827895e]::runtime::scheduler::current_thread::CoreGuard>::block_on<core[7c831bd917ebf35f]::pin::Pin<&mut core[7c831bd917ebf35f]::pin::Pin<&mut dyn core[7c831bd917ebf35f]::future::future::Future<Output = ()>>>>::{closure#0}, core[7c831bd917ebf35f]::option::Option<()>>::{closure#0}>::{closure#0}, (alloc[2fdc3f7464fcf288]::boxed::Box<tokio[fc6fada80827895e]::runtime::scheduler::current_thread::Core>, core[7c831bd917ebf35f]::option::Option<()>)>
[INFO] [stdout]   15:     0x5ec1ba9735f7 - <tokio[fc6fada80827895e]::runtime::scheduler::current_thread::CoreGuard>::block_on::<core[7c831bd917ebf35f]::pin::Pin<&mut core[7c831bd917ebf35f]::pin::Pin<&mut dyn core[7c831bd917ebf35f]::future::future::Future<Output = ()>>>>
[INFO] [stdout]   16:     0x5ec1ba977c57 - tokio[fc6fada80827895e]::runtime::context::runtime::enter_runtime::<<tokio[fc6fada80827895e]::runtime::scheduler::current_thread::CurrentThread>::block_on<core[7c831bd917ebf35f]::pin::Pin<&mut dyn core[7c831bd917ebf35f]::future::future::Future<Output = ()>>>::{closure#0}, ()>
[INFO] [stdout]   17:     0x5ec1ba976b3a - <tokio[fc6fada80827895e]::runtime::runtime::Runtime>::block_on::<core[7c831bd917ebf35f]::pin::Pin<&mut dyn core[7c831bd917ebf35f]::future::future::Future<Output = ()>>>
[INFO] [stderr] error: test failed, to rerun pass `--test integration`
[INFO] [stdout]   18:     0x5ec1ba969c5e - <integration[37592526e3864e5b]::test_search::{closure#0} as core[7c831bd917ebf35f]::ops::function::FnOnce<()>>::call_once
[INFO] [stdout]   19:     0x5ec1ba97e1db - test[73009c9f9aebf890]::__rust_begin_short_backtrace::<core[7c831bd917ebf35f]::result::Result<(), alloc[2fdc3f7464fcf288]::string::String>, fn() -> core[7c831bd917ebf35f]::result::Result<(), alloc[2fdc3f7464fcf288]::string::String>>
[INFO] [stdout]   20:     0x5ec1ba98b845 - test[73009c9f9aebf890]::run_test::{closure#0}
[INFO] [stdout]   21:     0x5ec1ba984c04 - std[104cf6e2632825ea]::sys::backtrace::__rust_begin_short_backtrace::<test[73009c9f9aebf890]::run_test::{closure#1}, ()>
[INFO] [stdout]   22:     0x5ec1ba98e9a2 - <std[104cf6e2632825ea]::thread::lifecycle::spawn_unchecked<test[73009c9f9aebf890]::run_test::{closure#1}, ()>::{closure#1} as core[7c831bd917ebf35f]::ops::function::FnOnce<()>>::call_once::{shim:vtable#0}
[INFO] [stdout]   23:     0x5ec1bac2cdb9 - <std[104cf6e2632825ea]::sys::thread::unix::Thread>::new::thread_start
[INFO] [stdout]   24:     0x7bd4a2f8707a - <unknown>
[INFO] [stdout]   25:     0x7bd4a301a534 - clone
[INFO] [stdout]   26:                0x0 - <unknown>
[INFO] [stdout] 
[INFO] [stdout] ---- test_search_hot_detail stdout ----
[INFO] [stdout] 
[INFO] [stdout] thread 'test_search_hot_detail' (2007) panicked at tests/integration.rs:69:5:
[INFO] [stdout] assertion failed: result.is_ok()
[INFO] [stdout] stack backtrace:
[INFO] [stdout]    0:     0x5ec1bac2d891 - <<std[104cf6e2632825ea]::sys::backtrace::BacktraceLock>::print::DisplayBacktrace as core[7c831bd917ebf35f]::fmt::Display>::fmt
[INFO] [stdout]    1:     0x5ec1bac43a4a - core[7c831bd917ebf35f]::fmt::write
[INFO] [stdout]    2:     0x5ec1bac3241c - <alloc[2fdc3f7464fcf288]::vec::Vec<u8> as core[7c831bd917ebf35f]::io::write::Write>::write_fmt
[INFO] [stdout]    3:     0x5ec1bac08b76 - std[104cf6e2632825ea]::panicking::default_hook::{closure#0}
[INFO] [stdout]    4:     0x5ec1bac25749 - std[104cf6e2632825ea]::panicking::default_hook
[INFO] [stdout]    5:     0x5ec1ba98aef0 - test[73009c9f9aebf890]::test_main_inner::<test[73009c9f9aebf890]::test_main_static::{closure#0}>::{closure#0}
[INFO] [stdout]    6:     0x5ec1bac25a72 - std[104cf6e2632825ea]::panicking::panic_with_hook
[INFO] [stdout]    7:     0x5ec1bac08c54 - std[104cf6e2632825ea]::panicking::panic_handler::{closure#0}
[INFO] [stdout]    8:     0x5ec1bac014e9 - std[104cf6e2632825ea]::sys::backtrace::__rust_end_short_backtrace::<std[104cf6e2632825ea]::panicking::panic_handler::{closure#0}, !>
[INFO] [stdout]    9:     0x5ec1bac09a0d - __rustc[b0d56fa5b193ad05]::rust_begin_unwind
[INFO] [stdout]   10:     0x5ec1bac441ac - core[7c831bd917ebf35f]::panicking::panic_fmt
[INFO] [stdout]   11:     0x5ec1bac44172 - core[7c831bd917ebf35f]::panicking::panic
[INFO] [stdout]   12:     0x5ec1ba96072a - integration[37592526e3864e5b]::test_search_hot_detail::{closure#0}
[INFO] [stdout]   13:     0x5ec1ba973153 - <tokio[fc6fada80827895e]::runtime::scheduler::current_thread::Context>::enter::<core[7c831bd917ebf35f]::task::poll::Poll<()>, <tokio[fc6fada80827895e]::runtime::scheduler::current_thread::CoreGuard>::block_on<core[7c831bd917ebf35f]::pin::Pin<&mut core[7c831bd917ebf35f]::pin::Pin<&mut dyn core[7c831bd917ebf35f]::future::future::Future<Output = ()>>>>::{closure#0}::{closure#0}>
[INFO] [stdout]   14:     0x5ec1ba976e19 - <std[104cf6e2632825ea]::thread::local::LocalKey<tokio[fc6fada80827895e]::runtime::context::Context>>::with::<tokio[fc6fada80827895e]::runtime::context::set_scheduler<(alloc[2fdc3f7464fcf288]::boxed::Box<tokio[fc6fada80827895e]::runtime::scheduler::current_thread::Core>, core[7c831bd917ebf35f]::option::Option<()>), <tokio[fc6fada80827895e]::runtime::scheduler::current_thread::CoreGuard>::enter<<tokio[fc6fada80827895e]::runtime::scheduler::current_thread::CoreGuard>::block_on<core[7c831bd917ebf35f]::pin::Pin<&mut core[7c831bd917ebf35f]::pin::Pin<&mut dyn core[7c831bd917ebf35f]::future::future::Future<Output = ()>>>>::{closure#0}, core[7c831bd917ebf35f]::option::Option<()>>::{closure#0}>::{closure#0}, (alloc[2fdc3f7464fcf288]::boxed::Box<tokio[fc6fada80827895e]::runtime::scheduler::current_thread::Core>, core[7c831bd917ebf35f]::option::Option<()>)>
[INFO] [stdout]   15:     0x5ec1ba9735f7 - <tokio[fc6fada80827895e]::runtime::scheduler::current_thread::CoreGuard>::block_on::<core[7c831bd917ebf35f]::pin::Pin<&mut core[7c831bd917ebf35f]::pin::Pin<&mut dyn core[7c831bd917ebf35f]::future::future::Future<Output = ()>>>>
[INFO] [stdout]   16:     0x5ec1ba977c57 - tokio[fc6fada80827895e]::runtime::context::runtime::enter_runtime::<<tokio[fc6fada80827895e]::runtime::scheduler::current_thread::CurrentThread>::block_on<core[7c831bd917ebf35f]::pin::Pin<&mut dyn core[7c831bd917ebf35f]::future::future::Future<Output = ()>>>::{closure#0}, ()>
[INFO] [stdout]   17:     0x5ec1ba976b3a - <tokio[fc6fada80827895e]::runtime::runtime::Runtime>::block_on::<core[7c831bd917ebf35f]::pin::Pin<&mut dyn core[7c831bd917ebf35f]::future::future::Future<Output = ()>>>
[INFO] [stdout]   18:     0x5ec1ba96a15e - <integration[37592526e3864e5b]::test_search_hot_detail::{closure#0} as core[7c831bd917ebf35f]::ops::function::FnOnce<()>>::call_once
[INFO] [stdout]   19:     0x5ec1ba97e1db - test[73009c9f9aebf890]::__rust_begin_short_backtrace::<core[7c831bd917ebf35f]::result::Result<(), alloc[2fdc3f7464fcf288]::string::String>, fn() -> core[7c831bd917ebf35f]::result::Result<(), alloc[2fdc3f7464fcf288]::string::String>>
[INFO] [stdout]   20:     0x5ec1ba98b845 - test[73009c9f9aebf890]::run_test::{closure#0}
[INFO] [stdout]   21:     0x5ec1ba984c04 - std[104cf6e2632825ea]::sys::backtrace::__rust_begin_short_backtrace::<test[73009c9f9aebf890]::run_test::{closure#1}, ()>
[INFO] [stdout]   22:     0x5ec1ba98e9a2 - <std[104cf6e2632825ea]::thread::lifecycle::spawn_unchecked<test[73009c9f9aebf890]::run_test::{closure#1}, ()>::{closure#1} as core[7c831bd917ebf35f]::ops::function::FnOnce<()>>::call_once::{shim:vtable#0}
[INFO] [stdout]   23:     0x5ec1bac2cdb9 - <std[104cf6e2632825ea]::sys::thread::unix::Thread>::new::thread_start
[INFO] [stdout]   24:     0x7bd4a2f8707a - <unknown>
[INFO] [stdout]   25:     0x7bd4a301a534 - clone
[INFO] [stdout]   26:                0x0 - <unknown>
[INFO] [stdout] 
[INFO] [stdout] ---- test_song_detail_multiple_ids stdout ----
[INFO] [stdout] 
[INFO] [stdout] thread 'test_song_detail_multiple_ids' (2009) panicked at tests/integration.rs:46:5:
[INFO] [stdout] assertion failed: result.is_ok()
[INFO] [stdout] stack backtrace:
[INFO] [stdout]    0:     0x5ec1bac2d891 - <<std[104cf6e2632825ea]::sys::backtrace::BacktraceLock>::print::DisplayBacktrace as core[7c831bd917ebf35f]::fmt::Display>::fmt
[INFO] [stdout]    1:     0x5ec1bac43a4a - core[7c831bd917ebf35f]::fmt::write
[INFO] [stdout]    2:     0x5ec1bac3241c - <alloc[2fdc3f7464fcf288]::vec::Vec<u8> as core[7c831bd917ebf35f]::io::write::Write>::write_fmt
[INFO] [stdout]    3:     0x5ec1bac08b76 - std[104cf6e2632825ea]::panicking::default_hook::{closure#0}
[INFO] [stdout]    4:     0x5ec1bac25749 - std[104cf6e2632825ea]::panicking::default_hook
[INFO] [stdout]    5:     0x5ec1ba98aef0 - test[73009c9f9aebf890]::test_main_inner::<test[73009c9f9aebf890]::test_main_static::{closure#0}>::{closure#0}
[INFO] [stdout]    6:     0x5ec1bac25a72 - std[104cf6e2632825ea]::panicking::panic_with_hook
[INFO] [stdout]    7:     0x5ec1bac08c54 - std[104cf6e2632825ea]::panicking::panic_handler::{closure#0}
[INFO] [stdout]    8:     0x5ec1bac014e9 - std[104cf6e2632825ea]::sys::backtrace::__rust_end_short_backtrace::<std[104cf6e2632825ea]::panicking::panic_handler::{closure#0}, !>
[INFO] [stdout]    9:     0x5ec1bac09a0d - __rustc[b0d56fa5b193ad05]::rust_begin_unwind
[INFO] [stdout]   10:     0x5ec1bac441ac - core[7c831bd917ebf35f]::panicking::panic_fmt
[INFO] [stdout]   11:     0x5ec1bac44172 - core[7c831bd917ebf35f]::panicking::panic
[INFO] [stdout]   12:     0x5ec1ba960ea9 - integration[37592526e3864e5b]::test_song_detail_multiple_ids::{closure#0}
[INFO] [stdout]   13:     0x5ec1ba973153 - <tokio[fc6fada80827895e]::runtime::scheduler::current_thread::Context>::enter::<core[7c831bd917ebf35f]::task::poll::Poll<()>, <tokio[fc6fada80827895e]::runtime::scheduler::current_thread::CoreGuard>::block_on<core[7c831bd917ebf35f]::pin::Pin<&mut core[7c831bd917ebf35f]::pin::Pin<&mut dyn core[7c831bd917ebf35f]::future::future::Future<Output = ()>>>>::{closure#0}::{closure#0}>
[INFO] [stdout]   14:     0x5ec1ba976e19 - <std[104cf6e2632825ea]::thread::local::LocalKey<tokio[fc6fada80827895e]::runtime::context::Context>>::with::<tokio[fc6fada80827895e]::runtime::context::set_scheduler<(alloc[2fdc3f7464fcf288]::boxed::Box<tokio[fc6fada80827895e]::runtime::scheduler::current_thread::Core>, core[7c831bd917ebf35f]::option::Option<()>), <tokio[fc6fada80827895e]::runtime::scheduler::current_thread::CoreGuard>::enter<<tokio[fc6fada80827895e]::runtime::scheduler::current_thread::CoreGuard>::block_on<core[7c831bd917ebf35f]::pin::Pin<&mut core[7c831bd917ebf35f]::pin::Pin<&mut dyn core[7c831bd917ebf35f]::future::future::Future<Output = ()>>>>::{closure#0}, core[7c831bd917ebf35f]::option::Option<()>>::{closure#0}>::{closure#0}, (alloc[2fdc3f7464fcf288]::boxed::Box<tokio[fc6fada80827895e]::runtime::scheduler::current_thread::Core>, core[7c831bd917ebf35f]::option::Option<()>)>
[INFO] [stdout]   15:     0x5ec1ba9735f7 - <tokio[fc6fada80827895e]::runtime::scheduler::current_thread::CoreGuard>::block_on::<core[7c831bd917ebf35f]::pin::Pin<&mut core[7c831bd917ebf35f]::pin::Pin<&mut dyn core[7c831bd917ebf35f]::future::future::Future<Output = ()>>>>
[INFO] [stdout]   16:     0x5ec1ba977c57 - tokio[fc6fada80827895e]::runtime::context::runtime::enter_runtime::<<tokio[fc6fada80827895e]::runtime::scheduler::current_thread::CurrentThread>::block_on<core[7c831bd917ebf35f]::pin::Pin<&mut dyn core[7c831bd917ebf35f]::future::future::Future<Output = ()>>>::{closure#0}, ()>
[INFO] [stdout]   17:     0x5ec1ba976b3a - <tokio[fc6fada80827895e]::runtime::runtime::Runtime>::block_on::<core[7c831bd917ebf35f]::pin::Pin<&mut dyn core[7c831bd917ebf35f]::future::future::Future<Output = ()>>>
[INFO] [stdout]   18:     0x5ec1ba96a4be - <integration[37592526e3864e5b]::test_song_detail_multiple_ids::{closure#0} as core[7c831bd917ebf35f]::ops::function::FnOnce<()>>::call_once
[INFO] [stdout]   19:     0x5ec1ba97e1db - test[73009c9f9aebf890]::__rust_begin_short_backtrace::<core[7c831bd917ebf35f]::result::Result<(), alloc[2fdc3f7464fcf288]::string::String>, fn() -> core[7c831bd917ebf35f]::result::Result<(), alloc[2fdc3f7464fcf288]::string::String>>
[INFO] [stdout]   20:     0x5ec1ba98b845 - test[73009c9f9aebf890]::run_test::{closure#0}
[INFO] [stdout]   21:     0x5ec1ba984c04 - std[104cf6e2632825ea]::sys::backtrace::__rust_begin_short_backtrace::<test[73009c9f9aebf890]::run_test::{closure#1}, ()>
[INFO] [stdout]   22:     0x5ec1ba98e9a2 - <std[104cf6e2632825ea]::thread::lifecycle::spawn_unchecked<test[73009c9f9aebf890]::run_test::{closure#1}, ()>::{closure#1} as core[7c831bd917ebf35f]::ops::function::FnOnce<()>>::call_once::{shim:vtable#0}
[INFO] [stdout]   23:     0x5ec1bac2cdb9 - <std[104cf6e2632825ea]::sys::thread::unix::Thread>::new::thread_start
[INFO] [stdout]   24:     0x7bd4a2f8707a - <unknown>
[INFO] [stdout]   25:     0x7bd4a301a534 - clone
[INFO] [stdout]   26:                0x0 - <unknown>
[INFO] [stdout] 
[INFO] [stdout] ---- test_song_detail stdout ----
[INFO] [stdout] 
[INFO] [stdout] thread 'test_song_detail' (2008) panicked at tests/integration.rs:35:5:
[INFO] [stdout] assertion failed: result.is_ok()
[INFO] [stdout] stack backtrace:
[INFO] [stdout]    0:     0x5ec1bac2d891 - <<std[104cf6e2632825ea]::sys::backtrace::BacktraceLock>::print::DisplayBacktrace as core[7c831bd917ebf35f]::fmt::Display>::fmt
[INFO] [stdout]    1:     0x5ec1bac43a4a - core[7c831bd917ebf35f]::fmt::write
[INFO] [stdout]    2:     0x5ec1bac3241c - <alloc[2fdc3f7464fcf288]::vec::Vec<u8> as core[7c831bd917ebf35f]::io::write::Write>::write_fmt
[INFO] [stdout]    3:     0x5ec1bac08b76 - std[104cf6e2632825ea]::panicking::default_hook::{closure#0}
[INFO] [stdout]    4:     0x5ec1bac25749 - std[104cf6e2632825ea]::panicking::default_hook
[INFO] [stdout]    5:     0x5ec1ba98aef0 - test[73009c9f9aebf890]::test_main_inner::<test[73009c9f9aebf890]::test_main_static::{closure#0}>::{closure#0}
[INFO] [stdout]    6:     0x5ec1bac25a72 - std[104cf6e2632825ea]::panicking::panic_with_hook
[INFO] [stdout]    7:     0x5ec1bac08c54 - std[104cf6e2632825ea]::panicking::panic_handler::{closure#0}
[INFO] [stdout]    8:     0x5ec1bac014e9 - std[104cf6e2632825ea]::sys::backtrace::__rust_end_short_backtrace::<std[104cf6e2632825ea]::panicking::panic_handler::{closure#0}, !>
[INFO] [stdout]    9:     0x5ec1bac09a0d - __rustc[b0d56fa5b193ad05]::rust_begin_unwind
[INFO] [stdout]   10:     0x5ec1bac441ac - core[7c831bd917ebf35f]::panicking::panic_fmt
[INFO] [stdout]   11:     0x5ec1bac44172 - core[7c831bd917ebf35f]::panicking::panic
[INFO] [stdout]   12:     0x5ec1ba960309 - integration[37592526e3864e5b]::test_song_detail::{closure#0}
[INFO] [stdout]   13:     0x5ec1ba973153 - <tokio[fc6fada80827895e]::runtime::scheduler::current_thread::Context>::enter::<core[7c831bd917ebf35f]::task::poll::Poll<()>, <tokio[fc6fada80827895e]::runtime::scheduler::current_thread::CoreGuard>::block_on<core[7c831bd917ebf35f]::pin::Pin<&mut core[7c831bd917ebf35f]::pin::Pin<&mut dyn core[7c831bd917ebf35f]::future::future::Future<Output = ()>>>>::{closure#0}::{closure#0}>
[INFO] [stdout]   14:     0x5ec1ba976e19 - <std[104cf6e2632825ea]::thread::local::LocalKey<tokio[fc6fada80827895e]::runtime::context::Context>>::with::<tokio[fc6fada80827895e]::runtime::context::set_scheduler<(alloc[2fdc3f7464fcf288]::boxed::Box<tokio[fc6fada80827895e]::runtime::scheduler::current_thread::Core>, core[7c831bd917ebf35f]::option::Option<()>), <tokio[fc6fada80827895e]::runtime::scheduler::current_thread::CoreGuard>::enter<<tokio[fc6fada80827895e]::runtime::scheduler::current_thread::CoreGuard>::block_on<core[7c831bd917ebf35f]::pin::Pin<&mut core[7c831bd917ebf35f]::pin::Pin<&mut dyn core[7c831bd917ebf35f]::future::future::Future<Output = ()>>>>::{closure#0}, core[7c831bd917ebf35f]::option::Option<()>>::{closure#0}>::{closure#0}, (alloc[2fdc3f7464fcf288]::boxed::Box<tokio[fc6fada80827895e]::runtime::scheduler::current_thread::Core>, core[7c831bd917ebf35f]::option::Option<()>)>
[INFO] [stdout]   15:     0x5ec1ba9735f7 - <tokio[fc6fada80827895e]::runtime::scheduler::current_thread::CoreGuard>::block_on::<core[7c831bd917ebf35f]::pin::Pin<&mut core[7c831bd917ebf35f]::pin::Pin<&mut dyn core[7c831bd917ebf35f]::future::future::Future<Output = ()>>>>
[INFO] [stdout]   16:     0x5ec1ba977c57 - tokio[fc6fada80827895e]::runtime::context::runtime::enter_runtime::<<tokio[fc6fada80827895e]::runtime::scheduler::current_thread::CurrentThread>::block_on<core[7c831bd917ebf35f]::pin::Pin<&mut dyn core[7c831bd917ebf35f]::future::future::Future<Output = ()>>>::{closure#0}, ()>
[INFO] [stdout]   17:     0x5ec1ba976b3a - <tokio[fc6fada80827895e]::runtime::runtime::Runtime>::block_on::<core[7c831bd917ebf35f]::pin::Pin<&mut dyn core[7c831bd917ebf35f]::future::future::Future<Output = ()>>>
[INFO] [stdout]   18:     0x5ec1ba969fbe - <integration[37592526e3864e5b]::test_song_detail::{closure#0} as core[7c831bd917ebf35f]::ops::function::FnOnce<()>>::call_once
[INFO] [stdout]   19:     0x5ec1ba97e1db - test[73009c9f9aebf890]::__rust_begin_short_backtrace::<core[7c831bd917ebf35f]::result::Result<(), alloc[2fdc3f7464fcf288]::string::String>, fn() -> core[7c831bd917ebf35f]::result::Result<(), alloc[2fdc3f7464fcf288]::string::String>>
[INFO] [stdout]   20:     0x5ec1ba98b845 - test[73009c9f9aebf890]::run_test::{closure#0}
[INFO] [stdout]   21:     0x5ec1ba984c04 - std[104cf6e2632825ea]::sys::backtrace::__rust_begin_short_backtrace::<test[73009c9f9aebf890]::run_test::{closure#1}, ()>
[INFO] [stdout]   22:     0x5ec1ba98e9a2 - <std[104cf6e2632825ea]::thread::lifecycle::spawn_unchecked<test[73009c9f9aebf890]::run_test::{closure#1}, ()>::{closure#1} as core[7c831bd917ebf35f]::ops::function::FnOnce<()>>::call_once::{shim:vtable#0}
[INFO] [stdout]   23:     0x5ec1bac2cdb9 - <std[104cf6e2632825ea]::sys::thread::unix::Thread>::new::thread_start
[INFO] [stdout]   24:     0x7bd4a2f8707a - <unknown>
[INFO] [stdout]   25:     0x7bd4a301a534 - clone
[INFO] [stdout]   26:                0x0 - <unknown>
[INFO] [stdout] 
[INFO] [stdout] ---- test_banner stdout ----
[INFO] [stdout] 
[INFO] [stdout] thread 'test_banner' (2003) panicked at tests/integration.rs:11:5:
[INFO] [stdout] assertion failed: result.is_ok()
[INFO] [stdout] stack backtrace:
[INFO] [stdout]    0:     0x5ec1bac2d891 - <<std[104cf6e2632825ea]::sys::backtrace::BacktraceLock>::print::DisplayBacktrace as core[7c831bd917ebf35f]::fmt::Display>::fmt
[INFO] [stdout]    1:     0x5ec1bac43a4a - core[7c831bd917ebf35f]::fmt::write
[INFO] [stdout]    2:     0x5ec1bac3241c - <alloc[2fdc3f7464fcf288]::vec::Vec<u8> as core[7c831bd917ebf35f]::io::write::Write>::write_fmt
[INFO] [stdout]    3:     0x5ec1bac08b76 - std[104cf6e2632825ea]::panicking::default_hook::{closure#0}
[INFO] [stdout]    4:     0x5ec1bac25749 - std[104cf6e2632825ea]::panicking::default_hook
[INFO] [stdout]    5:     0x5ec1ba98aef0 - test[73009c9f9aebf890]::test_main_inner::<test[73009c9f9aebf890]::test_main_static::{closure#0}>::{closure#0}
[INFO] [stdout]    6:     0x5ec1bac25a72 - std[104cf6e2632825ea]::panicking::panic_with_hook
[INFO] [stdout]    7:     0x5ec1bac08c54 - std[104cf6e2632825ea]::panicking::panic_handler::{closure#0}
[INFO] [stdout]    8:     0x5ec1bac014e9 - std[104cf6e2632825ea]::sys::backtrace::__rust_end_short_backtrace::<std[104cf6e2632825ea]::panicking::panic_handler::{closure#0}, !>
[INFO] [stdout]    9:     0x5ec1bac09a0d - __rustc[b0d56fa5b193ad05]::rust_begin_unwind
[INFO] [stdout]   10:     0x5ec1bac441ac - core[7c831bd917ebf35f]::panicking::panic_fmt
[INFO] [stdout]   11:     0x5ec1bac44172 - core[7c831bd917ebf35f]::panicking::panic
[INFO] [stdout]   12:     0x5ec1ba95eb7c - integration[37592526e3864e5b]::test_banner::{closure#0}
[INFO] [stdout]   13:     0x5ec1ba973153 - <tokio[fc6fada80827895e]::runtime::scheduler::current_thread::Context>::enter::<core[7c831bd917ebf35f]::task::poll::Poll<()>, <tokio[fc6fada80827895e]::runtime::scheduler::current_thread::CoreGuard>::block_on<core[7c831bd917ebf35f]::pin::Pin<&mut core[7c831bd917ebf35f]::pin::Pin<&mut dyn core[7c831bd917ebf35f]::future::future::Future<Output = ()>>>>::{closure#0}::{closure#0}>
[INFO] [stdout]   14:     0x5ec1ba976e19 - <std[104cf6e2632825ea]::thread::local::LocalKey<tokio[fc6fada80827895e]::runtime::context::Context>>::with::<tokio[fc6fada80827895e]::runtime::context::set_scheduler<(alloc[2fdc3f7464fcf288]::boxed::Box<tokio[fc6fada80827895e]::runtime::scheduler::current_thread::Core>, core[7c831bd917ebf35f]::option::Option<()>), <tokio[fc6fada80827895e]::runtime::scheduler::current_thread::CoreGuard>::enter<<tokio[fc6fada80827895e]::runtime::scheduler::current_thread::CoreGuard>::block_on<core[7c831bd917ebf35f]::pin::Pin<&mut core[7c831bd917ebf35f]::pin::Pin<&mut dyn core[7c831bd917ebf35f]::future::future::Future<Output = ()>>>>::{closure#0}, core[7c831bd917ebf35f]::option::Option<()>>::{closure#0}>::{closure#0}, (alloc[2fdc3f7464fcf288]::boxed::Box<tokio[fc6fada80827895e]::runtime::scheduler::current_thread::Core>, core[7c831bd917ebf35f]::option::Option<()>)>
[INFO] [stdout]   15:     0x5ec1ba9735f7 - <tokio[fc6fada80827895e]::runtime::scheduler::current_thread::CoreGuard>::block_on::<core[7c831bd917ebf35f]::pin::Pin<&mut core[7c831bd917ebf35f]::pin::Pin<&mut dyn core[7c831bd917ebf35f]::future::future::Future<Output = ()>>>>
[INFO] [stdout]   16:     0x5ec1ba977c57 - tokio[fc6fada80827895e]::runtime::context::runtime::enter_runtime::<<tokio[fc6fada80827895e]::runtime::scheduler::current_thread::CurrentThread>::block_on<core[7c831bd917ebf35f]::pin::Pin<&mut dyn core[7c831bd917ebf35f]::future::future::Future<Output = ()>>>::{closure#0}, ()>
[INFO] [stdout]   17:     0x5ec1ba976b3a - <tokio[fc6fada80827895e]::runtime::runtime::Runtime>::block_on::<core[7c831bd917ebf35f]::pin::Pin<&mut dyn core[7c831bd917ebf35f]::future::future::Future<Output = ()>>>
[INFO] [stdout]   18:     0x5ec1ba969afe - <integration[37592526e3864e5b]::test_banner::{closure#0} as core[7c831bd917ebf35f]::ops::function::FnOnce<()>>::call_once
[INFO] [stdout]   19:     0x5ec1ba97e1db - test[73009c9f9aebf890]::__rust_begin_short_backtrace::<core[7c831bd917ebf35f]::result::Result<(), alloc[2fdc3f7464fcf288]::string::String>, fn() -> core[7c831bd917ebf35f]::result::Result<(), alloc[2fdc3f7464fcf288]::string::String>>
[INFO] [stdout]   20:     0x5ec1ba98b845 - test[73009c9f9aebf890]::run_test::{closure#0}
[INFO] [stdout]   21:     0x5ec1ba984c04 - std[104cf6e2632825ea]::sys::backtrace::__rust_begin_short_backtrace::<test[73009c9f9aebf890]::run_test::{closure#1}, ()>
[INFO] [stdout]   22:     0x5ec1ba98e9a2 - <std[104cf6e2632825ea]::thread::lifecycle::spawn_unchecked<test[73009c9f9aebf890]::run_test::{closure#1}, ()>::{closure#1} as core[7c831bd917ebf35f]::ops::function::FnOnce<()>>::call_once::{shim:vtable#0}
[INFO] [stdout]   23:     0x5ec1bac2cdb9 - <std[104cf6e2632825ea]::sys::thread::unix::Thread>::new::thread_start
[INFO] [stdout]   24:     0x7bd4a2f8707a - <unknown>
[INFO] [stdout]   25:     0x7bd4a301a534 - clone
[INFO] [stdout]   26:                0x0 - <unknown>
[INFO] [stdout] 
[INFO] [stdout] ---- test_countries_code_list stdout ----
[INFO] [stdout] 
[INFO] [stdout] thread 'test_countries_code_list' (2004) panicked at tests/integration.rs:88:5:
[INFO] [stdout] assertion failed: result.is_ok()
[INFO] [stdout] stack backtrace:
[INFO] [stdout]    0:     0x5ec1bac2d891 - <<std[104cf6e2632825ea]::sys::backtrace::BacktraceLock>::print::DisplayBacktrace as core[7c831bd917ebf35f]::fmt::Display>::fmt
[INFO] [stdout]    1:     0x5ec1bac43a4a - core[7c831bd917ebf35f]::fmt::write
[INFO] [stdout]    2:     0x5ec1bac3241c - <alloc[2fdc3f7464fcf288]::vec::Vec<u8> as core[7c831bd917ebf35f]::io::write::Write>::write_fmt
[INFO] [stdout]    3:     0x5ec1bac08b76 - std[104cf6e2632825ea]::panicking::default_hook::{closure#0}
[INFO] [stdout]    4:     0x5ec1bac25749 - std[104cf6e2632825ea]::panicking::default_hook
[INFO] [stdout]    5:     0x5ec1ba98aef0 - test[73009c9f9aebf890]::test_main_inner::<test[73009c9f9aebf890]::test_main_static::{closure#0}>::{closure#0}
[INFO] [stdout]    6:     0x5ec1bac25a72 - std[104cf6e2632825ea]::panicking::panic_with_hook
[INFO] [stdout]    7:     0x5ec1bac08c54 - std[104cf6e2632825ea]::panicking::panic_handler::{closure#0}
[INFO] [stdout]    8:     0x5ec1bac014e9 - std[104cf6e2632825ea]::sys::backtrace::__rust_end_short_backtrace::<std[104cf6e2632825ea]::panicking::panic_handler::{closure#0}, !>
[INFO] [stdout]    9:     0x5ec1bac09a0d - __rustc[b0d56fa5b193ad05]::rust_begin_unwind
[INFO] [stdout]   10:     0x5ec1bac441ac - core[7c831bd917ebf35f]::panicking::panic_fmt
[INFO] [stdout]   11:     0x5ec1bac44172 - core[7c831bd917ebf35f]::panicking::panic
[INFO] [stdout]   12:     0x5ec1ba960b6a - integration[37592526e3864e5b]::test_countries_code_list::{closure#0}
[INFO] [stdout]   13:     0x5ec1ba973153 - <tokio[fc6fada80827895e]::runtime::scheduler::current_thread::Context>::enter::<core[7c831bd917ebf35f]::task::poll::Poll<()>, <tokio[fc6fada80827895e]::runtime::scheduler::current_thread::CoreGuard>::block_on<core[7c831bd917ebf35f]::pin::Pin<&mut core[7c831bd917ebf35f]::pin::Pin<&mut dyn core[7c831bd917ebf35f]::future::future::Future<Output = ()>>>>::{closure#0}::{closure#0}>
[INFO] [stdout]   14:     0x5ec1ba976e19 - <std[104cf6e2632825ea]::thread::local::LocalKey<tokio[fc6fada80827895e]::runtime::context::Context>>::with::<tokio[fc6fada80827895e]::runtime::context::set_scheduler<(alloc[2fdc3f7464fcf288]::boxed::Box<tokio[fc6fada80827895e]::runtime::scheduler::current_thread::Core>, core[7c831bd917ebf35f]::option::Option<()>), <tokio[fc6fada80827895e]::runtime::scheduler::current_thread::CoreGuard>::enter<<tokio[fc6fada80827895e]::runtime::scheduler::current_thread::CoreGuard>::block_on<core[7c831bd917ebf35f]::pin::Pin<&mut core[7c831bd917ebf35f]::pin::Pin<&mut dyn core[7c831bd917ebf35f]::future::future::Future<Output = ()>>>>::{closure#0}, core[7c831bd917ebf35f]::option::Option<()>>::{closure#0}>::{closure#0}, (alloc[2fdc3f7464fcf288]::boxed::Box<tokio[fc6fada80827895e]::runtime::scheduler::current_thread::Core>, core[7c831bd917ebf35f]::option::Option<()>)>
[INFO] [stdout]   15:     0x5ec1ba9735f7 - <tokio[fc6fada80827895e]::runtime::scheduler::current_thread::CoreGuard>::block_on::<core[7c831bd917ebf35f]::pin::Pin<&mut core[7c831bd917ebf35f]::pin::Pin<&mut dyn core[7c831bd917ebf35f]::future::future::Future<Output = ()>>>>
[INFO] [stdout]   16:     0x5ec1ba977c57 - tokio[fc6fada80827895e]::runtime::context::runtime::enter_runtime::<<tokio[fc6fada80827895e]::runtime::scheduler::current_thread::CurrentThread>::block_on<core[7c831bd917ebf35f]::pin::Pin<&mut dyn core[7c831bd917ebf35f]::future::future::Future<Output = ()>>>::{closure#0}, ()>
[INFO] [stdout]   17:     0x5ec1ba976b3a - <tokio[fc6fada80827895e]::runtime::runtime::Runtime>::block_on::<core[7c831bd917ebf35f]::pin::Pin<&mut dyn core[7c831bd917ebf35f]::future::future::Future<Output = ()>>>
[INFO] [stdout]   18:     0x5ec1ba96a30e - <integration[37592526e3864e5b]::test_countries_code_list::{closure#0} as core[7c831bd917ebf35f]::ops::function::FnOnce<()>>::call_once
[INFO] [stdout]   19:     0x5ec1ba97e1db - test[73009c9f9aebf890]::__rust_begin_short_backtrace::<core[7c831bd917ebf35f]::result::Result<(), alloc[2fdc3f7464fcf288]::string::String>, fn() -> core[7c831bd917ebf35f]::result::Result<(), alloc[2fdc3f7464fcf288]::string::String>>
[INFO] [stdout]   20:     0x5ec1ba98b845 - test[73009c9f9aebf890]::run_test::{closure#0}
[INFO] [stdout]   21:     0x5ec1ba984c04 - std[104cf6e2632825ea]::sys::backtrace::__rust_begin_short_backtrace::<test[73009c9f9aebf890]::run_test::{closure#1}, ()>
[INFO] [stdout]   22:     0x5ec1ba98e9a2 - <std[104cf6e2632825ea]::thread::lifecycle::spawn_unchecked<test[73009c9f9aebf890]::run_test::{closure#1}, ()>::{closure#1} as core[7c831bd917ebf35f]::ops::function::FnOnce<()>>::call_once::{shim:vtable#0}
[INFO] [stdout]   23:     0x5ec1bac2cdb9 - <std[104cf6e2632825ea]::sys::thread::unix::Thread>::new::thread_start
[INFO] [stdout]   24:     0x7bd4a2f8707a - <unknown>
[INFO] [stdout]   25:     0x7bd4a301a534 - clone
[INFO] [stdout]   26:                0x0 - <unknown>
[INFO] [stdout] 
[INFO] [stdout] ---- test_toplist stdout ----
[INFO] [stdout] 
[INFO] [stdout] thread 'test_toplist' (2010) panicked at tests/integration.rs:58:5:
[INFO] [stdout] assertion failed: result.is_ok()
[INFO] [stdout] stack backtrace:
[INFO] [stdout]    0:     0x5ec1bac2d891 - <<std[104cf6e2632825ea]::sys::backtrace::BacktraceLock>::print::DisplayBacktrace as core[7c831bd917ebf35f]::fmt::Display>::fmt
[INFO] [stdout]    1:     0x5ec1bac43a4a - core[7c831bd917ebf35f]::fmt::write
[INFO] [stdout]    2:     0x5ec1bac3241c - <alloc[2fdc3f7464fcf288]::vec::Vec<u8> as core[7c831bd917ebf35f]::io::write::Write>::write_fmt
[INFO] [stdout]    3:     0x5ec1bac08b76 - std[104cf6e2632825ea]::panicking::default_hook::{closure#0}
[INFO] [stdout]    4:     0x5ec1bac25749 - std[104cf6e2632825ea]::panicking::default_hook
[INFO] [stdout]    5:     0x5ec1ba98aef0 - test[73009c9f9aebf890]::test_main_inner::<test[73009c9f9aebf890]::test_main_static::{closure#0}>::{closure#0}
[INFO] [stdout]    6:     0x5ec1bac25a72 - std[104cf6e2632825ea]::panicking::panic_with_hook
[INFO] [stdout]    7:     0x5ec1bac08c54 - std[104cf6e2632825ea]::panicking::panic_handler::{closure#0}
[INFO] [stdout]    8:     0x5ec1bac014e9 - std[104cf6e2632825ea]::sys::backtrace::__rust_end_short_backtrace::<std[104cf6e2632825ea]::panicking::panic_handler::{closure#0}, !>
[INFO] [stdout]    9:     0x5ec1bac09a0d - __rustc[b0d56fa5b193ad05]::rust_begin_unwind
[INFO] [stdout]   10:     0x5ec1bac441ac - core[7c831bd917ebf35f]::panicking::panic_fmt
[INFO] [stdout]   11:     0x5ec1bac44172 - core[7c831bd917ebf35f]::panicking::panic
[INFO] [stdout]   12:     0x5ec1ba95ffca - integration[37592526e3864e5b]::test_toplist::{closure#0}
[INFO] [stdout]   13:     0x5ec1ba973153 - <tokio[fc6fada80827895e]::runtime::scheduler::current_thread::Context>::enter::<core[7c831bd917ebf35f]::task::poll::Poll<()>, <tokio[fc6fada80827895e]::runtime::scheduler::current_thread::CoreGuard>::block_on<core[7c831bd917ebf35f]::pin::Pin<&mut core[7c831bd917ebf35f]::pin::Pin<&mut dyn core[7c831bd917ebf35f]::future::future::Future<Output = ()>>>>::{closure#0}::{closure#0}>
[INFO] [stdout]   14:     0x5ec1ba976e19 - <std[104cf6e2632825ea]::thread::local::LocalKey<tokio[fc6fada80827895e]::runtime::context::Context>>::with::<tokio[fc6fada80827895e]::runtime::context::set_scheduler<(alloc[2fdc3f7464fcf288]::boxed::Box<tokio[fc6fada80827895e]::runtime::scheduler::current_thread::Core>, core[7c831bd917ebf35f]::option::Option<()>), <tokio[fc6fada80827895e]::runtime::scheduler::current_thread::CoreGuard>::enter<<tokio[fc6fada80827895e]::runtime::scheduler::current_thread::CoreGuard>::block_on<core[7c831bd917ebf35f]::pin::Pin<&mut core[7c831bd917ebf35f]::pin::Pin<&mut dyn core[7c831bd917ebf35f]::future::future::Future<Output = ()>>>>::{closure#0}, core[7c831bd917ebf35f]::option::Option<()>>::{closure#0}>::{closure#0}, (alloc[2fdc3f7464fcf288]::boxed::Box<tokio[fc6fada80827895e]::runtime::scheduler::current_thread::Core>, core[7c831bd917ebf35f]::option::Option<()>)>
[INFO] [stdout]   15:     0x5ec1ba9735f7 - <tokio[fc6fada80827895e]::runtime::scheduler::current_thread::CoreGuard>::block_on::<core[7c831bd917ebf35f]::pin::Pin<&mut core[7c831bd917ebf35f]::pin::Pin<&mut dyn core[7c831bd917ebf35f]::future::future::Future<Output = ()>>>>
[INFO] [stdout]   16:     0x5ec1ba977c57 - tokio[fc6fada80827895e]::runtime::context::runtime::enter_runtime::<<tokio[fc6fada80827895e]::runtime::scheduler::current_thread::CurrentThread>::block_on<core[7c831bd917ebf35f]::pin::Pin<&mut dyn core[7c831bd917ebf35f]::future::future::Future<Output = ()>>>::{closure#0}, ()>
[INFO] [stdout]   17:     0x5ec1ba976b3a - <tokio[fc6fada80827895e]::runtime::runtime::Runtime>::block_on::<core[7c831bd917ebf35f]::pin::Pin<&mut dyn core[7c831bd917ebf35f]::future::future::Future<Output = ()>>>
[INFO] [stdout]   18:     0x5ec1ba969e0e - <integration[37592526e3864e5b]::test_toplist::{closure#0} as core[7c831bd917ebf35f]::ops::function::FnOnce<()>>::call_once
[INFO] [stdout]   19:     0x5ec1ba97e1db - test[73009c9f9aebf890]::__rust_begin_short_backtrace::<core[7c831bd917ebf35f]::result::Result<(), alloc[2fdc3f7464fcf288]::string::String>, fn() -> core[7c831bd917ebf35f]::result::Result<(), alloc[2fdc3f7464fcf288]::string::String>>
[INFO] [stdout]   20:     0x5ec1ba98b845 - test[73009c9f9aebf890]::run_test::{closure#0}
[INFO] [stdout]   21:     0x5ec1ba984c04 - std[104cf6e2632825ea]::sys::backtrace::__rust_begin_short_backtrace::<test[73009c9f9aebf890]::run_test::{closure#1}, ()>
[INFO] [stdout]   22:     0x5ec1ba98e9a2 - <std[104cf6e2632825ea]::thread::lifecycle::spawn_unchecked<test[73009c9f9aebf890]::run_test::{closure#1}, ()>::{closure#1} as core[7c831bd917ebf35f]::ops::function::FnOnce<()>>::call_once::{shim:vtable#0}
[INFO] [stdout]   23:     0x5ec1bac2cdb9 - <std[104cf6e2632825ea]::sys::thread::unix::Thread>::new::thread_start
[INFO] [stdout]   24:     0x7bd4a2f8707a - <unknown>
[INFO] [stdout]   25:     0x7bd4a301a534 - clone
[INFO] [stdout]   26:                0x0 - <unknown>
[INFO] [stdout] 
[INFO] [stdout] 
[INFO] [stdout] failures:
[INFO] [stdout]     test_banner
[INFO] [stdout]     test_countries_code_list
[INFO] [stdout]     test_login_status_without_cookie
[INFO] [stdout]     test_search
[INFO] [stdout]     test_search_hot_detail
[INFO] [stdout]     test_song_detail
[INFO] [stdout]     test_song_detail_multiple_ids
[INFO] [stdout]     test_toplist
[INFO] [stdout] 
[INFO] [stdout] test result: FAILED. 0 passed; 8 failed; 0 ignored; 0 measured; 0 filtered out; finished in 0.00s
[INFO] [stdout] 
[INFO] running `Command { std: "docker" "inspect" "e2123ccc508acb287d4caa09ca69f7eaeff7b0e0bbf803bf1a3c7eefb546d663", kill_on_drop: false }`
[INFO] running `Command { std: "docker" "rm" "-f" "e2123ccc508acb287d4caa09ca69f7eaeff7b0e0bbf803bf1a3c7eefb546d663", kill_on_drop: false }`
[INFO] [stdout] e2123ccc508acb287d4caa09ca69f7eaeff7b0e0bbf803bf1a3c7eefb546d663
