[INFO] cloning repository https://github.com/i7m7r8/NanoMind
[INFO] running `Command { std: "git" "-c" "credential.helper=" "-c" "credential.helper=/workspace/cargo-home/bin/git-credential-null" "clone" "--bare" "https://github.com/i7m7r8/NanoMind" "/workspace/cache/git-repos/https%3A%2F%2Fgithub.com%2Fi7m7r8%2FNanoMind", kill_on_drop: false }`
[INFO] [stderr] Cloning into bare repository '/workspace/cache/git-repos/https%3A%2F%2Fgithub.com%2Fi7m7r8%2FNanoMind'...
[INFO] running `Command { std: "git" "rev-parse" "HEAD", kill_on_drop: false }`
[INFO] [stdout] f0c0c08120b4ef39f097322e2643233355dc2bed
[INFO] testing i7m7r8/NanoMind against 1.99.0-beta.1+cargoflags=--release for beta-release-1.99-2
[INFO] running `Command { std: "git" "clone" "/workspace/cache/git-repos/https%3A%2F%2Fgithub.com%2Fi7m7r8%2FNanoMind" "/workspace/builds/worker-2-tc2/source", kill_on_drop: false }`
[INFO] [stderr] Cloning into '/workspace/builds/worker-2-tc2/source'...
[INFO] [stderr] done.
[INFO] started tweaking git repo https://github.com/i7m7r8/NanoMind
[INFO] finished tweaking git repo https://github.com/i7m7r8/NanoMind
[INFO] tweaked toml for git repo https://github.com/i7m7r8/NanoMind written to /workspace/builds/worker-2-tc2/source/Cargo.toml
[INFO] validating manifest of git repo https://github.com/i7m7r8/NanoMind on toolchain 1.99.0-beta.1
[INFO] running `Command { std: CARGO_HOME="/workspace/cargo-home" RUSTUP_HOME="/workspace/rustup-home" "/workspace/cargo-home/bin/cargo" "+1.99.0-beta.1" "metadata" "--manifest-path" "Cargo.toml" "--no-deps", kill_on_drop: false }`
[INFO] crate git repo https://github.com/i7m7r8/NanoMind already has a lockfile, it will not be regenerated
[INFO] running `Command { std: CARGO_HOME="/workspace/cargo-home" RUSTUP_HOME="/workspace/rustup-home" "/workspace/cargo-home/bin/cargo" "+1.99.0-beta.1" "fetch" "--manifest-path" "Cargo.toml", kill_on_drop: false }`
[INFO] running `Command { std: "docker" "create" "-v" "/var/lib/crater-agent-workspace/builds/worker-2-tc2/source:/opt/rustwide/workdir:ro,Z" "-v" "/var/lib/crater-agent-workspace/builds/worker-2-tc2/target:/opt/rustwide/target:rw,Z" "-v" "/var/lib/crater-agent-workspace/cargo-home:/opt/rustwide/cargo-home:ro,Z" "-v" "/var/lib/crater-agent-workspace/rustup-home:/opt/rustwide/rustup-home:ro,Z" "-m" "1610612736" "--network" "none" "ghcr.io/rust-lang/crates-build-env/linux@sha256:8683fc1fc2eb5c9ac98e0d076ab094b2ffac7f99da555d2b6a2e27f346de2ec7" "sleep" "infinity", kill_on_drop: false }`
[INFO] [stdout] e8febe57b9ce53b353865f83ce26c523a83ba594c02e46cd37ff29c4d0d6333d
[INFO] running `Command { std: "docker" "start" "e8febe57b9ce53b353865f83ce26c523a83ba594c02e46cd37ff29c4d0d6333d", kill_on_drop: false }`
[INFO] running `Command { std: "docker" "inspect" "e8febe57b9ce53b353865f83ce26c523a83ba594c02e46cd37ff29c4d0d6333d", kill_on_drop: false }`
[INFO] running `Command { std: "docker" "exec" "-e" "SOURCE_DIR=/opt/rustwide/workdir" "-e" "CARGO_HOME=/opt/rustwide/cargo-home" "-e" "RUSTUP_HOME=/opt/rustwide/rustup-home" "-e" "CARGO_TARGET_DIR=/opt/rustwide/target" "-w" "/opt/rustwide/workdir" "--user" "0:0" "e8febe57b9ce53b353865f83ce26c523a83ba594c02e46cd37ff29c4d0d6333d" "/opt/rustwide/cargo-home/bin/cargo" "+1.99.0-beta.1" "metadata" "--no-deps" "--format-version=1", kill_on_drop: false }`
[INFO] running `Command { std: "docker" "inspect" "e8febe57b9ce53b353865f83ce26c523a83ba594c02e46cd37ff29c4d0d6333d", kill_on_drop: false }`
[INFO] running `Command { std: "docker" "exec" "-e" "SOURCE_DIR=/opt/rustwide/workdir" "-e" "CARGO_HOME=/opt/rustwide/cargo-home" "-e" "RUSTUP_HOME=/opt/rustwide/rustup-home" "-e" "CARGO_TARGET_DIR=/opt/rustwide/target" "-e" "CARGO_INCREMENTAL=0" "-e" "RUST_BACKTRACE=full" "-e" "RUSTFLAGS=--cap-lints=warn" "-e" "RUSTDOCFLAGS=--cap-lints=warn" "-w" "/opt/rustwide/workdir" "--user" "0:0" "e8febe57b9ce53b353865f83ce26c523a83ba594c02e46cd37ff29c4d0d6333d" "/opt/rustwide/cargo-home/bin/cargo" "+1.99.0-beta.1" "build" "--frozen" "--message-format=json" "--release", kill_on_drop: false }`
[INFO] [stderr]    Compiling proc-macro2 v1.0.106
[INFO] [stderr]    Compiling quote v1.0.45
[INFO] [stderr]    Compiling unicode-ident v1.0.24
[INFO] [stderr]    Compiling cfg-if v1.0.4
[INFO] [stderr]    Compiling zerocopy v0.8.48
[INFO] [stderr]    Compiling libc v0.2.184
[INFO] [stderr]    Compiling serde_core v1.0.228
[INFO] [stderr]    Compiling zmij v1.0.21
[INFO] [stderr]    Compiling serde_json v1.0.149
[INFO] [stderr]    Compiling serde v1.0.228
[INFO] [stderr]    Compiling itoa v1.0.18
[INFO] [stderr]    Compiling memchr v2.8.0
[INFO] [stderr]    Compiling utf8parse v0.2.2
[INFO] [stderr]    Compiling crc32fast v1.5.0
[INFO] [stderr]    Compiling anstyle-parse v1.0.0
[INFO] [stderr]    Compiling simd-adler32 v0.3.9
[INFO] [stderr]    Compiling is_terminal_polyfill v1.70.2
[INFO] [stderr]    Compiling colorchoice v1.0.5
[INFO] [stderr]    Compiling anstyle-query v1.1.5
[INFO] [stderr]    Compiling adler2 v2.0.1
[INFO] [stderr]    Compiling anstyle v1.0.14
[INFO] [stderr]    Compiling miniz_oxide v0.8.9
[INFO] [stderr]    Compiling anstream v1.0.0
[INFO] [stderr]    Compiling strsim v0.11.1
[INFO] [stderr]    Compiling syn v2.0.117
[INFO] [stderr]    Compiling clap_lex v1.1.0
[INFO] [stderr]    Compiling heck v0.5.0
[INFO] [stderr]    Compiling flate2 v1.1.9
[INFO] [stderr]    Compiling clap_builder v4.6.0
[INFO] [stderr]    Compiling getrandom v0.2.17
[INFO] [stderr]    Compiling memmap2 v0.9.10
[INFO] [stderr]    Compiling rand_core v0.6.4
[INFO] [stderr]    Compiling zerocopy-derive v0.8.48
[INFO] [stderr]    Compiling bytemuck_derive v1.10.2
[INFO] [stderr]    Compiling serde_derive v1.0.228
[INFO] [stderr]    Compiling clap_derive v4.6.0
[INFO] [stderr]    Compiling bytemuck v1.25.0
[INFO] [stderr]    Compiling clap v4.6.0
[INFO] [stderr]    Compiling nanomind-tokenizer v0.1.0 (/opt/rustwide/workdir/crates/nanomind-tokenizer)
[INFO] [stderr]    Compiling half v2.7.1
[INFO] [stderr]    Compiling ppv-lite86 v0.2.21
[INFO] [stderr]    Compiling rand_chacha v0.3.1
[INFO] [stderr]    Compiling nanomind-core v0.1.0 (/opt/rustwide/workdir/crates/nanomind-core)
[INFO] [stderr]    Compiling rand v0.8.5
[INFO] [stderr]    Compiling nanomind-gguf v0.1.0 (/opt/rustwide/workdir/crates/nanomind-gguf)
[INFO] [stderr]    Compiling nanomind-trainer v0.1.0 (/opt/rustwide/workdir/crates/nanomind-trainer)
[INFO] [stderr]    Compiling nanomind-model v0.1.0 (/opt/rustwide/workdir/crates/nanomind-model)
[INFO] [stderr]    Compiling nanomind-sampling v0.1.0 (/opt/rustwide/workdir/crates/nanomind-sampling)
[INFO] [stderr]    Compiling nanomind-server v0.1.0 (/opt/rustwide/workdir/crates/nanomind-server)
[INFO] [stderr]    Compiling nanomind v0.1.0 (/opt/rustwide/workdir/crates/nanomind)
[INFO] [stderr]     Finished `release` profile [optimized] target(s) in 1m 02s
[INFO] running `Command { std: "docker" "inspect" "e8febe57b9ce53b353865f83ce26c523a83ba594c02e46cd37ff29c4d0d6333d", kill_on_drop: false }`
[INFO] running `Command { std: "docker" "exec" "-e" "SOURCE_DIR=/opt/rustwide/workdir" "-e" "CARGO_HOME=/opt/rustwide/cargo-home" "-e" "RUSTUP_HOME=/opt/rustwide/rustup-home" "-e" "CARGO_TARGET_DIR=/opt/rustwide/target" "-e" "CARGO_INCREMENTAL=0" "-e" "RUST_BACKTRACE=full" "-e" "RUSTFLAGS=--cap-lints=warn" "-e" "RUSTDOCFLAGS=--cap-lints=warn" "-w" "/opt/rustwide/workdir" "--user" "0:0" "e8febe57b9ce53b353865f83ce26c523a83ba594c02e46cd37ff29c4d0d6333d" "/opt/rustwide/cargo-home/bin/cargo" "+1.99.0-beta.1" "test" "--frozen" "--no-run" "--message-format=json" "--release", kill_on_drop: false }`
[INFO] [stderr]    Compiling cfg-if v1.0.4
[INFO] [stderr]    Compiling libc v0.2.184
[INFO] [stderr]    Compiling serde_core v1.0.228
[INFO] [stderr]    Compiling zmij v1.0.21
[INFO] [stderr]    Compiling itoa v1.0.18
[INFO] [stderr]    Compiling memchr v2.8.0
[INFO] [stderr]    Compiling zerocopy v0.8.48
[INFO] [stderr]    Compiling bytemuck v1.25.0
[INFO] [stderr]    Compiling simd-adler32 v0.3.9
[INFO] [stderr]    Compiling adler2 v2.0.1
[INFO] [stderr]    Compiling crc32fast v1.5.0
[INFO] [stderr]    Compiling miniz_oxide v0.8.9
[INFO] [stderr]    Compiling utf8parse v0.2.2
[INFO] [stderr]    Compiling anstyle-parse v1.0.0
[INFO] [stderr]    Compiling is_terminal_polyfill v1.70.2
[INFO] [stderr]    Compiling colorchoice v1.0.5
[INFO] [stderr]    Compiling anstyle-query v1.1.5
[INFO] [stderr]    Compiling anstyle v1.0.14
[INFO] [stderr]    Compiling strsim v0.11.1
[INFO] [stderr]    Compiling clap_lex v1.1.0
[INFO] [stderr]    Compiling anstream v1.0.0
[INFO] [stderr]    Compiling flate2 v1.1.9
[INFO] [stderr]    Compiling clap_builder v4.6.0
[INFO] [stderr]    Compiling memmap2 v0.9.10
[INFO] [stderr]    Compiling getrandom v0.2.17
[INFO] [stderr]    Compiling rand_core v0.6.4
[INFO] [stderr]    Compiling serde v1.0.228
[INFO] [stderr]    Compiling serde_json v1.0.149
[INFO] [stderr]    Compiling clap v4.6.0
[INFO] [stderr]    Compiling half v2.7.1
[INFO] [stderr]    Compiling ppv-lite86 v0.2.21
[INFO] [stderr]    Compiling nanomind-tokenizer v0.1.0 (/opt/rustwide/workdir/crates/nanomind-tokenizer)
[INFO] [stderr]    Compiling nanomind-core v0.1.0 (/opt/rustwide/workdir/crates/nanomind-core)
[INFO] [stderr]    Compiling rand_chacha v0.3.1
[INFO] [stderr]    Compiling rand v0.8.5
[INFO] [stderr]    Compiling nanomind-gguf v0.1.0 (/opt/rustwide/workdir/crates/nanomind-gguf)
[INFO] [stderr]    Compiling nanomind-trainer v0.1.0 (/opt/rustwide/workdir/crates/nanomind-trainer)
[INFO] [stderr]    Compiling nanomind-model v0.1.0 (/opt/rustwide/workdir/crates/nanomind-model)
[INFO] [stderr]    Compiling nanomind-sampling v0.1.0 (/opt/rustwide/workdir/crates/nanomind-sampling)
[INFO] [stderr]    Compiling nanomind-server v0.1.0 (/opt/rustwide/workdir/crates/nanomind-server)
[INFO] [stderr]    Compiling nanomind v0.1.0 (/opt/rustwide/workdir/crates/nanomind)
[INFO] [stderr]     Finished `release` profile [optimized] target(s) in 1m 57s
[INFO] running `Command { std: "docker" "inspect" "e8febe57b9ce53b353865f83ce26c523a83ba594c02e46cd37ff29c4d0d6333d", kill_on_drop: false }`
[INFO] running `Command { std: "docker" "exec" "-e" "SOURCE_DIR=/opt/rustwide/workdir" "-e" "CARGO_HOME=/opt/rustwide/cargo-home" "-e" "RUSTUP_HOME=/opt/rustwide/rustup-home" "-e" "CARGO_TARGET_DIR=/opt/rustwide/target" "-e" "CARGO_INCREMENTAL=0" "-e" "RUST_BACKTRACE=full" "-e" "RUSTFLAGS=--cap-lints=warn" "-e" "RUSTDOCFLAGS=--cap-lints=warn" "-w" "/opt/rustwide/workdir" "--user" "0:0" "e8febe57b9ce53b353865f83ce26c523a83ba594c02e46cd37ff29c4d0d6333d" "/opt/rustwide/cargo-home/bin/cargo" "+1.99.0-beta.1" "test" "--frozen" "--release", kill_on_drop: false }`
[INFO] [stderr]     Finished `release` profile [optimized] target(s) in 0.06s
[INFO] [stderr]      Running unittests src/main.rs (/opt/rustwide/target/release/deps/nanomind-6238aba9ff20ca8f)
[INFO] [stdout] 
[INFO] [stdout] running 0 tests
[INFO] [stdout] 
[INFO] [stderr]      Running unittests src/lib.rs (/opt/rustwide/target/release/deps/nanomind_core-6530ffaca0a879ab)
[INFO] [stdout] test result: ok. 0 passed; 0 failed; 0 ignored; 0 measured; 0 filtered out; finished in 0.00s
[INFO] [stdout] 
[INFO] [stdout] 
[INFO] [stdout] running 17 tests
[INFO] [stdout] test attention::tests::test_rms_norm ... ok
[INFO] [stdout] test attention::tests::test_silu ... ok
[INFO] [stdout] test attention::tests::test_logit_bias ... ok
[INFO] [stdout] test attention::tests::test_dot ... ok
[INFO] [stdout] test ggml::tests::test_bytes_per_element ... ok
[INFO] [stdout] test attention::tests::test_repetition_penalty ... ok
[INFO] [stdout] test ggml::tests::test_type_roundtrip ... ok
[INFO] [stdout] test ggml::tests::test_type_sizes ... ok
[INFO] [stdout] test gguf_writer::tests::test_quantization_types ... ok
[INFO] [stdout] test ops::tests::test_dequant_dispatch ... ok
[INFO] [stdout] test attention::tests::test_softmax_sum_one ... ok
[INFO] [stdout] test ops::tests::test_dequant_q4_0_zero ... ok
[INFO] [stdout] test rope::tests::test_rope_cache_creation ... ok
[INFO] [stdout] test rope::tests::test_rope_preserves_norm ... ok
[INFO] [stdout] test ops::tests::test_dequant_q8_0_known ... ok
[INFO] [stderr] error: test failed, to rerun pass `-p nanomind-core --lib`
[INFO] [stdout] test gguf_writer::tests::test_metadata_types ... FAILED
[INFO] [stdout] test gguf_writer::tests::test_write_and_read_header ... FAILED
[INFO] [stdout] 
[INFO] [stdout] failures:
[INFO] [stdout] 
[INFO] [stdout] ---- gguf_writer::tests::test_metadata_types stdout ----
[INFO] [stdout] 
[INFO] [stdout] thread 'gguf_writer::tests::test_metadata_types' (1253) panicked at crates/nanomind-core/src/gguf_writer.rs:510:36:
[INFO] [stdout] called `Result::unwrap()` on an `Err` value: Os { code: 30, kind: ReadOnlyFilesystem, message: "Read-only file system" }
[INFO] [stdout] stack backtrace:
[INFO] [stdout]    0:     0x62c65a369f57 - <unknown>
[INFO] [stdout]    1:     0x62c65a351caa - <unknown>
[INFO] [stdout]    2:     0x62c65a36950b - <unknown>
[INFO] [stdout]    3:     0x62c65a368fef - <unknown>
[INFO] [stdout]    4:     0x62c65a368c1a - <unknown>
[INFO] [stdout]    5:     0x62c65a368752 - <unknown>
[INFO] [stdout]    6:     0x62c65a38fac1 - <unknown>
[INFO] [stdout]    7:     0x62c65a38fa79 - <unknown>
[INFO] [stdout]    8:     0x62c65a38ff8c - <unknown>
[INFO] [stdout]    9:     0x62c65a351b3b - <unknown>
[INFO] [stdout]   10:     0x62c65a354d91 - <unknown>
[INFO] [stdout]   11:     0x62c65a34f3b0 - <unknown>
[INFO] [stdout]   12:     0x62c65a3a81ab - <unknown>
[INFO] [stdout]   13:     0x62c65a3a37bf - <unknown>
[INFO] [stdout]   14:     0x62c65a3a323c - <unknown>
[INFO] [stdout]   15:     0x62c65a3c03fc - <unknown>
[INFO] [stdout]   16:     0x62c65a391342 - <unknown>
[INFO] [stdout]   17:     0x7e5e3dc5d07a - <unknown>
[INFO] [stdout]   18:     0x7e5e3dcf0534 - clone
[INFO] [stdout]   19:                0x0 - <unknown>
[INFO] [stdout] 
[INFO] [stdout] ---- gguf_writer::tests::test_write_and_read_header stdout ----
[INFO] [stdout] 
[INFO] [stdout] thread 'gguf_writer::tests::test_write_and_read_header' (1255) panicked at crates/nanomind-core/src/gguf_writer.rs:479:36:
[INFO] [stdout] called `Result::unwrap()` on an `Err` value: Os { code: 30, kind: ReadOnlyFilesystem, message: "Read-only file system" }
[INFO] [stdout] stack backtrace:
[INFO] [stdout]    0:     0x62c65a369f57 - <unknown>
[INFO] [stdout]    1:     0x62c65a351caa - <unknown>
[INFO] [stdout]    2:     0x62c65a36950b - <unknown>
[INFO] [stdout]    3:     0x62c65a368fef - <unknown>
[INFO] [stdout]    4:     0x62c65a368c1a - <unknown>
[INFO] [stdout]    5:     0x62c65a368752 - <unknown>
[INFO] [stdout]    6:     0x62c65a38fac1 - <unknown>
[INFO] [stdout]    7:     0x62c65a38fa79 - <unknown>
[INFO] [stdout]    8:     0x62c65a38ff8c - <unknown>
[INFO] [stdout]    9:     0x62c65a351b3b - <unknown>
[INFO] [stdout]   10:     0x62c65a354d91 - <unknown>
[INFO] [stdout]   11:     0x62c65a34f929 - <unknown>
[INFO] [stdout]   12:     0x62c65a3a81ab - <unknown>
[INFO] [stdout]   13:     0x62c65a3a37bf - <unknown>
[INFO] [stdout]   14:     0x62c65a3a323c - <unknown>
[INFO] [stdout]   15:     0x62c65a3c03fc - <unknown>
[INFO] [stdout]   16:     0x62c65a391342 - <unknown>
[INFO] [stdout]   17:     0x7e5e3dc5d07a - <unknown>
[INFO] [stdout]   18:     0x7e5e3dcf0534 - clone
[INFO] [stdout]   19:                0x0 - <unknown>
[INFO] [stdout] 
[INFO] [stdout] 
[INFO] [stdout] failures:
[INFO] [stdout]     gguf_writer::tests::test_metadata_types
[INFO] [stdout]     gguf_writer::tests::test_write_and_read_header
[INFO] [stdout] 
[INFO] [stdout] test result: FAILED. 15 passed; 2 failed; 0 ignored; 0 measured; 0 filtered out; finished in 0.00s
[INFO] [stdout] 
[INFO] running `Command { std: "docker" "inspect" "e8febe57b9ce53b353865f83ce26c523a83ba594c02e46cd37ff29c4d0d6333d", kill_on_drop: false }`
[INFO] running `Command { std: "docker" "rm" "-f" "e8febe57b9ce53b353865f83ce26c523a83ba594c02e46cd37ff29c4d0d6333d", kill_on_drop: false }`
[INFO] [stdout] e8febe57b9ce53b353865f83ce26c523a83ba594c02e46cd37ff29c4d0d6333d
