[INFO] cloning repository https://github.com/humandebri/jpycpay
[INFO] running `Command { std: "git" "-c" "credential.helper=" "-c" "credential.helper=/workspace/cargo-home/bin/git-credential-null" "clone" "--bare" "https://github.com/humandebri/jpycpay" "/workspace/cache/git-repos/https%3A%2F%2Fgithub.com%2Fhumandebri%2Fjpycpay", kill_on_drop: false }`
[INFO] [stderr] Cloning into bare repository '/workspace/cache/git-repos/https%3A%2F%2Fgithub.com%2Fhumandebri%2Fjpycpay'...
[INFO] running `Command { std: "git" "rev-parse" "HEAD", kill_on_drop: false }`
[INFO] [stdout] bbc1801b979919133aa1090c6bc7569eb7d29578
[INFO] testing humandebri/jpycpay against 1.98.0-beta.8+cargoflags=--release for beta-release-1.99-2
[INFO] running `Command { std: "git" "clone" "/workspace/cache/git-repos/https%3A%2F%2Fgithub.com%2Fhumandebri%2Fjpycpay" "/workspace/builds/worker-0-tc1/source", kill_on_drop: false }`
[INFO] [stderr] Cloning into '/workspace/builds/worker-0-tc1/source'...
[INFO] [stderr] done.
[INFO] started tweaking git repo https://github.com/humandebri/jpycpay
[INFO] finished tweaking git repo https://github.com/humandebri/jpycpay
[INFO] tweaked toml for git repo https://github.com/humandebri/jpycpay written to /workspace/builds/worker-0-tc1/source/Cargo.toml
[INFO] validating manifest of git repo https://github.com/humandebri/jpycpay on toolchain 1.98.0-beta.8
[INFO] running `Command { std: CARGO_HOME="/workspace/cargo-home" RUSTUP_HOME="/workspace/rustup-home" "/workspace/cargo-home/bin/cargo" "+1.98.0-beta.8" "metadata" "--manifest-path" "Cargo.toml" "--no-deps", kill_on_drop: false }`
[INFO] crate git repo https://github.com/humandebri/jpycpay already has a lockfile, it will not be regenerated
[INFO] running `Command { std: CARGO_HOME="/workspace/cargo-home" RUSTUP_HOME="/workspace/rustup-home" "/workspace/cargo-home/bin/cargo" "+1.98.0-beta.8" "fetch" "--manifest-path" "Cargo.toml", kill_on_drop: false }`
[INFO] [stderr]  Downloading crates ...
[INFO] [stderr]   Downloaded candid v0.10.20
[INFO] [stderr]   Downloaded ic-cdk-macros v0.19.0-beta.3
[INFO] [stderr]   Downloaded ic-cdk-executor v2.0.0-beta.1
[INFO] [stderr]   Downloaded ic_principal v0.1.1
[INFO] [stderr]   Downloaded candid_derive v0.10.20
[INFO] [stderr]   Downloaded quote v1.0.41
[INFO] [stderr]   Downloaded stacker v0.1.22
[INFO] [stderr]   Downloaded psm v0.1.27
[INFO] [stderr]   Downloaded ic-management-canister-types v0.4.1
[INFO] [stderr]   Downloaded find-msvc-tools v0.1.4
[INFO] [stderr]   Downloaded unicode-ident v1.0.20
[INFO] [stderr]   Downloaded ic-cdk v0.19.0-beta.3
[INFO] [stderr]   Downloaded cc v1.2.43
[INFO] [stderr]   Downloaded syn v2.0.108
[INFO] running `Command { std: "docker" "create" "-v" "/var/lib/crater-agent-workspace/builds/worker-0-tc1/source:/opt/rustwide/workdir:ro,Z" "-v" "/var/lib/crater-agent-workspace/builds/worker-0-tc1/target:/opt/rustwide/target:rw,Z" "-v" "/var/lib/crater-agent-workspace/cargo-home:/opt/rustwide/cargo-home:ro,Z" "-v" "/var/lib/crater-agent-workspace/rustup-home:/opt/rustwide/rustup-home:ro,Z" "-m" "1610612736" "--network" "none" "ghcr.io/rust-lang/crates-build-env/linux@sha256:8683fc1fc2eb5c9ac98e0d076ab094b2ffac7f99da555d2b6a2e27f346de2ec7" "sleep" "infinity", kill_on_drop: false }`
[INFO] [stdout] 4f790625521fd74263db5d47994e9815d0f373241676a425eef45dfd3a94c0d9
[INFO] running `Command { std: "docker" "start" "4f790625521fd74263db5d47994e9815d0f373241676a425eef45dfd3a94c0d9", kill_on_drop: false }`
[INFO] running `Command { std: "docker" "inspect" "4f790625521fd74263db5d47994e9815d0f373241676a425eef45dfd3a94c0d9", kill_on_drop: false }`
[INFO] running `Command { std: "docker" "exec" "-e" "SOURCE_DIR=/opt/rustwide/workdir" "-e" "CARGO_HOME=/opt/rustwide/cargo-home" "-e" "RUSTUP_HOME=/opt/rustwide/rustup-home" "-e" "CARGO_TARGET_DIR=/opt/rustwide/target" "-w" "/opt/rustwide/workdir" "--user" "0:0" "4f790625521fd74263db5d47994e9815d0f373241676a425eef45dfd3a94c0d9" "/opt/rustwide/cargo-home/bin/cargo" "+1.98.0-beta.8" "metadata" "--no-deps" "--format-version=1", kill_on_drop: false }`
[INFO] running `Command { std: "docker" "inspect" "4f790625521fd74263db5d47994e9815d0f373241676a425eef45dfd3a94c0d9", kill_on_drop: false }`
[INFO] running `Command { std: "docker" "exec" "-e" "SOURCE_DIR=/opt/rustwide/workdir" "-e" "CARGO_HOME=/opt/rustwide/cargo-home" "-e" "RUSTUP_HOME=/opt/rustwide/rustup-home" "-e" "CARGO_TARGET_DIR=/opt/rustwide/target" "-e" "CARGO_INCREMENTAL=0" "-e" "RUST_BACKTRACE=full" "-e" "RUSTFLAGS=--cap-lints=warn" "-e" "RUSTDOCFLAGS=--cap-lints=warn" "-w" "/opt/rustwide/workdir" "--user" "0:0" "4f790625521fd74263db5d47994e9815d0f373241676a425eef45dfd3a94c0d9" "/opt/rustwide/cargo-home/bin/cargo" "+1.98.0-beta.8" "build" "--frozen" "--message-format=json" "--release", kill_on_drop: false }`
[INFO] [stderr]    Compiling version_check v0.9.5
[INFO] [stderr]    Compiling proc-macro2 v1.0.103
[INFO] [stderr]    Compiling quote v1.0.41
[INFO] [stderr]    Compiling unicode-ident v1.0.20
[INFO] [stderr]    Compiling typenum v1.19.0
[INFO] [stderr]    Compiling serde_core v1.0.228
[INFO] [stderr]    Compiling zeroize v1.8.2
[INFO] [stderr]    Compiling subtle v2.6.1
[INFO] [stderr]    Compiling find-msvc-tools v0.1.4
[INFO] [stderr]    Compiling shlex v1.3.0
[INFO] [stderr]    Compiling const-oid v0.9.6
[INFO] [stderr]    Compiling serde v1.0.228
[INFO] [stderr]    Compiling generic-array v0.14.9
[INFO] [stderr]    Compiling cc v1.2.43
[INFO] [stderr]    Compiling autocfg v1.5.0
[INFO] [stderr]    Compiling rustversion v1.0.22
[INFO] [stderr]    Compiling crc32fast v1.5.0
[INFO] [stderr]    Compiling thiserror v1.0.69
[INFO] [stderr]    Compiling libc v0.2.177
[INFO] [stderr]    Compiling syn v1.0.109
[INFO] [stderr]    Compiling num-traits v0.2.19
[INFO] [stderr]    Compiling anyhow v1.0.100
[INFO] [stderr]    Compiling either v1.15.0
[INFO] [stderr]    Compiling cfg-if v1.0.4
[INFO] [stderr]    Compiling lazy_static v1.5.0
[INFO] [stderr]    Compiling rand_core v0.6.4
[INFO] [stderr]    Compiling paste v1.0.15
[INFO] [stderr]    Compiling syn v2.0.108
[INFO] [stderr]    Compiling cpufeatures v0.2.17
[INFO] [stderr]    Compiling crypto-common v0.1.6
[INFO] [stderr]    Compiling block-buffer v0.10.4
[INFO] [stderr]    Compiling digest v0.10.7
[INFO] [stderr]    Compiling sha2 v0.10.9
[INFO] [stderr]    Compiling psm v0.1.27
[INFO] [stderr]    Compiling stacker v0.1.22
[INFO] [stderr]    Compiling fnv v1.0.7
[INFO] [stderr]    Compiling ident_case v1.0.1
[INFO] [stderr]    Compiling strsim v0.11.1
[INFO] [stderr]    Compiling num-integer v0.1.46
[INFO] [stderr]    Compiling ff v0.13.1
[INFO] [stderr]    Compiling slotmap v1.0.7
[INFO] [stderr]    Compiling der v0.7.10
[INFO] [stderr]    Compiling data-encoding v2.9.0
[INFO] [stderr]    Compiling heck v0.5.0
[INFO] [stderr]    Compiling unicode-width v0.2.2
[INFO] [stderr]    Compiling base16ct v0.2.0
[INFO] [stderr]    Compiling typed-arena v2.0.2
[INFO] [stderr]    Compiling arrayvec v0.5.2
[INFO] [stderr]    Compiling pretty v0.12.5
[INFO] [stderr]    Compiling sec1 v0.7.3
[INFO] [stderr]    Compiling serde_bytes v0.11.19
[INFO] [stderr]    Compiling group v0.13.0
[INFO] [stderr]    Compiling hmac v0.12.1
[INFO] [stderr]    Compiling crypto-bigint v0.5.5
[INFO] [stderr]    Compiling byteorder v1.5.0
[INFO] [stderr]    Compiling leb128 v0.2.5
[INFO] [stderr]    Compiling thiserror v2.0.17
[INFO] [stderr]    Compiling ic-cdk-executor v2.0.0-beta.1
[INFO] [stderr]    Compiling hex v0.4.3
[INFO] [stderr]    Compiling rfc6979 v0.4.0
[INFO] [stderr]    Compiling signature v2.2.0
[INFO] [stderr]    Compiling serde_json v1.0.145
[INFO] [stderr]    Compiling ic0 v1.0.1
[INFO] [stderr]    Compiling smallvec v1.15.1
[INFO] [stderr]    Compiling pin-project-lite v0.2.16
[INFO] [stderr]    Compiling itoa v1.0.15
[INFO] [stderr]    Compiling memchr v2.7.6
[INFO] [stderr]    Compiling ryu v1.0.20
[INFO] [stderr]    Compiling darling_core v0.20.11
[INFO] [stderr]    Compiling binread_derive v2.1.0
[INFO] [stderr]    Compiling elliptic-curve v0.13.8
[INFO] [stderr]    Compiling ecdsa v0.16.9
[INFO] [stderr]    Compiling serde_derive v1.0.228
[INFO] [stderr]    Compiling thiserror-impl v1.0.69
[INFO] [stderr]    Compiling candid_derive v0.10.20
[INFO] [stderr]    Compiling strum_macros v0.26.4
[INFO] [stderr]    Compiling thiserror-impl v2.0.17
[INFO] [stderr]    Compiling k256 v0.13.4
[INFO] [stderr]    Compiling binread v2.2.0
[INFO] [stderr]    Compiling darling_macro v0.20.11
[INFO] [stderr]    Compiling strum v0.26.3
[INFO] [stderr]    Compiling darling v0.20.11
[INFO] [stderr]    Compiling num-bigint v0.4.6
[INFO] [stderr]    Compiling ic_principal v0.1.1
[INFO] [stderr]    Compiling ic-error-types v0.2.0
[INFO] [stderr]    Compiling candid v0.10.20
[INFO] [stderr]    Compiling ic-management-canister-types v0.4.1
[INFO] [stderr]    Compiling ic-cdk-macros v0.19.0-beta.3
[INFO] [stderr]    Compiling ic-cdk v0.19.0-beta.3
[INFO] [stderr]    Compiling relayer v0.1.0 (/opt/rustwide/workdir/canisters/relayer)
[INFO] [stderr]     Finished `release` profile [optimized] target(s) in 1m 51s
[INFO] running `Command { std: "docker" "inspect" "4f790625521fd74263db5d47994e9815d0f373241676a425eef45dfd3a94c0d9", kill_on_drop: false }`
[INFO] running `Command { std: "docker" "exec" "-e" "SOURCE_DIR=/opt/rustwide/workdir" "-e" "CARGO_HOME=/opt/rustwide/cargo-home" "-e" "RUSTUP_HOME=/opt/rustwide/rustup-home" "-e" "CARGO_TARGET_DIR=/opt/rustwide/target" "-e" "CARGO_INCREMENTAL=0" "-e" "RUST_BACKTRACE=full" "-e" "RUSTFLAGS=--cap-lints=warn" "-e" "RUSTDOCFLAGS=--cap-lints=warn" "-w" "/opt/rustwide/workdir" "--user" "0:0" "4f790625521fd74263db5d47994e9815d0f373241676a425eef45dfd3a94c0d9" "/opt/rustwide/cargo-home/bin/cargo" "+1.98.0-beta.8" "test" "--frozen" "--no-run" "--message-format=json" "--release", kill_on_drop: false }`
[INFO] [stderr]    Compiling zeroize v1.8.2
[INFO] [stderr]    Compiling subtle v2.6.1
[INFO] [stderr]    Compiling typenum v1.19.0
[INFO] [stderr]    Compiling const-oid v0.9.6
[INFO] [stderr]    Compiling serde_core v1.0.228
[INFO] [stderr]    Compiling cfg-if v1.0.4
[INFO] [stderr]    Compiling rand_core v0.6.4
[INFO] [stderr]    Compiling cpufeatures v0.2.17
[INFO] [stderr]    Compiling num-traits v0.2.19
[INFO] [stderr]    Compiling psm v0.1.27
[INFO] [stderr]    Compiling crc32fast v1.5.0
[INFO] [stderr]    Compiling thiserror v1.0.69
[INFO] [stderr]    Compiling libc v0.2.177
[INFO] [stderr]    Compiling ff v0.13.1
[INFO] [stderr]    Compiling base16ct v0.2.0
[INFO] [stderr]    Compiling der v0.7.10
[INFO] [stderr]    Compiling arrayvec v0.5.2
[INFO] [stderr]    Compiling lazy_static v1.5.0
[INFO] [stderr]    Compiling unicode-width v0.2.2
[INFO] [stderr]    Compiling data-encoding v2.9.0
[INFO] [stderr]    Compiling typed-arena v2.0.2
[INFO] [stderr]    Compiling binread v2.2.0
[INFO] [stderr]    Compiling pretty v0.12.5
[INFO] [stderr]    Compiling generic-array v0.14.9
[INFO] [stderr]    Compiling group v0.13.0
[INFO] [stderr]    Compiling num-integer v0.1.46
[INFO] [stderr]    Compiling anyhow v1.0.100
[INFO] [stderr]    Compiling hex v0.4.3
[INFO] [stderr]    Compiling stacker v0.1.22
[INFO] [stderr]    Compiling leb128 v0.2.5
[INFO] [stderr]    Compiling byteorder v1.5.0
[INFO] [stderr]    Compiling slotmap v1.0.7
[INFO] [stderr]    Compiling strum v0.26.3
[INFO] [stderr]    Compiling block-buffer v0.10.4
[INFO] [stderr]    Compiling crypto-common v0.1.6
[INFO] [stderr]    Compiling crypto-bigint v0.5.5
[INFO] [stderr]    Compiling sec1 v0.7.3
[INFO] [stderr]    Compiling digest v0.10.7
[INFO] [stderr]    Compiling ic0 v1.0.1
[INFO] [stderr]    Compiling smallvec v1.15.1
[INFO] [stderr]    Compiling thiserror v2.0.17
[INFO] [stderr]    Compiling memchr v2.7.6
[INFO] [stderr]    Compiling sha2 v0.10.9
[INFO] [stderr]    Compiling hmac v0.12.1
[INFO] [stderr]    Compiling signature v2.2.0
[INFO] [stderr]    Compiling rfc6979 v0.4.0
[INFO] [stderr]    Compiling itoa v1.0.15
[INFO] [stderr]    Compiling ryu v1.0.20
[INFO] [stderr]    Compiling ic-cdk-executor v2.0.0-beta.1
[INFO] [stderr]    Compiling pin-project-lite v0.2.16
[INFO] [stderr]    Compiling once_cell v1.21.3
[INFO] [stderr]    Compiling serde v1.0.228
[INFO] [stderr]    Compiling serde_bytes v0.11.19
[INFO] [stderr]    Compiling serde_json v1.0.145
[INFO] [stderr]    Compiling elliptic-curve v0.13.8
[INFO] [stderr]    Compiling ic_principal v0.1.1
[INFO] [stderr]    Compiling num-bigint v0.4.6
[INFO] [stderr]    Compiling ic-error-types v0.2.0
[INFO] [stderr]    Compiling ecdsa v0.16.9
[INFO] [stderr]    Compiling k256 v0.13.4
[INFO] [stderr]    Compiling candid v0.10.20
[INFO] [stderr]    Compiling ic-management-canister-types v0.4.1
[INFO] [stderr]    Compiling ic-cdk v0.19.0-beta.3
[INFO] [stderr]    Compiling relayer v0.1.0 (/opt/rustwide/workdir/canisters/relayer)
[INFO] [stderr]     Finished `release` profile [optimized] target(s) in 1m 10s
[INFO] running `Command { std: "docker" "inspect" "4f790625521fd74263db5d47994e9815d0f373241676a425eef45dfd3a94c0d9", kill_on_drop: false }`
[INFO] running `Command { std: "docker" "exec" "-e" "SOURCE_DIR=/opt/rustwide/workdir" "-e" "CARGO_HOME=/opt/rustwide/cargo-home" "-e" "RUSTUP_HOME=/opt/rustwide/rustup-home" "-e" "CARGO_TARGET_DIR=/opt/rustwide/target" "-e" "CARGO_INCREMENTAL=0" "-e" "RUST_BACKTRACE=full" "-e" "RUSTFLAGS=--cap-lints=warn" "-e" "RUSTDOCFLAGS=--cap-lints=warn" "-w" "/opt/rustwide/workdir" "--user" "0:0" "4f790625521fd74263db5d47994e9815d0f373241676a425eef45dfd3a94c0d9" "/opt/rustwide/cargo-home/bin/cargo" "+1.98.0-beta.8" "test" "--frozen" "--release", kill_on_drop: false }`
[INFO] [stderr]     Finished `release` profile [optimized] target(s) in 0.14s
[INFO] [stderr]      Running unittests src/lib.rs (/opt/rustwide/target/release/deps/relayer-45be0a53e0f0b239)
[INFO] [stdout] 
[INFO] [stdout] running 3 tests
[INFO] [stdout] test tests::generate_candid ... FAILED
[INFO] [stdout] test tests::hex_conversion ... ok
[INFO] [stdout] test tests::nat_helpers ... ok
[INFO] [stdout] 
[INFO] [stdout] failures:
[INFO] [stdout] 
[INFO] [stdout] ---- tests::generate_candid stdout ----
[INFO] [stdout] 
[INFO] [stdout] thread 'tests::generate_candid' (2485) panicked at canisters/relayer/src/lib.rs:1887:35:
[INFO] [stdout] called `Result::unwrap()` on an `Err` value: Os { code: 30, kind: ReadOnlyFilesystem, message: "Read-only file system" }
[INFO] [stdout] stack backtrace:
[INFO] [stdout]    0:     0x56ce7d9bd695 - <unknown>
[INFO] [stdout]    1:     0x56ce7d9a1d24 - <unknown>
[INFO] [stdout]    2:     0x56ce7d9bcd8b - <unknown>
[INFO] [stdout]    3:     0x56ce7d9bc929 - <unknown>
[INFO] [stdout]    4:     0x56ce7d9bc5aa - <unknown>
[INFO] [stdout]    5:     0x56ce7d9bc132 - <unknown>
[INFO] [stdout]    6:     0x56ce7d9e2981 - <unknown>
[INFO] [stdout]    7:     0x56ce7d9e2939 - <unknown>
[INFO] [stdout]    8:     0x56ce7d9e2e2c - <unknown>
[INFO] [stdout]    9:     0x56ce7d9a1bbb - <unknown>
[INFO] [stdout]   10:     0x56ce7d9a4d21 - <unknown>
[INFO] [stdout]   11:     0x56ce7d992e1b - <unknown>
[INFO] [stdout]   12:     0x56ce7d9f853b - <unknown>
[INFO] [stdout]   13:     0x56ce7d9f48f7 - <unknown>
[INFO] [stdout]   14:     0x56ce7d9f43bc - <unknown>
[INFO] [stdout]   15:     0x56ce7da0dbbc - <unknown>
[INFO] [stdout]   16:     0x56ce7d9e3e62 - <unknown>
[INFO] [stdout]   17:     0x7cdf9473d07a - <unknown>
[INFO] [stdout]   18:     0x7cdf947d0534 - clone
[INFO] [stdout]   19:                0x0 - <unknown>
[INFO] [stdout] 
[INFO] [stdout] 
[INFO] [stdout] failures:
[INFO] [stdout]     tests::generate_candid
[INFO] [stdout] 
[INFO] [stdout] test result: FAILED. 2 passed; 1 failed; 0 ignored; 0 measured; 0 filtered out; finished in 0.01s
[INFO] [stdout] 
[INFO] [stderr] error: test failed, to rerun pass `--lib`
[INFO] running `Command { std: "docker" "inspect" "4f790625521fd74263db5d47994e9815d0f373241676a425eef45dfd3a94c0d9", kill_on_drop: false }`
[INFO] running `Command { std: "docker" "rm" "-f" "4f790625521fd74263db5d47994e9815d0f373241676a425eef45dfd3a94c0d9", kill_on_drop: false }`
[INFO] [stdout] 4f790625521fd74263db5d47994e9815d0f373241676a425eef45dfd3a94c0d9
