[INFO] cloning repository https://github.com/htutwin/Concurrent-Pandemic-Simulation
[INFO] running `Command { std: "git" "-c" "credential.helper=" "-c" "credential.helper=/workspace/cargo-home/bin/git-credential-null" "clone" "--bare" "https://github.com/htutwin/Concurrent-Pandemic-Simulation" "/workspace/cache/git-repos/https%3A%2F%2Fgithub.com%2Fhtutwin%2FConcurrent-Pandemic-Simulation", kill_on_drop: false }`
[INFO] [stderr] Cloning into bare repository '/workspace/cache/git-repos/https%3A%2F%2Fgithub.com%2Fhtutwin%2FConcurrent-Pandemic-Simulation'...
[INFO] running `Command { std: "git" "rev-parse" "HEAD", kill_on_drop: false }`
[INFO] [stdout] c3817453df609cffe3c273f9ae62c52ebbc06a06
[INFO] testing htutwin/Concurrent-Pandemic-Simulation against 1.98.0-beta.8+cargoflags=--release for beta-release-1.99-2
[INFO] running `Command { std: "git" "clone" "/workspace/cache/git-repos/https%3A%2F%2Fgithub.com%2Fhtutwin%2FConcurrent-Pandemic-Simulation" "/workspace/builds/worker-6-tc1/source", kill_on_drop: false }`
[INFO] [stderr] Cloning into '/workspace/builds/worker-6-tc1/source'...
[INFO] [stderr] done.
[INFO] removed /workspace/builds/worker-6-tc1/source/rust-toolchain.toml
[INFO] started tweaking git repo https://github.com/htutwin/Concurrent-Pandemic-Simulation
[INFO] finished tweaking git repo https://github.com/htutwin/Concurrent-Pandemic-Simulation
[INFO] tweaked toml for git repo https://github.com/htutwin/Concurrent-Pandemic-Simulation written to /workspace/builds/worker-6-tc1/source/Cargo.toml
[INFO] validating manifest of git repo https://github.com/htutwin/Concurrent-Pandemic-Simulation on toolchain 1.98.0-beta.8
[INFO] running `Command { std: CARGO_HOME="/workspace/cargo-home" RUSTUP_HOME="/workspace/rustup-home" "/workspace/cargo-home/bin/cargo" "+1.98.0-beta.8" "metadata" "--manifest-path" "Cargo.toml" "--no-deps", kill_on_drop: false }`
[INFO] crate git repo https://github.com/htutwin/Concurrent-Pandemic-Simulation already has a lockfile, it will not be regenerated
[INFO] running `Command { std: CARGO_HOME="/workspace/cargo-home" RUSTUP_HOME="/workspace/rustup-home" "/workspace/cargo-home/bin/cargo" "+1.98.0-beta.8" "fetch" "--manifest-path" "Cargo.toml", kill_on_drop: false }`
[INFO] [stderr]     Blocking waiting for file lock on package cache
[INFO] [stderr]     Updating crates.io index
[INFO] [stderr]     Blocking waiting for file lock on package cache
[INFO] [stderr]  Downloading crates ...
[INFO] [stderr]   Downloaded base64-serde v0.7.0
[INFO] [stderr]   Downloaded cc v1.2.23
[INFO] [stderr]   Downloaded clap v4.5.38
[INFO] [stderr]   Downloaded clap_builder v4.5.38
[INFO] [stderr]   Downloaded syn v2.0.101
[INFO] running `Command { std: "docker" "create" "-v" "/var/lib/crater-agent-workspace/builds/worker-6-tc1/source:/opt/rustwide/workdir:ro,Z" "-v" "/var/lib/crater-agent-workspace/builds/worker-6-tc1/target:/opt/rustwide/target:rw,Z" "-v" "/var/lib/crater-agent-workspace/cargo-home:/opt/rustwide/cargo-home:ro,Z" "-v" "/var/lib/crater-agent-workspace/rustup-home:/opt/rustwide/rustup-home:ro,Z" "-m" "1610612736" "--network" "none" "ghcr.io/rust-lang/crates-build-env/linux@sha256:8683fc1fc2eb5c9ac98e0d076ab094b2ffac7f99da555d2b6a2e27f346de2ec7" "sleep" "infinity", kill_on_drop: false }`
[INFO] [stdout] 79c6e480d48bbb0db80d1bd655761d96407a47a20e166d80760b438f945a5f12
[INFO] running `Command { std: "docker" "start" "79c6e480d48bbb0db80d1bd655761d96407a47a20e166d80760b438f945a5f12", kill_on_drop: false }`
[INFO] running `Command { std: "docker" "inspect" "79c6e480d48bbb0db80d1bd655761d96407a47a20e166d80760b438f945a5f12", kill_on_drop: false }`
[INFO] running `Command { std: "docker" "exec" "-e" "SOURCE_DIR=/opt/rustwide/workdir" "-e" "CARGO_HOME=/opt/rustwide/cargo-home" "-e" "RUSTUP_HOME=/opt/rustwide/rustup-home" "-e" "CARGO_TARGET_DIR=/opt/rustwide/target" "-w" "/opt/rustwide/workdir" "--user" "0:0" "79c6e480d48bbb0db80d1bd655761d96407a47a20e166d80760b438f945a5f12" "/opt/rustwide/cargo-home/bin/cargo" "+1.98.0-beta.8" "metadata" "--no-deps" "--format-version=1", kill_on_drop: false }`
[INFO] running `Command { std: "docker" "inspect" "79c6e480d48bbb0db80d1bd655761d96407a47a20e166d80760b438f945a5f12", kill_on_drop: false }`
[INFO] running `Command { std: "docker" "exec" "-e" "SOURCE_DIR=/opt/rustwide/workdir" "-e" "CARGO_HOME=/opt/rustwide/cargo-home" "-e" "RUSTUP_HOME=/opt/rustwide/rustup-home" "-e" "CARGO_TARGET_DIR=/opt/rustwide/target" "-e" "CARGO_INCREMENTAL=0" "-e" "RUST_BACKTRACE=full" "-e" "RUSTFLAGS=--cap-lints=warn" "-e" "RUSTDOCFLAGS=--cap-lints=warn" "-w" "/opt/rustwide/workdir" "--user" "0:0" "79c6e480d48bbb0db80d1bd655761d96407a47a20e166d80760b438f945a5f12" "/opt/rustwide/cargo-home/bin/cargo" "+1.98.0-beta.8" "build" "--frozen" "--message-format=json" "--release", kill_on_drop: false }`
[INFO] [stderr]    Compiling proc-macro2 v1.0.95
[INFO] [stderr]    Compiling serde v1.0.219
[INFO] [stderr]    Compiling libc v0.2.172
[INFO] [stderr]    Compiling thiserror v1.0.69
[INFO] [stderr]    Compiling spin v0.5.2
[INFO] [stderr]    Compiling once_cell v1.21.3
[INFO] [stderr]    Compiling untrusted v0.7.1
[INFO] [stderr]    Compiling anstyle-query v1.1.2
[INFO] [stderr]    Compiling anstyle v1.0.10
[INFO] [stderr]    Compiling cc v1.2.23
[INFO] [stderr]    Compiling anstyle-parse v0.2.6
[INFO] [stderr]    Compiling colorchoice v1.0.3
[INFO] [stderr]    Compiling is_terminal_polyfill v1.70.1
[INFO] [stderr]    Compiling clap_lex v0.7.4
[INFO] [stderr]    Compiling anstream v0.6.18
[INFO] [stderr]    Compiling clap_builder v4.5.38
[INFO] [stderr]    Compiling quote v1.0.40
[INFO] [stderr]    Compiling syn v2.0.101
[INFO] [stderr]    Compiling ring v0.16.20
[INFO] [stderr]    Compiling serde_derive v1.0.219
[INFO] [stderr]    Compiling thiserror-impl v1.0.69
[INFO] [stderr]    Compiling clap_derive v4.5.32
[INFO] [stderr]    Compiling clap v4.5.38
[INFO] [stderr]    Compiling base64-serde v0.7.0
[INFO] [stderr]    Compiling serde_json v1.0.140
[INFO] [stderr]    Compiling spread-sim-core v0.1.0 (/opt/rustwide/workdir/crates/spread-sim-core)
[INFO] [stderr]    Compiling spread-sim-slug v0.1.0 (/opt/rustwide/workdir/crates/spread-sim-slug)
[INFO] [stderr]    Compiling spread-sim-rocket v0.1.0 (/opt/rustwide/workdir/crates/spread-sim-rocket)
[INFO] [stderr]    Compiling spread-sim-tests v0.1.0 (/opt/rustwide/workdir/crates/spread-sim-tests)
[INFO] [stderr]    Compiling spread-sim v0.1.0 (/opt/rustwide/workdir/crates/spread-sim)
[INFO] [stderr]     Finished `release` profile [optimized] target(s) in 31.24s
[INFO] running `Command { std: "docker" "inspect" "79c6e480d48bbb0db80d1bd655761d96407a47a20e166d80760b438f945a5f12", kill_on_drop: false }`
[INFO] running `Command { std: "docker" "exec" "-e" "SOURCE_DIR=/opt/rustwide/workdir" "-e" "CARGO_HOME=/opt/rustwide/cargo-home" "-e" "RUSTUP_HOME=/opt/rustwide/rustup-home" "-e" "CARGO_TARGET_DIR=/opt/rustwide/target" "-e" "CARGO_INCREMENTAL=0" "-e" "RUST_BACKTRACE=full" "-e" "RUSTFLAGS=--cap-lints=warn" "-e" "RUSTDOCFLAGS=--cap-lints=warn" "-w" "/opt/rustwide/workdir" "--user" "0:0" "79c6e480d48bbb0db80d1bd655761d96407a47a20e166d80760b438f945a5f12" "/opt/rustwide/cargo-home/bin/cargo" "+1.98.0-beta.8" "test" "--frozen" "--no-run" "--message-format=json" "--release", kill_on_drop: false }`
[INFO] [stderr]    Compiling spread-sim-core v0.1.0 (/opt/rustwide/workdir/crates/spread-sim-core)
[INFO] [stderr]    Compiling spread-sim-rocket v0.1.0 (/opt/rustwide/workdir/crates/spread-sim-rocket)
[INFO] [stderr]    Compiling spread-sim-slug v0.1.0 (/opt/rustwide/workdir/crates/spread-sim-slug)
[INFO] [stderr]    Compiling spread-sim v0.1.0 (/opt/rustwide/workdir/crates/spread-sim)
[INFO] [stderr]    Compiling spread-sim-tests v0.1.0 (/opt/rustwide/workdir/crates/spread-sim-tests)
[INFO] [stderr]     Finished `release` profile [optimized] target(s) in 2.99s
[INFO] running `Command { std: "docker" "inspect" "79c6e480d48bbb0db80d1bd655761d96407a47a20e166d80760b438f945a5f12", kill_on_drop: false }`
[INFO] running `Command { std: "docker" "exec" "-e" "SOURCE_DIR=/opt/rustwide/workdir" "-e" "CARGO_HOME=/opt/rustwide/cargo-home" "-e" "RUSTUP_HOME=/opt/rustwide/rustup-home" "-e" "CARGO_TARGET_DIR=/opt/rustwide/target" "-e" "CARGO_INCREMENTAL=0" "-e" "RUST_BACKTRACE=full" "-e" "RUSTFLAGS=--cap-lints=warn" "-e" "RUSTDOCFLAGS=--cap-lints=warn" "-w" "/opt/rustwide/workdir" "--user" "0:0" "79c6e480d48bbb0db80d1bd655761d96407a47a20e166d80760b438f945a5f12" "/opt/rustwide/cargo-home/bin/cargo" "+1.98.0-beta.8" "test" "--frozen" "--release", kill_on_drop: false }`
[INFO] [stderr]     Finished `release` profile [optimized] target(s) in 0.08s
[INFO] [stderr]      Running unittests src/main.rs (/opt/rustwide/target/release/deps/spread_sim-dbb8b47d190f2289)
[INFO] [stdout] 
[INFO] [stdout] running 0 tests
[INFO] [stdout] 
[INFO] [stdout] test result: ok. 0 passed; 0 failed; 0 ignored; 0 measured; 0 filtered out; finished in 0.00s
[INFO] [stdout] 
[INFO] [stderr]      Running unittests src/lib.rs (/opt/rustwide/target/release/deps/spread_sim_core-bd5d7a48ce8ee4af)
[INFO] [stdout] 
[INFO] [stdout] running 5 tests
[INFO] [stdout] test model::rectangle::tests::test_overlaps ... ok
[INFO] [stdout] test simulation::person::test::test_rng_special ... ok
[INFO] [stdout] test simulation::person::test::test_rng_tick ... ok
[INFO] [stdout] test model::rectangle::tests::test_cell_iterator ... ok
[INFO] [stdout] test simulation::person::test::test_rng ... ok
[INFO] [stdout] 
[INFO] [stdout] test result: ok. 5 passed; 0 failed; 0 ignored; 0 measured; 0 filtered out; finished in 0.00s
[INFO] [stdout] 
[INFO] [stderr]      Running unittests src/lib.rs (/opt/rustwide/target/release/deps/spread_sim_rocket-e3366dfcaf28ecfd)
[INFO] [stdout] 
[INFO] [stdout] running 0 tests
[INFO] [stdout] 
[INFO] [stdout] test result: ok. 0 passed; 0 failed; 0 ignored; 0 measured; 0 filtered out; finished in 0.00s
[INFO] [stdout] 
[INFO] [stderr]      Running unittests src/lib.rs (/opt/rustwide/target/release/deps/spread_sim_slug-5d49464d360ca86e)
[INFO] [stderr]      Running unittests src/lib.rs (/opt/rustwide/target/release/deps/spread_sim_tests-3b0a5dc95916b15d)
[INFO] [stdout] 
[INFO] [stdout] running 0 tests
[INFO] [stdout] 
[INFO] [stdout] test result: ok. 0 passed; 0 failed; 0 ignored; 0 measured; 0 filtered out; finished in 0.00s
[INFO] [stdout] 
[INFO] [stdout] 
[INFO] [stdout] running 5 tests
[INFO] [stdout] test tests::test_macros ... ok
[INFO] [stdout] test tests::test_correctness::test_we_love_np_10 ... FAILED
[INFO] [stdout] test tests::test_correctness::test_we_love_np_7 ... FAILED
[INFO] [stdout] test tests::test_correctness::test_we_love_np_15 ... FAILED
[INFO] [stdout] test tests::test_slug::test_slug ... ok
[INFO] [stdout] 
[INFO] [stdout] failures:
[INFO] [stdout] 
[INFO] [stdout] ---- tests::test_correctness::test_we_love_np_10 stdout ----
[INFO] [stdout] 
[INFO] [stdout] thread '<unnamed>' (1123) panicked at crates/spread-sim-rocket/src/lib.rs:36:9:
[INFO] [stdout] not yet implemented: Rocket has not been implemented.
[INFO] [stdout] stack backtrace:
[INFO] [stdout]    0:     0x564732ec1861 - <<std[97b98282bc616a66]::sys::backtrace::BacktraceLock>::print::DisplayBacktrace as core[832e9a552fc17241]::fmt::Display>::fmt
[INFO] [stdout]    1:     0x564732ed656a - core[832e9a552fc17241]::fmt::write
[INFO] [stdout]    2:     0x564732ec5dcc - <alloc[3ecab9f82c41dc7d]::vec::Vec<u8> as std[97b98282bc616a66]::io::Write>::write_fmt
[INFO] [stdout]    3:     0x564732e9f876 - std[97b98282bc616a66]::panicking::default_hook::{closure#0}
[INFO] [stdout]    4:     0x564732eb9719 - std[97b98282bc616a66]::panicking::default_hook
[INFO] [stdout]    5:     0x564732e38a70 - test[39766f3d73431624]::test_main_inner::<test[39766f3d73431624]::test_main_static::{closure#0}>::{closure#0}
[INFO] [stdout]    6:     0x564732eb98d2 - std[97b98282bc616a66]::panicking::panic_with_hook
[INFO] [stdout]    7:     0x564732e9f954 - std[97b98282bc616a66]::panicking::panic_handler::{closure#0}
[INFO] [stdout]    8:     0x564732e970b9 - std[97b98282bc616a66]::sys::backtrace::__rust_end_short_backtrace::<std[97b98282bc616a66]::panicking::panic_handler::{closure#0}, !>
[INFO] [stdout]    9:     0x564732ea051d - __rustc[e3d8617bb01b7f69]::rust_begin_unwind
[INFO] [stdout]   10:     0x564732ed6c9c - core[832e9a552fc17241]::panicking::panic_fmt
[INFO] [stdout]   11:     0x564732e2952c - spread_sim_rocket[bf6b225422266c19]::launch
[INFO] [stdout]   12:     0x564732e20058 - std[97b98282bc616a66]::sys::backtrace::__rust_begin_short_backtrace::<<spread_sim_tests[e3ad4acbcac53194]::TestCase>::run<<spread_sim_tests[e3ad4acbcac53194]::TestCase>::launch::{closure#0}>::{closure#0}, ()>
[INFO] [stdout]   13:     0x564732e1ed94 - <std[97b98282bc616a66]::thread::lifecycle::spawn_unchecked<<spread_sim_tests[e3ad4acbcac53194]::TestCase>::run<<spread_sim_tests[e3ad4acbcac53194]::TestCase>::launch::{closure#0}>::{closure#0}, ()>::{closure#1} as core[832e9a552fc17241]::ops::function::FnOnce<()>>::call_once::{shim:vtable#0}
[INFO] [stdout]   14:     0x564732ec0d7f - <std[97b98282bc616a66]::sys::thread::unix::Thread>::new::thread_start
[INFO] [stdout]   15:     0x73f0e55a907a - <unknown>
[INFO] [stdout]   16:     0x73f0e563c534 - clone
[INFO] [stdout]   17:                0x0 - <unknown>
[INFO] [stdout] 
[INFO] [stdout] thread 'tests::test_correctness::test_we_love_np_10' (1118) panicked at crates/spread-sim-tests/src/lib.rs:132:17:
[INFO] [stdout] Simulation panicked with: not yet implemented: Rocket has not been implemented.
[INFO] [stdout] stack backtrace:
[INFO] [stdout]    0:     0x564732ec1861 - <<std[97b98282bc616a66]::sys::backtrace::BacktraceLock>::print::DisplayBacktrace as core[832e9a552fc17241]::fmt::Display>::fmt
[INFO] [stdout]    1:     0x564732ed656a - core[832e9a552fc17241]::fmt::write
[INFO] [stdout]    2:     0x564732ec5dcc - <alloc[3ecab9f82c41dc7d]::vec::Vec<u8> as std[97b98282bc616a66]::io::Write>::write_fmt
[INFO] [stdout]    3:     0x564732e9f876 - std[97b98282bc616a66]::panicking::default_hook::{closure#0}
[INFO] [stdout]    4:     0x564732eb9719 - std[97b98282bc616a66]::panicking::default_hook
[INFO] [stdout]    5:     0x564732e38a70 - test[39766f3d73431624]::test_main_inner::<test[39766f3d73431624]::test_main_static::{closure#0}>::{closure#0}
[INFO] [stdout]    6:     0x564732eb98d2 - std[97b98282bc616a66]::panicking::panic_with_hook
[INFO] [stdout]    7:     0x564732e9f922 - std[97b98282bc616a66]::panicking::panic_handler::{closure#0}
[INFO] [stdout]    8:     0x564732e970b9 - std[97b98282bc616a66]::sys::backtrace::__rust_end_short_backtrace::<std[97b98282bc616a66]::panicking::panic_handler::{closure#0}, !>
[INFO] [stdout]    9:     0x564732ea051d - __rustc[e3d8617bb01b7f69]::rust_begin_unwind
[INFO] [stdout]   10:     0x564732ed6c9c - core[832e9a552fc17241]::panicking::panic_fmt
[INFO] [stdout]   11:     0x564732e27b62 - <spread_sim_tests[e3ad4acbcac53194]::TestCase>::launch
[INFO] [stdout]   12:     0x564732e28493 - <spread_sim_tests[e3ad4acbcac53194]::tests::test_correctness::test_we_love_np_10::{closure#0} as core[832e9a552fc17241]::ops::function::FnOnce<()>>::call_once
[INFO] [stdout]   13:     0x564732e2bdab - test[39766f3d73431624]::__rust_begin_short_backtrace::<core[832e9a552fc17241]::result::Result<(), alloc[3ecab9f82c41dc7d]::string::String>, fn() -> core[832e9a552fc17241]::result::Result<(), alloc[3ecab9f82c41dc7d]::string::String>>
[INFO] [stdout]   14:     0x564732e393f5 - test[39766f3d73431624]::run_test::{closure#0}
[INFO] [stdout]   15:     0x564732e33ea4 - std[97b98282bc616a66]::sys::backtrace::__rust_begin_short_backtrace::<test[39766f3d73431624]::run_test::{closure#1}, ()>
[INFO] [stdout]   16:     0x564732e3c542 - <std[97b98282bc616a66]::thread::lifecycle::spawn_unchecked<test[39766f3d73431624]::run_test::{closure#1}, ()>::{closure#1} as core[832e9a552fc17241]::ops::function::FnOnce<()>>::call_once::{shim:vtable#0}
[INFO] [stdout]   17:     0x564732ec0d7f - <std[97b98282bc616a66]::sys::thread::unix::Thread>::new::thread_start
[INFO] [stdout]   18:     0x73f0e55a907a - <unknown>
[INFO] [stdout]   19:     0x73f0e563c534 - clone
[INFO] [stdout]   20:                0x0 - <unknown>
[INFO] [stdout] 
[INFO] [stdout] ---- tests::test_correctness::test_we_love_np_7 stdout ----
[INFO] [stdout] 
[INFO] [stdout] thread '<unnamed>' (1125) panicked at crates/spread-sim-rocket/src/lib.rs:36:9:
[INFO] [stdout] not yet implemented: Rocket has not been implemented.
[INFO] [stdout] stack backtrace:
[INFO] [stdout]    0:     0x564732ec1861 - <<std[97b98282bc616a66]::sys::backtrace::BacktraceLock>::print::DisplayBacktrace as core[832e9a552fc17241]::fmt::Display>::fmt
[INFO] [stdout]    1:     0x564732ed656a - core[832e9a552fc17241]::fmt::write
[INFO] [stdout]    2:     0x564732ec5dcc - <alloc[3ecab9f82c41dc7d]::vec::Vec<u8> as std[97b98282bc616a66]::io::Write>::write_fmt
[INFO] [stdout]    3:     0x564732e9f876 - std[97b98282bc616a66]::panicking::default_hook::{closure#0}
[INFO] [stdout]    4:     0x564732eb9719 - std[97b98282bc616a66]::panicking::default_hook
[INFO] [stdout]    5:     0x564732e38a70 - test[39766f3d73431624]::test_main_inner::<test[39766f3d73431624]::test_main_static::{closure#0}>::{closure#0}
[INFO] [stdout]    6:     0x564732eb98d2 - std[97b98282bc616a66]::panicking::panic_with_hook
[INFO] [stdout]    7:     0x564732e9f954 - std[97b98282bc616a66]::panicking::panic_handler::{closure#0}
[INFO] [stdout]    8:     0x564732e970b9 - std[97b98282bc616a66]::sys::backtrace::__rust_end_short_backtrace::<std[97b98282bc616a66]::panicking::panic_handler::{closure#0}, !>
[INFO] [stdout]    9:     0x564732ea051d - __rustc[e3d8617bb01b7f69]::rust_begin_unwind
[INFO] [stdout]   10:     0x564732ed6c9c - core[832e9a552fc17241]::panicking::panic_fmt
[INFO] [stdout]   11:     0x564732e2952c - spread_sim_rocket[bf6b225422266c19]::launch
[INFO] [stdout]   12:     0x564732e20058 - std[97b98282bc616a66]::sys::backtrace::__rust_begin_short_backtrace::<<spread_sim_tests[e3ad4acbcac53194]::TestCase>::run<<spread_sim_tests[e3ad4acbcac53194]::TestCase>::launch::{closure#0}>::{closure#0}, ()>
[INFO] [stdout]   13:     0x564732e1ed94 - <std[97b98282bc616a66]::thread::lifecycle::spawn_unchecked<<spread_sim_tests[e3ad4acbcac53194]::TestCase>::run<<spread_sim_tests[e3ad4acbcac53194]::TestCase>::launch::{closure#0}>::{closure#0}, ()>::{closure#1} as core[832e9a552fc17241]::ops::function::FnOnce<()>>::call_once::{shim:vtable#0}
[INFO] [stdout]   14:     0x564732ec0d7f - <std[97b98282bc616a66]::sys::thread::unix::Thread>::new::thread_start
[INFO] [stdout]   15:     0x73f0e55a907a - <unknown>
[INFO] [stdout]   16:     0x73f0e563c534 - clone
[INFO] [stdout]   17:                0x0 - <unknown>
[INFO] [stdout] 
[INFO] [stdout] thread 'tests::test_correctness::test_we_love_np_7' (1120) panicked at crates/spread-sim-tests/src/lib.rs:132:17:
[INFO] [stdout] Simulation panicked with: not yet implemented: Rocket has not been implemented.
[INFO] [stdout] stack backtrace:
[INFO] [stdout]    0:     0x564732ec1861 - <<std[97b98282bc616a66]::sys::backtrace::BacktraceLock>::print::DisplayBacktrace as core[832e9a552fc17241]::fmt::Display>::fmt
[INFO] [stdout]    1:     0x564732ed656a - core[832e9a552fc17241]::fmt::write
[INFO] [stdout]    2:     0x564732ec5dcc - <alloc[3ecab9f82c41dc7d]::vec::Vec<u8> as std[97b98282bc616a66]::io::Write>::write_fmt
[INFO] [stdout]    3:     0x564732e9f876 - std[97b98282bc616a66]::panicking::default_hook::{closure#0}
[INFO] [stdout]    4:     0x564732eb9719 - std[97b98282bc616a66]::panicking::default_hook
[INFO] [stdout]    5:     0x564732e38a70 - test[39766f3d73431624]::test_main_inner::<test[39766f3d73431624]::test_main_static::{closure#0}>::{closure#0}
[INFO] [stdout]    6:     0x564732eb98d2 - std[97b98282bc616a66]::panicking::panic_with_hook
[INFO] [stdout]    7:     0x564732e9f922 - std[97b98282bc616a66]::panicking::panic_handler::{closure#0}
[INFO] [stdout]    8:     0x564732e970b9 - std[97b98282bc616a66]::sys::backtrace::__rust_end_short_backtrace::<std[97b98282bc616a66]::panicking::panic_handler::{closure#0}, !>
[INFO] [stdout]    9:     0x564732ea051d - __rustc[e3d8617bb01b7f69]::rust_begin_unwind
[INFO] [stdout]   10:     0x564732ed6c9c - core[832e9a552fc17241]::panicking::panic_fmt
[INFO] [stdout]   11:     0x564732e27b62 - <spread_sim_tests[e3ad4acbcac53194]::TestCase>::launch
[INFO] [stdout]   12:     0x564732e28443 - <spread_sim_tests[e3ad4acbcac53194]::tests::test_correctness::test_we_love_np_7::{closure#0} as core[832e9a552fc17241]::ops::function::FnOnce<()>>::call_once
[INFO] [stdout]   13:     0x564732e2bdab - test[39766f3d73431624]::__rust_begin_short_backtrace::<core[832e9a552fc17241]::result::Result<(), alloc[3ecab9f82c41dc7d]::string::String>, fn() -> core[832e9a552fc17241]::result::Result<(), alloc[3ecab9f82c41dc7d]::string::String>>
[INFO] [stdout]   14:     0x564732e393f5 - test[39766f3d73431624]::run_test::{closure#0}
[INFO] [stdout]   15:     0x564732e33ea4 - std[97b98282bc616a66]::sys::backtrace::__rust_begin_short_backtrace::<test[39766f3d73431624]::run_test::{closure#1}, ()>
[INFO] [stdout]   16:     0x564732e3c542 - <std[97b98282bc616a66]::thread::lifecycle::spawn_unchecked<test[39766f3d73431624]::run_test::{closure#1}, ()>::{closure#1} as core[832e9a552fc17241]::ops::function::FnOnce<()>>::call_once::{shim:vtable#0}
[INFO] [stdout]   17:     0x564732ec0d7f - <std[97b98282bc616a66]::sys::thread::unix::Thread>::new::thread_start
[INFO] [stdout]   18:     0x73f0e55a907a - <unknown>
[INFO] [stdout]   19:     0x73f0e563c534 - clone
[INFO] [stdout]   20:                0x0 - <unknown>
[INFO] [stdout] 
[INFO] [stdout] ---- tests::test_correctness::test_we_love_np_15 stdout ----
[INFO] [stdout] 
[INFO] [stdout] thread '<unnamed>' (1124) panicked at crates/spread-sim-rocket/src/lib.rs:36:9:
[INFO] [stdout] not yet implemented: Rocket has not been implemented.
[INFO] [stdout] stack backtrace:
[INFO] [stdout]    0:     0x564732ec1861 - <<std[97b98282bc616a66]::sys::backtrace::BacktraceLock>::print::DisplayBacktrace as core[832e9a552fc17241]::fmt::Display>::fmt
[INFO] [stdout]    1:     0x564732ed656a - core[832e9a552fc17241]::fmt::write
[INFO] [stdout]    2:     0x564732ec5dcc - <alloc[3ecab9f82c41dc7d]::vec::Vec<u8> as std[97b98282bc616a66]::io::Write>::write_fmt
[INFO] [stdout]    3:     0x564732e9f876 - std[97b98282bc616a66]::panicking::default_hook::{closure#0}
[INFO] [stdout]    4:     0x564732eb9719 - std[97b98282bc616a66]::panicking::default_hook
[INFO] [stdout]    5:     0x564732e38a70 - test[39766f3d73431624]::test_main_inner::<test[39766f3d73431624]::test_main_static::{closure#0}>::{closure#0}
[INFO] [stdout]    6:     0x564732eb98d2 - std[97b98282bc616a66]::panicking::panic_with_hook
[INFO] [stdout]    7:     0x564732e9f954 - std[97b98282bc616a66]::panicking::panic_handler::{closure#0}
[INFO] [stdout]    8:     0x564732e970b9 - std[97b98282bc616a66]::sys::backtrace::__rust_end_short_backtrace::<std[97b98282bc616a66]::panicking::panic_handler::{closure#0}, !>
[INFO] [stdout]    9:     0x564732ea051d - __rustc[e3d8617bb01b7f69]::rust_begin_unwind
[INFO] [stdout]   10:     0x564732ed6c9c - core[832e9a552fc17241]::panicking::panic_fmt
[INFO] [stdout]   11:     0x564732e2952c - spread_sim_rocket[bf6b225422266c19]::launch
[INFO] [stdout]   12:     0x564732e20058 - std[97b98282bc616a66]::sys::backtrace::__rust_begin_short_backtrace::<<spread_sim_tests[e3ad4acbcac53194]::TestCase>::run<<spread_sim_tests[e3ad4acbcac53194]::TestCase>::launch::{closure#0}>::{closure#0}, ()>
[INFO] [stdout]   13:     0x564732e1ed94 - <std[97b98282bc616a66]::thread::lifecycle::spawn_unchecked<<spread_sim_tests[e3ad4acbcac53194]::TestCase>::run<<spread_sim_tests[e3ad4acbcac53194]::TestCase>::launch::{closure#0}>::{closure#0}, ()>::{closure#1} as core[832e9a552fc17241]::ops::function::FnOnce<()>>::call_once::{shim:vtable#0}
[INFO] [stdout]   14:     0x564732ec0d7f - <std[97b98282bc616a66]::sys::thread::unix::Thread>::new::thread_start
[INFO] [stdout]   15:     0x73f0e55a907a - <unknown>
[INFO] [stdout]   16:     0x73f0e563c534 - clone
[INFO] [stdout]   17:                0x0 - <unknown>
[INFO] [stdout] 
[INFO] [stdout] thread 'tests::test_correctness::test_we_love_np_15' (1119) panicked at crates/spread-sim-tests/src/lib.rs:132:17:
[INFO] [stdout] Simulation panicked with: not yet implemented: Rocket has not been implemented.
[INFO] [stdout] stack backtrace:
[INFO] [stdout]    0:     0x564732ec1861 - <<std[97b98282bc616a66]::sys::backtrace::BacktraceLock>::print::DisplayBacktrace as core[832e9a552fc17241]::fmt::Display>::fmt
[INFO] [stdout]    1:     0x564732ed656a - core[832e9a552fc17241]::fmt::write
[INFO] [stdout]    2:     0x564732ec5dcc - <alloc[3ecab9f82c41dc7d]::vec::Vec<u8> as std[97b98282bc616a66]::io::Write>::write_fmt
[INFO] [stdout]    3:     0x564732e9f876 - std[97b98282bc616a66]::panicking::default_hook::{closure#0}
[INFO] [stdout]    4:     0x564732eb9719 - std[97b98282bc616a66]::panicking::default_hook
[INFO] [stdout]    5:     0x564732e38a70 - test[39766f3d73431624]::test_main_inner::<test[39766f3d73431624]::test_main_static::{closure#0}>::{closure#0}
[INFO] [stdout]    6:     0x564732eb98d2 - std[97b98282bc616a66]::panicking::panic_with_hook
[INFO] [stdout]    7:     0x564732e9f922 - std[97b98282bc616a66]::panicking::panic_handler::{closure#0}
[INFO] [stdout]    8:     0x564732e970b9 - std[97b98282bc616a66]::sys::backtrace::__rust_end_short_backtrace::<std[97b98282bc616a66]::panicking::panic_handler::{closure#0}, !>
[INFO] [stdout]    9:     0x564732ea051d - __rustc[e3d8617bb01b7f69]::rust_begin_unwind
[INFO] [stdout]   10:     0x564732ed6c9c - core[832e9a552fc17241]::panicking::panic_fmt
[INFO] [stdout]   11:     0x564732e27b62 - <spread_sim_tests[e3ad4acbcac53194]::TestCase>::launch
[INFO] [stdout]   12:     0x564732e284e3 - <spread_sim_tests[e3ad4acbcac53194]::tests::test_correctness::test_we_love_np_15::{closure#0} as core[832e9a552fc17241]::ops::function::FnOnce<()>>::call_once
[INFO] [stdout]   13:     0x564732e2bdab - test[39766f3d73431624]::__rust_begin_short_backtrace::<core[832e9a552fc17241]::result::Result<(), alloc[3ecab9f82c41dc7d]::string::String>, fn() -> core[832e9a552fc17241]::result::Result<(), alloc[3ecab9f82c41dc7d]::string::String>>
[INFO] [stdout]   14:     0x564732e393f5 - test[39766f3d73431624]::run_test::{closure#0}
[INFO] [stdout]   15:     0x564732e33ea4 - std[97b98282bc616a66]::sys::backtrace::__rust_begin_short_backtrace::<test[39766f3d73431624]::run_test::{closure#1}, ()>
[INFO] [stdout]   16:     0x564732e3c542 - <std[97b98282bc616a66]::thread::lifecycle::spawn_unchecked<test[39766f3d73431624]::run_test::{closure#1}, ()>::{closure#1} as core[832e9a552fc17241]::ops::function::FnOnce<()>>::call_once::{shim:vtable#0}
[INFO] [stdout]   17:     0x564732ec0d7f - <std[97b98282bc616a66]::sys::thread::unix::Thread>::new::thread_start
[INFO] [stdout]   18:     0x73f0e55a907a - <unknown>
[INFO] [stdout]   19:     0x73f0e563c534 - clone
[INFO] [stdout]   20:                0x0 - <unknown>
[INFO] [stdout] 
[INFO] [stdout] 
[INFO] [stdout] failures:
[INFO] [stdout]     tests::test_correctness::test_we_love_np_10
[INFO] [stdout]     tests::test_correctness::test_we_love_np_15
[INFO] [stdout]     tests::test_correctness::test_we_love_np_7
[INFO] [stdout] 
[INFO] [stdout] test result: FAILED. 2 passed; 3 failed; 0 ignored; 0 measured; 0 filtered out; finished in 0.10s
[INFO] [stdout] 
[INFO] [stderr] error: test failed, to rerun pass `-p spread-sim-tests --lib`
[INFO] running `Command { std: "docker" "inspect" "79c6e480d48bbb0db80d1bd655761d96407a47a20e166d80760b438f945a5f12", kill_on_drop: false }`
[INFO] running `Command { std: "docker" "rm" "-f" "79c6e480d48bbb0db80d1bd655761d96407a47a20e166d80760b438f945a5f12", kill_on_drop: false }`
[INFO] [stdout] 79c6e480d48bbb0db80d1bd655761d96407a47a20e166d80760b438f945a5f12
