[INFO] cloning repository https://github.com/dgfiloso/microscurid-rust
[INFO] running `Command { std: "git" "-c" "credential.helper=" "-c" "credential.helper=/workspace/cargo-home/bin/git-credential-null" "clone" "--bare" "https://github.com/dgfiloso/microscurid-rust" "/workspace/cache/git-repos/https%3A%2F%2Fgithub.com%2Fdgfiloso%2Fmicroscurid-rust", kill_on_drop: false }`
[INFO] [stderr] Cloning into bare repository '/workspace/cache/git-repos/https%3A%2F%2Fgithub.com%2Fdgfiloso%2Fmicroscurid-rust'...
[INFO] running `Command { std: "git" "rev-parse" "HEAD", kill_on_drop: false }`
[INFO] [stdout] 6e6bdbf017adccf8734ec4aa9fe02b100697708b
[INFO] testing dgfiloso/microscurid-rust against 1.98.0-beta.8+cargoflags=--release for beta-release-1.99-2
[INFO] running `Command { std: "git" "clone" "/workspace/cache/git-repos/https%3A%2F%2Fgithub.com%2Fdgfiloso%2Fmicroscurid-rust" "/workspace/builds/worker-1-tc1/source", kill_on_drop: false }`
[INFO] [stderr] Cloning into '/workspace/builds/worker-1-tc1/source'...
[INFO] [stderr] done.
[INFO] started tweaking git repo https://github.com/dgfiloso/microscurid-rust
[INFO] finished tweaking git repo https://github.com/dgfiloso/microscurid-rust
[INFO] tweaked toml for git repo https://github.com/dgfiloso/microscurid-rust written to /workspace/builds/worker-1-tc1/source/Cargo.toml
[INFO] validating manifest of git repo https://github.com/dgfiloso/microscurid-rust on toolchain 1.98.0-beta.8
[INFO] running `Command { std: CARGO_HOME="/workspace/cargo-home" RUSTUP_HOME="/workspace/rustup-home" "/workspace/cargo-home/bin/cargo" "+1.98.0-beta.8" "metadata" "--manifest-path" "Cargo.toml" "--no-deps", kill_on_drop: false }`
[INFO] crate git repo https://github.com/dgfiloso/microscurid-rust already has a lockfile, it will not be regenerated
[INFO] running `Command { std: CARGO_HOME="/workspace/cargo-home" RUSTUP_HOME="/workspace/rustup-home" "/workspace/cargo-home/bin/cargo" "+1.98.0-beta.8" "fetch" "--manifest-path" "Cargo.toml", kill_on_drop: false }`
[INFO] [stderr]     Updating crates.io index
[INFO] [stderr]  Downloading crates ...
[INFO] [stderr]   Downloaded zeroize v1.7.0
[INFO] [stderr]   Downloaded rustls-pki-types v1.4.1
[INFO] [stderr]   Downloaded base64 v0.22.0
[INFO] [stderr]   Downloaded embedded-hal v1.0.0
[INFO] [stderr]   Downloaded rustls-pemfile v2.1.2
[INFO] [stderr]   Downloaded embedded-hal-async v1.0.0
[INFO] [stderr]   Downloaded strum v0.24.1
[INFO] [stderr]   Downloaded cvt v0.1.2
[INFO] [stderr]   Downloaded peeking_take_while v0.1.2
[INFO] [stderr]   Downloaded darling v0.20.8
[INFO] [stderr]   Downloaded subtle v2.5.0
[INFO] [stderr]   Downloaded fastrand v2.0.2
[INFO] [stderr]   Downloaded embedded-hal-nb v1.0.0
[INFO] [stderr]   Downloaded embedded-hal v0.2.7
[INFO] [stderr]   Downloaded embedded-can v0.4.1
[INFO] [stderr]   Downloaded embassy-futures v0.1.1
[INFO] [stderr]   Downloaded embedded-io v0.6.1
[INFO] [stderr]   Downloaded nb v0.1.3
[INFO] [stderr]   Downloaded embedded-io-async v0.6.1
[INFO] [stderr]   Downloaded eip55 v0.4.0
[INFO] [stderr]   Downloaded thiserror-impl v1.0.58
[INFO] [stderr]   Downloaded embassy-sync v0.5.0
[INFO] [stderr]   Downloaded critical-section v1.1.2
[INFO] [stderr]   Downloaded embedded-svc v0.27.1
[INFO] [stderr]   Downloaded no-std-net v0.5.0
[INFO] [stderr]   Downloaded cargo-platform v0.1.8
[INFO] [stderr]   Downloaded autocfg v1.2.0
[INFO] [stderr]   Downloaded aligned v0.4.2
[INFO] [stderr]   Downloaded wasm-bindgen-macro v0.2.92
[INFO] [stderr]   Downloaded itoa v1.0.11
[INFO] [stderr]   Downloaded nb v1.1.0
[INFO] [stderr]   Downloaded multimap v0.10.0
[INFO] [stderr]   Downloaded wasm-bindgen-shared v0.2.92
[INFO] [stderr]   Downloaded envy v0.4.2
[INFO] [stderr]   Downloaded hex-literal v0.4.1
[INFO] [stderr]   Downloaded filetime v0.2.23
[INFO] [stderr]   Downloaded enumset_derive v0.8.1
[INFO] [stderr]   Downloaded dunce v1.0.4
[INFO] [stderr]   Downloaded build-time v0.1.3
[INFO] [stderr]   Downloaded windows-targets v0.52.5
[INFO] [stderr]   Downloaded mirai-annotations v1.12.0
[INFO] [stderr]   Downloaded either v1.11.0
[INFO] [stderr]   Downloaded prost-derive v0.12.4
[INFO] [stderr]   Downloaded strum_macros v0.24.3
[INFO] [stderr]   Downloaded darling_macro v0.20.8
[INFO] [stderr]   Downloaded prost v0.12.4
[INFO] [stderr]   Downloaded remove_dir_all v0.8.2
[INFO] [stderr]   Downloaded normpath v1.2.0
[INFO] [stderr]   Downloaded globwalk v0.8.1
[INFO] [stderr]   Downloaded globset v0.4.14
[INFO] [stderr]   Downloaded const_format_proc_macros v0.2.32
[INFO] [stderr]   Downloaded rustversion v1.0.15
[INFO] [stderr]   Downloaded thiserror v1.0.58
[INFO] [stderr]   Downloaded jobserver v0.1.30
[INFO] [stderr]   Downloaded semver v1.0.22
[INFO] [stderr]   Downloaded iana-time-zone v0.1.60
[INFO] [stderr]   Downloaded crossbeam-deque v0.8.5
[INFO] [stderr]   Downloaded fixedbitset v0.4.2
[INFO] [stderr]   Downloaded cmake v0.1.50
[INFO] [stderr]   Downloaded libloading v0.8.3
[INFO] [stderr]   Downloaded anyhow v1.0.82
[INFO] [stderr]   Downloaded fs_at v0.1.10
[INFO] [stderr]   Downloaded cargo_metadata v0.18.1
[INFO] [stderr]   Downloaded wasm-bindgen-macro-support v0.2.92
[INFO] [stderr]   Downloaded wasm-bindgen-backend v0.2.92
[INFO] [stderr]   Downloaded enumset v1.1.3
[INFO] [stderr]   Downloaded bitflags v2.5.0
[INFO] [stderr]   Downloaded prost-build v0.12.4
[INFO] [stderr]   Downloaded tempfile v3.10.1
[INFO] [stderr]   Downloaded prost-types v0.12.4
[INFO] [stderr]   Downloaded ryu v1.0.17
[INFO] [stderr]   Downloaded memchr v2.7.2
[INFO] [stderr]   Downloaded clang-sys v1.7.0
[INFO] [stderr]   Downloaded serde_derive v1.0.198
[INFO] [stderr]   Downloaded getrandom v0.2.14
[INFO] [stderr]   Downloaded glob v0.3.1
[INFO] [stderr]   Downloaded libsecp256k1 v0.7.1
[INFO] [stderr]   Downloaded ignore v0.4.22
[INFO] [stderr]   Downloaded camino v1.1.6
[INFO] [stderr]   Downloaded const_format v0.2.32
[INFO] [stderr]   Downloaded num-traits v0.2.18
[INFO] [stderr]   Downloaded darling_core v0.20.8
[INFO] [stderr]   Downloaded cc v1.0.94
[INFO] [stderr]   Downloaded prettyplease v0.2.19
[INFO] [stderr]   Downloaded bytes v1.6.0
[INFO] [stderr]   Downloaded indexmap v2.2.6
[INFO] [stderr]   Downloaded serde v1.0.198
[INFO] [stderr]   Downloaded esp-idf-sys v0.34.1
[INFO] [stderr]   Downloaded js-sys v0.3.69
[INFO] [stderr]   Downloaded heapless v0.8.0
[INFO] [stderr]   Downloaded serde_json v1.0.116
[INFO] [stderr]   Downloaded aws-lc-rs v1.7.0
[INFO] [stderr]   Downloaded wasm-bindgen v0.2.92
[INFO] [stderr]   Downloaded esp-idf-svc v0.48.1
[INFO] [stderr]   Downloaded petgraph v0.6.4
[INFO] [stderr]   Downloaded bindgen v0.63.0
[INFO] [stderr]   Downloaded esp-idf-hal v0.43.1
[INFO] [stderr]   Downloaded rustls-webpki v0.102.2
[INFO] [stderr]   Downloaded chrono v0.4.38
[INFO] [stderr]   Downloaded bindgen v0.69.4
[INFO] [stderr]   Downloaded regex v1.10.4
[INFO] [stderr]   Downloaded rustls v0.23.4
[INFO] [stderr]   Downloaded regex-syntax v0.8.3
[INFO] [stderr]   Downloaded rustix v0.38.32
[INFO] [stderr]   Downloaded bstr v1.9.1
[INFO] [stderr]   Downloaded windows_x86_64_gnullvm v0.52.5
[INFO] [stderr]   Downloaded windows_i686_gnullvm v0.52.5
[INFO] [stderr]   Downloaded windows_aarch64_gnullvm v0.52.5
[INFO] [stderr]   Downloaded regex-automata v0.4.6
[INFO] [stderr]   Downloaded embuild v0.31.4
[INFO] [stderr]   Downloaded windows_x86_64_msvc v0.52.5
[INFO] [stderr]   Downloaded windows_aarch64_msvc v0.52.5
[INFO] [stderr]   Downloaded windows_i686_msvc v0.52.5
[INFO] [stderr]   Downloaded windows_x86_64_gnu v0.52.5
[INFO] [stderr]   Downloaded windows_i686_gnu v0.52.5
[INFO] [stderr]   Downloaded ring v0.17.8
[INFO] [stderr]   Downloaded aws-lc-sys v0.15.0
[INFO] running `Command { std: "docker" "create" "-v" "/var/lib/crater-agent-workspace/builds/worker-1-tc1/source:/opt/rustwide/workdir:ro,Z" "-v" "/var/lib/crater-agent-workspace/builds/worker-1-tc1/target:/opt/rustwide/target:rw,Z" "-v" "/var/lib/crater-agent-workspace/cargo-home:/opt/rustwide/cargo-home:ro,Z" "-v" "/var/lib/crater-agent-workspace/rustup-home:/opt/rustwide/rustup-home:ro,Z" "-m" "1610612736" "--network" "none" "ghcr.io/rust-lang/crates-build-env/linux@sha256:8683fc1fc2eb5c9ac98e0d076ab094b2ffac7f99da555d2b6a2e27f346de2ec7" "sleep" "infinity", kill_on_drop: false }`
[INFO] [stdout] 50131fa32d4c4df3c8691f1cb336d77db249f0485d65511262f0cb89dfd9a7c1
[INFO] running `Command { std: "docker" "start" "50131fa32d4c4df3c8691f1cb336d77db249f0485d65511262f0cb89dfd9a7c1", kill_on_drop: false }`
[INFO] running `Command { std: "docker" "inspect" "50131fa32d4c4df3c8691f1cb336d77db249f0485d65511262f0cb89dfd9a7c1", kill_on_drop: false }`
[INFO] running `Command { std: "docker" "exec" "-e" "SOURCE_DIR=/opt/rustwide/workdir" "-e" "CARGO_HOME=/opt/rustwide/cargo-home" "-e" "RUSTUP_HOME=/opt/rustwide/rustup-home" "-e" "CARGO_TARGET_DIR=/opt/rustwide/target" "-w" "/opt/rustwide/workdir" "--user" "0:0" "50131fa32d4c4df3c8691f1cb336d77db249f0485d65511262f0cb89dfd9a7c1" "/opt/rustwide/cargo-home/bin/cargo" "+1.98.0-beta.8" "metadata" "--no-deps" "--format-version=1", kill_on_drop: false }`
[INFO] running `Command { std: "docker" "inspect" "50131fa32d4c4df3c8691f1cb336d77db249f0485d65511262f0cb89dfd9a7c1", kill_on_drop: false }`
[INFO] running `Command { std: "docker" "exec" "-e" "SOURCE_DIR=/opt/rustwide/workdir" "-e" "CARGO_HOME=/opt/rustwide/cargo-home" "-e" "RUSTUP_HOME=/opt/rustwide/rustup-home" "-e" "CARGO_TARGET_DIR=/opt/rustwide/target" "-e" "CARGO_INCREMENTAL=0" "-e" "RUST_BACKTRACE=full" "-e" "RUSTFLAGS=--cap-lints=warn" "-e" "RUSTDOCFLAGS=--cap-lints=warn" "-w" "/opt/rustwide/workdir" "--user" "0:0" "50131fa32d4c4df3c8691f1cb336d77db249f0485d65511262f0cb89dfd9a7c1" "/opt/rustwide/cargo-home/bin/cargo" "+1.98.0-beta.8" "build" "--frozen" "--message-format=json" "--release", kill_on_drop: false }`
[INFO] [stderr]    Compiling version_check v0.9.4
[INFO] [stderr]    Compiling typenum v1.17.0
[INFO] [stderr]    Compiling libc v0.2.153
[INFO] [stderr]    Compiling proc-macro2 v1.0.81
[INFO] [stderr]    Compiling unicode-ident v1.0.12
[INFO] [stderr]    Compiling crunchy v0.2.2
[INFO] [stderr]    Compiling anyhow v1.0.82
[INFO] [stderr]    Compiling either v1.11.0
[INFO] [stderr]    Compiling dunce v1.0.4
[INFO] [stderr]    Compiling fs_extra v1.3.0
[INFO] [stderr]    Compiling cfg-if v1.0.0
[INFO] [stderr]    Compiling rustix v0.38.32
[INFO] [stderr]    Compiling subtle v2.5.0
[INFO] [stderr]    Compiling paste v1.0.14
[INFO] [stderr]    Compiling hashbrown v0.14.3
[INFO] [stderr]    Compiling regex-syntax v0.8.3
[INFO] [stderr]    Compiling linux-raw-sys v0.4.13
[INFO] [stderr]    Compiling aws-lc-rs v1.7.0
[INFO] [stderr]    Compiling prettyplease v0.2.19
[INFO] [stderr]    Compiling itertools v0.12.1
[INFO] [stderr]    Compiling equivalent v1.0.1
[INFO] [stderr]    Compiling bitflags v2.5.0
[INFO] [stderr]    Compiling bytes v1.6.0
[INFO] [stderr]    Compiling fastrand v2.0.2
[INFO] [stderr]    Compiling fixedbitset v0.4.2
[INFO] [stderr]    Compiling once_cell v1.19.0
[INFO] [stderr]    Compiling generic-array v0.14.7
[INFO] [stderr]    Compiling mirai-annotations v1.12.0
[INFO] [stderr]    Compiling indexmap v2.2.6
[INFO] [stderr]    Compiling ppv-lite86 v0.2.17
[INFO] [stderr]    Compiling rustls-pki-types v1.4.1
[INFO] [stderr]    Compiling log v0.4.21
[INFO] [stderr]    Compiling jobserver v0.1.30
[INFO] [stderr]    Compiling serde v1.0.198
[INFO] [stderr]    Compiling zeroize v1.7.0
[INFO] [stderr]    Compiling multimap v0.10.0
[INFO] [stderr]    Compiling heck v0.5.0
[INFO] [stderr]    Compiling cc v1.0.94
[INFO] [stderr]    Compiling rustls v0.23.4
[INFO] [stderr]    Compiling opaque-debug v0.3.1
[INFO] [stderr]    Compiling untrusted v0.9.0
[INFO] [stderr]    Compiling getrandom v0.2.14
[INFO] [stderr]    Compiling keccak v0.1.5
[INFO] [stderr]    Compiling cpufeatures v0.2.12
[INFO] [stderr]    Compiling base64 v0.22.0
[INFO] [stderr]    Compiling arrayref v0.3.7
[INFO] [stderr]    Compiling hex v0.4.3
[INFO] [stderr]    Compiling rand_core v0.6.4
[INFO] [stderr]    Compiling quote v1.0.36
[INFO] [stderr]    Compiling syn v2.0.60
[INFO] [stderr]    Compiling petgraph v0.6.4
[INFO] [stderr]    Compiling base64 v0.13.1
[INFO] [stderr]    Compiling hex-literal v0.4.1
[INFO] [stderr]    Compiling rustls-pemfile v2.1.2
[INFO] [stderr]    Compiling rand_chacha v0.3.1
[INFO] [stderr]    Compiling rand v0.8.5
[INFO] [stderr]    Compiling digest v0.9.0
[INFO] [stderr]    Compiling tempfile v3.10.1
[INFO] [stderr]    Compiling libsecp256k1-core v0.3.0
[INFO] [stderr]    Compiling block-buffer v0.10.4
[INFO] [stderr]    Compiling crypto-mac v0.8.0
[INFO] [stderr]    Compiling crypto-common v0.1.6
[INFO] [stderr]    Compiling block-buffer v0.9.0
[INFO] [stderr]    Compiling cmake v0.1.50
[INFO] [stderr]    Compiling digest v0.10.7
[INFO] [stderr]    Compiling regex-automata v0.4.6
[INFO] [stderr]    Compiling hmac v0.8.1
[INFO] [stderr]    Compiling sha2 v0.9.9
[INFO] [stderr]    Compiling hmac-drbg v0.3.0
[INFO] [stderr]    Compiling sha3 v0.10.8
[INFO] [stderr]    Compiling libsecp256k1-gen-ecmult v0.3.0
[INFO] [stderr]    Compiling libsecp256k1-gen-genmult v0.3.0
[INFO] [stderr]    Compiling eip55 v0.4.0
[INFO] [stderr]    Compiling aws-lc-sys v0.15.0
[INFO] [stderr]    Compiling libsecp256k1 v0.7.1
[INFO] [stderr]    Compiling regex v1.10.4
[INFO] [stderr]    Compiling prost-derive v0.12.4
[INFO] [stderr]    Compiling serde_derive v1.0.198
[INFO] [stderr]    Compiling prost v0.12.4
[INFO] [stderr]    Compiling prost-types v0.12.4
[INFO] [stderr]    Compiling prost-build v0.12.4
[INFO] [stderr]    Compiling microscurid-rust v0.1.0 (/opt/rustwide/workdir)
[INFO] [stderr]    Compiling rustls-webpki v0.102.2
[INFO] [stdout] warning: fields `fragment` and `path` are never read
[INFO] [stdout]   --> src/did.rs:14:5
[INFO] [stdout]    |
[INFO] [stdout]  7 | pub struct Did<T>
[INFO] [stdout]    |            --- fields in this struct
[INFO] [stdout] ...
[INFO] [stdout] 14 |     fragment: [u8; 20],
[INFO] [stdout]    |     ^^^^^^^^
[INFO] [stdout] 15 |     path: [u8; 20],
[INFO] [stdout]    |     ^^^^
[INFO] [stdout]    |
[INFO] [stdout]    = note: `#[warn(dead_code)]` (part of `#[warn(unused)]`) on by default
[INFO] [stdout] 
[INFO] [stdout] 
[INFO] [stderr]     Finished `release` profile [optimized] target(s) in 1m 06s
[INFO] running `Command { std: "docker" "inspect" "50131fa32d4c4df3c8691f1cb336d77db249f0485d65511262f0cb89dfd9a7c1", kill_on_drop: false }`
[INFO] running `Command { std: "docker" "exec" "-e" "SOURCE_DIR=/opt/rustwide/workdir" "-e" "CARGO_HOME=/opt/rustwide/cargo-home" "-e" "RUSTUP_HOME=/opt/rustwide/rustup-home" "-e" "CARGO_TARGET_DIR=/opt/rustwide/target" "-e" "CARGO_INCREMENTAL=0" "-e" "RUST_BACKTRACE=full" "-e" "RUSTFLAGS=--cap-lints=warn" "-e" "RUSTDOCFLAGS=--cap-lints=warn" "-w" "/opt/rustwide/workdir" "--user" "0:0" "50131fa32d4c4df3c8691f1cb336d77db249f0485d65511262f0cb89dfd9a7c1" "/opt/rustwide/cargo-home/bin/cargo" "+1.98.0-beta.8" "test" "--frozen" "--no-run" "--message-format=json" "--release", kill_on_drop: false }`
[INFO] [stderr]    Compiling subtle v2.5.0
[INFO] [stderr]    Compiling cfg-if v1.0.0
[INFO] [stderr]    Compiling typenum v1.17.0
[INFO] [stderr]    Compiling libc v0.2.153
[INFO] [stderr]    Compiling zeroize v1.7.0
[INFO] [stderr]    Compiling rustls-pki-types v1.4.1
[INFO] [stderr]    Compiling mirai-annotations v1.12.0
[INFO] [stderr]    Compiling ppv-lite86 v0.2.17
[INFO] [stderr]    Compiling crunchy v0.2.2
[INFO] [stderr]    Compiling cpufeatures v0.2.12
[INFO] [stderr]    Compiling untrusted v0.9.0
[INFO] [stderr]    Compiling keccak v0.1.5
[INFO] [stderr]    Compiling opaque-debug v0.3.1
[INFO] [stderr]    Compiling serde v1.0.198
[INFO] [stderr]    Compiling log v0.4.21
[INFO] [stderr]    Compiling hex v0.4.3
[INFO] [stderr]    Compiling arrayref v0.3.7
[INFO] [stderr]    Compiling base64 v0.22.0
[INFO] [stderr]    Compiling once_cell v1.19.0
[INFO] [stderr]    Compiling base64 v0.13.1
[INFO] [stderr]    Compiling bytes v1.6.0
[INFO] [stderr]    Compiling hex-literal v0.4.1
[INFO] [stderr]    Compiling getrandom v0.2.14
[INFO] [stderr]    Compiling aws-lc-sys v0.15.0
[INFO] [stderr]    Compiling rustls-pemfile v2.1.2
[INFO] [stderr]    Compiling rand_core v0.6.4
[INFO] [stderr]    Compiling rand_chacha v0.3.1
[INFO] [stderr]    Compiling prost v0.12.4
[INFO] [stderr]    Compiling rand v0.8.5
[INFO] [stderr]    Compiling generic-array v0.14.7
[INFO] [stderr]    Compiling aws-lc-rs v1.7.0
[INFO] [stderr]    Compiling digest v0.9.0
[INFO] [stderr]    Compiling block-buffer v0.10.4
[INFO] [stderr]    Compiling crypto-common v0.1.6
[INFO] [stderr]    Compiling crypto-mac v0.8.0
[INFO] [stderr]    Compiling block-buffer v0.9.0
[INFO] [stderr]    Compiling sha2 v0.9.9
[INFO] [stderr]    Compiling libsecp256k1-core v0.3.0
[INFO] [stderr]    Compiling digest v0.10.7
[INFO] [stderr]    Compiling hmac v0.8.1
[INFO] [stderr]    Compiling hmac-drbg v0.3.0
[INFO] [stderr]    Compiling sha3 v0.10.8
[INFO] [stderr]    Compiling eip55 v0.4.0
[INFO] [stderr]    Compiling rustls-webpki v0.102.2
[INFO] [stderr]    Compiling rustls v0.23.4
[INFO] [stderr]    Compiling libsecp256k1 v0.7.1
[INFO] [stderr]    Compiling microscurid-rust v0.1.0 (/opt/rustwide/workdir)
[INFO] [stdout] warning: fields `fragment` and `path` are never read
[INFO] [stdout]   --> src/did.rs:14:5
[INFO] [stdout]    |
[INFO] [stdout]  7 | pub struct Did<T>
[INFO] [stdout]    |            --- fields in this struct
[INFO] [stdout] ...
[INFO] [stdout] 14 |     fragment: [u8; 20],
[INFO] [stdout]    |     ^^^^^^^^
[INFO] [stdout] 15 |     path: [u8; 20],
[INFO] [stdout]    |     ^^^^
[INFO] [stdout]    |
[INFO] [stdout]    = note: `#[warn(dead_code)]` (part of `#[warn(unused)]`) on by default
[INFO] [stdout] 
[INFO] [stdout] 
[INFO] [stdout] warning: fields `fragment` and `path` are never read
[INFO] [stdout]   --> src/did.rs:14:5
[INFO] [stdout]    |
[INFO] [stdout]  7 | pub struct Did<T>
[INFO] [stdout]    |            --- fields in this struct
[INFO] [stdout] ...
[INFO] [stdout] 14 |     fragment: [u8; 20],
[INFO] [stdout]    |     ^^^^^^^^
[INFO] [stdout] 15 |     path: [u8; 20],
[INFO] [stdout]    |     ^^^^
[INFO] [stdout]    |
[INFO] [stdout]    = note: `#[warn(dead_code)]` (part of `#[warn(unused)]`) on by default
[INFO] [stdout] 
[INFO] [stdout] 
[INFO] [stderr]     Finished `release` profile [optimized] target(s) in 24.07s
[INFO] running `Command { std: "docker" "inspect" "50131fa32d4c4df3c8691f1cb336d77db249f0485d65511262f0cb89dfd9a7c1", kill_on_drop: false }`
[INFO] running `Command { std: "docker" "exec" "-e" "SOURCE_DIR=/opt/rustwide/workdir" "-e" "CARGO_HOME=/opt/rustwide/cargo-home" "-e" "RUSTUP_HOME=/opt/rustwide/rustup-home" "-e" "CARGO_TARGET_DIR=/opt/rustwide/target" "-e" "CARGO_INCREMENTAL=0" "-e" "RUST_BACKTRACE=full" "-e" "RUSTFLAGS=--cap-lints=warn" "-e" "RUSTDOCFLAGS=--cap-lints=warn" "-w" "/opt/rustwide/workdir" "--user" "0:0" "50131fa32d4c4df3c8691f1cb336d77db249f0485d65511262f0cb89dfd9a7c1" "/opt/rustwide/cargo-home/bin/cargo" "+1.98.0-beta.8" "test" "--frozen" "--release", kill_on_drop: false }`
[INFO] [stderr] warning: fields `fragment` and `path` are never read
[INFO] [stderr]   --> src/did.rs:14:5
[INFO] [stderr]    |
[INFO] [stderr]  7 | pub struct Did<T>
[INFO] [stderr]    |            --- fields in this struct
[INFO] [stderr] ...
[INFO] [stderr] 14 |     fragment: [u8; 20],
[INFO] [stderr]    |     ^^^^^^^^
[INFO] [stderr] 15 |     path: [u8; 20],
[INFO] [stderr]    |     ^^^^
[INFO] [stderr]    |
[INFO] [stderr]    = note: `#[warn(dead_code)]` (part of `#[warn(unused)]`) on by default
[INFO] [stderr] 
[INFO] [stderr] warning: `microscurid-rust` (lib) generated 1 warning
[INFO] [stderr] warning: `microscurid-rust` (lib test) generated 1 warning (1 duplicate)
[INFO] [stderr]     Finished `release` profile [optimized] target(s) in 0.16s
[INFO] [stderr]      Running unittests src/lib.rs (/opt/rustwide/target/release/deps/microscurid_rust-e80a317ea84c0038)
[INFO] [stdout] 
[INFO] [stdout] running 20 tests
[INFO] [stdout] test agent::tests::create_from_did ... FAILED
[INFO] [stdout] test did::tests::create_from_existing ... FAILED
[INFO] [stdout] test did::tests::create_signature ... FAILED
[INFO] [stdout] test keys::linuxkeys::tests::keys_exist ... FAILED
[INFO] [stdout] test keys::linuxkeys::tests::return_keys ... ok
[INFO] [stdout] test keys::tests::eip55_addr ... ok
[INFO] [stdout] test keys::linuxkeys::tests::load_keys ... FAILED
[INFO] [stdout] test did::tests::did_string ... FAILED
[INFO] [stdout] test did::tests::public_key ... FAILED
[INFO] [stdout] test keys::tests::ethereum_addr ... ok
[INFO] [stdout] test did::tests::same_keys_same_did ... FAILED
[INFO] [stdout] test keys::tests::message_hash ... ok
[INFO] [stdout] test did::tests::verify_altered_signature ... FAILED
[INFO] [stdout] test keys::linuxkeys::tests::save_keys ... FAILED
[INFO] [stdout] test keys::linuxkeys::tests::keys_generation ... ok
[INFO] [stdout] test did::tests::new_keys_if_no_exist ... FAILED
[INFO] [stdout] test keys::tests::keys_regeneration ... ok
[INFO] [stdout] test keys::tests::keys_generation ... ok
[INFO] [stdout] test keys::tests::message_signature ... ok
[INFO] [stdout] test did::tests::verify_correct_signature ... FAILED
[INFO] [stdout] 
[INFO] [stdout] failures:
[INFO] [stdout] 
[INFO] [stdout] ---- agent::tests::create_from_did stdout ----
[INFO] [stdout] 
[INFO] [stdout] thread 'agent::tests::create_from_did' (2903) panicked at src/did.rs:29:23:
[INFO] [stdout] failed to save keys : Os { code: 30, kind: ReadOnlyFilesystem, message: "Read-only file system" }
[INFO] [stdout] stack backtrace:
[INFO] [stdout]    0:     0x64ac8b70b15d - <unknown>
[INFO] [stdout]    1:     0x64ac8b6eaad4 - <unknown>
[INFO] [stdout]    2:     0x64ac8b70a78b - <unknown>
[INFO] [stdout]    3:     0x64ac8b70a329 - <unknown>
[INFO] [stdout]    4:     0x64ac8b709faa - <unknown>
[INFO] [stdout]    5:     0x64ac8b709b32 - <unknown>
[INFO] [stdout]    6:     0x64ac8b730331 - <unknown>
[INFO] [stdout]    7:     0x64ac8b7302e9 - <unknown>
[INFO] [stdout]    8:     0x64ac8b7307dc - <unknown>
[INFO] [stdout]    9:     0x64ac8b6ea96b - <unknown>
[INFO] [stdout]   10:     0x64ac8b6e45aa - <unknown>
[INFO] [stdout]   11:     0x64ac8b6e8a42 - <unknown>
[INFO] [stdout]   12:     0x64ac8b74607b - <unknown>
[INFO] [stdout]   13:     0x64ac8b742457 - <unknown>
[INFO] [stdout]   14:     0x64ac8b741f1c - <unknown>
[INFO] [stdout]   15:     0x64ac8b75b47c - <unknown>
[INFO] [stdout]   16:     0x64ac8b7318f2 - <unknown>
[INFO] [stdout]   17:     0x795ac776707a - <unknown>
[INFO] [stdout]   18:     0x795ac77fa534 - clone
[INFO] [stdout]   19:                0x0 - <unknown>
[INFO] [stdout] 
[INFO] [stdout] ---- did::tests::create_from_existing stdout ----
[INFO] [stdout] 
[INFO] [stdout] thread 'did::tests::create_from_existing' (2904) panicked at src/did.rs:174:9:
[INFO] [stdout] assertion `left == right` failed
[INFO] [stdout]   left: [4, 138, 239, 63, 84, 168, 129, 126, 196, 94, 249, 62, 184, 105, 56, 234, 127, 245, 239, 222, 6, 105, 16, 216, 217, 139, 234, 45, 122, 247, 186, 125, 0, 233, 221, 57, 211, 189, 134, 193, 169, 146, 5, 179, 0, 150, 96, 68, 249, 207, 94, 143, 202, 117, 142, 3, 85, 158, 167, 198, 250, 20, 77, 79, 32]
[INFO] [stdout]  right: [4, 241, 127, 7, 114, 34, 221, 175, 242, 28, 247, 39, 223, 133, 108, 147, 1, 103, 162, 188, 214, 17, 189, 99, 146, 107, 223, 49, 204, 77, 8, 220, 22, 217, 155, 3, 176, 70, 227, 190, 165, 66, 82, 190, 1, 31, 127, 215, 234, 13, 24, 186, 247, 117, 31, 218, 112, 85, 76, 117, 114, 224, 62, 137, 110]
[INFO] [stdout] stack backtrace:
[INFO] [stdout]    0:     0x64ac8b70b15d - <unknown>
[INFO] [stdout]    1:     0x64ac8b6eaad4 - <unknown>
[INFO] [stdout]    2:     0x64ac8b70a78b - <unknown>
[INFO] [stdout]    3:     0x64ac8b70a329 - <unknown>
[INFO] [stdout]    4:     0x64ac8b709faa - <unknown>
[INFO] [stdout]    5:     0x64ac8b709b32 - <unknown>
[INFO] [stdout]    6:     0x64ac8b730331 - <unknown>
[INFO] [stdout]    7:     0x64ac8b7302e9 - <unknown>
[INFO] [stdout]    8:     0x64ac8b7307dc - <unknown>
[INFO] [stdout]    9:     0x64ac8b6ea96b - <unknown>
[INFO] [stdout]   10:     0x64ac8b6ea88d - <unknown>
[INFO] [stdout]   11:     0x64ac8b6e2d96 - <unknown>
[INFO] [stdout]   12:     0x64ac8b6e7821 - <unknown>
[INFO] [stdout]   13:     0x64ac8b74607b - <unknown>
[INFO] [stdout]   14:     0x64ac8b742457 - <unknown>
[INFO] [stdout]   15:     0x64ac8b741f1c - <unknown>
[INFO] [stdout]   16:     0x64ac8b75b47c - <unknown>
[INFO] [stdout]   17:     0x64ac8b7318f2 - <unknown>
[INFO] [stdout]   18:     0x795ac776707a - <unknown>
[INFO] [stdout]   19:     0x795ac77fa534 - clone
[INFO] [stdout]   20:                0x0 - <unknown>
[INFO] [stdout] 
[INFO] [stdout] ---- did::tests::create_signature stdout ----
[INFO] [stdout] 
[INFO] [stdout] thread 'did::tests::create_signature' (2905) panicked at src/did.rs:29:23:
[INFO] [stdout] failed to save keys : Os { code: 30, kind: ReadOnlyFilesystem, message: "Read-only file system" }
[INFO] [stdout] stack backtrace:
[INFO] [stdout]    0:     0x64ac8b70b15d - <unknown>
[INFO] [stdout]    1:     0x64ac8b6eaad4 - <unknown>
[INFO] [stdout]    2:     0x64ac8b70a78b - <unknown>
[INFO] [stdout]    3:     0x64ac8b70a329 - <unknown>
[INFO] [stdout]    4:     0x64ac8b709faa - <unknown>
[INFO] [stdout]    5:     0x64ac8b709b32 - <unknown>
[INFO] [stdout]    6:     0x64ac8b730331 - <unknown>
[INFO] [stdout]    7:     0x64ac8b7302e9 - <unknown>
[INFO] [stdout]    8:     0x64ac8b7307dc - <unknown>
[INFO] [stdout]    9:     0x64ac8b6ea96b - <unknown>
[INFO] [stdout]   10:     0x64ac8b6e45aa - <unknown>
[INFO] [stdout]   11:     0x64ac8b6e74c4 - <unknown>
[INFO] [stdout]   12:     0x64ac8b74607b - <unknown>
[INFO] [stdout]   13:     0x64ac8b742457 - <unknown>
[INFO] [stderr] error: test failed, to rerun pass `--lib`
[INFO] [stdout]   14:     0x64ac8b741f1c - <unknown>
[INFO] [stdout]   15:     0x64ac8b75b47c - <unknown>
[INFO] [stdout]   16:     0x64ac8b7318f2 - <unknown>
[INFO] [stdout]   17:     0x795ac776707a - <unknown>
[INFO] [stdout]   18:     0x795ac77fa534 - clone
[INFO] [stdout]   19:                0x0 - <unknown>
[INFO] [stdout] 
[INFO] [stdout] ---- keys::linuxkeys::tests::keys_exist stdout ----
[INFO] [stdout] failed to remove key file
[INFO] [stdout] failed to remove key.pub file
[INFO] [stdout] 
[INFO] [stdout] thread 'keys::linuxkeys::tests::keys_exist' (2912) panicked at src/keys/linuxkeys.rs:137:9:
[INFO] [stdout] assertion failed: result.is_ok()
[INFO] [stdout] stack backtrace:
[INFO] [stdout]    0:     0x64ac8b70b15d - <unknown>
[INFO] [stdout]    1:     0x64ac8b6eaad4 - <unknown>
[INFO] [stdout]    2:     0x64ac8b70a78b - <unknown>
[INFO] [stdout]    3:     0x64ac8b70a329 - <unknown>
[INFO] [stdout]    4:     0x64ac8b709faa - <unknown>
[INFO] [stdout]    5:     0x64ac8b709b32 - <unknown>
[INFO] [stdout]    6:     0x64ac8b730362 - <unknown>
[INFO] [stdout]    7:     0x64ac8b7302e9 - <unknown>
[INFO] [stdout]    8:     0x64ac8b7307dc - <unknown>
[INFO] [stdout]    9:     0x64ac8b6ea96b - <unknown>
[INFO] [stdout]   10:     0x64ac8b6ec1a1 - <unknown>
[INFO] [stdout]   11:     0x64ac8b6e8e25 - <unknown>
[INFO] [stdout]   12:     0x64ac8b74607b - <unknown>
[INFO] [stdout]   13:     0x64ac8b742457 - <unknown>
[INFO] [stdout]   14:     0x64ac8b741f1c - <unknown>
[INFO] [stdout]   15:     0x64ac8b75b47c - <unknown>
[INFO] [stdout]   16:     0x64ac8b7318f2 - <unknown>
[INFO] [stdout]   17:     0x795ac776707a - <unknown>
[INFO] [stdout]   18:     0x795ac77fa534 - clone
[INFO] [stdout]   19:                0x0 - <unknown>
[INFO] [stdout] 
[INFO] [stdout] ---- keys::linuxkeys::tests::load_keys stdout ----
[INFO] [stdout] 
[INFO] [stdout] thread 'keys::linuxkeys::tests::load_keys' (2914) panicked at src/keys/linuxkeys.rs:153:9:
[INFO] [stdout] assertion failed: result.is_ok()
[INFO] [stdout] stack backtrace:
[INFO] [stdout]    0:     0x64ac8b70b15d - <unknown>
[INFO] [stdout]    1:     0x64ac8b6eaad4 - <unknown>
[INFO] [stdout]    2:     0x64ac8b70a78b - <unknown>
[INFO] [stdout]    3:     0x64ac8b70a329 - <unknown>
[INFO] [stdout]    4:     0x64ac8b709faa - <unknown>
[INFO] [stdout]    5:     0x64ac8b709b32 - <unknown>
[INFO] [stdout]    6:     0x64ac8b730362 - <unknown>
[INFO] [stdout]    7:     0x64ac8b7302e9 - <unknown>
[INFO] [stdout]    8:     0x64ac8b7307dc - <unknown>
[INFO] [stdout]    9:     0x64ac8b6ea96b - <unknown>
[INFO] [stdout]   10:     0x64ac8b6ec1a1 - <unknown>
[INFO] [stdout]   11:     0x64ac8b6e90b1 - <unknown>
[INFO] [stdout]   12:     0x64ac8b74607b - <unknown>
[INFO] [stdout]   13:     0x64ac8b742457 - <unknown>
[INFO] [stdout]   14:     0x64ac8b741f1c - <unknown>
[INFO] [stdout]   15:     0x64ac8b75b47c - <unknown>
[INFO] [stdout]   16:     0x64ac8b7318f2 - <unknown>
[INFO] [stdout]   17:     0x795ac776707a - <unknown>
[INFO] [stdout]   18:     0x795ac77fa534 - clone
[INFO] [stdout]   19:                0x0 - <unknown>
[INFO] [stdout] 
[INFO] [stdout] ---- did::tests::did_string stdout ----
[INFO] [stdout] 
[INFO] [stdout] thread 'did::tests::did_string' (2906) panicked at src/did.rs:29:23:
[INFO] [stdout] failed to save keys : Os { code: 30, kind: ReadOnlyFilesystem, message: "Read-only file system" }
[INFO] [stdout] stack backtrace:
[INFO] [stdout]    0:     0x64ac8b70b15d - <unknown>
[INFO] [stdout]    1:     0x64ac8b6eaad4 - <unknown>
[INFO] [stdout]    2:     0x64ac8b70a78b - <unknown>
[INFO] [stdout]    3:     0x64ac8b70a329 - <unknown>
[INFO] [stdout]    4:     0x64ac8b709faa - <unknown>
[INFO] [stdout]    5:     0x64ac8b709b32 - <unknown>
[INFO] [stdout]    6:     0x64ac8b730331 - <unknown>
[INFO] [stdout]    7:     0x64ac8b7302e9 - <unknown>
[INFO] [stdout]    8:     0x64ac8b7307dc - <unknown>
[INFO] [stdout]    9:     0x64ac8b6ea96b - <unknown>
[INFO] [stdout]   10:     0x64ac8b6e45aa - <unknown>
[INFO] [stdout]   11:     0x64ac8b6e7141 - <unknown>
[INFO] [stdout]   12:     0x64ac8b74607b - <unknown>
[INFO] [stdout]   13:     0x64ac8b742457 - <unknown>
[INFO] [stdout]   14:     0x64ac8b741f1c - <unknown>
[INFO] [stdout]   15:     0x64ac8b75b47c - <unknown>
[INFO] [stdout]   16:     0x64ac8b7318f2 - <unknown>
[INFO] [stdout]   17:     0x795ac776707a - <unknown>
[INFO] [stdout]   18:     0x795ac77fa534 - clone
[INFO] [stdout]   19:                0x0 - <unknown>
[INFO] [stdout] 
[INFO] [stdout] ---- did::tests::public_key stdout ----
[INFO] [stdout] 
[INFO] [stdout] thread 'did::tests::public_key' (2908) panicked at src/did.rs:29:23:
[INFO] [stdout] failed to save keys : Os { code: 30, kind: ReadOnlyFilesystem, message: "Read-only file system" }
[INFO] [stdout] stack backtrace:
[INFO] [stdout]    0:     0x64ac8b70b15d - <unknown>
[INFO] [stdout]    1:     0x64ac8b6eaad4 - <unknown>
[INFO] [stdout]    2:     0x64ac8b70a78b - <unknown>
[INFO] [stdout]    3:     0x64ac8b70a329 - <unknown>
[INFO] [stdout]    4:     0x64ac8b709faa - <unknown>
[INFO] [stdout]    5:     0x64ac8b709b32 - <unknown>
[INFO] [stdout]    6:     0x64ac8b730331 - <unknown>
[INFO] [stdout]    7:     0x64ac8b7302e9 - <unknown>
[INFO] [stdout]    8:     0x64ac8b7307dc - <unknown>
[INFO] [stdout]    9:     0x64ac8b6ea96b - <unknown>
[INFO] [stdout]   10:     0x64ac8b6e45aa - <unknown>
[INFO] [stdout]   11:     0x64ac8b6e73d0 - <unknown>
[INFO] [stdout]   12:     0x64ac8b74607b - <unknown>
[INFO] [stdout]   13:     0x64ac8b742457 - <unknown>
[INFO] [stdout]   14:     0x64ac8b741f1c - <unknown>
[INFO] [stdout]   15:     0x64ac8b75b47c - <unknown>
[INFO] [stdout]   16:     0x64ac8b7318f2 - <unknown>
[INFO] [stdout]   17:     0x795ac776707a - <unknown>
[INFO] [stdout]   18:     0x795ac77fa534 - clone
[INFO] [stdout]   19:                0x0 - <unknown>
[INFO] [stdout] 
[INFO] [stdout] ---- did::tests::same_keys_same_did stdout ----
[INFO] [stdout] 
[INFO] [stdout] thread 'did::tests::same_keys_same_did' (2909) panicked at src/did.rs:29:23:
[INFO] [stdout] failed to save keys : Os { code: 30, kind: ReadOnlyFilesystem, message: "Read-only file system" }
[INFO] [stdout] stack backtrace:
[INFO] [stdout]    0:     0x64ac8b70b15d - <unknown>
[INFO] [stdout]    1:     0x64ac8b6eaad4 - <unknown>
[INFO] [stdout]    2:     0x64ac8b70a78b - <unknown>
[INFO] [stdout]    3:     0x64ac8b70a329 - <unknown>
[INFO] [stdout]    4:     0x64ac8b709faa - <unknown>
[INFO] [stdout]    5:     0x64ac8b709b32 - <unknown>
[INFO] [stdout]    6:     0x64ac8b730331 - <unknown>
[INFO] [stdout]    7:     0x64ac8b7302e9 - <unknown>
[INFO] [stdout]    8:     0x64ac8b7307dc - <unknown>
[INFO] [stdout]    9:     0x64ac8b6ea96b - <unknown>
[INFO] [stdout]   10:     0x64ac8b6e45aa - <unknown>
[INFO] [stdout]   11:     0x64ac8b6e75fe - <unknown>
[INFO] [stdout]   12:     0x64ac8b74607b - <unknown>
[INFO] [stdout]   13:     0x64ac8b742457 - <unknown>
[INFO] [stdout]   14:     0x64ac8b741f1c - <unknown>
[INFO] [stdout]   15:     0x64ac8b75b47c - <unknown>
[INFO] [stdout]   16:     0x64ac8b7318f2 - <unknown>
[INFO] [stdout]   17:     0x795ac776707a - <unknown>
[INFO] [stdout]   18:     0x795ac77fa534 - clone
[INFO] [stdout]   19:                0x0 - <unknown>
[INFO] [stdout] 
[INFO] [stdout] ---- did::tests::verify_altered_signature stdout ----
[INFO] [stdout] 
[INFO] [stdout] thread 'did::tests::verify_altered_signature' (2910) panicked at src/did.rs:29:23:
[INFO] [stdout] failed to save keys : Os { code: 30, kind: ReadOnlyFilesystem, message: "Read-only file system" }
[INFO] [stdout] stack backtrace:
[INFO] [stdout]    0:     0x64ac8b70b15d - <unknown>
[INFO] [stdout]    1:     0x64ac8b6eaad4 - <unknown>
[INFO] [stdout]    2:     0x64ac8b70a78b - <unknown>
[INFO] [stdout]    3:     0x64ac8b70a329 - <unknown>
[INFO] [stdout]    4:     0x64ac8b709faa - <unknown>
[INFO] [stdout]    5:     0x64ac8b709b32 - <unknown>
[INFO] [stdout]    6:     0x64ac8b730331 - <unknown>
[INFO] [stdout]    7:     0x64ac8b7302e9 - <unknown>
[INFO] [stdout]    8:     0x64ac8b7307dc - <unknown>
[INFO] [stdout]    9:     0x64ac8b6ea96b - <unknown>
[INFO] [stdout]   10:     0x64ac8b6e45aa - <unknown>
[INFO] [stdout]   11:     0x64ac8b6e7a86 - <unknown>
[INFO] [stdout]   12:     0x64ac8b74607b - <unknown>
[INFO] [stdout]   13:     0x64ac8b742457 - <unknown>
[INFO] [stdout]   14:     0x64ac8b741f1c - <unknown>
[INFO] [stdout]   15:     0x64ac8b75b47c - <unknown>
[INFO] [stdout]   16:     0x64ac8b7318f2 - <unknown>
[INFO] [stdout]   17:     0x795ac776707a - <unknown>
[INFO] [stdout]   18:     0x795ac77fa534 - clone
[INFO] [stdout]   19:                0x0 - <unknown>
[INFO] [stdout] 
[INFO] [stdout] ---- keys::linuxkeys::tests::save_keys stdout ----
[INFO] [stdout] 
[INFO] [stdout] thread 'keys::linuxkeys::tests::save_keys' (2916) panicked at src/keys/linuxkeys.rs:145:9:
[INFO] [stdout] assertion failed: result.is_ok()
[INFO] [stdout] stack backtrace:
[INFO] [stdout]    0:     0x64ac8b70b15d - <unknown>
[INFO] [stdout]    1:     0x64ac8b6eaad4 - <unknown>
[INFO] [stdout]    2:     0x64ac8b70a78b - <unknown>
[INFO] [stdout]    3:     0x64ac8b70a329 - <unknown>
[INFO] [stdout]    4:     0x64ac8b709faa - <unknown>
[INFO] [stdout]    5:     0x64ac8b709b32 - <unknown>
[INFO] [stdout]    6:     0x64ac8b730362 - <unknown>
[INFO] [stdout]    7:     0x64ac8b7302e9 - <unknown>
[INFO] [stdout]    8:     0x64ac8b7307dc - <unknown>
[INFO] [stdout]    9:     0x64ac8b6ea96b - <unknown>
[INFO] [stdout]   10:     0x64ac8b6ec1a1 - <unknown>
[INFO] [stdout]   11:     0x64ac8b6e917b - <unknown>
[INFO] [stdout]   12:     0x64ac8b74607b - <unknown>
[INFO] [stdout]   13:     0x64ac8b742457 - <unknown>
[INFO] [stdout]   14:     0x64ac8b741f1c - <unknown>
[INFO] [stdout]   15:     0x64ac8b75b47c - <unknown>
[INFO] [stdout]   16:     0x64ac8b7318f2 - <unknown>
[INFO] [stdout]   17:     0x795ac776707a - <unknown>
[INFO] [stdout]   18:     0x795ac77fa534 - clone
[INFO] [stdout]   19:                0x0 - <unknown>
[INFO] [stdout] 
[INFO] [stdout] ---- did::tests::new_keys_if_no_exist stdout ----
[INFO] [stdout] 
[INFO] [stdout] thread 'did::tests::new_keys_if_no_exist' (2907) panicked at src/did.rs:29:23:
[INFO] [stdout] failed to save keys : Os { code: 30, kind: ReadOnlyFilesystem, message: "Read-only file system" }
[INFO] [stdout] stack backtrace:
[INFO] [stdout]    0:     0x64ac8b70b15d - <unknown>
[INFO] [stdout]    1:     0x64ac8b6eaad4 - <unknown>
[INFO] [stdout]    2:     0x64ac8b70a78b - <unknown>
[INFO] [stdout]    3:     0x64ac8b70a329 - <unknown>
[INFO] [stdout]    4:     0x64ac8b709faa - <unknown>
[INFO] [stdout]    5:     0x64ac8b709b32 - <unknown>
[INFO] [stdout]    6:     0x64ac8b730331 - <unknown>
[INFO] [stdout]    7:     0x64ac8b7302e9 - <unknown>
[INFO] [stdout]    8:     0x64ac8b7307dc - <unknown>
[INFO] [stdout]    9:     0x64ac8b6ea96b - <unknown>
[INFO] [stdout]   10:     0x64ac8b6e45aa - <unknown>
[INFO] [stdout]   11:     0x64ac8b6e7885 - <unknown>
[INFO] [stdout]   12:     0x64ac8b74607b - <unknown>
[INFO] [stdout]   13:     0x64ac8b742457 - <unknown>
[INFO] [stdout]   14:     0x64ac8b741f1c - <unknown>
[INFO] [stdout]   15:     0x64ac8b75b47c - <unknown>
[INFO] [stdout]   16:     0x64ac8b7318f2 - <unknown>
[INFO] [stdout]   17:     0x795ac776707a - <unknown>
[INFO] [stdout]   18:     0x795ac77fa534 - clone
[INFO] [stdout]   19:                0x0 - <unknown>
[INFO] [stdout] 
[INFO] [stdout] ---- did::tests::verify_correct_signature stdout ----
[INFO] [stdout] 
[INFO] [stdout] thread 'did::tests::verify_correct_signature' (2911) panicked at src/did.rs:29:23:
[INFO] [stdout] failed to save keys : Os { code: 30, kind: ReadOnlyFilesystem, message: "Read-only file system" }
[INFO] [stdout] stack backtrace:
[INFO] [stdout]    0:     0x64ac8b70b15d - <unknown>
[INFO] [stdout]    1:     0x64ac8b6eaad4 - <unknown>
[INFO] [stdout]    2:     0x64ac8b70a78b - <unknown>
[INFO] [stdout]    3:     0x64ac8b70a329 - <unknown>
[INFO] [stdout]    4:     0x64ac8b709faa - <unknown>
[INFO] [stdout]    5:     0x64ac8b709b32 - <unknown>
[INFO] [stdout]    6:     0x64ac8b730331 - <unknown>
[INFO] [stdout]    7:     0x64ac8b7302e9 - <unknown>
[INFO] [stdout]    8:     0x64ac8b7307dc - <unknown>
[INFO] [stdout]    9:     0x64ac8b6ea96b - <unknown>
[INFO] [stdout]   10:     0x64ac8b6e45aa - <unknown>
[INFO] [stdout]   11:     0x64ac8b6e7c42 - <unknown>
[INFO] [stdout]   12:     0x64ac8b74607b - <unknown>
[INFO] [stdout]   13:     0x64ac8b742457 - <unknown>
[INFO] [stdout]   14:     0x64ac8b741f1c - <unknown>
[INFO] [stdout]   15:     0x64ac8b75b47c - <unknown>
[INFO] [stdout]   16:     0x64ac8b7318f2 - <unknown>
[INFO] [stdout]   17:     0x795ac776707a - <unknown>
[INFO] [stdout]   18:     0x795ac77fa534 - clone
[INFO] [stdout]   19:                0x0 - <unknown>
[INFO] [stdout] 
[INFO] [stdout] 
[INFO] [stdout] failures:
[INFO] [stdout]     agent::tests::create_from_did
[INFO] [stdout]     did::tests::create_from_existing
[INFO] [stdout]     did::tests::create_signature
[INFO] [stdout]     did::tests::did_string
[INFO] [stdout]     did::tests::new_keys_if_no_exist
[INFO] [stdout]     did::tests::public_key
[INFO] [stdout]     did::tests::same_keys_same_did
[INFO] [stdout]     did::tests::verify_altered_signature
[INFO] [stdout]     did::tests::verify_correct_signature
[INFO] [stdout]     keys::linuxkeys::tests::keys_exist
[INFO] [stdout]     keys::linuxkeys::tests::load_keys
[INFO] [stdout]     keys::linuxkeys::tests::save_keys
[INFO] [stdout] 
[INFO] [stdout] test result: FAILED. 8 passed; 12 failed; 0 ignored; 0 measured; 0 filtered out; finished in 0.01s
[INFO] [stdout] 
[INFO] running `Command { std: "docker" "inspect" "50131fa32d4c4df3c8691f1cb336d77db249f0485d65511262f0cb89dfd9a7c1", kill_on_drop: false }`
[INFO] running `Command { std: "docker" "rm" "-f" "50131fa32d4c4df3c8691f1cb336d77db249f0485d65511262f0cb89dfd9a7c1", kill_on_drop: false }`
[INFO] [stdout] 50131fa32d4c4df3c8691f1cb336d77db249f0485d65511262f0cb89dfd9a7c1
