[INFO] cloning repository https://github.com/cxs885187-create/hippoark
[INFO] running `Command { std: "git" "-c" "credential.helper=" "-c" "credential.helper=/workspace/cargo-home/bin/git-credential-null" "clone" "--bare" "https://github.com/cxs885187-create/hippoark" "/workspace/cache/git-repos/https%3A%2F%2Fgithub.com%2Fcxs885187-create%2Fhippoark", kill_on_drop: false }`
[INFO] [stderr] Cloning into bare repository '/workspace/cache/git-repos/https%3A%2F%2Fgithub.com%2Fcxs885187-create%2Fhippoark'...
[INFO] running `Command { std: "git" "rev-parse" "HEAD", kill_on_drop: false }`
[INFO] [stdout] 436ecc7c789e0ac46e2b12c271c173adf7af7773
[INFO] testing cxs885187-create/hippoark against 1.98.0-beta.8+cargoflags=--release for beta-release-1.99-2
[INFO] running `Command { std: "git" "clone" "/workspace/cache/git-repos/https%3A%2F%2Fgithub.com%2Fcxs885187-create%2Fhippoark" "/workspace/builds/worker-1-tc1/source", kill_on_drop: false }`
[INFO] [stderr] Cloning into '/workspace/builds/worker-1-tc1/source'...
[INFO] [stderr] done.
[INFO] removed /workspace/builds/worker-1-tc1/source/rust-toolchain.toml
[INFO] started tweaking git repo https://github.com/cxs885187-create/hippoark
[INFO] finished tweaking git repo https://github.com/cxs885187-create/hippoark
[INFO] tweaked toml for git repo https://github.com/cxs885187-create/hippoark written to /workspace/builds/worker-1-tc1/source/Cargo.toml
[INFO] validating manifest of git repo https://github.com/cxs885187-create/hippoark on toolchain 1.98.0-beta.8
[INFO] running `Command { std: CARGO_HOME="/workspace/cargo-home" RUSTUP_HOME="/workspace/rustup-home" "/workspace/cargo-home/bin/cargo" "+1.98.0-beta.8" "metadata" "--manifest-path" "Cargo.toml" "--no-deps", kill_on_drop: false }`
[INFO] crate git repo https://github.com/cxs885187-create/hippoark already has a lockfile, it will not be regenerated
[INFO] running `Command { std: CARGO_HOME="/workspace/cargo-home" RUSTUP_HOME="/workspace/rustup-home" "/workspace/cargo-home/bin/cargo" "+1.98.0-beta.8" "fetch" "--manifest-path" "Cargo.toml", kill_on_drop: false }`
[INFO] [stderr]     Updating git repository `https://github.com/xai-org/grok-build.git`
[INFO] [stderr]  Downloading crates ...
[INFO] [stderr]   Downloaded schemars_derive v1.2.2
[INFO] [stderr]   Downloaded serde_derive_internals v0.30.0
[INFO] running `Command { std: "docker" "create" "-v" "/var/lib/crater-agent-workspace/builds/worker-1-tc1/source:/opt/rustwide/workdir:ro,Z" "-v" "/var/lib/crater-agent-workspace/builds/worker-1-tc1/target:/opt/rustwide/target:rw,Z" "-v" "/var/lib/crater-agent-workspace/cargo-home:/opt/rustwide/cargo-home:ro,Z" "-v" "/var/lib/crater-agent-workspace/rustup-home:/opt/rustwide/rustup-home:ro,Z" "-m" "1610612736" "--network" "none" "ghcr.io/rust-lang/crates-build-env/linux@sha256:8683fc1fc2eb5c9ac98e0d076ab094b2ffac7f99da555d2b6a2e27f346de2ec7" "sleep" "infinity", kill_on_drop: false }`
[INFO] [stdout] 7557305c4a4d5cf042c02787c95e158d10fb8cc0745836c5aae522d81e5611ff
[INFO] running `Command { std: "docker" "start" "7557305c4a4d5cf042c02787c95e158d10fb8cc0745836c5aae522d81e5611ff", kill_on_drop: false }`
[INFO] running `Command { std: "docker" "inspect" "7557305c4a4d5cf042c02787c95e158d10fb8cc0745836c5aae522d81e5611ff", kill_on_drop: false }`
[INFO] running `Command { std: "docker" "exec" "-e" "SOURCE_DIR=/opt/rustwide/workdir" "-e" "CARGO_HOME=/opt/rustwide/cargo-home" "-e" "RUSTUP_HOME=/opt/rustwide/rustup-home" "-e" "CARGO_TARGET_DIR=/opt/rustwide/target" "-w" "/opt/rustwide/workdir" "--user" "0:0" "7557305c4a4d5cf042c02787c95e158d10fb8cc0745836c5aae522d81e5611ff" "/opt/rustwide/cargo-home/bin/cargo" "+1.98.0-beta.8" "metadata" "--no-deps" "--format-version=1", kill_on_drop: false }`
[INFO] running `Command { std: "docker" "inspect" "7557305c4a4d5cf042c02787c95e158d10fb8cc0745836c5aae522d81e5611ff", kill_on_drop: false }`
[INFO] running `Command { std: "docker" "exec" "-e" "SOURCE_DIR=/opt/rustwide/workdir" "-e" "CARGO_HOME=/opt/rustwide/cargo-home" "-e" "RUSTUP_HOME=/opt/rustwide/rustup-home" "-e" "CARGO_TARGET_DIR=/opt/rustwide/target" "-e" "CARGO_INCREMENTAL=0" "-e" "RUST_BACKTRACE=full" "-e" "RUSTFLAGS=--cap-lints=warn" "-e" "RUSTDOCFLAGS=--cap-lints=warn" "-w" "/opt/rustwide/workdir" "--user" "0:0" "7557305c4a4d5cf042c02787c95e158d10fb8cc0745836c5aae522d81e5611ff" "/opt/rustwide/cargo-home/bin/cargo" "+1.98.0-beta.8" "build" "--frozen" "--message-format=json" "--release", kill_on_drop: false }`
[INFO] [stderr]    Compiling serde_core v1.0.229
[INFO] [stderr]    Compiling serde v1.0.229
[INFO] [stderr]    Compiling memchr v2.8.3
[INFO] [stderr]    Compiling serde_json v1.0.151
[INFO] [stderr]    Compiling iana-time-zone v0.1.65
[INFO] [stderr]    Compiling num-traits v0.2.19
[INFO] [stderr]    Compiling getrandom v0.4.3
[INFO] [stderr]    Compiling futures-core v0.3.33
[INFO] [stderr]    Compiling syn v3.0.3
[INFO] [stderr]    Compiling syn v2.0.119
[INFO] [stderr]    Compiling openssl-src v300.6.1+3.6.3
[INFO] [stderr]    Compiling smallvec v1.15.2
[INFO] [stderr]    Compiling errno v0.3.14
[INFO] [stderr]    Compiling inout v0.1.4
[INFO] [stderr]    Compiling digest v0.10.7
[INFO] [stderr]    Compiling universal-hash v0.5.1
[INFO] [stderr]    Compiling getrandom v0.3.4
[INFO] [stderr]    Compiling socket2 v0.6.5
[INFO] [stderr]    Compiling signal-hook-registry v1.4.8
[INFO] [stderr]    Compiling mio v1.2.2
[INFO] [stderr]    Compiling cipher v0.4.4
[INFO] [stderr]    Compiling polyval v0.6.2
[INFO] [stderr]    Compiling libsqlite3-sys v0.35.0
[INFO] [stderr]    Compiling ref-cast v1.0.26
[INFO] [stderr]    Compiling sha2 v0.10.9
[INFO] [stderr]    Compiling hmac v0.12.1
[INFO] [stderr]    Compiling tracing-core v0.1.36
[INFO] [stderr]    Compiling openssl-sys v0.9.117
[INFO] [stderr]    Compiling ctr v0.9.2
[INFO] [stderr]    Compiling aes v0.8.4
[INFO] [stderr]    Compiling hashbrown v0.15.5
[INFO] [stderr]    Compiling ghash v0.5.1
[INFO] [stderr]    Compiling aead v0.5.2
[INFO] [stderr]    Compiling slab v0.4.12
[INFO] [stderr]    Compiling futures-task v0.3.33
[INFO] [stderr]    Compiling hkdf v0.12.4
[INFO] [stderr]    Compiling futures-channel v0.3.33
[INFO] [stderr]    Compiling getrandom v0.2.17
[INFO] [stderr]    Compiling multer v3.1.0
[INFO] [stderr]    Compiling bitflags v2.13.1
[INFO] [stderr]    Compiling fallible-streaming-iterator v0.1.9
[INFO] [stderr]    Compiling fallible-iterator v0.3.0
[INFO] [stderr]    Compiling dyn-clone v1.0.20
[INFO] [stderr]    Compiling rand_core v0.6.4
[INFO] [stderr]    Compiling anyhow v1.0.104
[INFO] [stderr]    Compiling tracing v0.1.44
[INFO] [stderr]    Compiling http-body-util v0.1.4
[INFO] [stderr]    Compiling unicode-general-category v1.1.0
[INFO] [stderr]    Compiling spin v0.9.9
[INFO] [stderr]    Compiling base64ct v1.8.3
[INFO] [stderr]    Compiling unicode-normalization v0.1.25
[INFO] [stderr]    Compiling blake2 v0.10.6
[INFO] [stderr]    Compiling axum-core v0.5.6
[INFO] [stderr]    Compiling matchit v0.8.4
[INFO] [stderr]    Compiling hashlink v0.10.0
[INFO] [stderr]    Compiling password-hash v0.5.0
[INFO] [stderr]    Compiling argon2 v0.5.3
[INFO] [stderr]    Compiling uuid v1.24.0
[INFO] [stderr]    Compiling serde_path_to_error v0.1.20
[INFO] [stderr]    Compiling serde_derive_internals v0.30.0
[INFO] [stderr]    Compiling serde_derive v1.0.229
[INFO] [stderr]    Compiling thiserror-impl v2.0.19
[INFO] [stderr]    Compiling ref-cast-impl v1.0.26
[INFO] [stderr]    Compiling async-trait v0.1.91
[INFO] [stderr]    Compiling schemars_derive v1.2.2
[INFO] [stderr]    Compiling zeroize_derive v1.5.0
[INFO] [stderr]    Compiling tokio-macros v2.7.1
[INFO] [stderr]    Compiling futures-macro v0.3.33
[INFO] [stderr]    Compiling thiserror v2.0.19
[INFO] [stderr]    Compiling hippo-analytics v1.0.0 (/opt/rustwide/workdir/crates/hippo-analytics)
[INFO] [stderr]    Compiling hippo-assets v1.0.0 (/opt/rustwide/workdir/crates/hippo-assets)
[INFO] [stderr]    Compiling zeroize v1.9.0
[INFO] [stderr]    Compiling tokio v1.53.1
[INFO] [stderr]    Compiling aes-gcm v0.10.3
[INFO] [stderr]    Compiling hippo-secrets v1.0.0 (/opt/rustwide/workdir/crates/hippo-secrets)
[INFO] [stderr]    Compiling futures-util v0.3.33
[INFO] [stderr]    Compiling chrono v0.4.45
[INFO] [stderr]    Compiling schemars v1.2.2
[INFO] [stderr]    Compiling serde_urlencoded v0.7.1
[INFO] [stderr]    Compiling hippo-evidence v1.0.0 (/opt/rustwide/workdir/crates/hippo-evidence)
[INFO] [stderr]    Compiling hippo-export v1.0.0 (/opt/rustwide/workdir/crates/hippo-export)
[INFO] [stderr]    Compiling xai-tool-types v0.1.0 (https://github.com/xai-org/grok-build.git?rev=6e386420825bd44ae648c63e7c8cba12fcec9401#6e386420)
[INFO] [stderr]    Compiling hippo-domain v1.0.0 (/opt/rustwide/workdir/crates/hippo-domain)
[INFO] [stderr]    Compiling hippo-tools v1.0.0 (/opt/rustwide/workdir/crates/hippo-tools)
[INFO] [stderr]    Compiling hippo-redaction v1.0.0 (/opt/rustwide/workdir/crates/hippo-redaction)
[INFO] [stderr]    Compiling hippo-policy v1.0.0 (/opt/rustwide/workdir/crates/hippo-policy)
[INFO] [stderr]    Compiling hippo-audio v1.0.0 (/opt/rustwide/workdir/crates/hippo-audio)
[INFO] [stderr]    Compiling hyper v1.11.0
[INFO] [stderr]    Compiling tower v0.5.3
[INFO] [stderr]    Compiling hippo-agent-runtime v1.0.0 (/opt/rustwide/workdir/crates/hippo-agent-runtime)
[INFO] [stderr]    Compiling hyper-util v0.1.20
[INFO] [stderr]    Compiling axum v0.8.9
[INFO] [stderr]    Compiling hippo-field-server v1.0.0 (/opt/rustwide/workdir/apps/field-server)
[INFO] [stderr]    Compiling rusqlite v0.37.0
[INFO] [stderr]    Compiling legacy-migrator v1.0.0 (/opt/rustwide/workdir/tools/legacy-migrator)
[INFO] [stderr]    Compiling hippo-memory v1.0.0 (/opt/rustwide/workdir/crates/hippo-memory)
[INFO] [stderr]    Compiling hippo-ledger v1.0.0 (/opt/rustwide/workdir/crates/hippo-ledger)
[INFO] [stdout] warning: variant `TransientIo` is never constructed
[INFO] [stdout]    --> crates/hippo-ledger/src/evidence_store.rs:692:5
[INFO] [stdout]     |
[INFO] [stdout] 690 | enum StoreIdReadError {
[INFO] [stdout]     |      ---------------- variant in this enum
[INFO] [stdout] 691 |     NotFound(StoreIdIoError),
[INFO] [stdout] 692 |     TransientIo(StoreIdIoError),
[INFO] [stdout]     |     ^^^^^^^^^^^
[INFO] [stdout]     |
[INFO] [stdout]     = note: `StoreIdReadError` has derived impls for the traits `Debug` and `Clone`, but these are intentionally ignored during dead code analysis
[INFO] [stdout]     = note: `#[warn(dead_code)]` (part of `#[warn(unused)]`) on by default
[INFO] [stdout] 
[INFO] [stdout] 
[INFO] [stderr]     Finished `release` profile [optimized] target(s) in 4m 38s
[INFO] running `Command { std: "docker" "inspect" "7557305c4a4d5cf042c02787c95e158d10fb8cc0745836c5aae522d81e5611ff", kill_on_drop: false }`
[INFO] running `Command { std: "docker" "exec" "-e" "SOURCE_DIR=/opt/rustwide/workdir" "-e" "CARGO_HOME=/opt/rustwide/cargo-home" "-e" "RUSTUP_HOME=/opt/rustwide/rustup-home" "-e" "CARGO_TARGET_DIR=/opt/rustwide/target" "-e" "CARGO_INCREMENTAL=0" "-e" "RUST_BACKTRACE=full" "-e" "RUSTFLAGS=--cap-lints=warn" "-e" "RUSTDOCFLAGS=--cap-lints=warn" "-w" "/opt/rustwide/workdir" "--user" "0:0" "7557305c4a4d5cf042c02787c95e158d10fb8cc0745836c5aae522d81e5611ff" "/opt/rustwide/cargo-home/bin/cargo" "+1.98.0-beta.8" "test" "--frozen" "--no-run" "--message-format=json" "--release", kill_on_drop: false }`
[INFO] [stderr]    Compiling fastrand v2.5.0
[INFO] [stderr]    Compiling rustix v1.1.4
[INFO] [stderr]    Compiling hippo-secrets v1.0.0 (/opt/rustwide/workdir/crates/hippo-secrets)
[INFO] [stderr]    Compiling rusqlite v0.37.0
[INFO] [stderr]    Compiling hippo-export v1.0.0 (/opt/rustwide/workdir/crates/hippo-export)
[INFO] [stderr]    Compiling hippo-analytics v1.0.0 (/opt/rustwide/workdir/crates/hippo-analytics)
[INFO] [stderr]    Compiling hippo-assets v1.0.0 (/opt/rustwide/workdir/crates/hippo-assets)
[INFO] [stderr]    Compiling hippo-policy v1.0.0 (/opt/rustwide/workdir/crates/hippo-policy)
[INFO] [stderr]    Compiling hippo-agent-runtime v1.0.0 (/opt/rustwide/workdir/crates/hippo-agent-runtime)
[INFO] [stderr]    Compiling hippo-redaction v1.0.0 (/opt/rustwide/workdir/crates/hippo-redaction)
[INFO] [stderr]    Compiling hippo-evidence v1.0.0 (/opt/rustwide/workdir/crates/hippo-evidence)
[INFO] [stderr]    Compiling hippo-tools v1.0.0 (/opt/rustwide/workdir/crates/hippo-tools)
[INFO] [stderr]    Compiling hippo-ledger v1.0.0 (/opt/rustwide/workdir/crates/hippo-ledger)
[INFO] [stderr]    Compiling hippo-memory v1.0.0 (/opt/rustwide/workdir/crates/hippo-memory)
[INFO] [stderr]    Compiling legacy-migrator v1.0.0 (/opt/rustwide/workdir/tools/legacy-migrator)
[INFO] [stdout] warning: variant `TransientIo` is never constructed
[INFO] [stdout]    --> crates/hippo-ledger/src/evidence_store.rs:692:5
[INFO] [stdout]     |
[INFO] [stdout] 690 | enum StoreIdReadError {
[INFO] [stdout]     |      ---------------- variant in this enum
[INFO] [stdout] 691 |     NotFound(StoreIdIoError),
[INFO] [stdout] 692 |     TransientIo(StoreIdIoError),
[INFO] [stdout]     |     ^^^^^^^^^^^
[INFO] [stdout]     |
[INFO] [stdout]     = note: `StoreIdReadError` has derived impls for the traits `Debug` and `Clone`, but these are intentionally ignored during dead code analysis
[INFO] [stdout]     = note: `#[warn(dead_code)]` (part of `#[warn(unused)]`) on by default
[INFO] [stdout] 
[INFO] [stdout] 
[INFO] [stderr]    Compiling tempfile v3.27.0
[INFO] [stderr]    Compiling hippo-domain v1.0.0 (/opt/rustwide/workdir/crates/hippo-domain)
[INFO] [stderr]    Compiling hippo-audio v1.0.0 (/opt/rustwide/workdir/crates/hippo-audio)
[INFO] [stderr]    Compiling hippo-field-server v1.0.0 (/opt/rustwide/workdir/apps/field-server)
[INFO] [stdout] warning: unused import: `std::fs`
[INFO] [stdout]  --> crates/hippo-secrets/tests/key_protection.rs:1:5
[INFO] [stdout]   |
[INFO] [stdout] 1 | use std::fs;
[INFO] [stdout]   |     ^^^^^^^
[INFO] [stdout]   |
[INFO] [stdout]   = note: `#[warn(unused_imports)]` (part of `#[warn(unused)]`) on by default
[INFO] [stdout] 
[INFO] [stdout] 
[INFO] [stdout] warning: unused imports: `ProtectedBlob`, `protect_for_current_user`, and `unprotect_for_current_user`
[INFO] [stdout]   --> crates/hippo-secrets/tests/key_protection.rs:8:74
[INFO] [stdout]    |
[INFO] [stdout]  8 |     DpapiKeySource, KeyPurpose, KeySource, MasterKey, MemoryDatabaseKey, ProtectedBlob,
[INFO] [stdout]    |                                                                          ^^^^^^^^^^^^^
[INFO] [stdout] ...
[INFO] [stdout] 11 |     derive_review_approval_storage_key, protect_for_current_user, unprotect_for_current_user,
[INFO] [stdout]    |                                         ^^^^^^^^^^^^^^^^^^^^^^^^  ^^^^^^^^^^^^^^^^^^^^^^^^^^
[INFO] [stdout] 
[INFO] [stdout] 
[INFO] [stdout] warning: unused import: `process::Command`
[INFO] [stdout]  --> crates/hippo-ledger/src/evidence_store/tests/chunk_commit.rs:6:23
[INFO] [stdout]   |
[INFO] [stdout] 6 | use std::{path::Path, process::Command};
[INFO] [stdout]   |                       ^^^^^^^^^^^^^^^^
[INFO] [stdout]   |
[INFO] [stdout]   = note: `#[warn(unused_imports)]` (part of `#[warn(unused)]`) on by default
[INFO] [stdout] 
[INFO] [stdout] 
[INFO] [stderr]     Finished `release` profile [optimized] target(s) in 1m 33s
[INFO] running `Command { std: "docker" "inspect" "7557305c4a4d5cf042c02787c95e158d10fb8cc0745836c5aae522d81e5611ff", kill_on_drop: false }`
[INFO] running `Command { std: "docker" "exec" "-e" "SOURCE_DIR=/opt/rustwide/workdir" "-e" "CARGO_HOME=/opt/rustwide/cargo-home" "-e" "RUSTUP_HOME=/opt/rustwide/rustup-home" "-e" "CARGO_TARGET_DIR=/opt/rustwide/target" "-e" "CARGO_INCREMENTAL=0" "-e" "RUST_BACKTRACE=full" "-e" "RUSTFLAGS=--cap-lints=warn" "-e" "RUSTDOCFLAGS=--cap-lints=warn" "-w" "/opt/rustwide/workdir" "--user" "0:0" "7557305c4a4d5cf042c02787c95e158d10fb8cc0745836c5aae522d81e5611ff" "/opt/rustwide/cargo-home/bin/cargo" "+1.98.0-beta.8" "test" "--frozen" "--release", kill_on_drop: false }`
[INFO] [stderr] warning: variant `TransientIo` is never constructed
[INFO] [stderr]    --> crates/hippo-ledger/src/evidence_store.rs:692:5
[INFO] [stderr]     |
[INFO] [stderr] 690 | enum StoreIdReadError {
[INFO] [stderr]     |      ---------------- variant in this enum
[INFO] [stderr] 691 |     NotFound(StoreIdIoError),
[INFO] [stderr] 692 |     TransientIo(StoreIdIoError),
[INFO] [stderr]     |     ^^^^^^^^^^^
[INFO] [stderr]     |
[INFO] [stderr]     = note: `StoreIdReadError` has derived impls for the traits `Debug` and `Clone`, but these are intentionally ignored during dead code analysis
[INFO] [stderr]     = note: `#[warn(dead_code)]` (part of `#[warn(unused)]`) on by default
[INFO] [stderr] 
[INFO] [stderr] warning: `hippo-ledger` (lib) generated 1 warning
[INFO] [stderr] warning: unused import: `process::Command`
[INFO] [stderr]  --> crates/hippo-ledger/src/evidence_store/tests/chunk_commit.rs:6:23
[INFO] [stderr]   |
[INFO] [stderr] 6 | use std::{path::Path, process::Command};
[INFO] [stderr]   |                       ^^^^^^^^^^^^^^^^
[INFO] [stderr]   |
[INFO] [stderr]   = note: `#[warn(unused_imports)]` (part of `#[warn(unused)]`) on by default
[INFO] [stderr] 
[INFO] [stderr] warning: `hippo-ledger` (lib test) generated 1 warning (run `cargo fix --lib -p hippo-ledger --tests` to apply 1 suggestion)
[INFO] [stderr] warning: unused import: `std::fs`
[INFO] [stderr]  --> crates/hippo-secrets/tests/key_protection.rs:1:5
[INFO] [stderr]   |
[INFO] [stderr] 1 | use std::fs;
[INFO] [stderr]   |     ^^^^^^^
[INFO] [stderr]   |
[INFO] [stderr]   = note: `#[warn(unused_imports)]` (part of `#[warn(unused)]`) on by default
[INFO] [stderr] 
[INFO] [stderr] warning: unused imports: `ProtectedBlob`, `protect_for_current_user`, and `unprotect_for_current_user`
[INFO] [stderr]   --> crates/hippo-secrets/tests/key_protection.rs:8:74
[INFO] [stderr]    |
[INFO] [stderr]  8 |     DpapiKeySource, KeyPurpose, KeySource, MasterKey, MemoryDatabaseKey, ProtectedBlob,
[INFO] [stderr]    |                                                                          ^^^^^^^^^^^^^
[INFO] [stderr] ...
[INFO] [stderr] 11 |     derive_review_approval_storage_key, protect_for_current_user, unprotect_for_current_user,
[INFO] [stderr]    |                                         ^^^^^^^^^^^^^^^^^^^^^^^^  ^^^^^^^^^^^^^^^^^^^^^^^^^^
[INFO] [stderr] 
[INFO] [stderr] warning: `hippo-secrets` (test "key_protection") generated 2 warnings (run `cargo fix --test "key_protection" -p hippo-secrets` to apply 2 suggestions)
[INFO] [stderr]     Finished `release` profile [optimized] target(s) in 0.28s
[INFO] [stderr]      Running unittests src/lib.rs (/opt/rustwide/target/release/deps/hippo_agent_runtime-0669cf958220179e)
[INFO] [stdout] 
[INFO] [stdout] running 0 tests
[INFO] [stdout] 
[INFO] [stdout] test result: ok. 0 passed; 0 failed; 0 ignored; 0 measured; 0 filtered out; finished in 0.00s
[INFO] [stdout] 
[INFO] [stderr]      Running tests/background_capabilities.rs (/opt/rustwide/target/release/deps/background_capabilities-d59b27caf1a12369)
[INFO] [stdout] 
[INFO] [stdout] running 3 tests
[INFO] [stdout] test background_agents_are_not_granted_recording_export_retraction_or_destroy_tools ... ok
[INFO] [stdout] test memory_curator_only_consumes_approved_l0_turns ... ok
[INFO] [stdout] test research_copilot_outputs_observations_only_and_cannot_deliver_prompts ... ok
[INFO] [stdout] 
[INFO] [stdout] test result: ok. 3 passed; 0 failed; 0 ignored; 0 measured; 0 filtered out; finished in 0.00s
[INFO] [stdout] 
[INFO] [stderr]      Running tests/forbidden_capabilities.rs (/opt/rustwide/target/release/deps/forbidden_capabilities-7be6db1a6080ba50)
[INFO] [stdout] 
[INFO] [stdout] running 6 tests
[INFO] [stdout] test final_tools_only_allow_hippo_prefixed_names ... ok
[INFO] [stdout] test deny_all_filesystem_rejects_every_operation ... ok
[INFO] [stdout] test deny_all_terminal_rejects_every_operation ... ok
[INFO] [stdout] test forbidden_tool_names_are_rejected_even_when_prefixed ... ok
[INFO] [stdout] test non_hippo_tool_names_are_rejected ... ok
[INFO] [stdout] test runtime_source_does_not_reference_local_io_backends ... ok
[INFO] [stdout] 
[INFO] [stdout] test result: ok. 6 passed; 0 failed; 0 ignored; 0 measured; 0 filtered out; finished in 0.00s
[INFO] [stdout] 
[INFO] [stderr]      Running tests/grok_compatibility.rs (/opt/rustwide/target/release/deps/grok_compatibility-dbf096f2ee7761cb)
[INFO] [stdout] 
[INFO] [stdout] running 5 tests
[INFO] [stdout] test interview_chat_state_keeps_only_conversation_turns ... ok
[INFO] [stdout] test interview_definition_disables_developer_capabilities ... ok
[INFO] [stdout] test final_tool_definitions_are_grok_serializable_function_tools ... ok
[INFO] [stdout] test interview_definition_is_a_strict_curated_hippo_toolset ... ok
[INFO] [stdout] test workspace_manifest_pins_grok_build_dependencies_to_expected_revision ... FAILED
[INFO] [stdout] 
[INFO] [stdout] failures:
[INFO] [stdout] 
[INFO] [stdout] ---- workspace_manifest_pins_grok_build_dependencies_to_expected_revision stdout ----
[INFO] [stdout] 
[INFO] [stdout] thread 'workspace_manifest_pins_grok_build_dependencies_to_expected_revision' (15433) panicked at crates/hippo-agent-runtime/tests/grok_compatibility.rs:31:9:
[INFO] [stdout] xai-chat-state must be pinned to Grok Build rev 6e386420825bd44ae648c63e7c8cba12fcec9401
[INFO] [stdout] stack backtrace:
[INFO] [stdout]    0:     0x5fef84760101 - <<std[97b98282bc616a66]::sys::backtrace::BacktraceLock>::print::DisplayBacktrace as core[832e9a552fc17241]::fmt::Display>::fmt
[INFO] [stdout]    1:     0x5fef8477498a - core[832e9a552fc17241]::fmt::write
[INFO] [stdout]    2:     0x5fef847645bc - <alloc[3ecab9f82c41dc7d]::vec::Vec<u8> as std[97b98282bc616a66]::io::Write>::write_fmt
[INFO] [stdout]    3:     0x5fef8473e2a6 - std[97b98282bc616a66]::panicking::default_hook::{closure#0}
[INFO] [stdout]    4:     0x5fef84757fb9 - std[97b98282bc616a66]::panicking::default_hook
[INFO] [stdout]    5:     0x5fef846df690 - test[39766f3d73431624]::test_main_inner::<test[39766f3d73431624]::test_main_static::{closure#0}>::{closure#0}
[INFO] [stdout]    6:     0x5fef84758172 - std[97b98282bc616a66]::panicking::panic_with_hook
[INFO] [stdout]    7:     0x5fef8473e352 - std[97b98282bc616a66]::panicking::panic_handler::{closure#0}
[INFO] [stdout]    8:     0x5fef84735b19 - std[97b98282bc616a66]::sys::backtrace::__rust_end_short_backtrace::<std[97b98282bc616a66]::panicking::panic_handler::{closure#0}, !>
[INFO] [stdout]    9:     0x5fef8473ef4d - __rustc[e3d8617bb01b7f69]::rust_begin_unwind
[INFO] [stdout]   10:     0x5fef847750bc - core[832e9a552fc17241]::panicking::panic_fmt
[INFO] [stdout]   11:     0x5fef846cedde - <grok_compatibility[29adbd813e0f655a]::workspace_manifest_pins_grok_build_dependencies_to_expected_revision::{closure#0} as core[832e9a552fc17241]::ops::function::FnOnce<()>>::call_once
[INFO] [stdout]   12:     0x5fef846d29cb - test[39766f3d73431624]::__rust_begin_short_backtrace::<core[832e9a552fc17241]::result::Result<(), alloc[3ecab9f82c41dc7d]::string::String>, fn() -> core[832e9a552fc17241]::result::Result<(), alloc[3ecab9f82c41dc7d]::string::String>>
[INFO] [stdout]   13:     0x5fef846e0015 - test[39766f3d73431624]::run_test::{closure#0}
[INFO] [stdout]   14:     0x5fef846daac4 - std[97b98282bc616a66]::sys::backtrace::__rust_begin_short_backtrace::<test[39766f3d73431624]::run_test::{closure#1}, ()>
[INFO] [stdout]   15:     0x5fef846e3162 - <std[97b98282bc616a66]::thread::lifecycle::spawn_unchecked<test[39766f3d73431624]::run_test::{closure#1}, ()>::{closure#1} as core[832e9a552fc17241]::ops::function::FnOnce<()>>::call_once::{shim:vtable#0}
[INFO] [stdout]   16:     0x5fef8475f61f - <std[97b98282bc616a66]::sys::thread::unix::Thread>::new::thread_start
[INFO] [stdout]   17:     0x7c665c87807a - <unknown>
[INFO] [stdout]   18:     0x7c665c90b534 - clone
[INFO] [stdout]   19:                0x0 - <unknown>
[INFO] [stdout] 
[INFO] [stdout] 
[INFO] [stdout] failures:
[INFO] [stdout]     workspace_manifest_pins_grok_build_dependencies_to_expected_revision
[INFO] [stdout] 
[INFO] [stdout] test result: FAILED. 4 passed; 1 failed; 0 ignored; 0 measured; 0 filtered out; finished in 0.00s
[INFO] [stdout] 
[INFO] [stderr] error: test failed, to rerun pass `-p hippo-agent-runtime --test grok_compatibility`
[INFO] running `Command { std: "docker" "inspect" "7557305c4a4d5cf042c02787c95e158d10fb8cc0745836c5aae522d81e5611ff", kill_on_drop: false }`
[INFO] running `Command { std: "docker" "rm" "-f" "7557305c4a4d5cf042c02787c95e158d10fb8cc0745836c5aae522d81e5611ff", kill_on_drop: false }`
[INFO] [stdout] 7557305c4a4d5cf042c02787c95e158d10fb8cc0745836c5aae522d81e5611ff
