[INFO] cloning repository https://github.com/chalot28/chalot_C1
[INFO] running `Command { std: "git" "-c" "credential.helper=" "-c" "credential.helper=/workspace/cargo-home/bin/git-credential-null" "clone" "--bare" "https://github.com/chalot28/chalot_C1" "/workspace/cache/git-repos/https%3A%2F%2Fgithub.com%2Fchalot28%2Fchalot_C1", kill_on_drop: false }`
[INFO] [stderr] Cloning into bare repository '/workspace/cache/git-repos/https%3A%2F%2Fgithub.com%2Fchalot28%2Fchalot_C1'...
[INFO] running `Command { std: "git" "rev-parse" "HEAD", kill_on_drop: false }`
[INFO] [stdout] 715d68e4b07868b3176716f0c1406b9b060efa8b
[INFO] testing chalot28/chalot_C1 against 1.98.0-beta.8+cargoflags=--release for beta-release-1.99-2
[INFO] running `Command { std: "git" "clone" "/workspace/cache/git-repos/https%3A%2F%2Fgithub.com%2Fchalot28%2Fchalot_C1" "/workspace/builds/worker-6-tc1/source", kill_on_drop: false }`
[INFO] [stderr] Cloning into '/workspace/builds/worker-6-tc1/source'...
[INFO] [stderr] done.
[INFO] started tweaking git repo https://github.com/chalot28/chalot_C1
[INFO] finished tweaking git repo https://github.com/chalot28/chalot_C1
[INFO] tweaked toml for git repo https://github.com/chalot28/chalot_C1 written to /workspace/builds/worker-6-tc1/source/Cargo.toml
[INFO] validating manifest of git repo https://github.com/chalot28/chalot_C1 on toolchain 1.98.0-beta.8
[INFO] running `Command { std: CARGO_HOME="/workspace/cargo-home" RUSTUP_HOME="/workspace/rustup-home" "/workspace/cargo-home/bin/cargo" "+1.98.0-beta.8" "metadata" "--manifest-path" "Cargo.toml" "--no-deps", kill_on_drop: false }`
[INFO] crate git repo https://github.com/chalot28/chalot_C1 already has a lockfile, it will not be regenerated
[INFO] running `Command { std: CARGO_HOME="/workspace/cargo-home" RUSTUP_HOME="/workspace/rustup-home" "/workspace/cargo-home/bin/cargo" "+1.98.0-beta.8" "fetch" "--manifest-path" "Cargo.toml", kill_on_drop: false }`
[INFO] running `Command { std: "docker" "create" "-v" "/var/lib/crater-agent-workspace/builds/worker-6-tc1/source:/opt/rustwide/workdir:ro,Z" "-v" "/var/lib/crater-agent-workspace/builds/worker-6-tc1/target:/opt/rustwide/target:rw,Z" "-v" "/var/lib/crater-agent-workspace/cargo-home:/opt/rustwide/cargo-home:ro,Z" "-v" "/var/lib/crater-agent-workspace/rustup-home:/opt/rustwide/rustup-home:ro,Z" "-m" "1610612736" "--network" "none" "ghcr.io/rust-lang/crates-build-env/linux@sha256:8683fc1fc2eb5c9ac98e0d076ab094b2ffac7f99da555d2b6a2e27f346de2ec7" "sleep" "infinity", kill_on_drop: false }`
[INFO] [stdout] 2df75a23c448a60284fafe2a20db07f30dd88abe6485fe5fea0ceef4b7a8ac5d
[INFO] running `Command { std: "docker" "start" "2df75a23c448a60284fafe2a20db07f30dd88abe6485fe5fea0ceef4b7a8ac5d", kill_on_drop: false }`
[INFO] running `Command { std: "docker" "inspect" "2df75a23c448a60284fafe2a20db07f30dd88abe6485fe5fea0ceef4b7a8ac5d", kill_on_drop: false }`
[INFO] running `Command { std: "docker" "exec" "-e" "SOURCE_DIR=/opt/rustwide/workdir" "-e" "CARGO_HOME=/opt/rustwide/cargo-home" "-e" "RUSTUP_HOME=/opt/rustwide/rustup-home" "-e" "CARGO_TARGET_DIR=/opt/rustwide/target" "-w" "/opt/rustwide/workdir" "--user" "0:0" "2df75a23c448a60284fafe2a20db07f30dd88abe6485fe5fea0ceef4b7a8ac5d" "/opt/rustwide/cargo-home/bin/cargo" "+1.98.0-beta.8" "metadata" "--no-deps" "--format-version=1", kill_on_drop: false }`
[INFO] running `Command { std: "docker" "inspect" "2df75a23c448a60284fafe2a20db07f30dd88abe6485fe5fea0ceef4b7a8ac5d", kill_on_drop: false }`
[INFO] running `Command { std: "docker" "exec" "-e" "SOURCE_DIR=/opt/rustwide/workdir" "-e" "CARGO_HOME=/opt/rustwide/cargo-home" "-e" "RUSTUP_HOME=/opt/rustwide/rustup-home" "-e" "CARGO_TARGET_DIR=/opt/rustwide/target" "-e" "CARGO_INCREMENTAL=0" "-e" "RUST_BACKTRACE=full" "-e" "RUSTFLAGS=--cap-lints=warn" "-e" "RUSTDOCFLAGS=--cap-lints=warn" "-w" "/opt/rustwide/workdir" "--user" "0:0" "2df75a23c448a60284fafe2a20db07f30dd88abe6485fe5fea0ceef4b7a8ac5d" "/opt/rustwide/cargo-home/bin/cargo" "+1.98.0-beta.8" "build" "--frozen" "--message-format=json" "--release", kill_on_drop: false }`
[INFO] [stderr]    Compiling quote v1.0.44
[INFO] [stderr]    Compiling stable_deref_trait v1.2.1
[INFO] [stderr]    Compiling libc v0.2.182
[INFO] [stderr]    Compiling litemap v0.8.1
[INFO] [stderr]    Compiling writeable v0.6.2
[INFO] [stderr]    Compiling cfg-if v1.0.4
[INFO] [stderr]    Compiling crossbeam-utils v0.8.21
[INFO] [stderr]    Compiling zeroize v1.8.2
[INFO] [stderr]    Compiling smallvec v1.15.1
[INFO] [stderr]    Compiling untrusted v0.9.0
[INFO] [stderr]    Compiling icu_normalizer_data v2.1.1
[INFO] [stderr]    Compiling icu_properties_data v2.1.2
[INFO] [stderr]    Compiling rayon-core v1.13.0
[INFO] [stderr]    Compiling crc32fast v1.5.0
[INFO] [stderr]    Compiling rustls v0.23.36
[INFO] [stderr]    Compiling ring v0.17.14
[INFO] [stderr]    Compiling simd-adler32 v0.3.8
[INFO] [stderr]    Compiling utf8_iter v1.0.4
[INFO] [stderr]    Compiling percent-encoding v2.3.2
[INFO] [stderr]    Compiling serde_core v1.0.228
[INFO] [stderr]    Compiling adler2 v2.0.1
[INFO] [stderr]    Compiling zmij v1.0.21
[INFO] [stderr]    Compiling log v0.4.29
[INFO] [stderr]    Compiling rustls-pki-types v1.14.0
[INFO] [stderr]    Compiling subtle v2.6.1
[INFO] [stderr]    Compiling once_cell v1.21.3
[INFO] [stderr]    Compiling serde_json v1.0.149
[INFO] [stderr]    Compiling either v1.15.0
[INFO] [stderr]    Compiling miniz_oxide v0.8.9
[INFO] [stderr]    Compiling memchr v2.8.0
[INFO] [stderr]    Compiling form_urlencoded v1.2.2
[INFO] [stderr]    Compiling base64 v0.22.1
[INFO] [stderr]    Compiling syn v2.0.116
[INFO] [stderr]    Compiling itoa v1.0.17
[INFO] [stderr]    Compiling flate2 v1.1.9
[INFO] [stderr]    Compiling webpki-roots v1.0.6
[INFO] [stderr]    Compiling webpki-roots v0.26.11
[INFO] [stderr]    Compiling crossbeam-epoch v0.9.18
[INFO] [stderr]    Compiling getrandom v0.2.17
[INFO] [stderr]    Compiling memmap2 v0.9.10
[INFO] [stderr]    Compiling crossbeam-deque v0.8.6
[INFO] [stderr]    Compiling rayon v1.11.0
[INFO] [stderr]    Compiling synstructure v0.13.2
[INFO] [stderr]    Compiling zerovec-derive v0.11.2
[INFO] [stderr]    Compiling displaydoc v0.2.5
[INFO] [stderr]    Compiling zerofrom-derive v0.1.6
[INFO] [stderr]    Compiling yoke-derive v0.8.1
[INFO] [stderr]    Compiling zerofrom v0.1.6
[INFO] [stderr]    Compiling yoke v0.8.1
[INFO] [stderr]    Compiling zerovec v0.11.5
[INFO] [stderr]    Compiling zerotrie v0.2.3
[INFO] [stderr]    Compiling tinystr v0.8.2
[INFO] [stderr]    Compiling potential_utf v0.1.4
[INFO] [stderr]    Compiling icu_collections v2.1.1
[INFO] [stderr]    Compiling icu_locale_core v2.1.1
[INFO] [stderr]    Compiling icu_provider v2.1.1
[INFO] [stderr]    Compiling rustls-webpki v0.103.9
[INFO] [stderr]    Compiling icu_normalizer v2.1.1
[INFO] [stderr]    Compiling icu_properties v2.1.2
[INFO] [stderr]    Compiling idna_adapter v1.2.1
[INFO] [stderr]    Compiling idna v1.1.0
[INFO] [stderr]    Compiling url v2.5.8
[INFO] [stderr]    Compiling ureq v2.12.1
[INFO] [stderr]    Compiling AI_chalot_C1 v0.2.0 (/opt/rustwide/workdir)
[INFO] [stdout] warning: unused import: `std::os::unix::io::AsRawFd`
[INFO] [stdout]   --> src/model/mmap_prefetch.rs:28:9
[INFO] [stdout]    |
[INFO] [stdout] 28 |     use std::os::unix::io::AsRawFd;
[INFO] [stdout]    |         ^^^^^^^^^^^^^^^^^^^^^^^^^^
[INFO] [stdout]    |
[INFO] [stdout]    = note: `#[warn(unused_imports)]` (part of `#[warn(unused)]`) on by default
[INFO] [stdout] 
[INFO] [stdout] 
[INFO] [stdout] warning: variant `MinP` is never constructed
[INFO] [stdout]   --> src/model/engine.rs:33:5
[INFO] [stdout]    |
[INFO] [stdout] 29 | pub enum SamplingStrategy {
[INFO] [stdout]    |          ---------------- variant in this enum
[INFO] [stdout] ...
[INFO] [stdout] 33 |     MinP,     // Min-P adaptive sampling
[INFO] [stdout]    |     ^^^^
[INFO] [stdout]    |
[INFO] [stdout]    = note: `SamplingStrategy` has derived impls for the traits `Clone` and `Debug`, but these are intentionally ignored during dead code analysis
[INFO] [stdout]    = note: `#[warn(dead_code)]` (part of `#[warn(unused)]`) on by default
[INFO] [stdout] 
[INFO] [stdout] 
[INFO] [stdout] warning: method `generate` is never used
[INFO] [stdout]    --> src/model/engine.rs:497:12
[INFO] [stdout]     |
[INFO] [stdout]  92 | impl Engine {
[INFO] [stdout]     | ----------- method in this implementation
[INFO] [stdout] ...
[INFO] [stdout] 497 |     pub fn generate(
[INFO] [stdout]     |            ^^^^^^^^
[INFO] [stdout] 
[INFO] [stdout] 
[INFO] [stderr]     Finished `release` profile [optimized] target(s) in 47.13s
[INFO] running `Command { std: "docker" "inspect" "2df75a23c448a60284fafe2a20db07f30dd88abe6485fe5fea0ceef4b7a8ac5d", kill_on_drop: false }`
[INFO] running `Command { std: "docker" "exec" "-e" "SOURCE_DIR=/opt/rustwide/workdir" "-e" "CARGO_HOME=/opt/rustwide/cargo-home" "-e" "RUSTUP_HOME=/opt/rustwide/rustup-home" "-e" "CARGO_TARGET_DIR=/opt/rustwide/target" "-e" "CARGO_INCREMENTAL=0" "-e" "RUST_BACKTRACE=full" "-e" "RUSTFLAGS=--cap-lints=warn" "-e" "RUSTDOCFLAGS=--cap-lints=warn" "-w" "/opt/rustwide/workdir" "--user" "0:0" "2df75a23c448a60284fafe2a20db07f30dd88abe6485fe5fea0ceef4b7a8ac5d" "/opt/rustwide/cargo-home/bin/cargo" "+1.98.0-beta.8" "test" "--frozen" "--no-run" "--message-format=json" "--release", kill_on_drop: false }`
[INFO] [stderr]    Compiling stable_deref_trait v1.2.1
[INFO] [stderr]    Compiling writeable v0.6.2
[INFO] [stderr]    Compiling litemap v0.8.1
[INFO] [stderr]    Compiling cfg-if v1.0.4
[INFO] [stderr]    Compiling zeroize v1.8.2
[INFO] [stderr]    Compiling smallvec v1.15.1
[INFO] [stderr]    Compiling untrusted v0.9.0
[INFO] [stderr]    Compiling percent-encoding v2.3.2
[INFO] [stderr]    Compiling libc v0.2.182
[INFO] [stderr]    Compiling icu_normalizer_data v2.1.1
[INFO] [stderr]    Compiling icu_properties_data v2.1.2
[INFO] [stderr]    Compiling crossbeam-utils v0.8.21
[INFO] [stderr]    Compiling simd-adler32 v0.3.8
[INFO] [stderr]    Compiling zerofrom v0.1.6
[INFO] [stderr]    Compiling adler2 v2.0.1
[INFO] [stderr]    Compiling utf8_iter v1.0.4
[INFO] [stderr]    Compiling subtle v2.6.1
[INFO] [stderr]    Compiling crc32fast v1.5.0
[INFO] [stderr]    Compiling log v0.4.29
[INFO] [stderr]    Compiling form_urlencoded v1.2.2
[INFO] [stderr]    Compiling once_cell v1.21.3
[INFO] [stderr]    Compiling serde_core v1.0.228
[INFO] [stderr]    Compiling zmij v1.0.21
[INFO] [stderr]    Compiling itoa v1.0.17
[INFO] [stderr]    Compiling yoke v0.8.1
[INFO] [stderr]    Compiling rustls-pki-types v1.14.0
[INFO] [stderr]    Compiling miniz_oxide v0.8.9
[INFO] [stderr]    Compiling base64 v0.22.1
[INFO] [stderr]    Compiling either v1.15.0
[INFO] [stderr]    Compiling memchr v2.8.0
[INFO] [stderr]    Compiling zerovec v0.11.5
[INFO] [stderr]    Compiling zerotrie v0.2.3
[INFO] [stderr]    Compiling crossbeam-epoch v0.9.18
[INFO] [stderr]    Compiling webpki-roots v1.0.6
[INFO] [stderr]    Compiling flate2 v1.1.9
[INFO] [stderr]    Compiling webpki-roots v0.26.11
[INFO] [stderr]    Compiling tinystr v0.8.2
[INFO] [stderr]    Compiling potential_utf v0.1.4
[INFO] [stderr]    Compiling crossbeam-deque v0.8.6
[INFO] [stderr]    Compiling rayon-core v1.13.0
[INFO] [stderr]    Compiling getrandom v0.2.17
[INFO] [stderr]    Compiling memmap2 v0.9.10
[INFO] [stderr]    Compiling icu_collections v2.1.1
[INFO] [stderr]    Compiling icu_locale_core v2.1.1
[INFO] [stderr]    Compiling ring v0.17.14
[INFO] [stderr]    Compiling rayon v1.11.0
[INFO] [stderr]    Compiling icu_provider v2.1.1
[INFO] [stderr]    Compiling icu_properties v2.1.2
[INFO] [stderr]    Compiling icu_normalizer v2.1.1
[INFO] [stderr]    Compiling serde_json v1.0.149
[INFO] [stderr]    Compiling rustls-webpki v0.103.9
[INFO] [stderr]    Compiling idna_adapter v1.2.1
[INFO] [stderr]    Compiling idna v1.1.0
[INFO] [stderr]    Compiling url v2.5.8
[INFO] [stderr]    Compiling rustls v0.23.36
[INFO] [stderr]    Compiling ureq v2.12.1
[INFO] [stderr]    Compiling AI_chalot_C1 v0.2.0 (/opt/rustwide/workdir)
[INFO] [stdout] warning: unused import: `std::os::unix::io::AsRawFd`
[INFO] [stdout]   --> src/model/mmap_prefetch.rs:28:9
[INFO] [stdout]    |
[INFO] [stdout] 28 |     use std::os::unix::io::AsRawFd;
[INFO] [stdout]    |         ^^^^^^^^^^^^^^^^^^^^^^^^^^
[INFO] [stdout]    |
[INFO] [stdout]    = note: `#[warn(unused_imports)]` (part of `#[warn(unused)]`) on by default
[INFO] [stdout] 
[INFO] [stdout] 
[INFO] [stdout] warning: variant `MinP` is never constructed
[INFO] [stdout]   --> src/model/engine.rs:33:5
[INFO] [stdout]    |
[INFO] [stdout] 29 | pub enum SamplingStrategy {
[INFO] [stdout]    |          ---------------- variant in this enum
[INFO] [stdout] ...
[INFO] [stdout] 33 |     MinP,     // Min-P adaptive sampling
[INFO] [stdout]    |     ^^^^
[INFO] [stdout]    |
[INFO] [stdout]    = note: `SamplingStrategy` has derived impls for the traits `Clone` and `Debug`, but these are intentionally ignored during dead code analysis
[INFO] [stdout]    = note: `#[warn(dead_code)]` (part of `#[warn(unused)]`) on by default
[INFO] [stdout] 
[INFO] [stdout] 
[INFO] [stdout] warning: method `generate` is never used
[INFO] [stdout]    --> src/model/engine.rs:497:12
[INFO] [stdout]     |
[INFO] [stdout]  92 | impl Engine {
[INFO] [stdout]     | ----------- method in this implementation
[INFO] [stdout] ...
[INFO] [stdout] 497 |     pub fn generate(
[INFO] [stdout]     |            ^^^^^^^^
[INFO] [stdout] 
[INFO] [stdout] 
[INFO] [stderr]     Finished `release` profile [optimized] target(s) in 39.60s
[INFO] running `Command { std: "docker" "inspect" "2df75a23c448a60284fafe2a20db07f30dd88abe6485fe5fea0ceef4b7a8ac5d", kill_on_drop: false }`
[INFO] running `Command { std: "docker" "exec" "-e" "SOURCE_DIR=/opt/rustwide/workdir" "-e" "CARGO_HOME=/opt/rustwide/cargo-home" "-e" "RUSTUP_HOME=/opt/rustwide/rustup-home" "-e" "CARGO_TARGET_DIR=/opt/rustwide/target" "-e" "CARGO_INCREMENTAL=0" "-e" "RUST_BACKTRACE=full" "-e" "RUSTFLAGS=--cap-lints=warn" "-e" "RUSTDOCFLAGS=--cap-lints=warn" "-w" "/opt/rustwide/workdir" "--user" "0:0" "2df75a23c448a60284fafe2a20db07f30dd88abe6485fe5fea0ceef4b7a8ac5d" "/opt/rustwide/cargo-home/bin/cargo" "+1.98.0-beta.8" "test" "--frozen" "--release", kill_on_drop: false }`
[INFO] [stderr] warning: unused import: `std::os::unix::io::AsRawFd`
[INFO] [stderr]   --> src/model/mmap_prefetch.rs:28:9
[INFO] [stderr]    |
[INFO] [stderr] 28 |     use std::os::unix::io::AsRawFd;
[INFO] [stderr]    |         ^^^^^^^^^^^^^^^^^^^^^^^^^^
[INFO] [stderr]    |
[INFO] [stderr]    = note: `#[warn(unused_imports)]` (part of `#[warn(unused)]`) on by default
[INFO] [stderr] 
[INFO] [stderr] warning: variant `MinP` is never constructed
[INFO] [stderr]   --> src/model/engine.rs:33:5
[INFO] [stderr]    |
[INFO] [stderr] 29 | pub enum SamplingStrategy {
[INFO] [stderr]    |          ---------------- variant in this enum
[INFO] [stderr] ...
[INFO] [stderr] 33 |     MinP,     // Min-P adaptive sampling
[INFO] [stderr]    |     ^^^^
[INFO] [stderr]    |
[INFO] [stderr]    = note: `SamplingStrategy` has derived impls for the traits `Clone` and `Debug`, but these are intentionally ignored during dead code analysis
[INFO] [stderr]    = note: `#[warn(dead_code)]` (part of `#[warn(unused)]`) on by default
[INFO] [stderr] 
[INFO] [stderr] warning: method `generate` is never used
[INFO] [stderr]    --> src/model/engine.rs:497:12
[INFO] [stderr]     |
[INFO] [stderr]  92 | impl Engine {
[INFO] [stderr]     | ----------- method in this implementation
[INFO] [stderr] ...
[INFO] [stderr] 497 |     pub fn generate(
[INFO] [stderr]     |            ^^^^^^^^
[INFO] [stderr] 
[INFO] [stderr] warning: `AI_chalot_C1` (bin "AI_chalot_C1" test) generated 3 warnings (run `cargo fix --bin "AI_chalot_C1" -p AI_chalot_C1 --tests` to apply 1 suggestion)
[INFO] [stderr]     Finished `release` profile [optimized] target(s) in 0.15s
[INFO] [stderr]      Running unittests src/main.rs (/opt/rustwide/target/release/deps/AI_chalot_C1-d7680f5adb8841e5)
[INFO] [stdout] 
[INFO] [stdout] running 49 tests
[INFO] [stdout] test crawler::tests::test_flatten_json ... ok
[INFO] [stdout] test crawler::tests::test_json_extract ... ok
[INFO] [stdout] test crawler::tests::test_normalize_whitespace ... ok
[INFO] [stdout] test crawler::tests::test_read_file ... ok
[INFO] [stdout] test crawler::tests::test_strip_html ... ok
[INFO] [stdout] test crawler::tests::test_system_info ... ok
[INFO] [stdout] test model::memory::tests::test_paging ... ok
[INFO] [stdout] test model::memory::tests::test_quantization ... ok
[INFO] [stdout] test model::memory::tests::test_lru_eviction ... ok
[INFO] [stdout] test model::brain_map::tests::test_create_brain_map ... FAILED
[INFO] [stdout] test model::instinct::tests::test_online_learning ... FAILED
[INFO] [stdout] test model::instinct::tests::test_create_instinct ... FAILED
[INFO] [stdout] test model::brain_map::tests::test_load_brain_map ... FAILED
[INFO] [stdout] test model::brain_map::tests::test_find_region_by_type ... FAILED
[INFO] [stdout] test model::instinct::tests::test_predict_region ... FAILED
[INFO] [stdout] test model::mmap_prefetch::tests::test_prefetch_strategy ... ok
[INFO] [stdout] test model::speculative::tests::test_speculative_config ... ok
[INFO] [stdout] test model::speculative::tests::test_speculative_result ... ok
[INFO] [stdout] test model::supervisor::tests::test_attention_collapse ... ok
[INFO] [stdout] test model::supervisor::tests::test_entropy ... ok
[INFO] [stdout] test model::supervisor::tests::test_hallucination_detection ... ok
[INFO] [stdout] test model::tests::test_param_count ... ok
[INFO] [stdout] test model::supervisor::tests::test_supervisor_forward ... ok
[INFO] [stdout] test model::supervisor::tests::test_save_load ... FAILED
[INFO] [stdout] test model::tests::test_sparse_load_stats ... ok
[INFO] [stdout] test tensor::bitnet::tests::test_ternary_matmul ... FAILED
[INFO] [stdout] test tensor::bitnet::tests::test_ternary_packing ... ok
[INFO] [stdout] test tensor::bitnet::tests::test_ternary_quantization ... ok
[INFO] [stdout] test tensor::flash_attention::tests::test_flash_attention_small ... ok
[INFO] [stdout] test tensor::tests::tests::test_int4_pack_unpack ... ok
[INFO] [stdout] test tensor::tests::tests::test_matmul_int4_basic ... ok
[INFO] [stdout] test tensor::tests::tests::test_matmul_int8_identity_like ... ok
[INFO] [stdout] test tensor::tests::tests::test_quantize_i4_roundtrip ... ok
[INFO] [stdout] test model::tests::test_adaptive_depth ... FAILED
[INFO] [stdout] test crawler::tests::test_run_command ... ok
[INFO] [stdout] test model::tests::test_weight_index_build_moe ... ok
[INFO] [stdout] test model::tests::test_inference_state_memory ... ok
[INFO] [stdout] test model::tests::test_dummy_model_v2 ... FAILED
[INFO] [stdout] test tensor::tests::tests::test_quantize_i8_roundtrip ... ok
[INFO] [stdout] test tensor::tests::tests::test_rmsnorm ... ok
[INFO] [stdout] test tensor::tests::tests::test_softmax ... ok
[INFO] [stdout] test tokenizer::optimized::tests::test_apply_merge ... ok
[INFO] [stdout] test tensor::tests::tests::test_sample_argmax ... ok
[INFO] [stdout] test tokenizer::optimized::tests::test_encode_decode ... ok
[INFO] [stdout] test tensor::tests::tests::test_softmax_top_k ... ok
[INFO] [stdout] test tokenizer::optimized::tests::test_optimized_tokenizer ... ok
[INFO] [stdout] test tokenizer::tests::test_empty_string ... ok
[INFO] [stdout] test tokenizer::tests::test_byte_level_encode_decode ... ok
[INFO] [stdout] test tensor::flash_attention::tests::test_flash_attention_with_cap ... ok
[INFO] [stdout] 
[INFO] [stdout] failures:
[INFO] [stdout] 
[INFO] [stdout] ---- model::brain_map::tests::test_create_brain_map stdout ----
[INFO] [stdout] 
[INFO] [stdout] thread 'model::brain_map::tests::test_create_brain_map' (1539) panicked at src/model/brain_map.rs:434:48:
[INFO] [stdout] called `Result::unwrap()` on an `Err` value: "create brain: Read-only file system (os error 30)"
[INFO] [stdout] stack backtrace:
[INFO] [stdout]    0:     0x57bb8b8d80e5 - <unknown>
[INFO] [stdout]    1:     0x57bb8b8b7f14 - <unknown>
[INFO] [stdout]    2:     0x57bb8b8d783b - <unknown>
[INFO] [stdout]    3:     0x57bb8b8d73d9 - <unknown>
[INFO] [stdout]    4:     0x57bb8b8d705a - <unknown>
[INFO] [stdout]    5:     0x57bb8b8d6be2 - <unknown>
[INFO] [stdout]    6:     0x57bb8b8fcfb1 - <unknown>
[INFO] [stdout]    7:     0x57bb8b8fcf69 - <unknown>
[INFO] [stdout]    8:     0x57bb8b8fd45c - <unknown>
[INFO] [stdout]    9:     0x57bb8b8b7dab - <unknown>
[INFO] [stdout]   10:     0x57bb8b8babd1 - <unknown>
[INFO] [stdout]   11:     0x57bb8b8b3780 - <unknown>
[INFO] [stdout]   12:     0x57bb8b91583b - <unknown>
[INFO] [stdout]   13:     0x57bb8b912152 - <unknown>
[INFO] [stdout]   14:     0x57bb8b9119fc - <unknown>
[INFO] [stdout]   15:     0x57bb8b9291dc - <unknown>
[INFO] [stdout]   16:     0x57bb8b8fe862 - <unknown>
[INFO] [stdout]   17:     0x7ae40ea6607a - <unknown>
[INFO] [stdout]   18:     0x7ae40eaf9534 - clone
[INFO] [stdout]   19:                0x0 - <unknown>
[INFO] [stdout] 
[INFO] [stdout] ---- model::instinct::tests::test_online_learning stdout ----
[INFO] [stdout] 
[INFO] [stdout] thread 'model::instinct::tests::test_online_learning' (1543) panicked at src/model/instinct.rs:322:36:
[INFO] [stdout] called `Result::unwrap()` on an `Err` value: "create instinct: Read-only file system (os error 30)"
[INFO] [stdout] stack backtrace:
[INFO] [stdout]    0:     0x57bb8b8d80e5 - <unknown>
[INFO] [stdout]    1:     0x57bb8b8b7f14 - <unknown>
[INFO] [stdout]    2:     0x57bb8b8d783b - <unknown>
[INFO] [stdout]    3:     0x57bb8b8d73d9 - <unknown>
[INFO] [stdout]    4:     0x57bb8b8d705a - <unknown>
[INFO] [stdout]    5:     0x57bb8b8d6be2 - <unknown>
[INFO] [stdout]    6:     0x57bb8b8fcfb1 - <unknown>
[INFO] [stdout]    7:     0x57bb8b8fcf69 - <unknown>
[INFO] [stdout]    8:     0x57bb8b8fd45c - <unknown>
[INFO] [stdout]    9:     0x57bb8b8b7dab - <unknown>
[INFO] [stdout]   10:     0x57bb8b8babd1 - <unknown>
[INFO] [stdout]   11:     0x57bb8b8b3370 - <unknown>
[INFO] [stdout]   12:     0x57bb8b91583b - <unknown>
[INFO] [stdout]   13:     0x57bb8b912152 - <unknown>
[INFO] [stdout]   14:     0x57bb8b9119fc - <unknown>
[INFO] [stdout]   15:     0x57bb8b9291dc - <unknown>
[INFO] [stdout]   16:     0x57bb8b8fe862 - <unknown>
[INFO] [stdout]   17:     0x7ae40ea6607a - <unknown>
[INFO] [stdout]   18:     0x7ae40eaf9534 - clone
[INFO] [stdout]   19:                0x0 - <unknown>
[INFO] [stdout] 
[INFO] [stdout] ---- model::instinct::tests::test_create_instinct stdout ----
[INFO] [stdout] 
[INFO] [stdout] thread 'model::instinct::tests::test_create_instinct' (1542) panicked at src/model/instinct.rs:293:36:
[INFO] [stdout] called `Result::unwrap()` on an `Err` value: "create instinct: Read-only file system (os error 30)"
[INFO] [stdout] stack backtrace:
[INFO] [stdout]    0:     0x57bb8b8d80e5 - <unknown>
[INFO] [stdout]    1:     0x57bb8b8b7f14 - <unknown>
[INFO] [stdout]    2:     0x57bb8b8d783b - <unknown>
[INFO] [stdout]    3:     0x57bb8b8d73d9 - <unknown>
[INFO] [stdout]    4:     0x57bb8b8d705a - <unknown>
[INFO] [stdout]    5:     0x57bb8b8d6be2 - <unknown>
[INFO] [stdout]    6:     0x57bb8b8fcfb1 - <unknown>
[INFO] [stdout]    7:     0x57bb8b8fcf69 - <unknown>
[INFO] [stdout]    8:     0x57bb8b8fd45c - <unknown>
[INFO] [stdout]    9:     0x57bb8b8b7dab - <unknown>
[INFO] [stdout]   10:     0x57bb8b8babd1 - <unknown>
[INFO] [stdout]   11:     0x57bb8b8b2efa - <unknown>
[INFO] [stdout]   12:     0x57bb8b91583b - <unknown>
[INFO] [stdout]   13:     0x57bb8b912152 - <unknown>
[INFO] [stdout]   14:     0x57bb8b9119fc - <unknown>
[INFO] [stdout]   15:     0x57bb8b9291dc - <unknown>
[INFO] [stdout]   16:     0x57bb8b8fe862 - <unknown>
[INFO] [stdout]   17:     0x7ae40ea6607a - <unknown>
[INFO] [stdout]   18:     0x7ae40eaf9534 - clone
[INFO] [stdout]   19:                0x0 - <unknown>
[INFO] [stdout] 
[INFO] [stdout] ---- model::brain_map::tests::test_load_brain_map stdout ----
[INFO] [stdout] 
[INFO] [stdout] thread 'model::brain_map::tests::test_load_brain_map' (1541) panicked at src/model/brain_map.rs:445:48:
[INFO] [stdout] called `Result::unwrap()` on an `Err` value: "create brain: Read-only file system (os error 30)"
[INFO] [stdout] stack backtrace:
[INFO] [stdout]    0:     0x57bb8b8d80e5 - <unknown>
[INFO] [stdout]    1:     0x57bb8b8b7f14 - <unknown>
[INFO] [stdout]    2:     0x57bb8b8d783b - <unknown>
[INFO] [stdout]    3:     0x57bb8b8d73d9 - <unknown>
[INFO] [stdout]    4:     0x57bb8b8d705a - <unknown>
[INFO] [stdout]    5:     0x57bb8b8d6be2 - <unknown>
[INFO] [stdout]    6:     0x57bb8b8fcfb1 - <unknown>
[INFO] [stdout]    7:     0x57bb8b8fcf69 - <unknown>
[INFO] [stdout]    8:     0x57bb8b8fd45c - <unknown>
[INFO] [stdout]    9:     0x57bb8b8b7dab - <unknown>
[INFO] [stdout]   10:     0x57bb8b8babd1 - <unknown>
[INFO] [stdout]   11:     0x57bb8b8b35e9 - <unknown>
[INFO] [stdout]   12:     0x57bb8b91583b - <unknown>
[INFO] [stdout]   13:     0x57bb8b912152 - <unknown>
[INFO] [stdout]   14:     0x57bb8b9119fc - <unknown>
[INFO] [stdout]   15:     0x57bb8b9291dc - <unknown>
[INFO] [stdout]   16:     0x57bb8b8fe862 - <unknown>
[INFO] [stdout]   17:     0x7ae40ea6607a - <unknown>
[INFO] [stdout]   18:     0x7ae40eaf9534 - clone
[INFO] [stdout]   19:                0x0 - <unknown>
[INFO] [stdout] 
[INFO] [stdout] ---- model::brain_map::tests::test_find_region_by_type stdout ----
[INFO] [stdout] 
[INFO] [stdout] thread 'model::brain_map::tests::test_find_region_by_type' (1540) panicked at src/model/brain_map.rs:467:48:
[INFO] [stdout] called `Result::unwrap()` on an `Err` value: "create brain: Read-only file system (os error 30)"
[INFO] [stdout] stack backtrace:
[INFO] [stdout]    0:     0x57bb8b8d80e5 - <unknown>
[INFO] [stdout]    1:     0x57bb8b8b7f14 - <unknown>
[INFO] [stdout]    2:     0x57bb8b8d783b - <unknown>
[INFO] [stdout]    3:     0x57bb8b8d73d9 - <unknown>
[INFO] [stdout]    4:     0x57bb8b8d705a - <unknown>
[INFO] [stdout]    5:     0x57bb8b8d6be2 - <unknown>
[INFO] [stdout]    6:     0x57bb8b8fcfb1 - <unknown>
[INFO] [stdout]    7:     0x57bb8b8fcf69 - <unknown>
[INFO] [stdout]    8:     0x57bb8b8fd45c - <unknown>
[INFO] [stdout]    9:     0x57bb8b8b7dab - <unknown>
[INFO] [stdout]   10:     0x57bb8b8babd1 - <unknown>
[INFO] [stdout]   11:     0x57bb8b8b3909 - <unknown>
[INFO] [stdout]   12:     0x57bb8b91583b - <unknown>
[INFO] [stdout]   13:     0x57bb8b912152 - <unknown>
[INFO] [stdout]   14:     0x57bb8b9119fc - <unknown>
[INFO] [stdout]   15:     0x57bb8b9291dc - <unknown>
[INFO] [stdout]   16:     0x57bb8b8fe862 - <unknown>
[INFO] [stdout]   17:     0x7ae40ea6607a - <unknown>
[INFO] [stdout]   18:     0x7ae40eaf9534 - clone
[INFO] [stdout]   19:                0x0 - <unknown>
[INFO] [stdout] 
[INFO] [stdout] ---- model::instinct::tests::test_predict_region stdout ----
[INFO] [stdout] 
[INFO] [stdout] thread 'model::instinct::tests::test_predict_region' (1544) panicked at src/model/instinct.rs:305:36:
[INFO] [stdout] called `Result::unwrap()` on an `Err` value: "create instinct: Read-only file system (os error 30)"
[INFO] [stdout] stack backtrace:
[INFO] [stdout]    0:     0x57bb8b8d80e5 - <unknown>
[INFO] [stdout]    1:     0x57bb8b8b7f14 - <unknown>
[INFO] [stdout]    2:     0x57bb8b8d783b - <unknown>
[INFO] [stdout]    3:     0x57bb8b8d73d9 - <unknown>
[INFO] [stdout]    4:     0x57bb8b8d705a - <unknown>
[INFO] [stdout]    5:     0x57bb8b8d6be2 - <unknown>
[INFO] [stdout]    6:     0x57bb8b8fcfb1 - <unknown>
[INFO] [stdout]    7:     0x57bb8b8fcf69 - <unknown>
[INFO] [stdout]    8:     0x57bb8b8fd45c - <unknown>
[INFO] [stdout]    9:     0x57bb8b8b7dab - <unknown>
[INFO] [stdout]   10:     0x57bb8b8babd1 - <unknown>
[INFO] [stdout]   11:     0x57bb8b8b2d9b - <unknown>
[INFO] [stdout]   12:     0x57bb8b91583b - <unknown>
[INFO] [stdout]   13:     0x57bb8b912152 - <unknown>
[INFO] [stdout]   14:     0x57bb8b9119fc - <unknown>
[INFO] [stdout]   15:     0x57bb8b9291dc - <unknown>
[INFO] [stdout]   16:     0x57bb8b8fe862 - <unknown>
[INFO] [stdout]   17:     0x7ae40ea6607a - <unknown>
[INFO] [stdout]   18:     0x7ae40eaf9534 - clone
[INFO] [stdout]   19:                0x0 - <unknown>
[INFO] [stdout] 
[INFO] [stdout] ---- model::supervisor::tests::test_save_load stdout ----
[INFO] [stdout] 
[INFO] [stdout] thread 'model::supervisor::tests::test_save_load' (1554) panicked at src/model/supervisor.rs:305:24:
[INFO] [stdout] called `Result::unwrap()` on an `Err` value: "save supervisor: Read-only file system (os error 30)"
[INFO] [stdout] stack backtrace:
[INFO] [stdout]    0:     0x57bb8b8d80e5 - <unknown>
[INFO] [stdout]    1:     0x57bb8b8b7f14 - <unknown>
[INFO] [stdout]    2:     0x57bb8b8d783b - <unknown>
[INFO] [stdout]    3:     0x57bb8b8d73d9 - <unknown>
[INFO] [stdout]    4:     0x57bb8b8d705a - <unknown>
[INFO] [stdout]    5:     0x57bb8b8d6be2 - <unknown>
[INFO] [stdout]    6:     0x57bb8b8fcfb1 - <unknown>
[INFO] [stdout]    7:     0x57bb8b8fcf69 - <unknown>
[INFO] [stdout]    8:     0x57bb8b8fd45c - <unknown>
[INFO] [stdout]    9:     0x57bb8b8b7dab - <unknown>
[INFO] [stdout]   10:     0x57bb8b8babd1 - <unknown>
[INFO] [stdout]   11:     0x57bb8b8b20dc - <unknown>
[INFO] [stdout]   12:     0x57bb8b91583b - <unknown>
[INFO] [stdout]   13:     0x57bb8b912152 - <unknown>
[INFO] [stdout]   14:     0x57bb8b9119fc - <unknown>
[INFO] [stdout]   15:     0x57bb8b9291dc - <unknown>
[INFO] [stdout]   16:     0x57bb8b8fe862 - <unknown>
[INFO] [stdout]   17:     0x7ae40ea6607a - <unknown>
[INFO] [stdout]   18:     0x7ae40eaf9534 - clone
[INFO] [stdout]   19:                0x0 - <unknown>
[INFO] [stdout] 
[INFO] [stdout] ---- tensor::bitnet::tests::test_ternary_matmul stdout ----
[INFO] [stdout] 
[INFO] [stdout] thread 'tensor::bitnet::tests::test_ternary_matmul' (1562) panicked at src/tensor/bitnet.rs:331:9:
[INFO] [stdout] assertion failed: (out[1] - 1.0).abs() < 1e-5
[INFO] [stdout] stack backtrace:
[INFO] [stdout]    0:     0x57bb8b8d80e5 - <unknown>
[INFO] [stdout]    1:     0x57bb8b8b7f14 - <unknown>
[INFO] [stdout]    2:     0x57bb8b8d783b - <unknown>
[INFO] [stdout]    3:     0x57bb8b8d73d9 - <unknown>
[INFO] [stdout]    4:     0x57bb8b8d705a - <unknown>
[INFO] [stdout]    5:     0x57bb8b8d6be2 - <unknown>
[INFO] [stdout]    6:     0x57bb8b8fcfe2 - <unknown>
[INFO] [stdout]    7:     0x57bb8b8fcf69 - <unknown>
[INFO] [stdout]    8:     0x57bb8b8fd45c - <unknown>
[INFO] [stdout]    9:     0x57bb8b8b7dab - <unknown>
[INFO] [stdout]   10:     0x57bb8b8b95d1 - <unknown>
[INFO] [stdout]   11:     0x57bb8b8b5b90 - <unknown>
[INFO] [stdout]   12:     0x57bb8b91583b - <unknown>
[INFO] [stdout]   13:     0x57bb8b912152 - <unknown>
[INFO] [stdout]   14:     0x57bb8b9119fc - <unknown>
[INFO] [stdout]   15:     0x57bb8b9291dc - <unknown>
[INFO] [stdout]   16:     0x57bb8b8fe862 - <unknown>
[INFO] [stdout]   17:     0x7ae40ea6607a - <unknown>
[INFO] [stdout]   18:     0x7ae40eaf9534 - clone
[INFO] [stdout]   19:                0x0 - <unknown>
[INFO] [stdout] 
[INFO] [stdout] ---- model::tests::test_adaptive_depth stdout ----
[INFO] [stdout] 
[INFO] [stdout] thread 'model::tests::test_adaptive_depth' (1556) panicked at src/model/mod.rs:138:40:
[INFO] [stdout] called `Result::unwrap()` on an `Err` value: Os { code: 30, kind: ReadOnlyFilesystem, message: "Read-only file system" }
[INFO] [stdout] stack backtrace:
[INFO] [stdout]    0:     0x57bb8b8d80e5 - <unknown>
[INFO] [stdout]    1:     0x57bb8b8b7f14 - <unknown>
[INFO] [stdout]    2:     0x57bb8b8d783b - <unknown>
[INFO] [stdout]    3:     0x57bb8b8d73d9 - <unknown>
[INFO] [stdout]    4:     0x57bb8b8d705a - <unknown>
[INFO] [stdout]    5:     0x57bb8b8d6be2 - <unknown>
[INFO] [stdout]    6:     0x57bb8b8fcfb1 - <unknown>
[INFO] [stdout]    7:     0x57bb8b8fcf69 - <unknown>
[INFO] [stdout]    8:     0x57bb8b8fd45c - <unknown>
[INFO] [stdout]    9:     0x57bb8b8b7dab - <unknown>
[INFO] [stdout]   10:     0x57bb8b8babd1 - <unknown>
[INFO] [stdout]   11:     0x57bb8b8af2ee - <unknown>
[INFO] [stdout]   12:     0x57bb8b91583b - <unknown>
[INFO] [stdout]   13:     0x57bb8b912152 - <unknown>
[INFO] [stdout]   14:     0x57bb8b9119fc - <unknown>
[INFO] [stdout]   15:     0x57bb8b9291dc - <unknown>
[INFO] [stdout]   16:     0x57bb8b8fe862 - <unknown>
[INFO] [stdout]   17:     0x7ae40ea6607a - <unknown>
[INFO] [stdout]   18:     0x7ae40eaf9534 - clone
[INFO] [stdout]   19:                0x0 - <unknown>
[INFO] [stdout] 
[INFO] [stdout] ---- model::tests::test_dummy_model_v2 stdout ----
[INFO] [stdout] 
[INFO] [stdout] thread 'model::tests::test_dummy_model_v2' (1557) panicked at src/model/mod.rs:123:40:
[INFO] [stdout] called `Result::unwrap()` on an `Err` value: Os { code: 30, kind: ReadOnlyFilesystem, message: "Read-only file system" }
[INFO] [stdout] stack backtrace:
[INFO] [stdout]    0:     0x57bb8b8d80e5 - <unknown>
[INFO] [stdout]    1:     0x57bb8b8b7f14 - <unknown>
[INFO] [stdout]    2:     0x57bb8b8d783b - <unknown>
[INFO] [stdout]    3:     0x57bb8b8d73d9 - <unknown>
[INFO] [stdout]    4:     0x57bb8b8d705a - <unknown>
[INFO] [stdout]    5:     0x57bb8b8d6be2 - <unknown>
[INFO] [stdout]    6:     0x57bb8b8fcfb1 - <unknown>
[INFO] [stdout]    7:     0x57bb8b8fcf69 - <unknown>
[INFO] [stdout]    8:     0x57bb8b8fd45c - <unknown>
[INFO] [stdout]    9:     0x57bb8b8b7dab - <unknown>
[INFO] [stdout]   10:     0x57bb8b8babd1 - <unknown>
[INFO] [stdout]   11:     0x57bb8b8af55b - <unknown>
[INFO] [stdout]   12:     0x57bb8b91583b - <unknown>
[INFO] [stdout]   13:     0x57bb8b912152 - <unknown>
[INFO] [stdout]   14:     0x57bb8b9119fc - <unknown>
[INFO] [stdout]   15:     0x57bb8b9291dc - <unknown>
[INFO] [stdout]   16:     0x57bb8b8fe862 - <unknown>
[INFO] [stdout]   17:     0x7ae40ea6607a - <unknown>
[INFO] [stdout]   18:     0x7ae40eaf9534 - clone
[INFO] [stdout]   19:                0x0 - <unknown>
[INFO] [stdout] 
[INFO] [stdout] 
[INFO] [stdout] failures:
[INFO] [stdout]     model::brain_map::tests::test_create_brain_map
[INFO] [stdout]     model::brain_map::tests::test_find_region_by_type
[INFO] [stdout]     model::brain_map::tests::test_load_brain_map
[INFO] [stdout]     model::instinct::tests::test_create_instinct
[INFO] [stdout]     model::instinct::tests::test_online_learning
[INFO] [stdout]     model::instinct::tests::test_predict_region
[INFO] [stdout]     model::supervisor::tests::test_save_load
[INFO] [stdout]     model::tests::test_adaptive_depth
[INFO] [stdout]     model::tests::test_dummy_model_v2
[INFO] [stdout]     tensor::bitnet::tests::test_ternary_matmul
[INFO] [stdout] 
[INFO] [stdout] test result: FAILED. 39 passed; 10 failed; 0 ignored; 0 measured; 0 filtered out; finished in 0.03s
[INFO] [stdout] 
[INFO] [stderr] error: test failed, to rerun pass `--bin AI_chalot_C1`
[INFO] running `Command { std: "docker" "inspect" "2df75a23c448a60284fafe2a20db07f30dd88abe6485fe5fea0ceef4b7a8ac5d", kill_on_drop: false }`
[INFO] running `Command { std: "docker" "rm" "-f" "2df75a23c448a60284fafe2a20db07f30dd88abe6485fe5fea0ceef4b7a8ac5d", kill_on_drop: false }`
[INFO] [stdout] 2df75a23c448a60284fafe2a20db07f30dd88abe6485fe5fea0ceef4b7a8ac5d
