[INFO] cloning repository https://github.com/cavemanloverboy/introspectardio
[INFO] running `Command { std: "git" "-c" "credential.helper=" "-c" "credential.helper=/workspace/cargo-home/bin/git-credential-null" "clone" "--bare" "https://github.com/cavemanloverboy/introspectardio" "/workspace/cache/git-repos/https%3A%2F%2Fgithub.com%2Fcavemanloverboy%2Fintrospectardio", kill_on_drop: false }`
[INFO] [stderr] Cloning into bare repository '/workspace/cache/git-repos/https%3A%2F%2Fgithub.com%2Fcavemanloverboy%2Fintrospectardio'...
[INFO] running `Command { std: "git" "rev-parse" "HEAD", kill_on_drop: false }`
[INFO] [stdout] 4c033314d0fc04c8df1d9c1db8fe7532dfeb6c20
[INFO] testing cavemanloverboy/introspectardio against 1.99.0-beta.1+cargoflags=--release for beta-release-1.99-2
[INFO] running `Command { std: "git" "clone" "/workspace/cache/git-repos/https%3A%2F%2Fgithub.com%2Fcavemanloverboy%2Fintrospectardio" "/workspace/builds/worker-4-tc2/source", kill_on_drop: false }`
[INFO] [stderr] Cloning into '/workspace/builds/worker-4-tc2/source'...
[INFO] [stderr] done.
[INFO] started tweaking git repo https://github.com/cavemanloverboy/introspectardio
[INFO] finished tweaking git repo https://github.com/cavemanloverboy/introspectardio
[INFO] tweaked toml for git repo https://github.com/cavemanloverboy/introspectardio written to /workspace/builds/worker-4-tc2/source/Cargo.toml
[INFO] validating manifest of git repo https://github.com/cavemanloverboy/introspectardio on toolchain 1.99.0-beta.1
[INFO] running `Command { std: CARGO_HOME="/workspace/cargo-home" RUSTUP_HOME="/workspace/rustup-home" "/workspace/cargo-home/bin/cargo" "+1.99.0-beta.1" "metadata" "--manifest-path" "Cargo.toml" "--no-deps", kill_on_drop: false }`
[INFO] crate git repo https://github.com/cavemanloverboy/introspectardio already has a lockfile, it will not be regenerated
[INFO] running `Command { std: CARGO_HOME="/workspace/cargo-home" RUSTUP_HOME="/workspace/rustup-home" "/workspace/cargo-home/bin/cargo" "+1.99.0-beta.1" "fetch" "--manifest-path" "Cargo.toml", kill_on_drop: false }`
[INFO] running `Command { std: "docker" "create" "-v" "/var/lib/crater-agent-workspace/builds/worker-4-tc2/source:/opt/rustwide/workdir:ro,Z" "-v" "/var/lib/crater-agent-workspace/builds/worker-4-tc2/target:/opt/rustwide/target:rw,Z" "-v" "/var/lib/crater-agent-workspace/cargo-home:/opt/rustwide/cargo-home:ro,Z" "-v" "/var/lib/crater-agent-workspace/rustup-home:/opt/rustwide/rustup-home:ro,Z" "-m" "1610612736" "--network" "none" "ghcr.io/rust-lang/crates-build-env/linux@sha256:8683fc1fc2eb5c9ac98e0d076ab094b2ffac7f99da555d2b6a2e27f346de2ec7" "sleep" "infinity", kill_on_drop: false }`
[INFO] [stdout] d461b809ed3a500c722c7a8235a21ee2725d598fb91630781e68c8d77dd6e909
[INFO] running `Command { std: "docker" "start" "d461b809ed3a500c722c7a8235a21ee2725d598fb91630781e68c8d77dd6e909", kill_on_drop: false }`
[INFO] running `Command { std: "docker" "inspect" "d461b809ed3a500c722c7a8235a21ee2725d598fb91630781e68c8d77dd6e909", kill_on_drop: false }`
[INFO] running `Command { std: "docker" "exec" "-e" "SOURCE_DIR=/opt/rustwide/workdir" "-e" "CARGO_HOME=/opt/rustwide/cargo-home" "-e" "RUSTUP_HOME=/opt/rustwide/rustup-home" "-e" "CARGO_TARGET_DIR=/opt/rustwide/target" "-w" "/opt/rustwide/workdir" "--user" "0:0" "d461b809ed3a500c722c7a8235a21ee2725d598fb91630781e68c8d77dd6e909" "/opt/rustwide/cargo-home/bin/cargo" "+1.99.0-beta.1" "metadata" "--no-deps" "--format-version=1", kill_on_drop: false }`
[INFO] running `Command { std: "docker" "inspect" "d461b809ed3a500c722c7a8235a21ee2725d598fb91630781e68c8d77dd6e909", kill_on_drop: false }`
[INFO] running `Command { std: "docker" "exec" "-e" "SOURCE_DIR=/opt/rustwide/workdir" "-e" "CARGO_HOME=/opt/rustwide/cargo-home" "-e" "RUSTUP_HOME=/opt/rustwide/rustup-home" "-e" "CARGO_TARGET_DIR=/opt/rustwide/target" "-e" "CARGO_INCREMENTAL=0" "-e" "RUST_BACKTRACE=full" "-e" "RUSTFLAGS=--cap-lints=warn" "-e" "RUSTDOCFLAGS=--cap-lints=warn" "-w" "/opt/rustwide/workdir" "--user" "0:0" "d461b809ed3a500c722c7a8235a21ee2725d598fb91630781e68c8d77dd6e909" "/opt/rustwide/cargo-home/bin/cargo" "+1.99.0-beta.1" "build" "--frozen" "--message-format=json" "--release", kill_on_drop: false }`
[INFO] [stderr]    Compiling five8_core v0.1.2
[INFO] [stderr]    Compiling sha2-const-stable v0.1.0
[INFO] [stderr]    Compiling crunchy v0.2.4
[INFO] [stderr]    Compiling pinocchio v0.9.2
[INFO] [stderr]    Compiling keccak-const v0.2.0
[INFO] [stderr]    Compiling hex v0.4.3
[INFO] [stderr]    Compiling five8_const v0.1.4
[INFO] [stderr]    Compiling const-crypto v0.3.0
[INFO] [stderr]    Compiling pinocchio-pubkey v0.3.0
[INFO] [stderr]    Compiling pinocchio-system v0.4.0
[INFO] [stderr]    Compiling pinocchio-token v0.4.0
[INFO] [stderr]    Compiling uint v0.10.0
[INFO] [stderr]    Compiling introspectardio v0.1.0 (/opt/rustwide/workdir)
[INFO] [stdout] warning: trailing semicolon in macro used in expression position
[INFO] [stdout]   --> src/lib.rs:35:1
[INFO] [stdout]    |
[INFO] [stdout] 35 | / construct_uint! {
[INFO] [stdout] 36 | |     pub struct U128(2);
[INFO] [stdout] 37 | | }
[INFO] [stdout]    | |_^
[INFO] [stdout]    |
[INFO] [stdout]    = note: macro invocations at the end of a block are treated as expressions
[INFO] [stdout]    = note: to ignore the value produced by the macro, add a semicolon after the invocation of `uint_full_mul_reg`
[INFO] [stdout]    = warning: this was previously accepted by the compiler but is being phased out; it will become a hard error in a future release!
[INFO] [stdout]    = note: for more information, see issue #79813 <https://github.com/rust-lang/rust/issues/79813>
[INFO] [stdout]    = note: `#[warn(semicolon_in_expressions_from_non_local_macros)]` (part of `#[warn(future_incompatible)]`) on by default
[INFO] [stdout]    = note: this warning originates in the macro `$crate::uint_full_mul_reg` which comes from the expansion of the macro `construct_uint` (in Nightly builds, run with -Z macro-backtrace for more info)
[INFO] [stdout] 
[INFO] [stdout] 
[INFO] [stdout] warning: use of deprecated constant `std::isize::MAX`: replaced by the `MAX` associated constant on this type
[INFO] [stdout]   --> src/lib.rs:35:1
[INFO] [stdout]    |
[INFO] [stdout] 35 | / construct_uint! {
[INFO] [stdout] 36 | |     pub struct U128(2);
[INFO] [stdout] 37 | | }
[INFO] [stdout]    | |_^
[INFO] [stdout]    |
[INFO] [stdout]    = note: `#[warn(deprecated)]` on by default
[INFO] [stdout]    = note: this warning originates in the macro `$crate::uint_overflowing_binop` which comes from the expansion of the macro `construct_uint` (in Nightly builds, run with -Z macro-backtrace for more info)
[INFO] [stdout] 
[INFO] [stdout] 
[INFO] [stdout] warning: use of deprecated constant `std::isize::MAX`: replaced by the `MAX` associated constant on this type
[INFO] [stdout]   --> src/lib.rs:35:1
[INFO] [stdout]    |
[INFO] [stdout] 35 | / construct_uint! {
[INFO] [stdout] 36 | |     pub struct U128(2);
[INFO] [stdout] 37 | | }
[INFO] [stdout]    | |_^
[INFO] [stdout]    |
[INFO] [stdout]    = note: this warning originates in the macro `$crate::uint_overflowing_binop` which comes from the expansion of the macro `construct_uint` (in Nightly builds, run with -Z macro-backtrace for more info)
[INFO] [stdout] 
[INFO] [stdout] 
[INFO] [stdout] warning: use of deprecated associated function `core::num::<impl u64>::max_value`: replaced by the `MAX` associated constant on this type
[INFO] [stdout]   --> src/lib.rs:35:1
[INFO] [stdout]    |
[INFO] [stdout] 35 | / construct_uint! {
[INFO] [stdout] 36 | |     pub struct U128(2);
[INFO] [stdout] 37 | | }
[INFO] [stdout]    | |_^
[INFO] [stdout]    |
[INFO] [stdout]    = note: this warning originates in the macro `$crate::construct_uint` which comes from the expansion of the macro `construct_uint` (in Nightly builds, run with -Z macro-backtrace for more info)
[INFO] [stdout] 
[INFO] [stdout] 
[INFO] [stdout] warning: use of deprecated associated function `core::num::<impl u32>::max_value`: replaced by the `MAX` associated constant on this type
[INFO] [stdout]   --> src/lib.rs:35:1
[INFO] [stdout]    |
[INFO] [stdout] 35 | / construct_uint! {
[INFO] [stdout] 36 | |     pub struct U128(2);
[INFO] [stdout] 37 | | }
[INFO] [stdout]    | |_^
[INFO] [stdout]    |
[INFO] [stdout]    = note: this warning originates in the macro `$crate::construct_uint` which comes from the expansion of the macro `construct_uint` (in Nightly builds, run with -Z macro-backtrace for more info)
[INFO] [stdout] 
[INFO] [stdout] 
[INFO] [stdout] warning: use of deprecated associated function `core::num::<impl usize>::max_value`: replaced by the `MAX` associated constant on this type
[INFO] [stdout]   --> src/lib.rs:35:1
[INFO] [stdout]    |
[INFO] [stdout] 35 | / construct_uint! {
[INFO] [stdout] 36 | |     pub struct U128(2);
[INFO] [stdout] 37 | | }
[INFO] [stdout]    | |_^
[INFO] [stdout]    |
[INFO] [stdout]    = note: this warning originates in the macro `$crate::construct_uint` which comes from the expansion of the macro `construct_uint` (in Nightly builds, run with -Z macro-backtrace for more info)
[INFO] [stdout] 
[INFO] [stdout] 
[INFO] [stdout] warning: use of deprecated associated function `core::num::<impl u64>::max_value`: replaced by the `MAX` associated constant on this type
[INFO] [stdout]   --> src/lib.rs:35:1
[INFO] [stdout]    |
[INFO] [stdout] 35 | / construct_uint! {
[INFO] [stdout] 36 | |     pub struct U128(2);
[INFO] [stdout] 37 | | }
[INFO] [stdout]    | |_^
[INFO] [stdout]    |
[INFO] [stdout]    = note: this warning originates in the macro `$crate::construct_uint` which comes from the expansion of the macro `construct_uint` (in Nightly builds, run with -Z macro-backtrace for more info)
[INFO] [stdout] 
[INFO] [stdout] 
[INFO] [stdout] warning: use of deprecated associated function `core::num::<impl u8>::max_value`: replaced by the `MAX` associated constant on this type
[INFO] [stdout]   --> src/lib.rs:35:1
[INFO] [stdout]    |
[INFO] [stdout] 35 | / construct_uint! {
[INFO] [stdout] 36 | |     pub struct U128(2);
[INFO] [stdout] 37 | | }
[INFO] [stdout]    | |_^
[INFO] [stdout]    |
[INFO] [stdout]    = note: this warning originates in the macro `$crate::impl_try_from_for_primitive` which comes from the expansion of the macro `construct_uint` (in Nightly builds, run with -Z macro-backtrace for more info)
[INFO] [stdout] 
[INFO] [stdout] 
[INFO] [stdout] warning: use of deprecated associated function `core::num::<impl u16>::max_value`: replaced by the `MAX` associated constant on this type
[INFO] [stdout]   --> src/lib.rs:35:1
[INFO] [stdout]    |
[INFO] [stdout] 35 | / construct_uint! {
[INFO] [stdout] 36 | |     pub struct U128(2);
[INFO] [stdout] 37 | | }
[INFO] [stdout]    | |_^
[INFO] [stdout]    |
[INFO] [stdout]    = note: this warning originates in the macro `$crate::impl_try_from_for_primitive` which comes from the expansion of the macro `construct_uint` (in Nightly builds, run with -Z macro-backtrace for more info)
[INFO] [stdout] 
[INFO] [stdout] 
[INFO] [stdout] warning: use of deprecated associated function `core::num::<impl u32>::max_value`: replaced by the `MAX` associated constant on this type
[INFO] [stdout]   --> src/lib.rs:35:1
[INFO] [stdout]    |
[INFO] [stdout] 35 | / construct_uint! {
[INFO] [stdout] 36 | |     pub struct U128(2);
[INFO] [stdout] 37 | | }
[INFO] [stdout]    | |_^
[INFO] [stdout]    |
[INFO] [stdout]    = note: this warning originates in the macro `$crate::impl_try_from_for_primitive` which comes from the expansion of the macro `construct_uint` (in Nightly builds, run with -Z macro-backtrace for more info)
[INFO] [stdout] 
[INFO] [stdout] 
[INFO] [stdout] warning: use of deprecated associated function `core::num::<impl usize>::max_value`: replaced by the `MAX` associated constant on this type
[INFO] [stdout]   --> src/lib.rs:35:1
[INFO] [stdout]    |
[INFO] [stdout] 35 | / construct_uint! {
[INFO] [stdout] 36 | |     pub struct U128(2);
[INFO] [stdout] 37 | | }
[INFO] [stdout]    | |_^
[INFO] [stdout]    |
[INFO] [stdout]    = note: this warning originates in the macro `$crate::impl_try_from_for_primitive` which comes from the expansion of the macro `construct_uint` (in Nightly builds, run with -Z macro-backtrace for more info)
[INFO] [stdout] 
[INFO] [stdout] 
[INFO] [stdout] warning: use of deprecated associated function `core::num::<impl u64>::max_value`: replaced by the `MAX` associated constant on this type
[INFO] [stdout]   --> src/lib.rs:35:1
[INFO] [stdout]    |
[INFO] [stdout] 35 | / construct_uint! {
[INFO] [stdout] 36 | |     pub struct U128(2);
[INFO] [stdout] 37 | | }
[INFO] [stdout]    | |_^
[INFO] [stdout]    |
[INFO] [stdout]    = note: this warning originates in the macro `$crate::impl_try_from_for_primitive` which comes from the expansion of the macro `construct_uint` (in Nightly builds, run with -Z macro-backtrace for more info)
[INFO] [stdout] 
[INFO] [stdout] 
[INFO] [stdout] warning: use of deprecated associated function `core::num::<impl i8>::max_value`: replaced by the `MAX` associated constant on this type
[INFO] [stdout]   --> src/lib.rs:35:1
[INFO] [stdout]    |
[INFO] [stdout] 35 | / construct_uint! {
[INFO] [stdout] 36 | |     pub struct U128(2);
[INFO] [stdout] 37 | | }
[INFO] [stdout]    | |_^
[INFO] [stdout]    |
[INFO] [stdout]    = note: this warning originates in the macro `$crate::impl_try_from_for_primitive` which comes from the expansion of the macro `construct_uint` (in Nightly builds, run with -Z macro-backtrace for more info)
[INFO] [stdout] 
[INFO] [stdout] 
[INFO] [stdout] warning: use of deprecated associated function `core::num::<impl i16>::max_value`: replaced by the `MAX` associated constant on this type
[INFO] [stdout]   --> src/lib.rs:35:1
[INFO] [stdout]    |
[INFO] [stdout] 35 | / construct_uint! {
[INFO] [stdout] 36 | |     pub struct U128(2);
[INFO] [stdout] 37 | | }
[INFO] [stdout]    | |_^
[INFO] [stdout]    |
[INFO] [stdout]    = note: this warning originates in the macro `$crate::impl_try_from_for_primitive` which comes from the expansion of the macro `construct_uint` (in Nightly builds, run with -Z macro-backtrace for more info)
[INFO] [stdout] 
[INFO] [stdout] 
[INFO] [stdout] warning: use of deprecated associated function `core::num::<impl i32>::max_value`: replaced by the `MAX` associated constant on this type
[INFO] [stdout]   --> src/lib.rs:35:1
[INFO] [stdout]    |
[INFO] [stdout] 35 | / construct_uint! {
[INFO] [stdout] 36 | |     pub struct U128(2);
[INFO] [stdout] 37 | | }
[INFO] [stdout]    | |_^
[INFO] [stdout]    |
[INFO] [stdout]    = note: this warning originates in the macro `$crate::impl_try_from_for_primitive` which comes from the expansion of the macro `construct_uint` (in Nightly builds, run with -Z macro-backtrace for more info)
[INFO] [stdout] 
[INFO] [stdout] 
[INFO] [stdout] warning: use of deprecated associated function `core::num::<impl isize>::max_value`: replaced by the `MAX` associated constant on this type
[INFO] [stdout]   --> src/lib.rs:35:1
[INFO] [stdout]    |
[INFO] [stdout] 35 | / construct_uint! {
[INFO] [stdout] 36 | |     pub struct U128(2);
[INFO] [stdout] 37 | | }
[INFO] [stdout]    | |_^
[INFO] [stdout]    |
[INFO] [stdout]    = note: this warning originates in the macro `$crate::impl_try_from_for_primitive` which comes from the expansion of the macro `construct_uint` (in Nightly builds, run with -Z macro-backtrace for more info)
[INFO] [stdout] 
[INFO] [stdout] 
[INFO] [stdout] warning: use of deprecated associated function `core::num::<impl i64>::max_value`: replaced by the `MAX` associated constant on this type
[INFO] [stdout]   --> src/lib.rs:35:1
[INFO] [stdout]    |
[INFO] [stdout] 35 | / construct_uint! {
[INFO] [stdout] 36 | |     pub struct U128(2);
[INFO] [stdout] 37 | | }
[INFO] [stdout]    | |_^
[INFO] [stdout]    |
[INFO] [stdout]    = note: this warning originates in the macro `$crate::impl_try_from_for_primitive` which comes from the expansion of the macro `construct_uint` (in Nightly builds, run with -Z macro-backtrace for more info)
[INFO] [stdout] 
[INFO] [stdout] 
[INFO] [stdout] warning: use of deprecated associated function `core::num::<impl i128>::max_value`: replaced by the `MAX` associated constant on this type
[INFO] [stdout]   --> src/lib.rs:35:1
[INFO] [stdout]    |
[INFO] [stdout] 35 | / construct_uint! {
[INFO] [stdout] 36 | |     pub struct U128(2);
[INFO] [stdout] 37 | | }
[INFO] [stdout]    | |_^
[INFO] [stdout]    |
[INFO] [stdout]    = note: this warning originates in the macro `construct_uint` (in Nightly builds, run with -Z macro-backtrace for more info)
[INFO] [stdout] 
[INFO] [stdout] 
[INFO] [stderr]     Finished `release` profile [optimized] target(s) in 2.64s
[INFO] [stderr] warning: the following packages contain code that will be rejected by a future version of Rust: introspectardio v0.1.0 (/opt/rustwide/workdir)
[INFO] [stderr] note: to see what the problems were, use the option `--future-incompat-report`, or run `cargo report future-incompatibilities --id 4`
[INFO] running `Command { std: "docker" "inspect" "d461b809ed3a500c722c7a8235a21ee2725d598fb91630781e68c8d77dd6e909", kill_on_drop: false }`
[INFO] running `Command { std: "docker" "exec" "-e" "SOURCE_DIR=/opt/rustwide/workdir" "-e" "CARGO_HOME=/opt/rustwide/cargo-home" "-e" "RUSTUP_HOME=/opt/rustwide/rustup-home" "-e" "CARGO_TARGET_DIR=/opt/rustwide/target" "-e" "CARGO_INCREMENTAL=0" "-e" "RUST_BACKTRACE=full" "-e" "RUSTFLAGS=--cap-lints=warn" "-e" "RUSTDOCFLAGS=--cap-lints=warn" "-w" "/opt/rustwide/workdir" "--user" "0:0" "d461b809ed3a500c722c7a8235a21ee2725d598fb91630781e68c8d77dd6e909" "/opt/rustwide/cargo-home/bin/cargo" "+1.99.0-beta.1" "test" "--frozen" "--no-run" "--message-format=json" "--release", kill_on_drop: false }`
[INFO] [stderr]    Compiling proc-macro2 v1.0.103
[INFO] [stderr]    Compiling quote v1.0.42
[INFO] [stderr]    Compiling libc v0.2.177
[INFO] [stderr]    Compiling serde_core v1.0.228
[INFO] [stderr]    Compiling serde v1.0.228
[INFO] [stderr]    Compiling zerocopy v0.8.30
[INFO] [stderr]    Compiling winnow v0.7.14
[INFO] [stderr]    Compiling generic-array v0.14.7
[INFO] [stderr]    Compiling indexmap v2.12.1
[INFO] [stderr]    Compiling toml_datetime v0.7.3
[INFO] [stderr]    Compiling semver v1.0.27
[INFO] [stderr]    Compiling borsh v1.6.0
[INFO] [stderr]    Compiling solana-sanitize v3.0.1
[INFO] [stderr]    Compiling five8 v0.2.1
[INFO] [stderr]    Compiling num-traits v0.2.19
[INFO] [stderr]    Compiling solana-atomic-u64 v3.0.0
[INFO] [stderr]    Compiling five8 v1.0.0
[INFO] [stderr]    Compiling five8_const v1.0.0
[INFO] [stderr]    Compiling bs58 v0.5.1
[INFO] [stderr]    Compiling log v0.4.28
[INFO] [stderr]    Compiling feature-probe v0.1.1
[INFO] [stderr]    Compiling solana-program-memory v3.1.0
[INFO] [stderr]    Compiling bv v0.11.1
[INFO] [stderr]    Compiling find-msvc-tools v0.1.5
[INFO] [stderr]    Compiling rustc_version v0.4.1
[INFO] [stderr]    Compiling once_cell v1.21.3
[INFO] [stderr]    Compiling solana-define-syscall v4.0.1
[INFO] [stderr]    Compiling arrayref v0.3.9
[INFO] [stderr]    Compiling getrandom v0.3.4
[INFO] [stderr]    Compiling arrayvec v0.7.6
[INFO] [stderr]    Compiling constant_time_eq v0.3.1
[INFO] [stderr]    Compiling solana-msg v3.0.0
[INFO] [stderr]    Compiling cc v1.2.47
[INFO] [stderr]    Compiling byteorder v1.5.0
[INFO] [stderr]    Compiling ahash v0.8.12
[INFO] [stderr]    Compiling memchr v2.7.6
[INFO] [stderr]    Compiling syn v1.0.109
[INFO] [stderr]    Compiling num-bigint v0.2.6
[INFO] [stderr]    Compiling curve25519-dalek v4.1.3
[INFO] [stderr]    Compiling num-complex v0.2.4
[INFO] [stderr]    Compiling num-rational v0.2.4
[INFO] [stderr]    Compiling solana-svm-feature-set v3.0.11
[INFO] [stderr]    Compiling ascii v0.9.3
[INFO] [stderr]    Compiling hash32 v0.3.1
[INFO] [stderr]    Compiling itertools v0.12.1
[INFO] [stderr]    Compiling rustc-demangle v0.1.26
[INFO] [stderr]    Compiling eager v0.1.0
[INFO] [stderr]    Compiling derivation-path v0.2.0
[INFO] [stderr]    Compiling syn v2.0.111
[INFO] [stderr]    Compiling qstring v0.7.2
[INFO] [stderr]    Compiling uriparse v0.6.4
[INFO] [stderr]    Compiling combine v3.8.1
[INFO] [stderr]    Compiling solana-svm-log-collector v3.0.11
[INFO] [stderr]    Compiling num-integer v0.1.46
[INFO] [stderr]    Compiling solana-precompile-error v3.0.0
[INFO] [stderr]    Compiling crunchy v0.2.4
[INFO] [stderr]    Compiling getrandom v0.2.16
[INFO] [stderr]    Compiling num-bigint v0.4.6
[INFO] [stderr]    Compiling rand_core v0.6.4
[INFO] [stderr]    Compiling num-iter v0.1.45
[INFO] [stderr]    Compiling solana-svm-measure v3.0.11
[INFO] [stderr]    Compiling opaque-debug v0.3.1
[INFO] [stderr]    Compiling ff v0.13.1
[INFO] [stderr]    Compiling itertools v0.10.5
[INFO] [stderr]    Compiling base16ct v0.2.0
[INFO] [stderr]    Compiling solana-derivation-path v3.0.0
[INFO] [stderr]    Compiling group v0.13.0
[INFO] [stderr]    Compiling solana-seed-derivable v3.0.0
[INFO] [stderr]    Compiling solana-hash v4.0.1
[INFO] [stderr]    Compiling blake3 v1.8.2
[INFO] [stderr]    Compiling digest v0.9.0
[INFO] [stderr]    Compiling subtle v2.6.1
[INFO] [stderr]    Compiling getrandom v0.1.16
[INFO] [stderr]    Compiling solana-packet v3.0.0
[INFO] [stderr]    Compiling thiserror v1.0.69
[INFO] [stderr]    Compiling toml_parser v1.0.4
[INFO] [stderr]    Compiling libsecp256k1-core v0.2.2
[INFO] [stderr]    Compiling rand_core v0.5.1
[INFO] [stderr]    Compiling base64 v0.12.3
[INFO] [stderr]    Compiling solana-hard-forks v3.0.0
[INFO] [stderr]    Compiling serde_json v1.0.145
[INFO] [stderr]    Compiling solana-native-token v3.0.0
[INFO] [stderr]    Compiling solana-time-utils v3.0.0
[INFO] [stderr]    Compiling memmap2 v0.5.10
[INFO] [stderr]    Compiling chrono v0.4.42
[INFO] [stderr]    Compiling solana-poh-config v3.0.0
[INFO] [stderr]    Compiling memoffset v0.9.1
[INFO] [stderr]    Compiling solana-program-option v3.0.0
[INFO] [stderr]    Compiling siphasher v0.3.11
[INFO] [stderr]    Compiling uint v0.10.0
[INFO] [stderr]    Compiling itertools v0.14.0
[INFO] [stderr]    Compiling ansi_term v0.12.1
[INFO] [stderr]    Compiling toml_edit v0.23.7
[INFO] [stderr]    Compiling serde_bytes v0.11.19
[INFO] [stderr]    Compiling solana-short-vec v3.1.0
[INFO] [stderr]    Compiling ppv-lite86 v0.2.21
[INFO] [stderr]    Compiling libsecp256k1-gen-genmult v0.2.1
[INFO] [stderr]    Compiling libsecp256k1-gen-ecmult v0.2.1
[INFO] [stderr]    Compiling solana-big-mod-exp v3.0.0
[INFO] [stderr]    Compiling num v0.2.1
[INFO] [stderr]    Compiling percentage v0.1.0
[INFO] [stderr]    Compiling hashbrown v0.13.2
[INFO] [stderr]    Compiling libsecp256k1 v0.6.0
[INFO] [stderr]    Compiling rand_chacha v0.3.1
[INFO] [stderr]    Compiling rand_chacha v0.2.2
[INFO] [stderr]    Compiling introspectardio v0.1.0 (/opt/rustwide/workdir)
[INFO] [stdout] warning: trailing semicolon in macro used in expression position
[INFO] [stdout]   --> src/lib.rs:35:1
[INFO] [stdout]    |
[INFO] [stdout] 35 | / construct_uint! {
[INFO] [stdout] 36 | |     pub struct U128(2);
[INFO] [stdout] 37 | | }
[INFO] [stdout]    | |_^
[INFO] [stdout]    |
[INFO] [stdout]    = note: macro invocations at the end of a block are treated as expressions
[INFO] [stdout]    = note: to ignore the value produced by the macro, add a semicolon after the invocation of `uint_full_mul_reg`
[INFO] [stdout]    = warning: this was previously accepted by the compiler but is being phased out; it will become a hard error in a future release!
[INFO] [stdout]    = note: for more information, see issue #79813 <https://github.com/rust-lang/rust/issues/79813>
[INFO] [stdout]    = note: `#[warn(semicolon_in_expressions_from_non_local_macros)]` (part of `#[warn(future_incompatible)]`) on by default
[INFO] [stdout]    = note: this warning originates in the macro `$crate::uint_full_mul_reg` which comes from the expansion of the macro `construct_uint` (in Nightly builds, run with -Z macro-backtrace for more info)
[INFO] [stdout] 
[INFO] [stdout] 
[INFO] [stdout] warning: use of deprecated constant `std::isize::MAX`: replaced by the `MAX` associated constant on this type
[INFO] [stdout]   --> src/lib.rs:35:1
[INFO] [stdout]    |
[INFO] [stdout] 35 | / construct_uint! {
[INFO] [stdout] 36 | |     pub struct U128(2);
[INFO] [stdout] 37 | | }
[INFO] [stdout]    | |_^
[INFO] [stdout]    |
[INFO] [stdout]    = note: `#[warn(deprecated)]` on by default
[INFO] [stdout]    = note: this warning originates in the macro `$crate::uint_overflowing_binop` which comes from the expansion of the macro `construct_uint` (in Nightly builds, run with -Z macro-backtrace for more info)
[INFO] [stdout] 
[INFO] [stdout] 
[INFO] [stdout] warning: use of deprecated constant `std::isize::MAX`: replaced by the `MAX` associated constant on this type
[INFO] [stdout]   --> src/lib.rs:35:1
[INFO] [stdout]    |
[INFO] [stdout] 35 | / construct_uint! {
[INFO] [stdout] 36 | |     pub struct U128(2);
[INFO] [stdout] 37 | | }
[INFO] [stdout]    | |_^
[INFO] [stdout]    |
[INFO] [stdout]    = note: this warning originates in the macro `$crate::uint_overflowing_binop` which comes from the expansion of the macro `construct_uint` (in Nightly builds, run with -Z macro-backtrace for more info)
[INFO] [stdout] 
[INFO] [stdout] 
[INFO] [stdout] warning: use of deprecated associated function `core::num::<impl u64>::max_value`: replaced by the `MAX` associated constant on this type
[INFO] [stdout]   --> src/lib.rs:35:1
[INFO] [stdout]    |
[INFO] [stdout] 35 | / construct_uint! {
[INFO] [stdout] 36 | |     pub struct U128(2);
[INFO] [stdout] 37 | | }
[INFO] [stdout]    | |_^
[INFO] [stdout]    |
[INFO] [stdout]    = note: this warning originates in the macro `$crate::construct_uint` which comes from the expansion of the macro `construct_uint` (in Nightly builds, run with -Z macro-backtrace for more info)
[INFO] [stdout] 
[INFO] [stdout] 
[INFO] [stdout] warning: use of deprecated associated function `core::num::<impl u32>::max_value`: replaced by the `MAX` associated constant on this type
[INFO] [stdout]   --> src/lib.rs:35:1
[INFO] [stdout]    |
[INFO] [stdout] 35 | / construct_uint! {
[INFO] [stdout] 36 | |     pub struct U128(2);
[INFO] [stdout] 37 | | }
[INFO] [stdout]    | |_^
[INFO] [stdout]    |
[INFO] [stdout]    = note: this warning originates in the macro `$crate::construct_uint` which comes from the expansion of the macro `construct_uint` (in Nightly builds, run with -Z macro-backtrace for more info)
[INFO] [stdout] 
[INFO] [stdout] 
[INFO] [stderr]    Compiling rand v0.8.5
[INFO] [stdout] warning: use of deprecated associated function `core::num::<impl usize>::max_value`: replaced by the `MAX` associated constant on this type
[INFO] [stdout]   --> src/lib.rs:35:1
[INFO] [stdout]    |
[INFO] [stdout] 35 | / construct_uint! {
[INFO] [stdout] 36 | |     pub struct U128(2);
[INFO] [stdout] 37 | | }
[INFO] [stdout]    | |_^
[INFO] [stdout]    |
[INFO] [stdout]    = note: this warning originates in the macro `$crate::construct_uint` which comes from the expansion of the macro `construct_uint` (in Nightly builds, run with -Z macro-backtrace for more info)
[INFO] [stdout] 
[INFO] [stdout] 
[INFO] [stdout] warning: use of deprecated associated function `core::num::<impl u64>::max_value`: replaced by the `MAX` associated constant on this type
[INFO] [stdout]   --> src/lib.rs:35:1
[INFO] [stdout]    |
[INFO] [stdout] 35 | / construct_uint! {
[INFO] [stdout] 36 | |     pub struct U128(2);
[INFO] [stdout] 37 | | }
[INFO] [stdout]    | |_^
[INFO] [stdout]    |
[INFO] [stdout]    = note: this warning originates in the macro `$crate::construct_uint` which comes from the expansion of the macro `construct_uint` (in Nightly builds, run with -Z macro-backtrace for more info)
[INFO] [stdout] 
[INFO] [stdout] 
[INFO] [stdout] warning: use of deprecated associated function `core::num::<impl u8>::max_value`: replaced by the `MAX` associated constant on this type
[INFO] [stdout]   --> src/lib.rs:35:1
[INFO] [stdout]    |
[INFO] [stdout] 35 | / construct_uint! {
[INFO] [stdout] 36 | |     pub struct U128(2);
[INFO] [stdout] 37 | | }
[INFO] [stdout]    | |_^
[INFO] [stdout]    |
[INFO] [stdout]    = note: this warning originates in the macro `$crate::impl_try_from_for_primitive` which comes from the expansion of the macro `construct_uint` (in Nightly builds, run with -Z macro-backtrace for more info)
[INFO] [stdout] 
[INFO] [stdout] 
[INFO] [stdout] warning: use of deprecated associated function `core::num::<impl u16>::max_value`: replaced by the `MAX` associated constant on this type
[INFO] [stdout]   --> src/lib.rs:35:1
[INFO] [stdout]    |
[INFO] [stdout] 35 | / construct_uint! {
[INFO] [stdout] 36 | |     pub struct U128(2);
[INFO] [stdout] 37 | | }
[INFO] [stdout]    | |_^
[INFO] [stdout]    |
[INFO] [stdout]    = note: this warning originates in the macro `$crate::impl_try_from_for_primitive` which comes from the expansion of the macro `construct_uint` (in Nightly builds, run with -Z macro-backtrace for more info)
[INFO] [stdout] 
[INFO] [stdout] 
[INFO] [stdout] warning: use of deprecated associated function `core::num::<impl u32>::max_value`: replaced by the `MAX` associated constant on this type
[INFO] [stdout]   --> src/lib.rs:35:1
[INFO] [stdout]    |
[INFO] [stdout] 35 | / construct_uint! {
[INFO] [stdout] 36 | |     pub struct U128(2);
[INFO] [stdout] 37 | | }
[INFO] [stdout]    | |_^
[INFO] [stdout]    |
[INFO] [stdout]    = note: this warning originates in the macro `$crate::impl_try_from_for_primitive` which comes from the expansion of the macro `construct_uint` (in Nightly builds, run with -Z macro-backtrace for more info)
[INFO] [stdout] 
[INFO] [stdout] 
[INFO] [stdout] warning: use of deprecated associated function `core::num::<impl usize>::max_value`: replaced by the `MAX` associated constant on this type
[INFO] [stdout]   --> src/lib.rs:35:1
[INFO] [stdout]    |
[INFO] [stdout] 35 | / construct_uint! {
[INFO] [stdout] 36 | |     pub struct U128(2);
[INFO] [stdout] 37 | | }
[INFO] [stdout]    | |_^
[INFO] [stdout]    |
[INFO] [stdout]    = note: this warning originates in the macro `$crate::impl_try_from_for_primitive` which comes from the expansion of the macro `construct_uint` (in Nightly builds, run with -Z macro-backtrace for more info)
[INFO] [stdout] 
[INFO] [stdout] 
[INFO] [stdout] warning: use of deprecated associated function `core::num::<impl u64>::max_value`: replaced by the `MAX` associated constant on this type
[INFO] [stdout]   --> src/lib.rs:35:1
[INFO] [stdout]    |
[INFO] [stdout] 35 | / construct_uint! {
[INFO] [stdout] 36 | |     pub struct U128(2);
[INFO] [stdout] 37 | | }
[INFO] [stdout]    | |_^
[INFO] [stdout]    |
[INFO] [stdout]    = note: this warning originates in the macro `$crate::impl_try_from_for_primitive` which comes from the expansion of the macro `construct_uint` (in Nightly builds, run with -Z macro-backtrace for more info)
[INFO] [stdout] 
[INFO] [stdout] 
[INFO] [stdout] warning: use of deprecated associated function `core::num::<impl i8>::max_value`: replaced by the `MAX` associated constant on this type
[INFO] [stdout]   --> src/lib.rs:35:1
[INFO] [stdout]    |
[INFO] [stdout] 35 | / construct_uint! {
[INFO] [stdout] 36 | |     pub struct U128(2);
[INFO] [stdout] 37 | | }
[INFO] [stdout]    | |_^
[INFO] [stdout]    |
[INFO] [stdout]    = note: this warning originates in the macro `$crate::impl_try_from_for_primitive` which comes from the expansion of the macro `construct_uint` (in Nightly builds, run with -Z macro-backtrace for more info)
[INFO] [stdout] 
[INFO] [stdout] 
[INFO] [stdout] warning: use of deprecated associated function `core::num::<impl i16>::max_value`: replaced by the `MAX` associated constant on this type
[INFO] [stdout]   --> src/lib.rs:35:1
[INFO] [stdout]    |
[INFO] [stdout] 35 | / construct_uint! {
[INFO] [stdout] 36 | |     pub struct U128(2);
[INFO] [stdout] 37 | | }
[INFO] [stdout]    | |_^
[INFO] [stdout]    |
[INFO] [stdout]    = note: this warning originates in the macro `$crate::impl_try_from_for_primitive` which comes from the expansion of the macro `construct_uint` (in Nightly builds, run with -Z macro-backtrace for more info)
[INFO] [stdout] 
[INFO] [stdout] 
[INFO] [stdout] warning: use of deprecated associated function `core::num::<impl i32>::max_value`: replaced by the `MAX` associated constant on this type
[INFO] [stdout]   --> src/lib.rs:35:1
[INFO] [stdout]    |
[INFO] [stdout] 35 | / construct_uint! {
[INFO] [stdout] 36 | |     pub struct U128(2);
[INFO] [stdout] 37 | | }
[INFO] [stdout]    | |_^
[INFO] [stdout]    |
[INFO] [stdout]    = note: this warning originates in the macro `$crate::impl_try_from_for_primitive` which comes from the expansion of the macro `construct_uint` (in Nightly builds, run with -Z macro-backtrace for more info)
[INFO] [stdout] 
[INFO] [stdout] 
[INFO] [stdout] warning: use of deprecated associated function `core::num::<impl isize>::max_value`: replaced by the `MAX` associated constant on this type
[INFO] [stdout]   --> src/lib.rs:35:1
[INFO] [stdout]    |
[INFO] [stdout] 35 | / construct_uint! {
[INFO] [stdout] 36 | |     pub struct U128(2);
[INFO] [stdout] 37 | | }
[INFO] [stdout]    | |_^
[INFO] [stdout]    |
[INFO] [stdout]    = note: this warning originates in the macro `$crate::impl_try_from_for_primitive` which comes from the expansion of the macro `construct_uint` (in Nightly builds, run with -Z macro-backtrace for more info)
[INFO] [stdout] 
[INFO] [stdout] 
[INFO] [stdout] warning: use of deprecated associated function `core::num::<impl i64>::max_value`: replaced by the `MAX` associated constant on this type
[INFO] [stdout]   --> src/lib.rs:35:1
[INFO] [stdout]    |
[INFO] [stdout] 35 | / construct_uint! {
[INFO] [stdout] 36 | |     pub struct U128(2);
[INFO] [stdout] 37 | | }
[INFO] [stdout]    | |_^
[INFO] [stdout]    |
[INFO] [stdout]    = note: this warning originates in the macro `$crate::impl_try_from_for_primitive` which comes from the expansion of the macro `construct_uint` (in Nightly builds, run with -Z macro-backtrace for more info)
[INFO] [stdout] 
[INFO] [stdout] 
[INFO] [stdout] warning: use of deprecated associated function `core::num::<impl i128>::max_value`: replaced by the `MAX` associated constant on this type
[INFO] [stdout]   --> src/lib.rs:35:1
[INFO] [stdout]    |
[INFO] [stdout] 35 | / construct_uint! {
[INFO] [stdout] 36 | |     pub struct U128(2);
[INFO] [stdout] 37 | | }
[INFO] [stdout]    | |_^
[INFO] [stdout]    |
[INFO] [stdout]    = note: this warning originates in the macro `construct_uint` (in Nightly builds, run with -Z macro-backtrace for more info)
[INFO] [stdout] 
[INFO] [stdout] 
[INFO] [stderr]    Compiling proc-macro-crate v3.4.0
[INFO] [stderr]    Compiling rand v0.7.3
[INFO] [stderr]    Compiling ark-std v0.4.0
[INFO] [stderr]    Compiling solana-svm-type-overrides v3.0.11
[INFO] [stderr]    Compiling darling_core v0.21.3
[INFO] [stderr]    Compiling zeroize_derive v1.4.2
[INFO] [stderr]    Compiling serde_derive v1.0.228
[INFO] [stderr]    Compiling borsh-derive v1.6.0
[INFO] [stderr]    Compiling bytemuck_derive v1.10.2
[INFO] [stderr]    Compiling curve25519-dalek-derive v0.1.1
[INFO] [stderr]    Compiling solana-sdk-macro v3.0.0
[INFO] [stderr]    Compiling thiserror-impl v2.0.17
[INFO] [stderr]    Compiling enum-iterator-derive v1.5.0
[INFO] [stderr]    Compiling num-derive v0.4.2
[INFO] [stderr]    Compiling thiserror-impl v1.0.69
[INFO] [stderr]    Compiling cfg_eval v0.1.2
[INFO] [stderr]    Compiling qualifier_attr v0.2.2
[INFO] [stderr]    Compiling num_enum_derive v0.7.5
[INFO] [stderr]    Compiling zeroize v1.8.2
[INFO] [stderr]    Compiling der v0.7.10
[INFO] [stderr]    Compiling merlin v3.0.0
[INFO] [stderr]    Compiling num_enum v0.7.5
[INFO] [stderr]    Compiling ark-serialize-derive v0.4.2
[INFO] [stderr]    Compiling derivative v2.2.0
[INFO] [stderr]    Compiling ark-ff-asm v0.4.2
[INFO] [stderr]    Compiling ark-ff-macros v0.4.2
[INFO] [stderr]    Compiling thiserror v2.0.17
[INFO] [stderr]    Compiling bytemuck v1.24.0
[INFO] [stderr]    Compiling enum-iterator v1.5.0
[INFO] [stderr]    Compiling solana-sbpf v0.12.2
[INFO] [stderr]    Compiling crypto-common v0.1.7
[INFO] [stderr]    Compiling block-buffer v0.10.4
[INFO] [stderr]    Compiling crypto-bigint v0.5.5
[INFO] [stderr]    Compiling inout v0.1.4
[INFO] [stderr]    Compiling block-buffer v0.9.0
[INFO] [stderr]    Compiling cipher v0.4.4
[INFO] [stderr]    Compiling universal-hash v0.5.1
[INFO] [stderr]    Compiling aead v0.5.2
[INFO] [stderr]    Compiling sha2 v0.9.9
[INFO] [stderr]    Compiling polyval v0.6.2
[INFO] [stderr]    Compiling digest v0.10.7
[INFO] [stderr]    Compiling ctr v0.9.2
[INFO] [stderr]    Compiling aes v0.8.4
[INFO] [stderr]    Compiling solana-borsh v3.0.0
[INFO] [stderr]    Compiling sha2 v0.10.9
[INFO] [stderr]    Compiling signature v2.2.0
[INFO] [stderr]    Compiling hmac v0.12.1
[INFO] [stderr]    Compiling ed25519 v2.2.3
[INFO] [stderr]    Compiling sha3 v0.10.8
[INFO] [stderr]    Compiling ark-serialize v0.4.2
[INFO] [stderr]    Compiling pbkdf2 v0.11.0
[INFO] [stderr]    Compiling solana-seed-phrase v3.0.0
[INFO] [stderr]    Compiling rfc6979 v0.4.0
[INFO] [stderr]    Compiling solana-blake3-hasher v3.1.0
[INFO] [stderr]    Compiling spki v0.7.3
[INFO] [stderr]    Compiling ark-ff v0.4.2
[INFO] [stderr]    Compiling sec1 v0.7.3
[INFO] [stderr]    Compiling solana-keccak-hasher v3.1.0
[INFO] [stderr]    Compiling aes-gcm-siv v0.11.1
[INFO] [stderr]    Compiling pkcs8 v0.10.2
[INFO] [stderr]    Compiling elliptic-curve v0.13.8
[INFO] [stderr]    Compiling darling_macro v0.21.3
[INFO] [stderr]    Compiling darling v0.21.3
[INFO] [stderr]    Compiling serde_with_macros v3.16.0
[INFO] [stderr]    Compiling ecdsa v0.16.9
[INFO] [stderr]    Compiling k256 v0.13.4
[INFO] [stderr]    Compiling serde_with v3.16.0
[INFO] [stderr]    Compiling solana-program-error v3.0.0
[INFO] [stderr]    Compiling solana-hash v3.0.0
[INFO] [stderr]    Compiling bincode v1.3.3
[INFO] [stderr]    Compiling serde-big-array v0.5.1
[INFO] [stderr]    Compiling solana-fee-calculator v3.0.0
[INFO] [stderr]    Compiling solana-fee-structure v3.0.0
[INFO] [stderr]    Compiling solana-serde-varint v3.0.0
[INFO] [stderr]    Compiling solana-inflation v3.0.0
[INFO] [stderr]    Compiling solana-serde v3.0.0
[INFO] [stderr]    Compiling solana-epoch-info v3.1.0
[INFO] [stderr]    Compiling solana-sha256-hasher v3.0.1
[INFO] [stderr]    Compiling solana-cluster-type v3.0.0
[INFO] [stderr]    Compiling solana-instruction-error v2.1.0
[INFO] [stderr]    Compiling solana-program-pack v3.0.0
[INFO] [stderr]    Compiling solana-shred-version v3.0.0
[INFO] [stderr]    Compiling solana-secp256k1-recover v3.1.0
[INFO] [stderr]    Compiling solana-transaction-error v3.0.0
[INFO] [stderr]    Compiling solana-bincode v3.1.0
[INFO] [stderr]    Compiling solana-address v2.0.0
[INFO] [stderr]    Compiling ed25519-dalek v2.2.0
[INFO] [stderr]    Compiling solana-curve25519 v3.0.11
[INFO] [stderr]    Compiling solana-signature v3.1.0
[INFO] [stderr]    Compiling ed25519-dalek-bip32 v0.3.0
[INFO] [stderr]    Compiling solana-address v1.1.0
[INFO] [stderr]    Compiling solana-account-info v3.1.0
[INFO] [stderr]    Compiling solana-pubkey v4.0.0
[INFO] [stderr]    Compiling solana-epoch-rewards-hasher v3.1.0
[INFO] [stderr]    Compiling solana-pubkey v3.0.0
[INFO] [stderr]    Compiling solana-sdk-ids v3.0.0
[INFO] [stderr]    Compiling solana-instruction v3.0.0
[INFO] [stderr]    Compiling solana-signer v3.0.0
[INFO] [stderr]    Compiling solana-program-entrypoint v3.1.1
[INFO] [stderr]    Compiling solana-serialize-utils v3.1.0
[INFO] [stderr]    Compiling solana-svm-timings v3.0.11
[INFO] [stderr]    Compiling solana-sysvar-id v3.0.0
[INFO] [stderr]    Compiling solana-nonce v3.0.0
[INFO] [stderr]    Compiling solana-epoch-schedule v3.0.0
[INFO] [stderr]    Compiling solana-clock v3.0.0
[INFO] [stderr]    Compiling solana-slot-hashes v3.0.0
[INFO] [stderr]    Compiling solana-rent v3.0.0
[INFO] [stderr]    Compiling solana-last-restart-slot v3.0.0
[INFO] [stderr]    Compiling solana-slot-history v3.0.0
[INFO] [stderr]    Compiling solana-epoch-rewards v3.0.0
[INFO] [stderr]    Compiling solana-system-interface v2.0.0
[INFO] [stderr]    Compiling solana-message v3.0.1
[INFO] [stderr]    Compiling solana-cpi v3.1.0
[INFO] [stderr]    Compiling solana-instructions-sysvar v3.0.0
[INFO] [stderr]    Compiling agave-feature-set v3.0.11
[INFO] [stderr]    Compiling solana-stable-layout v3.0.0
[INFO] [stderr]    Compiling solana-keypair v3.0.1
[INFO] [stderr]    Compiling solana-sysvar v3.0.0
[INFO] [stderr]    Compiling solana-loader-v3-interface v6.1.0
[INFO] [stderr]    Compiling solana-address-lookup-table-interface v3.0.0
[INFO] [stderr]    Compiling solana-zk-sdk v4.0.0
[INFO] [stderr]    Compiling solana-compute-budget-interface v3.0.0
[INFO] [stderr]    Compiling solana-epoch-stake v3.0.0
[INFO] [stderr]    Compiling solana-loader-v4-interface v3.1.0
[INFO] [stderr]    Compiling solana-vote-interface v3.0.0
[INFO] [stderr]    Compiling solana-account v3.0.0
[INFO] [stderr]    Compiling solana-stake-interface v2.0.1
[INFO] [stderr]    Compiling solana-zk-token-sdk v3.0.11
[INFO] [stderr]    Compiling solana-presigner v3.0.0
[INFO] [stderr]    Compiling agave-reserved-account-keys v3.0.11
[INFO] [stderr]    Compiling solana-offchain-message v3.0.0
[INFO] [stderr]    Compiling solana-system-interface v3.0.0
[INFO] [stderr]    Compiling solana-svm-callback v3.0.11
[INFO] [stderr]    Compiling solana-transaction-context v3.0.11
[INFO] [stderr]    Compiling solana-genesis-config v3.0.0
[INFO] [stderr]    Compiling solana-nonce-account v3.0.0
[INFO] [stderr]    Compiling solana-transaction v3.0.1
[INFO] [stderr]    Compiling solana-config-interface v2.0.0
[INFO] [stderr]    Compiling solana-example-mocks v3.0.0
[INFO] [stderr]    Compiling solana-svm-transaction v3.0.11
[INFO] [stderr]    Compiling solana-program v3.0.0
[INFO] [stderr]    Compiling solana-program-runtime v3.0.11
[INFO] [stderr]    Compiling solana-fee v3.0.11
[INFO] [stderr]    Compiling solana-sdk v3.0.0
[INFO] [stderr]    Compiling solana-vote-program v3.0.11
[INFO] [stderr]    Compiling solana-stake-program v3.0.11
[INFO] [stderr]    Compiling solana-compute-budget-program v3.0.11
[INFO] [stderr]    Compiling solana-system-program v3.0.11
[INFO] [stderr]    Compiling solana-compute-budget v3.0.11
[INFO] [stderr]    Compiling ark-poly v0.4.2
[INFO] [stderr]    Compiling ark-ec v0.4.2
[INFO] [stderr]    Compiling solana-zk-elgamal-proof-program v3.0.11
[INFO] [stderr]    Compiling solana-zk-token-proof-program v3.0.11
[INFO] [stderr]    Compiling ark-bn254 v0.4.0
[INFO] [stderr]    Compiling light-poseidon v0.2.0
[INFO] [stderr]    Compiling solana-bn254 v3.1.2
[INFO] [stderr]    Compiling solana-poseidon v3.0.11
[INFO] [stderr]    Compiling agave-syscalls v3.0.11
[INFO] [stderr]    Compiling solana-bpf-loader-program v3.0.11
[INFO] [stderr]    Compiling solana-loader-v4-program v3.0.11
[INFO] [stderr]    Compiling solana-builtins-default-costs v3.0.11
[INFO] [stderr]    Compiling solana-builtins v3.0.11
[INFO] [stderr]    Compiling solana-compute-budget-instruction v3.0.11
[INFO] [stderr]    Compiling litesvm v0.8.2
[INFO] [stdout] warning: trailing semicolon in macro used in expression position
[INFO] [stdout]   --> src/lib.rs:35:1
[INFO] [stdout]    |
[INFO] [stdout] 35 | / construct_uint! {
[INFO] [stdout] 36 | |     pub struct U128(2);
[INFO] [stdout] 37 | | }
[INFO] [stdout]    | |_^
[INFO] [stdout]    |
[INFO] [stdout]    = note: macro invocations at the end of a block are treated as expressions
[INFO] [stdout]    = note: to ignore the value produced by the macro, add a semicolon after the invocation of `uint_full_mul_reg`
[INFO] [stdout]    = warning: this was previously accepted by the compiler but is being phased out; it will become a hard error in a future release!
[INFO] [stdout]    = note: for more information, see issue #79813 <https://github.com/rust-lang/rust/issues/79813>
[INFO] [stdout]    = note: `#[warn(semicolon_in_expressions_from_non_local_macros)]` (part of `#[warn(future_incompatible)]`) on by default
[INFO] [stdout]    = note: this warning originates in the macro `$crate::uint_full_mul_reg` which comes from the expansion of the macro `construct_uint` (in Nightly builds, run with -Z macro-backtrace for more info)
[INFO] [stdout] 
[INFO] [stdout] 
[INFO] [stdout] warning: use of deprecated constant `std::isize::MAX`: replaced by the `MAX` associated constant on this type
[INFO] [stdout]   --> src/lib.rs:35:1
[INFO] [stdout]    |
[INFO] [stdout] 35 | / construct_uint! {
[INFO] [stdout] 36 | |     pub struct U128(2);
[INFO] [stdout] 37 | | }
[INFO] [stdout]    | |_^
[INFO] [stdout]    |
[INFO] [stdout]    = note: `#[warn(deprecated)]` on by default
[INFO] [stdout]    = note: this warning originates in the macro `$crate::uint_overflowing_binop` which comes from the expansion of the macro `construct_uint` (in Nightly builds, run with -Z macro-backtrace for more info)
[INFO] [stdout] 
[INFO] [stdout] 
[INFO] [stdout] warning: use of deprecated constant `std::isize::MAX`: replaced by the `MAX` associated constant on this type
[INFO] [stdout]   --> src/lib.rs:35:1
[INFO] [stdout]    |
[INFO] [stdout] 35 | / construct_uint! {
[INFO] [stdout] 36 | |     pub struct U128(2);
[INFO] [stdout] 37 | | }
[INFO] [stdout]    | |_^
[INFO] [stdout]    |
[INFO] [stdout]    = note: this warning originates in the macro `$crate::uint_overflowing_binop` which comes from the expansion of the macro `construct_uint` (in Nightly builds, run with -Z macro-backtrace for more info)
[INFO] [stdout] 
[INFO] [stdout] 
[INFO] [stdout] warning: use of deprecated associated function `core::num::<impl u64>::max_value`: replaced by the `MAX` associated constant on this type
[INFO] [stdout]   --> src/lib.rs:35:1
[INFO] [stdout]    |
[INFO] [stdout] 35 | / construct_uint! {
[INFO] [stdout] 36 | |     pub struct U128(2);
[INFO] [stdout] 37 | | }
[INFO] [stdout]    | |_^
[INFO] [stdout]    |
[INFO] [stdout]    = note: this warning originates in the macro `$crate::construct_uint` which comes from the expansion of the macro `construct_uint` (in Nightly builds, run with -Z macro-backtrace for more info)
[INFO] [stdout] 
[INFO] [stdout] 
[INFO] [stdout] warning: use of deprecated associated function `core::num::<impl u32>::max_value`: replaced by the `MAX` associated constant on this type
[INFO] [stdout]   --> src/lib.rs:35:1
[INFO] [stdout]    |
[INFO] [stdout] 35 | / construct_uint! {
[INFO] [stdout] 36 | |     pub struct U128(2);
[INFO] [stdout] 37 | | }
[INFO] [stdout]    | |_^
[INFO] [stdout]    |
[INFO] [stdout]    = note: this warning originates in the macro `$crate::construct_uint` which comes from the expansion of the macro `construct_uint` (in Nightly builds, run with -Z macro-backtrace for more info)
[INFO] [stdout] 
[INFO] [stdout] 
[INFO] [stdout] warning: use of deprecated associated function `core::num::<impl usize>::max_value`: replaced by the `MAX` associated constant on this type
[INFO] [stdout]   --> src/lib.rs:35:1
[INFO] [stdout]    |
[INFO] [stdout] 35 | / construct_uint! {
[INFO] [stdout] 36 | |     pub struct U128(2);
[INFO] [stdout] 37 | | }
[INFO] [stdout]    | |_^
[INFO] [stdout]    |
[INFO] [stdout]    = note: this warning originates in the macro `$crate::construct_uint` which comes from the expansion of the macro `construct_uint` (in Nightly builds, run with -Z macro-backtrace for more info)
[INFO] [stdout] 
[INFO] [stdout] 
[INFO] [stdout] warning: use of deprecated associated function `core::num::<impl u64>::max_value`: replaced by the `MAX` associated constant on this type
[INFO] [stdout]   --> src/lib.rs:35:1
[INFO] [stdout]    |
[INFO] [stdout] 35 | / construct_uint! {
[INFO] [stdout] 36 | |     pub struct U128(2);
[INFO] [stdout] 37 | | }
[INFO] [stdout]    | |_^
[INFO] [stdout]    |
[INFO] [stdout]    = note: this warning originates in the macro `$crate::construct_uint` which comes from the expansion of the macro `construct_uint` (in Nightly builds, run with -Z macro-backtrace for more info)
[INFO] [stdout] 
[INFO] [stdout] 
[INFO] [stdout] warning: use of deprecated associated function `core::num::<impl u8>::max_value`: replaced by the `MAX` associated constant on this type
[INFO] [stdout]   --> src/lib.rs:35:1
[INFO] [stdout]    |
[INFO] [stdout] 35 | / construct_uint! {
[INFO] [stdout] 36 | |     pub struct U128(2);
[INFO] [stdout] 37 | | }
[INFO] [stdout]    | |_^
[INFO] [stdout]    |
[INFO] [stdout]    = note: this warning originates in the macro `$crate::impl_try_from_for_primitive` which comes from the expansion of the macro `construct_uint` (in Nightly builds, run with -Z macro-backtrace for more info)
[INFO] [stdout] 
[INFO] [stdout] 
[INFO] [stdout] warning: use of deprecated associated function `core::num::<impl u16>::max_value`: replaced by the `MAX` associated constant on this type
[INFO] [stdout]   --> src/lib.rs:35:1
[INFO] [stdout]    |
[INFO] [stdout] 35 | / construct_uint! {
[INFO] [stdout] 36 | |     pub struct U128(2);
[INFO] [stdout] 37 | | }
[INFO] [stdout]    | |_^
[INFO] [stdout]    |
[INFO] [stdout]    = note: this warning originates in the macro `$crate::impl_try_from_for_primitive` which comes from the expansion of the macro `construct_uint` (in Nightly builds, run with -Z macro-backtrace for more info)
[INFO] [stdout] 
[INFO] [stdout] 
[INFO] [stdout] warning: use of deprecated associated function `core::num::<impl u32>::max_value`: replaced by the `MAX` associated constant on this type
[INFO] [stdout]   --> src/lib.rs:35:1
[INFO] [stdout]    |
[INFO] [stdout] 35 | / construct_uint! {
[INFO] [stdout] 36 | |     pub struct U128(2);
[INFO] [stdout] 37 | | }
[INFO] [stdout]    | |_^
[INFO] [stdout]    |
[INFO] [stdout]    = note: this warning originates in the macro `$crate::impl_try_from_for_primitive` which comes from the expansion of the macro `construct_uint` (in Nightly builds, run with -Z macro-backtrace for more info)
[INFO] [stdout] 
[INFO] [stdout] 
[INFO] [stdout] warning: use of deprecated associated function `core::num::<impl usize>::max_value`: replaced by the `MAX` associated constant on this type
[INFO] [stdout]   --> src/lib.rs:35:1
[INFO] [stdout]    |
[INFO] [stdout] 35 | / construct_uint! {
[INFO] [stdout] 36 | |     pub struct U128(2);
[INFO] [stdout] 37 | | }
[INFO] [stdout]    | |_^
[INFO] [stdout]    |
[INFO] [stdout]    = note: this warning originates in the macro `$crate::impl_try_from_for_primitive` which comes from the expansion of the macro `construct_uint` (in Nightly builds, run with -Z macro-backtrace for more info)
[INFO] [stdout] 
[INFO] [stdout] 
[INFO] [stdout] warning: use of deprecated associated function `core::num::<impl u64>::max_value`: replaced by the `MAX` associated constant on this type
[INFO] [stdout]   --> src/lib.rs:35:1
[INFO] [stdout]    |
[INFO] [stdout] 35 | / construct_uint! {
[INFO] [stdout] 36 | |     pub struct U128(2);
[INFO] [stdout] 37 | | }
[INFO] [stdout]    | |_^
[INFO] [stdout]    |
[INFO] [stdout]    = note: this warning originates in the macro `$crate::impl_try_from_for_primitive` which comes from the expansion of the macro `construct_uint` (in Nightly builds, run with -Z macro-backtrace for more info)
[INFO] [stdout] 
[INFO] [stdout] 
[INFO] [stdout] warning: use of deprecated associated function `core::num::<impl i8>::max_value`: replaced by the `MAX` associated constant on this type
[INFO] [stdout]   --> src/lib.rs:35:1
[INFO] [stdout]    |
[INFO] [stdout] 35 | / construct_uint! {
[INFO] [stdout] 36 | |     pub struct U128(2);
[INFO] [stdout] 37 | | }
[INFO] [stdout]    | |_^
[INFO] [stdout]    |
[INFO] [stdout]    = note: this warning originates in the macro `$crate::impl_try_from_for_primitive` which comes from the expansion of the macro `construct_uint` (in Nightly builds, run with -Z macro-backtrace for more info)
[INFO] [stdout] 
[INFO] [stdout] 
[INFO] [stdout] warning: use of deprecated associated function `core::num::<impl i16>::max_value`: replaced by the `MAX` associated constant on this type
[INFO] [stdout]   --> src/lib.rs:35:1
[INFO] [stdout]    |
[INFO] [stdout] 35 | / construct_uint! {
[INFO] [stdout] 36 | |     pub struct U128(2);
[INFO] [stdout] 37 | | }
[INFO] [stdout]    | |_^
[INFO] [stdout]    |
[INFO] [stdout]    = note: this warning originates in the macro `$crate::impl_try_from_for_primitive` which comes from the expansion of the macro `construct_uint` (in Nightly builds, run with -Z macro-backtrace for more info)
[INFO] [stdout] 
[INFO] [stdout] 
[INFO] [stdout] warning: use of deprecated associated function `core::num::<impl i32>::max_value`: replaced by the `MAX` associated constant on this type
[INFO] [stdout]   --> src/lib.rs:35:1
[INFO] [stdout]    |
[INFO] [stdout] 35 | / construct_uint! {
[INFO] [stdout] 36 | |     pub struct U128(2);
[INFO] [stdout] 37 | | }
[INFO] [stdout]    | |_^
[INFO] [stdout]    |
[INFO] [stdout]    = note: this warning originates in the macro `$crate::impl_try_from_for_primitive` which comes from the expansion of the macro `construct_uint` (in Nightly builds, run with -Z macro-backtrace for more info)
[INFO] [stdout] 
[INFO] [stdout] 
[INFO] [stdout] warning: use of deprecated associated function `core::num::<impl isize>::max_value`: replaced by the `MAX` associated constant on this type
[INFO] [stdout]   --> src/lib.rs:35:1
[INFO] [stdout]    |
[INFO] [stdout] 35 | / construct_uint! {
[INFO] [stdout] 36 | |     pub struct U128(2);
[INFO] [stdout] 37 | | }
[INFO] [stdout]    | |_^
[INFO] [stdout]    |
[INFO] [stdout]    = note: this warning originates in the macro `$crate::impl_try_from_for_primitive` which comes from the expansion of the macro `construct_uint` (in Nightly builds, run with -Z macro-backtrace for more info)
[INFO] [stdout] 
[INFO] [stdout] 
[INFO] [stdout] warning: use of deprecated associated function `core::num::<impl i64>::max_value`: replaced by the `MAX` associated constant on this type
[INFO] [stdout]   --> src/lib.rs:35:1
[INFO] [stdout]    |
[INFO] [stdout] 35 | / construct_uint! {
[INFO] [stdout] 36 | |     pub struct U128(2);
[INFO] [stdout] 37 | | }
[INFO] [stdout]    | |_^
[INFO] [stdout]    |
[INFO] [stdout]    = note: this warning originates in the macro `$crate::impl_try_from_for_primitive` which comes from the expansion of the macro `construct_uint` (in Nightly builds, run with -Z macro-backtrace for more info)
[INFO] [stdout] 
[INFO] [stdout] 
[INFO] [stdout] warning: use of deprecated associated function `core::num::<impl i128>::max_value`: replaced by the `MAX` associated constant on this type
[INFO] [stdout]   --> src/lib.rs:35:1
[INFO] [stdout]    |
[INFO] [stdout] 35 | / construct_uint! {
[INFO] [stdout] 36 | |     pub struct U128(2);
[INFO] [stdout] 37 | | }
[INFO] [stdout]    | |_^
[INFO] [stdout]    |
[INFO] [stdout]    = note: this warning originates in the macro `construct_uint` (in Nightly builds, run with -Z macro-backtrace for more info)
[INFO] [stdout] 
[INFO] [stdout] 
[INFO] [stderr]     Finished `release` profile [optimized] target(s) in 2m 14s
[INFO] [stderr] warning: the following packages contain code that will be rejected by a future version of Rust: borsh v1.6.0, introspectardio v0.1.0 (/opt/rustwide/workdir)
[INFO] [stderr] note: to see what the problems were, use the option `--future-incompat-report`, or run `cargo report future-incompatibilities --id 5`
[INFO] running `Command { std: "docker" "inspect" "d461b809ed3a500c722c7a8235a21ee2725d598fb91630781e68c8d77dd6e909", kill_on_drop: false }`
[INFO] running `Command { std: "docker" "exec" "-e" "SOURCE_DIR=/opt/rustwide/workdir" "-e" "CARGO_HOME=/opt/rustwide/cargo-home" "-e" "RUSTUP_HOME=/opt/rustwide/rustup-home" "-e" "CARGO_TARGET_DIR=/opt/rustwide/target" "-e" "CARGO_INCREMENTAL=0" "-e" "RUST_BACKTRACE=full" "-e" "RUSTFLAGS=--cap-lints=warn" "-e" "RUSTDOCFLAGS=--cap-lints=warn" "-w" "/opt/rustwide/workdir" "--user" "0:0" "d461b809ed3a500c722c7a8235a21ee2725d598fb91630781e68c8d77dd6e909" "/opt/rustwide/cargo-home/bin/cargo" "+1.99.0-beta.1" "test" "--frozen" "--release", kill_on_drop: false }`
[INFO] [stderr] warning: trailing semicolon in macro used in expression position
[INFO] [stderr]   --> src/lib.rs:35:1
[INFO] [stderr]    |
[INFO] [stderr] 35 | / construct_uint! {
[INFO] [stderr] 36 | |     pub struct U128(2);
[INFO] [stderr] 37 | | }
[INFO] [stderr]    | |_^
[INFO] [stderr]    |
[INFO] [stderr]    = note: macro invocations at the end of a block are treated as expressions
[INFO] [stderr]    = note: to ignore the value produced by the macro, add a semicolon after the invocation of `uint_full_mul_reg`
[INFO] [stderr]    = warning: this was previously accepted by the compiler but is being phased out; it will become a hard error in a future release!
[INFO] [stderr]    = note: for more information, see issue #79813 <https://github.com/rust-lang/rust/issues/79813>
[INFO] [stderr]    = note: `#[warn(semicolon_in_expressions_from_non_local_macros)]` (part of `#[warn(future_incompatible)]`) on by default
[INFO] [stderr]    = note: this warning originates in the macro `$crate::uint_full_mul_reg` which comes from the expansion of the macro `construct_uint` (in Nightly builds, run with -Z macro-backtrace for more info)
[INFO] [stderr] 
[INFO] [stderr] warning: use of deprecated constant `std::isize::MAX`: replaced by the `MAX` associated constant on this type
[INFO] [stderr]   --> src/lib.rs:35:1
[INFO] [stderr]    |
[INFO] [stderr] 35 | / construct_uint! {
[INFO] [stderr] 36 | |     pub struct U128(2);
[INFO] [stderr] 37 | | }
[INFO] [stderr]    | |_^
[INFO] [stderr]    |
[INFO] [stderr]    = note: `#[warn(deprecated)]` on by default
[INFO] [stderr]    = note: this warning originates in the macro `$crate::uint_overflowing_binop` which comes from the expansion of the macro `construct_uint` (in Nightly builds, run with -Z macro-backtrace for more info)
[INFO] [stderr] 
[INFO] [stderr] warning: use of deprecated constant `std::isize::MAX`: replaced by the `MAX` associated constant on this type
[INFO] [stderr]   --> src/lib.rs:35:1
[INFO] [stderr]    |
[INFO] [stderr] 35 | / construct_uint! {
[INFO] [stderr] 36 | |     pub struct U128(2);
[INFO] [stderr] 37 | | }
[INFO] [stderr]    | |_^
[INFO] [stderr]    |
[INFO] [stderr]    = note: this warning originates in the macro `$crate::uint_overflowing_binop` which comes from the expansion of the macro `construct_uint` (in Nightly builds, run with -Z macro-backtrace for more info)
[INFO] [stderr] 
[INFO] [stderr] warning: use of deprecated associated function `core::num::<impl u64>::max_value`: replaced by the `MAX` associated constant on this type
[INFO] [stderr]   --> src/lib.rs:35:1
[INFO] [stderr]    |
[INFO] [stderr] 35 | / construct_uint! {
[INFO] [stderr] 36 | |     pub struct U128(2);
[INFO] [stderr] 37 | | }
[INFO] [stderr]    | |_^
[INFO] [stderr]    |
[INFO] [stderr]    = note: this warning originates in the macro `$crate::construct_uint` which comes from the expansion of the macro `construct_uint` (in Nightly builds, run with -Z macro-backtrace for more info)
[INFO] [stderr] 
[INFO] [stderr] warning: use of deprecated associated function `core::num::<impl u32>::max_value`: replaced by the `MAX` associated constant on this type
[INFO] [stderr]   --> src/lib.rs:35:1
[INFO] [stderr]    |
[INFO] [stderr] 35 | / construct_uint! {
[INFO] [stderr] 36 | |     pub struct U128(2);
[INFO] [stderr] 37 | | }
[INFO] [stderr]    | |_^
[INFO] [stderr]    |
[INFO] [stderr]    = note: this warning originates in the macro `$crate::construct_uint` which comes from the expansion of the macro `construct_uint` (in Nightly builds, run with -Z macro-backtrace for more info)
[INFO] [stderr] 
[INFO] [stderr] warning: use of deprecated associated function `core::num::<impl usize>::max_value`: replaced by the `MAX` associated constant on this type
[INFO] [stderr]   --> src/lib.rs:35:1
[INFO] [stderr]    |
[INFO] [stderr] 35 | / construct_uint! {
[INFO] [stderr] 36 | |     pub struct U128(2);
[INFO] [stderr] 37 | | }
[INFO] [stderr]    | |_^
[INFO] [stderr]    |
[INFO] [stderr]    = note: this warning originates in the macro `$crate::construct_uint` which comes from the expansion of the macro `construct_uint` (in Nightly builds, run with -Z macro-backtrace for more info)
[INFO] [stderr] 
[INFO] [stderr] warning: use of deprecated associated function `core::num::<impl u8>::max_value`: replaced by the `MAX` associated constant on this type
[INFO] [stderr]   --> src/lib.rs:35:1
[INFO] [stderr]    |
[INFO] [stderr] 35 | / construct_uint! {
[INFO] [stderr] 36 | |     pub struct U128(2);
[INFO] [stderr] 37 | | }
[INFO] [stderr]    | |_^
[INFO] [stderr]    |
[INFO] [stderr]    = note: this warning originates in the macro `$crate::impl_try_from_for_primitive` which comes from the expansion of the macro `construct_uint` (in Nightly builds, run with -Z macro-backtrace for more info)
[INFO] [stderr] 
[INFO] [stderr] warning: use of deprecated associated function `core::num::<impl u16>::max_value`: replaced by the `MAX` associated constant on this type
[INFO] [stderr]   --> src/lib.rs:35:1
[INFO] [stderr]    |
[INFO] [stderr] 35 | / construct_uint! {
[INFO] [stderr] 36 | |     pub struct U128(2);
[INFO] [stderr] 37 | | }
[INFO] [stderr]    | |_^
[INFO] [stderr]    |
[INFO] [stderr]    = note: this warning originates in the macro `$crate::impl_try_from_for_primitive` which comes from the expansion of the macro `construct_uint` (in Nightly builds, run with -Z macro-backtrace for more info)
[INFO] [stderr] 
[INFO] [stderr] warning: use of deprecated associated function `core::num::<impl u32>::max_value`: replaced by the `MAX` associated constant on this type
[INFO] [stderr]   --> src/lib.rs:35:1
[INFO] [stderr]    |
[INFO] [stderr] 35 | / construct_uint! {
[INFO] [stderr] 36 | |     pub struct U128(2);
[INFO] [stderr] 37 | | }
[INFO] [stderr]    | |_^
[INFO] [stderr]    |
[INFO] [stderr]    = note: this warning originates in the macro `$crate::impl_try_from_for_primitive` which comes from the expansion of the macro `construct_uint` (in Nightly builds, run with -Z macro-backtrace for more info)
[INFO] [stderr] 
[INFO] [stderr] warning: use of deprecated associated function `core::num::<impl usize>::max_value`: replaced by the `MAX` associated constant on this type
[INFO] [stderr]   --> src/lib.rs:35:1
[INFO] [stderr]    |
[INFO] [stderr] 35 | / construct_uint! {
[INFO] [stderr] 36 | |     pub struct U128(2);
[INFO] [stderr] 37 | | }
[INFO] [stderr]    | |_^
[INFO] [stderr]    |
[INFO] [stderr]    = note: this warning originates in the macro `$crate::impl_try_from_for_primitive` which comes from the expansion of the macro `construct_uint` (in Nightly builds, run with -Z macro-backtrace for more info)
[INFO] [stderr] 
[INFO] [stderr] warning: use of deprecated associated function `core::num::<impl u64>::max_value`: replaced by the `MAX` associated constant on this type
[INFO] [stderr]   --> src/lib.rs:35:1
[INFO] [stderr]    |
[INFO] [stderr] 35 | / construct_uint! {
[INFO] [stderr] 36 | |     pub struct U128(2);
[INFO] [stderr] 37 | | }
[INFO] [stderr]    | |_^
[INFO] [stderr]    |
[INFO] [stderr]    = note: this warning originates in the macro `$crate::impl_try_from_for_primitive` which comes from the expansion of the macro `construct_uint` (in Nightly builds, run with -Z macro-backtrace for more info)
[INFO] [stderr] 
[INFO] [stderr] warning: use of deprecated associated function `core::num::<impl i8>::max_value`: replaced by the `MAX` associated constant on this type
[INFO] [stderr]   --> src/lib.rs:35:1
[INFO] [stderr]    |
[INFO] [stderr] 35 | / construct_uint! {
[INFO] [stderr] 36 | |     pub struct U128(2);
[INFO] [stderr] 37 | | }
[INFO] [stderr]    | |_^
[INFO] [stderr]    |
[INFO] [stderr]    = note: this warning originates in the macro `$crate::impl_try_from_for_primitive` which comes from the expansion of the macro `construct_uint` (in Nightly builds, run with -Z macro-backtrace for more info)
[INFO] [stderr] 
[INFO] [stderr] warning: use of deprecated associated function `core::num::<impl i16>::max_value`: replaced by the `MAX` associated constant on this type
[INFO] [stderr]   --> src/lib.rs:35:1
[INFO] [stderr]    |
[INFO] [stderr] 35 | / construct_uint! {
[INFO] [stderr] 36 | |     pub struct U128(2);
[INFO] [stderr] 37 | | }
[INFO] [stderr]    | |_^
[INFO] [stderr]    |
[INFO] [stderr]    = note: this warning originates in the macro `$crate::impl_try_from_for_primitive` which comes from the expansion of the macro `construct_uint` (in Nightly builds, run with -Z macro-backtrace for more info)
[INFO] [stderr] 
[INFO] [stderr] warning: use of deprecated associated function `core::num::<impl i32>::max_value`: replaced by the `MAX` associated constant on this type
[INFO] [stderr]   --> src/lib.rs:35:1
[INFO] [stderr]    |
[INFO] [stderr] 35 | / construct_uint! {
[INFO] [stderr] 36 | |     pub struct U128(2);
[INFO] [stderr] 37 | | }
[INFO] [stderr]    | |_^
[INFO] [stderr]    |
[INFO] [stderr]    = note: this warning originates in the macro `$crate::impl_try_from_for_primitive` which comes from the expansion of the macro `construct_uint` (in Nightly builds, run with -Z macro-backtrace for more info)
[INFO] [stderr] 
[INFO] [stderr] warning: use of deprecated associated function `core::num::<impl isize>::max_value`: replaced by the `MAX` associated constant on this type
[INFO] [stderr]   --> src/lib.rs:35:1
[INFO] [stderr]    |
[INFO] [stderr] 35 | / construct_uint! {
[INFO] [stderr] 36 | |     pub struct U128(2);
[INFO] [stderr] 37 | | }
[INFO] [stderr]    | |_^
[INFO] [stderr]    |
[INFO] [stderr]    = note: this warning originates in the macro `$crate::impl_try_from_for_primitive` which comes from the expansion of the macro `construct_uint` (in Nightly builds, run with -Z macro-backtrace for more info)
[INFO] [stderr] 
[INFO] [stderr] warning: use of deprecated associated function `core::num::<impl i64>::max_value`: replaced by the `MAX` associated constant on this type
[INFO] [stderr]   --> src/lib.rs:35:1
[INFO] [stderr]    |
[INFO] [stderr] 35 | / construct_uint! {
[INFO] [stderr] 36 | |     pub struct U128(2);
[INFO] [stderr] 37 | | }
[INFO] [stderr]    | |_^
[INFO] [stderr]    |
[INFO] [stderr]    = note: this warning originates in the macro `$crate::impl_try_from_for_primitive` which comes from the expansion of the macro `construct_uint` (in Nightly builds, run with -Z macro-backtrace for more info)
[INFO] [stderr] 
[INFO] [stderr] warning: use of deprecated associated function `core::num::<impl i128>::max_value`: replaced by the `MAX` associated constant on this type
[INFO] [stderr]   --> src/lib.rs:35:1
[INFO] [stderr]    |
[INFO] [stderr] 35 | / construct_uint! {
[INFO] [stderr] 36 | |     pub struct U128(2);
[INFO] [stderr] 37 | | }
[INFO] [stderr]    | |_^
[INFO] [stderr]    |
[INFO] [stderr]    = note: this warning originates in the macro `construct_uint` (in Nightly builds, run with -Z macro-backtrace for more info)
[INFO] [stderr] 
[INFO] [stderr] warning: `introspectardio` (lib) generated 18 warnings (1 duplicate)
[INFO] [stderr] warning: `introspectardio` (lib test) generated 18 warnings (18 duplicates)
[INFO] [stderr]     Finished `release` profile [optimized] target(s) in 0.48s
[INFO] [stderr] warning: the following packages contain code that will be rejected by a future version of Rust: borsh v1.6.0, introspectardio v0.1.0 (/opt/rustwide/workdir)
[INFO] [stderr] note: to see what the problems were, use the option `--future-incompat-report`, or run `cargo report future-incompatibilities --id 5`
[INFO] [stderr]      Running unittests src/lib.rs (/opt/rustwide/target/release/deps/introspectardio-256e24653e6b3257)
[INFO] [stdout] 
[INFO] [stdout] running 0 tests
[INFO] [stdout] 
[INFO] [stdout] test result: ok. 0 passed; 0 failed; 0 ignored; 0 measured; 0 filtered out; finished in 0.00s
[INFO] [stdout] 
[INFO] [stderr]      Running tests/integration.rs (/opt/rustwide/target/release/deps/integration-e72fa4e11b5a6f44)
[INFO] [stdout] 
[INFO] [stdout] running 1 test
[INFO] [stderr] error: test failed, to rerun pass `--test integration`
[INFO] [stdout] test integration ... FAILED
[INFO] [stdout] 
[INFO] [stdout] failures:
[INFO] [stdout] 
[INFO] [stdout] ---- integration stdout ----
[INFO] [stdout] 
[INFO] [stdout] thread 'integration' (4696) panicked at tests/integration.rs:22:10:
[INFO] [stdout] called `Result::unwrap()` on an `Err` value: InvalidPath(Os { code: 2, kind: NotFound, message: "No such file or directory" })
[INFO] [stdout] stack backtrace:
[INFO] [stdout]    0:     0x5e3859140561 - <<std[104cf6e2632825ea]::sys::backtrace::BacktraceLock>::print::DisplayBacktrace as core[7c831bd917ebf35f]::fmt::Display>::fmt
[INFO] [stdout]    1:     0x5e3859155eea - core[7c831bd917ebf35f]::fmt::write
[INFO] [stdout]    2:     0x5e38591449fc - <alloc[2fdc3f7464fcf288]::vec::Vec<u8> as core[7c831bd917ebf35f]::io::write::Write>::write_fmt
[INFO] [stdout]    3:     0x5e385911c806 - std[104cf6e2632825ea]::panicking::default_hook::{closure#0}
[INFO] [stdout]    4:     0x5e3859138939 - std[104cf6e2632825ea]::panicking::default_hook
[INFO] [stdout]    5:     0x5e3858deacb0 - test[73009c9f9aebf890]::test_main_inner::<test[73009c9f9aebf890]::test_main_static::{closure#0}>::{closure#0}
[INFO] [stdout]    6:     0x5e3859138af2 - std[104cf6e2632825ea]::panicking::panic_with_hook
[INFO] [stdout]    7:     0x5e385911c8b2 - std[104cf6e2632825ea]::panicking::panic_handler::{closure#0}
[INFO] [stdout]    8:     0x5e3859114d09 - std[104cf6e2632825ea]::sys::backtrace::__rust_end_short_backtrace::<std[104cf6e2632825ea]::panicking::panic_handler::{closure#0}, !>
[INFO] [stdout]    9:     0x5e385911d4ad - __rustc[b0d56fa5b193ad05]::rust_begin_unwind
[INFO] [stdout]   10:     0x5e385915664c - core[7c831bd917ebf35f]::panicking::panic_fmt
[INFO] [stdout]   11:     0x5e3859156422 - core[7c831bd917ebf35f]::result::unwrap_failed
[INFO] [stdout]   12:     0x5e3858ddae28 - <integration[526511dc23aec827]::integration::{closure#0} as core[7c831bd917ebf35f]::ops::function::FnOnce<()>>::call_once
[INFO] [stdout]   13:     0x5e3858dddf9b - test[73009c9f9aebf890]::__rust_begin_short_backtrace::<core[7c831bd917ebf35f]::result::Result<(), alloc[2fdc3f7464fcf288]::string::String>, fn() -> core[7c831bd917ebf35f]::result::Result<(), alloc[2fdc3f7464fcf288]::string::String>>
[INFO] [stdout]   14:     0x5e3858deb605 - test[73009c9f9aebf890]::run_test::{closure#0}
[INFO] [stdout]   15:     0x5e3858de49c4 - std[104cf6e2632825ea]::sys::backtrace::__rust_begin_short_backtrace::<test[73009c9f9aebf890]::run_test::{closure#1}, ()>
[INFO] [stdout]   16:     0x5e3858dee762 - <std[104cf6e2632825ea]::thread::lifecycle::spawn_unchecked<test[73009c9f9aebf890]::run_test::{closure#1}, ()>::{closure#1} as core[7c831bd917ebf35f]::ops::function::FnOnce<()>>::call_once::{shim:vtable#0}
[INFO] [stdout]   17:     0x5e385913fb19 - <std[104cf6e2632825ea]::sys::thread::unix::Thread>::new::thread_start
[INFO] [stdout]   18:     0x7ace1595807a - <unknown>
[INFO] [stdout]   19:     0x7ace159eb534 - clone
[INFO] [stdout]   20:                0x0 - <unknown>
[INFO] [stdout] 
[INFO] [stdout] 
[INFO] [stdout] failures:
[INFO] [stdout]     integration
[INFO] [stdout] 
[INFO] [stdout] test result: FAILED. 0 passed; 1 failed; 0 ignored; 0 measured; 0 filtered out; finished in 0.05s
[INFO] [stdout] 
[INFO] running `Command { std: "docker" "inspect" "d461b809ed3a500c722c7a8235a21ee2725d598fb91630781e68c8d77dd6e909", kill_on_drop: false }`
[INFO] running `Command { std: "docker" "rm" "-f" "d461b809ed3a500c722c7a8235a21ee2725d598fb91630781e68c8d77dd6e909", kill_on_drop: false }`
[INFO] [stdout] d461b809ed3a500c722c7a8235a21ee2725d598fb91630781e68c8d77dd6e909
