[INFO] cloning repository https://github.com/bengtlofgren/rusty_hyperliquid_ledger
[INFO] running `Command { std: "git" "-c" "credential.helper=" "-c" "credential.helper=/workspace/cargo-home/bin/git-credential-null" "clone" "--bare" "https://github.com/bengtlofgren/rusty_hyperliquid_ledger" "/workspace/cache/git-repos/https%3A%2F%2Fgithub.com%2Fbengtlofgren%2Frusty_hyperliquid_ledger", kill_on_drop: false }`
[INFO] [stderr] Cloning into bare repository '/workspace/cache/git-repos/https%3A%2F%2Fgithub.com%2Fbengtlofgren%2Frusty_hyperliquid_ledger'...
[INFO] running `Command { std: "git" "rev-parse" "HEAD", kill_on_drop: false }`
[INFO] [stdout] 051eb9ba0a2365cbf142074e9dedc1dbcab988e0
[INFO] testing bengtlofgren/rusty_hyperliquid_ledger against 1.98.0-beta.8+cargoflags=--release for beta-release-1.99-2
[INFO] running `Command { std: "git" "clone" "/workspace/cache/git-repos/https%3A%2F%2Fgithub.com%2Fbengtlofgren%2Frusty_hyperliquid_ledger" "/workspace/builds/worker-6-tc1/source", kill_on_drop: false }`
[INFO] [stderr] Cloning into '/workspace/builds/worker-6-tc1/source'...
[INFO] [stderr] done.
[INFO] started tweaking git repo https://github.com/bengtlofgren/rusty_hyperliquid_ledger
[INFO] finished tweaking git repo https://github.com/bengtlofgren/rusty_hyperliquid_ledger
[INFO] tweaked toml for git repo https://github.com/bengtlofgren/rusty_hyperliquid_ledger written to /workspace/builds/worker-6-tc1/source/Cargo.toml
[INFO] validating manifest of git repo https://github.com/bengtlofgren/rusty_hyperliquid_ledger on toolchain 1.98.0-beta.8
[INFO] running `Command { std: CARGO_HOME="/workspace/cargo-home" RUSTUP_HOME="/workspace/rustup-home" "/workspace/cargo-home/bin/cargo" "+1.98.0-beta.8" "metadata" "--manifest-path" "Cargo.toml" "--no-deps", kill_on_drop: false }`
[INFO] crate git repo https://github.com/bengtlofgren/rusty_hyperliquid_ledger already has a lockfile, it will not be regenerated
[INFO] running `Command { std: CARGO_HOME="/workspace/cargo-home" RUSTUP_HOME="/workspace/rustup-home" "/workspace/cargo-home/bin/cargo" "+1.98.0-beta.8" "fetch" "--manifest-path" "Cargo.toml", kill_on_drop: false }`
[INFO] [stderr]     Updating crates.io index
[INFO] [stderr]  Downloading crates ...
[INFO] [stderr]   Downloaded rust_decimal_macros v1.40.0
[INFO] [stderr]   Downloaded compression-codecs v0.4.36
[INFO] [stderr]   Downloaded async-compression v0.4.37
[INFO] [stderr]   Downloaded yawc v0.2.7
[INFO] [stderr]   Downloaded hypersdk v0.1.6
[INFO] [stderr]   Downloaded alloy-trie v0.9.3
[INFO] [stderr]   Downloaded nybbles v0.4.7
[INFO] [stderr]   Downloaded alloy v1.4.3
[INFO] [stderr]   Downloaded alloy-primitives v1.5.2
[INFO] [stderr]   Downloaded rapidhash v4.2.1
[INFO] [stderr]   Downloaded alloy-sol-macro v1.5.2
[INFO] [stderr]   Downloaded alloy-json-rpc v1.4.3
[INFO] [stderr]   Downloaded alloy-sol-macro-input v1.5.2
[INFO] [stderr]   Downloaded alloy-transport-http v1.4.3
[INFO] [stderr]   Downloaded alloy-transport v1.4.3
[INFO] [stderr]   Downloaded syn-solidity v1.5.2
[INFO] [stderr]   Downloaded alloy-sol-types v1.5.2
[INFO] [stderr]   Downloaded alloy-signer-turnkey v1.4.3
[INFO] [stderr]   Downloaded alloy-sol-type-parser v1.5.2
[INFO] [stderr]   Downloaded turnkey_api_key_stamper v0.5.0
[INFO] [stderr]   Downloaded alloy-network v1.4.3
[INFO] [stderr]   Downloaded alloy-json-abi v1.5.2
[INFO] [stderr]   Downloaded alloy-serde v1.4.3
[INFO] [stderr]   Downloaded alloy-signer v1.4.3
[INFO] [stderr]   Downloaded alloy-network-primitives v1.4.3
[INFO] [stderr]   Downloaded alloy-tx-macros v1.4.3
[INFO] [stderr]   Downloaded alloy-rpc-types-any v1.4.3
[INFO] [stderr]   Downloaded tower-util v0.3.1
[INFO] [stderr]   Downloaded alloy-sol-macro-expander v1.5.2
[INFO] [stderr]   Downloaded secret-vault-value v0.3.10
[INFO] [stderr]   Downloaded alloy-consensus-any v1.4.3
[INFO] [stderr]   Downloaded alloy-signer-ledger v1.4.3
[INFO] [stderr]   Downloaded alloy-signer-local v1.4.3
[INFO] [stderr]   Downloaded alloy-dyn-abi v1.5.2
[INFO] [stderr]   Downloaded turnkey_client v0.5.0
[INFO] [stderr]   Downloaded aws-smithy-query v0.60.9
[INFO] [stderr]   Downloaded pin-project-internal v0.4.30
[INFO] [stderr]   Downloaded pin-project v0.4.30
[INFO] [stderr]   Downloaded alloy-signer-aws v1.4.3
[INFO] [stderr]   Downloaded aws-credential-types v1.2.11
[INFO] [stderr]   Downloaded aws-smithy-observability v0.2.0
[INFO] [stderr]   Downloaded alloy-signer-gcp v1.4.3
[INFO] [stderr]   Downloaded aws-smithy-async v1.2.7
[INFO] [stderr]   Downloaded alloy-rpc-types v1.4.3
[INFO] [stderr]   Downloaded aws-smithy-xml v0.60.13
[INFO] [stderr]   Downloaded alloy-core v1.5.2
[INFO] [stderr]   Downloaded aws-types v1.3.11
[INFO] [stderr]   Downloaded coins-ledger v0.12.0
[INFO] [stderr]   Downloaded alloy-rpc-client v1.4.3
[INFO] [stderr]   Downloaded alloy-chains v0.2.27
[INFO] [stderr]   Downloaded alloy-rpc-types-eth v1.4.3
[INFO] [stderr]   Downloaded alloy-contract v1.4.3
[INFO] [stderr]   Downloaded aws-smithy-runtime-api v1.10.0
[INFO] [stderr]   Downloaded aws-smithy-types v1.3.6
[INFO] [stderr]   Downloaded aws-runtime v1.5.18
[INFO] [stderr]   Downloaded alloy-consensus v1.4.3
[INFO] [stderr]   Downloaded tonic v0.13.1
[INFO] [stderr]   Downloaded aws-sigv4 v1.3.7
[INFO] [stderr]   Downloaded aws-smithy-runtime v1.9.8
[INFO] [stderr]   Downloaded alloy-provider v1.4.3
[INFO] [stderr]   Downloaded aws-config v1.8.12
[INFO] [stderr]   Downloaded aws-sdk-sts v1.96.0
[INFO] [stderr]   Downloaded hidapi-rusb v1.3.3
[INFO] [stderr]   Downloaded alloy-eips v1.4.3
[INFO] [stderr]   Downloaded aws-sdk-kms v1.98.0
[INFO] [stderr]   Downloaded gcloud-sdk v0.27.4
[INFO] running `Command { std: "docker" "create" "-v" "/var/lib/crater-agent-workspace/builds/worker-6-tc1/source:/opt/rustwide/workdir:ro,Z" "-v" "/var/lib/crater-agent-workspace/builds/worker-6-tc1/target:/opt/rustwide/target:rw,Z" "-v" "/var/lib/crater-agent-workspace/cargo-home:/opt/rustwide/cargo-home:ro,Z" "-v" "/var/lib/crater-agent-workspace/rustup-home:/opt/rustwide/rustup-home:ro,Z" "-m" "1610612736" "--network" "none" "ghcr.io/rust-lang/crates-build-env/linux@sha256:8683fc1fc2eb5c9ac98e0d076ab094b2ffac7f99da555d2b6a2e27f346de2ec7" "sleep" "infinity", kill_on_drop: false }`
[INFO] [stdout] 97d4f9e8e5188594308666d3974e6811f239fe70f1e3ffbd23411d90a158b133
[INFO] running `Command { std: "docker" "start" "97d4f9e8e5188594308666d3974e6811f239fe70f1e3ffbd23411d90a158b133", kill_on_drop: false }`
[INFO] running `Command { std: "docker" "inspect" "97d4f9e8e5188594308666d3974e6811f239fe70f1e3ffbd23411d90a158b133", kill_on_drop: false }`
[INFO] running `Command { std: "docker" "exec" "-e" "SOURCE_DIR=/opt/rustwide/workdir" "-e" "CARGO_HOME=/opt/rustwide/cargo-home" "-e" "RUSTUP_HOME=/opt/rustwide/rustup-home" "-e" "CARGO_TARGET_DIR=/opt/rustwide/target" "-w" "/opt/rustwide/workdir" "--user" "0:0" "97d4f9e8e5188594308666d3974e6811f239fe70f1e3ffbd23411d90a158b133" "/opt/rustwide/cargo-home/bin/cargo" "+1.98.0-beta.8" "metadata" "--no-deps" "--format-version=1", kill_on_drop: false }`
[INFO] running `Command { std: "docker" "inspect" "97d4f9e8e5188594308666d3974e6811f239fe70f1e3ffbd23411d90a158b133", kill_on_drop: false }`
[INFO] running `Command { std: "docker" "exec" "-e" "SOURCE_DIR=/opt/rustwide/workdir" "-e" "CARGO_HOME=/opt/rustwide/cargo-home" "-e" "RUSTUP_HOME=/opt/rustwide/rustup-home" "-e" "CARGO_TARGET_DIR=/opt/rustwide/target" "-e" "CARGO_INCREMENTAL=0" "-e" "RUST_BACKTRACE=full" "-e" "RUSTFLAGS=--cap-lints=warn" "-e" "RUSTDOCFLAGS=--cap-lints=warn" "-w" "/opt/rustwide/workdir" "--user" "0:0" "97d4f9e8e5188594308666d3974e6811f239fe70f1e3ffbd23411d90a158b133" "/opt/rustwide/cargo-home/bin/cargo" "+1.98.0-beta.8" "build" "--frozen" "--message-format=json" "--release", kill_on_drop: false }`
[INFO] [stderr]    Compiling proc-macro2 v1.0.105
[INFO] [stderr]    Compiling quote v1.0.43
[INFO] [stderr]    Compiling libc v0.2.180
[INFO] [stderr]    Compiling itoa v1.0.17
[INFO] [stderr]    Compiling crunchy v0.2.4
[INFO] [stderr]    Compiling zmij v1.0.14
[INFO] [stderr]    Compiling serde_core v1.0.228
[INFO] [stderr]    Compiling tracing-core v0.1.36
[INFO] [stderr]    Compiling generic-array v0.14.7
[INFO] [stderr]    Compiling hashbrown v0.16.1
[INFO] [stderr]    Compiling convert_case v0.10.0
[INFO] [stderr]    Compiling serde v1.0.228
[INFO] [stderr]    Compiling find-msvc-tools v0.1.8
[INFO] [stderr]    Compiling der v0.7.10
[INFO] [stderr]    Compiling getrandom v0.3.4
[INFO] [stderr]    Compiling const-hex v1.17.0
[INFO] [stderr]    Compiling rustc-hash v2.1.1
[INFO] [stderr]    Compiling tiny-keccak v2.0.2
[INFO] [stderr]    Compiling serde_json v1.0.149
[INFO] [stderr]    Compiling thiserror v2.0.17
[INFO] [stderr]    Compiling futures-channel v0.3.31
[INFO] [stderr]    Compiling crypto-common v0.1.7
[INFO] [stderr]    Compiling block-buffer v0.10.4
[INFO] [stderr]    Compiling digest v0.10.7
[INFO] [stderr]    Compiling winnow v0.7.14
[INFO] [stderr]    Compiling memchr v2.7.6
[INFO] [stderr]    Compiling futures-io v0.3.31
[INFO] [stderr]    Compiling aws-lc-rs v1.15.3
[INFO] [stderr]    Compiling bitflags v2.10.0
[INFO] [stderr]    Compiling rustls v0.23.36
[INFO] [stderr]    Compiling crc v3.4.0
[INFO] [stderr]    Compiling sync_wrapper v1.0.2
[INFO] [stderr]    Compiling hmac v0.12.1
[INFO] [stderr]    Compiling syn v2.0.114
[INFO] [stderr]    Compiling sha2 v0.10.9
[INFO] [stderr]    Compiling rfc6979 v0.4.0
[INFO] [stderr]    Compiling ipnet v2.11.0
[INFO] [stderr]    Compiling openssl v0.10.75
[INFO] [stderr]    Compiling proc-macro-error-attr2 v2.0.0
[INFO] [stderr]    Compiling native-tls v0.2.14
[INFO] [stderr]    Compiling webpki-roots v1.0.5
[INFO] [stderr]    Compiling openssl-probe v0.1.6
[INFO] [stderr]    Compiling ryu v1.0.22
[INFO] [stderr]    Compiling indexmap v2.13.0
[INFO] [stderr]    Compiling iri-string v0.7.10
[INFO] [stderr]    Compiling futures-utils-wasm v0.1.0
[INFO] [stderr]    Compiling sec1 v0.7.3
[INFO] [stderr]    Compiling spki v0.7.3
[INFO] [stderr]    Compiling zerocopy v0.8.33
[INFO] [stderr]    Compiling hashbrown v0.14.5
[INFO] [stderr]    Compiling getrandom v0.2.17
[INFO] [stderr]    Compiling jobserver v0.1.34
[INFO] [stderr]    Compiling errno v0.3.14
[INFO] [stderr]    Compiling rand_core v0.6.4
[INFO] [stderr]    Compiling signal-hook-registry v1.4.8
[INFO] [stderr]    Compiling mio v1.1.1
[INFO] [stderr]    Compiling cc v1.2.53
[INFO] [stderr]    Compiling ff v0.13.1
[INFO] [stderr]    Compiling crypto-bigint v0.5.5
[INFO] [stderr]    Compiling group v0.13.0
[INFO] [stderr]    Compiling signature v2.2.0
[INFO] [stderr]    Compiling socket2 v0.6.1
[INFO] [stderr]    Compiling rust_decimal v1.40.0
[INFO] [stderr]    Compiling lru v0.16.3
[INFO] [stderr]    Compiling iana-time-zone v0.1.64
[INFO] [stderr]    Compiling simd-adler32 v0.3.8
[INFO] [stderr]    Compiling openssl-probe v0.2.0
[INFO] [stderr]    Compiling miniz_oxide v0.8.9
[INFO] [stderr]    Compiling rustls-native-certs v0.8.3
[INFO] [stderr]    Compiling anyhow v1.0.100
[INFO] [stderr]    Compiling rmp v0.8.15
[INFO] [stderr]    Compiling sha1 v0.10.6
[INFO] [stderr]    Compiling nom v8.0.0
[INFO] [stderr]    Compiling ruint v1.17.2
[INFO] [stderr]    Compiling cmake v0.1.57
[INFO] [stderr]    Compiling flate2 v1.1.8
[INFO] [stderr]    Compiling simdutf8 v0.1.5
[INFO] [stderr]    Compiling csv-core v0.1.13
[INFO] [stderr]    Compiling twox-hash v2.1.2
[INFO] [stderr]    Compiling elliptic-curve v0.13.8
[INFO] [stderr]    Compiling hex-literal v0.4.1
[INFO] [stderr]    Compiling aws-lc-sys v0.36.0
[INFO] [stderr]    Compiling ring v0.17.14
[INFO] [stderr]    Compiling openssl-sys v0.9.111
[INFO] [stderr]    Compiling lz4_flex v0.11.5
[INFO] [stderr]    Compiling csv v1.4.0
[INFO] [stderr]    Compiling ppv-lite86 v0.2.21
[INFO] [stderr]    Compiling regex-syntax v0.8.8
[INFO] [stderr]    Compiling serde_path_to_error v0.1.20
[INFO] [stderr]    Compiling ecdsa v0.16.9
[INFO] [stderr]    Compiling tracing-log v0.2.0
[INFO] [stderr]    Compiling rand_chacha v0.3.1
[INFO] [stderr]    Compiling synstructure v0.13.2
[INFO] [stderr]    Compiling macro-string v0.1.4
[INFO] [stderr]    Compiling syn-solidity v1.5.2
[INFO] [stderr]    Compiling proc-macro-error2 v2.0.1
[INFO] [stderr]    Compiling rand v0.8.5
[INFO] [stderr]    Compiling k256 v0.13.4
[INFO] [stderr]    Compiling serde_derive v1.0.228
[INFO] [stderr]    Compiling derive_more-impl v2.1.1
[INFO] [stderr]    Compiling tracing-attributes v0.1.31
[INFO] [stderr]    Compiling alloy-rlp-derive v0.3.12
[INFO] [stderr]    Compiling zerofrom-derive v0.1.6
[INFO] [stderr]    Compiling tokio-macros v2.6.0
[INFO] [stderr]    Compiling yoke-derive v0.8.1
[INFO] [stderr]    Compiling thiserror-impl v2.0.17
[INFO] [stderr]    Compiling zerovec-derive v0.11.2
[INFO] [stderr]    Compiling displaydoc v0.2.5
[INFO] [stderr]    Compiling futures-macro v0.3.31
[INFO] [stderr]    Compiling auto_impl v1.3.0
[INFO] [stderr]    Compiling openssl-macros v0.1.1
[INFO] [stderr]    Compiling async-trait v0.1.89
[INFO] [stderr]    Compiling pin-project-internal v1.1.10
[INFO] [stderr]    Compiling futures-util v0.3.31
[INFO] [stderr]    Compiling strum_macros v0.27.2
[INFO] [stderr]    Compiling zerofrom v0.1.6
[INFO] [stderr]    Compiling tracing v0.1.44
[INFO] [stderr]    Compiling yoke v0.8.1
[INFO] [stderr]    Compiling num_enum_derive v0.7.5
[INFO] [stderr]    Compiling async-stream-impl v0.3.6
[INFO] [stderr]    Compiling rust_decimal_macros v1.40.0
[INFO] [stderr]    Compiling zerovec v0.11.5
[INFO] [stderr]    Compiling zerotrie v0.2.3
[INFO] [stderr]    Compiling async-stream v0.3.6
[INFO] [stderr]    Compiling pin-project v1.1.10
[INFO] [stderr]    Compiling thiserror-impl v1.0.69
[INFO] [stderr]    Compiling regex-automata v0.4.13
[INFO] [stderr]    Compiling tower v0.4.13
[INFO] [stderr]    Compiling tinystr v0.8.2
[INFO] [stderr]    Compiling potential_utf v0.1.4
[INFO] [stderr]    Compiling icu_collections v2.1.1
[INFO] [stderr]    Compiling icu_locale_core v2.1.1
[INFO] [stderr]    Compiling num_enum v0.7.5
[INFO] [stderr]    Compiling thiserror v1.0.69
[INFO] [stderr]    Compiling strum v0.27.2
[INFO] [stderr]    Compiling derive_more v2.1.1
[INFO] [stderr]    Compiling icu_provider v2.1.1
[INFO] [stderr]    Compiling icu_properties v2.1.2
[INFO] [stderr]    Compiling bytes v1.11.0
[INFO] [stderr]    Compiling alloy-sol-type-parser v1.5.2
[INFO] [stderr]    Compiling darling_core v0.21.3
[INFO] [stderr]    Compiling smallvec v1.15.1
[INFO] [stderr]    Compiling arrayvec v0.7.6
[INFO] [stderr]    Compiling either v1.15.0
[INFO] [stderr]    Compiling parking_lot_core v0.9.12
[INFO] [stderr]    Compiling alloy-primitives v1.5.2
[INFO] [stderr]    Compiling icu_normalizer v2.1.1
[INFO] [stderr]    Compiling alloy-rlp v0.3.12
[INFO] [stderr]    Compiling http v1.4.0
[INFO] [stderr]    Compiling parking_lot v0.12.5
[INFO] [stderr]    Compiling itertools v0.14.0
[INFO] [stderr]    Compiling serde_urlencoded v0.7.1
[INFO] [stderr]    Compiling tokio v1.49.0
[INFO] [stderr]    Compiling idna_adapter v1.2.1
[INFO] [stderr]    Compiling alloy-json-abi v1.5.2
[INFO] [stderr]    Compiling idna v1.1.0
[INFO] [stderr]    Compiling futures-executor v0.3.31
[INFO] [stderr]    Compiling dashmap v6.1.0
[INFO] [stderr]    Compiling http-body v1.0.1
[INFO] [stderr]    Compiling futures v0.3.31
[INFO] [stderr]    Compiling chrono v0.4.43
[INFO] [stderr]    Compiling http-body-util v0.1.3
[INFO] [stderr]    Compiling alloy-sol-macro-input v1.5.2
[INFO] [stderr]    Compiling nybbles v0.4.7
[INFO] [stderr]    Compiling url v2.5.8
[INFO] [stderr]    Compiling rmp-serde v1.3.1
[INFO] [stderr]    Compiling axum-core v0.4.5
[INFO] [stderr]    Compiling alloy-sol-macro-expander v1.5.2
[INFO] [stderr]    Compiling tower-http v0.5.2
[INFO] [stderr]    Compiling matchers v0.2.0
[INFO] [stderr]    Compiling tracing-subscriber v0.3.22
[INFO] [stderr]    Compiling darling_macro v0.21.3
[INFO] [stderr]    Compiling darling v0.21.3
[INFO] [stderr]    Compiling serde_with_macros v3.16.1
[INFO] [stderr]    Compiling alloy-eip2930 v0.2.3
[INFO] [stderr]    Compiling alloy-eip7702 v0.6.3
[INFO] [stderr]    Compiling alloy-eip2124 v0.2.0
[INFO] [stderr]    Compiling alloy-serde v1.4.3
[INFO] [stderr]    Compiling alloy-tx-macros v1.4.3
[INFO] [stderr]    Compiling alloy-trie v0.9.3
[INFO] [stderr]    Compiling alloy-chains v0.2.27
[INFO] [stderr]    Compiling hl-types v0.1.0 (/opt/rustwide/workdir/crates/hl-types)
[INFO] [stderr]    Compiling serde_with v3.16.1
[INFO] [stderr]    Compiling alloy-sol-macro v1.5.2
[INFO] [stderr]    Compiling alloy-sol-types v1.5.2
[INFO] [stderr]    Compiling tokio-util v0.7.18
[INFO] [stderr]    Compiling tower v0.5.3
[INFO] [stderr]    Compiling tokio-native-tls v0.3.1
[INFO] [stderr]    Compiling h2 v0.4.13
[INFO] [stderr]    Compiling tower-http v0.6.8
[INFO] [stderr]    Compiling tokio-stream v0.1.18
[INFO] [stderr]    Compiling alloy-eips v1.4.3
[INFO] [stderr]    Compiling alloy-json-rpc v1.4.3
[INFO] [stderr]    Compiling alloy-dyn-abi v1.5.2
[INFO] [stderr]    Compiling alloy-transport v1.4.3
[INFO] [stderr]    Compiling alloy-consensus v1.4.3
[INFO] [stderr]    Compiling alloy-signer v1.4.3
[INFO] [stderr]    Compiling alloy-core v1.5.2
[INFO] [stderr]    Compiling hyper v1.8.1
[INFO] [stderr]    Compiling alloy-network-primitives v1.4.3
[INFO] [stderr]    Compiling alloy-consensus-any v1.4.3
[INFO] [stderr]    Compiling alloy-rpc-types-eth v1.4.3
[INFO] [stderr]    Compiling hyper-util v0.1.19
[INFO] [stderr]    Compiling alloy-rpc-types-any v1.4.3
[INFO] [stderr]    Compiling alloy-rpc-types v1.4.3
[INFO] [stderr]    Compiling alloy-network v1.4.3
[INFO] [stderr]    Compiling hyper-tls v0.6.0
[INFO] [stderr]    Compiling axum v0.7.9
[INFO] [stderr]    Compiling alloy-signer-local v1.4.3
[INFO] [stderr]    Compiling rustls-webpki v0.103.9
[INFO] [stderr]    Compiling tokio-rustls v0.26.4
[INFO] [stderr]    Compiling rustls-platform-verifier v0.6.2
[INFO] [stderr]    Compiling hyper-rustls v0.27.7
[INFO] [stderr]    Compiling yawc v0.2.7
[INFO] [stderr]    Compiling reqwest v0.12.28
[INFO] [stderr]    Compiling reqwest v0.13.1
[INFO] [stderr]    Compiling alloy-transport-http v1.4.3
[INFO] [stderr]    Compiling hl-builder-data v0.1.0 (/opt/rustwide/workdir/crates/hl-builder-data)
[INFO] [stderr]    Compiling alloy-rpc-client v1.4.3
[INFO] [stderr]    Compiling alloy-provider v1.4.3
[INFO] [stderr]    Compiling alloy-contract v1.4.3
[INFO] [stderr]    Compiling alloy v1.4.3
[INFO] [stderr]    Compiling hypersdk v0.1.6
[INFO] [stderr]    Compiling hl-ingestion v0.1.0 (/opt/rustwide/workdir/crates/hl-ingestion)
[INFO] [stderr]    Compiling hl-indexer v0.1.0 (/opt/rustwide/workdir/crates/hl-indexer)
[INFO] [stderr]    Compiling hl-api v0.1.0 (/opt/rustwide/workdir/crates/hl-api)
[INFO] [stderr]    Compiling hl-server v0.1.0 (/opt/rustwide/workdir/crates/hl-server)
[INFO] [stderr]     Finished `release` profile [optimized] target(s) in 5m 13s
[INFO] [stderr] warning: the following packages contain code that will be rejected by a future version of Rust: proc-macro-error2 v2.0.1
[INFO] [stderr] note: to see what the problems were, use the option `--future-incompat-report`, or run `cargo report future-incompatibilities --id 2`
[INFO] running `Command { std: "docker" "inspect" "97d4f9e8e5188594308666d3974e6811f239fe70f1e3ffbd23411d90a158b133", kill_on_drop: false }`
[INFO] running `Command { std: "docker" "exec" "-e" "SOURCE_DIR=/opt/rustwide/workdir" "-e" "CARGO_HOME=/opt/rustwide/cargo-home" "-e" "RUSTUP_HOME=/opt/rustwide/rustup-home" "-e" "CARGO_TARGET_DIR=/opt/rustwide/target" "-e" "CARGO_INCREMENTAL=0" "-e" "RUST_BACKTRACE=full" "-e" "RUSTFLAGS=--cap-lints=warn" "-e" "RUSTDOCFLAGS=--cap-lints=warn" "-w" "/opt/rustwide/workdir" "--user" "0:0" "97d4f9e8e5188594308666d3974e6811f239fe70f1e3ffbd23411d90a158b133" "/opt/rustwide/cargo-home/bin/cargo" "+1.98.0-beta.8" "test" "--frozen" "--no-run" "--message-format=json" "--release", kill_on_drop: false }`
[INFO] [stderr]    Compiling rust_decimal_macros v1.40.0
[INFO] [stderr]    Compiling rust_decimal v1.40.0
[INFO] [stderr]    Compiling hl-types v0.1.0 (/opt/rustwide/workdir/crates/hl-types)
[INFO] [stderr]    Compiling hypersdk v0.1.6
[INFO] [stderr]    Compiling hl-builder-data v0.1.0 (/opt/rustwide/workdir/crates/hl-builder-data)
[INFO] [stderr]    Compiling hl-ingestion v0.1.0 (/opt/rustwide/workdir/crates/hl-ingestion)
[INFO] [stderr]    Compiling hl-indexer v0.1.0 (/opt/rustwide/workdir/crates/hl-indexer)
[INFO] [stderr]    Compiling hl-api v0.1.0 (/opt/rustwide/workdir/crates/hl-api)
[INFO] [stderr]    Compiling hl-server v0.1.0 (/opt/rustwide/workdir/crates/hl-server)
[INFO] [stderr]     Finished `release` profile [optimized] target(s) in 1m 04s
[INFO] [stderr] warning: the following packages contain code that will be rejected by a future version of Rust: proc-macro-error2 v2.0.1
[INFO] [stderr] note: to see what the problems were, use the option `--future-incompat-report`, or run `cargo report future-incompatibilities --id 2`
[INFO] running `Command { std: "docker" "inspect" "97d4f9e8e5188594308666d3974e6811f239fe70f1e3ffbd23411d90a158b133", kill_on_drop: false }`
[INFO] running `Command { std: "docker" "exec" "-e" "SOURCE_DIR=/opt/rustwide/workdir" "-e" "CARGO_HOME=/opt/rustwide/cargo-home" "-e" "RUSTUP_HOME=/opt/rustwide/rustup-home" "-e" "CARGO_TARGET_DIR=/opt/rustwide/target" "-e" "CARGO_INCREMENTAL=0" "-e" "RUST_BACKTRACE=full" "-e" "RUSTFLAGS=--cap-lints=warn" "-e" "RUSTDOCFLAGS=--cap-lints=warn" "-w" "/opt/rustwide/workdir" "--user" "0:0" "97d4f9e8e5188594308666d3974e6811f239fe70f1e3ffbd23411d90a158b133" "/opt/rustwide/cargo-home/bin/cargo" "+1.98.0-beta.8" "test" "--frozen" "--release", kill_on_drop: false }`
[INFO] [stderr]     Finished `release` profile [optimized] target(s) in 0.76s
[INFO] [stderr] warning: the following packages contain code that will be rejected by a future version of Rust: proc-macro-error2 v2.0.1
[INFO] [stderr] note: to see what the problems were, use the option `--future-incompat-report`, or run `cargo report future-incompatibilities --id 2`
[INFO] [stderr]      Running unittests src/lib.rs (/opt/rustwide/target/release/deps/hl_api-cee87b0cead06708)
[INFO] [stdout] 
[INFO] [stdout] running 0 tests
[INFO] [stdout] 
[INFO] [stdout] test result: ok. 0 passed; 0 failed; 0 ignored; 0 measured; 0 filtered out; finished in 0.00s
[INFO] [stdout] 
[INFO] [stderr]      Running unittests src/lib.rs (/opt/rustwide/target/release/deps/hl_builder_data-564d3d7cc53737ca)
[INFO] [stdout] 
[INFO] [stdout] running 11 tests
[INFO] [stdout] test enricher::tests::test_is_builder_fill ... ok
[INFO] [stdout] test enricher::tests::test_enricher_basic ... ok
[INFO] [stdout] test enricher::tests::test_get_builder_fee ... ok
[INFO] [stdout] test enricher::tests::test_total_fees_and_volume ... ok
[INFO] [stdout] test parser::tests::test_notional_value ... ok
[INFO] [stdout] test parser::tests::test_parse_empty_csv ... ok
[INFO] [stdout] test client::tests::test_new_client_invalid ... ok
[INFO] [stdout] test parser::tests::test_parse_sample_csv ... ok
[INFO] [stdout] test types::tests::test_builder_fill_side ... ok
[INFO] [stdout] test client::tests::test_build_url ... ok
[INFO] [stdout] test client::tests::test_new_client ... ok
[INFO] [stderr]      Running tests/integration_test.rs (/opt/rustwide/target/release/deps/integration_test-032760d0495a3370)
[INFO] [stdout] 
[INFO] [stdout] test result: ok. 11 passed; 0 failed; 0 ignored; 0 measured; 0 filtered out; finished in 0.09s
[INFO] [stdout] 
[INFO] [stdout] 
[INFO] [stdout] running 7 tests
[INFO] [stdout] test test_builder_address_lowercase ... ok
[INFO] [stdout] test test_multiple_dates_2026 ... FAILED
[INFO] [stdout] test test_csv_structure_validation ... FAILED
[INFO] [stdout] test test_fetch_fills_single_date ... FAILED
[INFO] [stdout] test test_fetch_fills_not_found ... FAILED
[INFO] [stdout] test test_enricher_with_real_data ... FAILED
[INFO] [stdout] test test_fetch_fills_date_range ... FAILED
[INFO] [stdout] 
[INFO] [stdout] failures:
[INFO] [stdout] 
[INFO] [stdout] ---- test_multiple_dates_2026 stdout ----
[INFO] [stdout] 
[INFO] [stdout] thread 'test_multiple_dates_2026' (6595) panicked at crates/hl-builder-data/tests/integration_test.rs:161:17:
[INFO] [stdout] Unexpected error for 2026-01-10: HTTP error: error sending request for url (https://stats-data.hyperliquid.xyz/Mainnet/builder_fills/0x2868fc0d9786a740b491577a43502259efa78a39/20260110.csv.lz4)
[INFO] [stdout] stack backtrace:
[INFO] [stdout]    0:     0x60747956af51 - <<std[97b98282bc616a66]::sys::backtrace::BacktraceLock>::print::DisplayBacktrace as core[832e9a552fc17241]::fmt::Display>::fmt
[INFO] [stdout]    1:     0x607479582c2a - core[832e9a552fc17241]::fmt::write
[INFO] [stdout]    2:     0x60747956fb6c - <alloc[3ecab9f82c41dc7d]::vec::Vec<u8> as std[97b98282bc616a66]::io::Write>::write_fmt
[INFO] [stdout]    3:     0x6074795481c6 - std[97b98282bc616a66]::panicking::default_hook::{closure#0}
[INFO] [stdout]    4:     0x6074795628f9 - std[97b98282bc616a66]::panicking::default_hook
[INFO] [stdout]    5:     0x607479262130 - test[39766f3d73431624]::test_main_inner::<test[39766f3d73431624]::test_main_static::{closure#0}>::{closure#0}
[INFO] [stdout]    6:     0x607479562c22 - std[97b98282bc616a66]::panicking::panic_with_hook
[INFO] [stdout]    7:     0x607479548272 - std[97b98282bc616a66]::panicking::panic_handler::{closure#0}
[INFO] [stdout]    8:     0x60747953fae9 - std[97b98282bc616a66]::sys::backtrace::__rust_end_short_backtrace::<std[97b98282bc616a66]::panicking::panic_handler::{closure#0}, !>
[INFO] [stdout]    9:     0x60747954905d - __rustc[e3d8617bb01b7f69]::rust_begin_unwind
[INFO] [stdout]   10:     0x60747958338c - core[832e9a552fc17241]::panicking::panic_fmt
[INFO] [stdout]   11:     0x607479242bbd - integration_test[fedf7edd73b273d]::test_multiple_dates_2026::{closure#0}
[INFO] [stdout]   12:     0x60747924ca73 - <tokio[48abada189e8339f]::runtime::scheduler::current_thread::Context>::enter::<core[832e9a552fc17241]::task::poll::Poll<()>, <tokio[48abada189e8339f]::runtime::scheduler::current_thread::CoreGuard>::block_on<core[832e9a552fc17241]::pin::Pin<&mut core[832e9a552fc17241]::pin::Pin<&mut dyn core[832e9a552fc17241]::future::future::Future<Output = ()>>>>::{closure#0}::{closure#0}>
[INFO] [stdout]   13:     0x6074792471ac - <tokio[48abada189e8339f]::runtime::context::scoped::Scoped<tokio[48abada189e8339f]::runtime::scheduler::Context>>::set::<<tokio[48abada189e8339f]::runtime::scheduler::current_thread::CoreGuard>::enter<<tokio[48abada189e8339f]::runtime::scheduler::current_thread::CoreGuard>::block_on<core[832e9a552fc17241]::pin::Pin<&mut core[832e9a552fc17241]::pin::Pin<&mut dyn core[832e9a552fc17241]::future::future::Future<Output = ()>>>>::{closure#0}, core[832e9a552fc17241]::option::Option<()>>::{closure#0}, (alloc[3ecab9f82c41dc7d]::boxed::Box<tokio[48abada189e8339f]::runtime::scheduler::current_thread::Core>, core[832e9a552fc17241]::option::Option<()>)>
[INFO] [stdout]   14:     0x60747924cdc7 - <tokio[48abada189e8339f]::runtime::scheduler::current_thread::CoreGuard>::block_on::<core[832e9a552fc17241]::pin::Pin<&mut core[832e9a552fc17241]::pin::Pin<&mut dyn core[832e9a552fc17241]::future::future::Future<Output = ()>>>>
[INFO] [stdout]   15:     0x6074792548aa - tokio[48abada189e8339f]::runtime::context::runtime::enter_runtime::<<tokio[48abada189e8339f]::runtime::scheduler::current_thread::CurrentThread>::block_on<core[832e9a552fc17241]::pin::Pin<&mut dyn core[832e9a552fc17241]::future::future::Future<Output = ()>>>::{closure#0}, ()>
[INFO] [stdout]   16:     0x607479247085 - <tokio[48abada189e8339f]::runtime::runtime::Runtime>::block_on::<core[832e9a552fc17241]::pin::Pin<&mut dyn core[832e9a552fc17241]::future::future::Future<Output = ()>>>
[INFO] [stdout]   17:     0x60747924646e - <integration_test[fedf7edd73b273d]::test_multiple_dates_2026::{closure#0} as core[832e9a552fc17241]::ops::function::FnOnce<()>>::call_once
[INFO] [stdout]   18:     0x60747925546b - test[39766f3d73431624]::__rust_begin_short_backtrace::<core[832e9a552fc17241]::result::Result<(), alloc[3ecab9f82c41dc7d]::string::String>, fn() -> core[832e9a552fc17241]::result::Result<(), alloc[3ecab9f82c41dc7d]::string::String>>
[INFO] [stdout]   19:     0x607479262ab5 - test[39766f3d73431624]::run_test::{closure#0}
[INFO] [stdout]   20:     0x60747925d564 - std[97b98282bc616a66]::sys::backtrace::__rust_begin_short_backtrace::<test[39766f3d73431624]::run_test::{closure#1}, ()>
[INFO] [stdout]   21:     0x607479265c02 - <std[97b98282bc616a66]::thread::lifecycle::spawn_unchecked<test[39766f3d73431624]::run_test::{closure#1}, ()>::{closure#1} as core[832e9a552fc17241]::ops::function::FnOnce<()>>::call_once::{shim:vtable#0}
[INFO] [stdout]   22:     0x60747956a42f - <std[97b98282bc616a66]::sys::thread::unix::Thread>::new::thread_start
[INFO] [stdout]   23:     0x781695d3107a - <unknown>
[INFO] [stdout]   24:     0x781695dc4534 - clone
[INFO] [stdout]   25:                0x0 - <unknown>
[INFO] [stdout] 
[INFO] [stdout] ---- test_csv_structure_validation stdout ----
[INFO] [stdout] 
[INFO] [stdout] thread 'test_csv_structure_validation' (6590) panicked at crates/hl-builder-data/tests/integration_test.rs:119:48:
[INFO] [stdout] called `Result::unwrap()` on an `Err` value: Http(reqwest::Error { kind: Request, url: "https://stats-data.hyperliquid.xyz/Mainnet/builder_fills/0x2868fc0d9786a740b491577a43502259efa78a39/20260110.csv.lz4", source: hyper_util::client::legacy::Error(Connect, ConnectError("dns error", Custom { kind: Uncategorized, error: "failed to lookup address information: Temporary failure in name resolution" })) })
[INFO] [stdout] stack backtrace:
[INFO] [stdout]    0:     0x60747956af51 - <<std[97b98282bc616a66]::sys::backtrace::BacktraceLock>::print::DisplayBacktrace as core[832e9a552fc17241]::fmt::Display>::fmt
[INFO] [stdout]    1:     0x607479582c2a - core[832e9a552fc17241]::fmt::write
[INFO] [stdout]    2:     0x60747956fb6c - <alloc[3ecab9f82c41dc7d]::vec::Vec<u8> as std[97b98282bc616a66]::io::Write>::write_fmt
[INFO] [stdout]    3:     0x6074795481c6 - std[97b98282bc616a66]::panicking::default_hook::{closure#0}
[INFO] [stdout]    4:     0x6074795628f9 - std[97b98282bc616a66]::panicking::default_hook
[INFO] [stdout]    5:     0x607479262130 - test[39766f3d73431624]::test_main_inner::<test[39766f3d73431624]::test_main_static::{closure#0}>::{closure#0}
[INFO] [stdout]    6:     0x607479562c22 - std[97b98282bc616a66]::panicking::panic_with_hook
[INFO] [stdout]    7:     0x607479548272 - std[97b98282bc616a66]::panicking::panic_handler::{closure#0}
[INFO] [stdout]    8:     0x60747953fae9 - std[97b98282bc616a66]::sys::backtrace::__rust_end_short_backtrace::<std[97b98282bc616a66]::panicking::panic_handler::{closure#0}, !>
[INFO] [stdout]    9:     0x60747954905d - __rustc[e3d8617bb01b7f69]::rust_begin_unwind
[INFO] [stdout]   10:     0x60747958338c - core[832e9a552fc17241]::panicking::panic_fmt
[INFO] [stdout]   11:     0x607479583162 - core[832e9a552fc17241]::result::unwrap_failed
[INFO] [stdout]   12:     0x6074792444cf - integration_test[fedf7edd73b273d]::test_csv_structure_validation::{closure#0}
[INFO] [stdout]   13:     0x60747924ca73 - <tokio[48abada189e8339f]::runtime::scheduler::current_thread::Context>::enter::<core[832e9a552fc17241]::task::poll::Poll<()>, <tokio[48abada189e8339f]::runtime::scheduler::current_thread::CoreGuard>::block_on<core[832e9a552fc17241]::pin::Pin<&mut core[832e9a552fc17241]::pin::Pin<&mut dyn core[832e9a552fc17241]::future::future::Future<Output = ()>>>>::{closure#0}::{closure#0}>
[INFO] [stdout]   14:     0x6074792471ac - <tokio[48abada189e8339f]::runtime::context::scoped::Scoped<tokio[48abada189e8339f]::runtime::scheduler::Context>>::set::<<tokio[48abada189e8339f]::runtime::scheduler::current_thread::CoreGuard>::enter<<tokio[48abada189e8339f]::runtime::scheduler::current_thread::CoreGuard>::block_on<core[832e9a552fc17241]::pin::Pin<&mut core[832e9a552fc17241]::pin::Pin<&mut dyn core[832e9a552fc17241]::future::future::Future<Output = ()>>>>::{closure#0}, core[832e9a552fc17241]::option::Option<()>>::{closure#0}, (alloc[3ecab9f82c41dc7d]::boxed::Box<tokio[48abada189e8339f]::runtime::scheduler::current_thread::Core>, core[832e9a552fc17241]::option::Option<()>)>
[INFO] [stdout]   15:     0x60747924cdc7 - <tokio[48abada189e8339f]::runtime::scheduler::current_thread::CoreGuard>::block_on::<core[832e9a552fc17241]::pin::Pin<&mut core[832e9a552fc17241]::pin::Pin<&mut dyn core[832e9a552fc17241]::future::future::Future<Output = ()>>>>
[INFO] [stdout]   16:     0x6074792548aa - tokio[48abada189e8339f]::runtime::context::runtime::enter_runtime::<<tokio[48abada189e8339f]::runtime::scheduler::current_thread::CurrentThread>::block_on<core[832e9a552fc17241]::pin::Pin<&mut dyn core[832e9a552fc17241]::future::future::Future<Output = ()>>>::{closure#0}, ()>
[INFO] [stdout]   17:     0x607479247085 - <tokio[48abada189e8339f]::runtime::runtime::Runtime>::block_on::<core[832e9a552fc17241]::pin::Pin<&mut dyn core[832e9a552fc17241]::future::future::Future<Output = ()>>>
[INFO] [stdout]   18:     0x607479246d4e - <integration_test[fedf7edd73b273d]::test_csv_structure_validation::{closure#0} as core[832e9a552fc17241]::ops::function::FnOnce<()>>::call_once
[INFO] [stdout]   19:     0x60747925546b - test[39766f3d73431624]::__rust_begin_short_backtrace::<core[832e9a552fc17241]::result::Result<(), alloc[3ecab9f82c41dc7d]::string::String>, fn() -> core[832e9a552fc17241]::result::Result<(), alloc[3ecab9f82c41dc7d]::string::String>>
[INFO] [stdout]   20:     0x607479262ab5 - test[39766f3d73431624]::run_test::{closure#0}
[INFO] [stdout]   21:     0x60747925d564 - std[97b98282bc616a66]::sys::backtrace::__rust_begin_short_backtrace::<test[39766f3d73431624]::run_test::{closure#1}, ()>
[INFO] [stdout]   22:     0x607479265c02 - <std[97b98282bc616a66]::thread::lifecycle::spawn_unchecked<test[39766f3d73431624]::run_test::{closure#1}, ()>::{closure#1} as core[832e9a552fc17241]::ops::function::FnOnce<()>>::call_once::{shim:vtable#0}
[INFO] [stdout]   23:     0x60747956a42f - <std[97b98282bc616a66]::sys::thread::unix::Thread>::new::thread_start
[INFO] [stdout]   24:     0x781695d3107a - <unknown>
[INFO] [stdout]   25:     0x781695dc4534 - clone
[INFO] [stdout]   26:                0x0 - <unknown>
[INFO] [stdout] 
[INFO] [stdout] ---- test_fetch_fills_single_date stdout ----
[INFO] [stdout] 
[INFO] [stdout] thread 'test_fetch_fills_single_date' (6594) panicked at crates/hl-builder-data/tests/integration_test.rs:17:48:
[INFO] [stdout] called `Result::unwrap()` on an `Err` value: Http(reqwest::Error { kind: Request, url: "https://stats-data.hyperliquid.xyz/Mainnet/builder_fills/0x2868fc0d9786a740b491577a43502259efa78a39/20260110.csv.lz4", source: hyper_util::client::legacy::Error(Connect, ConnectError("dns error", Custom { kind: Uncategorized, error: "failed to lookup address information: Temporary failure in name resolution" })) })
[INFO] [stdout] stack backtrace:
[INFO] [stdout]    0:     0x60747956af51 - <<std[97b98282bc616a66]::sys::backtrace::BacktraceLock>::print::DisplayBacktrace as core[832e9a552fc17241]::fmt::Display>::fmt
[INFO] [stdout]    1:     0x607479582c2a - core[832e9a552fc17241]::fmt::write
[INFO] [stdout]    2:     0x60747956fb6c - <alloc[3ecab9f82c41dc7d]::vec::Vec<u8> as std[97b98282bc616a66]::io::Write>::write_fmt
[INFO] [stdout]    3:     0x6074795481c6 - std[97b98282bc616a66]::panicking::default_hook::{closure#0}
[INFO] [stdout]    4:     0x6074795628f9 - std[97b98282bc616a66]::panicking::default_hook
[INFO] [stdout]    5:     0x607479262130 - test[39766f3d73431624]::test_main_inner::<test[39766f3d73431624]::test_main_static::{closure#0}>::{closure#0}
[INFO] [stdout]    6:     0x607479562c22 - std[97b98282bc616a66]::panicking::panic_with_hook
[INFO] [stdout]    7:     0x607479548272 - std[97b98282bc616a66]::panicking::panic_handler::{closure#0}
[INFO] [stdout]    8:     0x60747953fae9 - std[97b98282bc616a66]::sys::backtrace::__rust_end_short_backtrace::<std[97b98282bc616a66]::panicking::panic_handler::{closure#0}, !>
[INFO] [stdout]    9:     0x60747954905d - __rustc[e3d8617bb01b7f69]::rust_begin_unwind
[INFO] [stdout]   10:     0x60747958338c - core[832e9a552fc17241]::panicking::panic_fmt
[INFO] [stdout]   11:     0x607479583162 - core[832e9a552fc17241]::result::unwrap_failed
[INFO] [stdout]   12:     0x60747924402e - integration_test[fedf7edd73b273d]::test_fetch_fills_single_date::{closure#0}
[INFO] [stdout]   13:     0x60747924ca73 - <tokio[48abada189e8339f]::runtime::scheduler::current_thread::Context>::enter::<core[832e9a552fc17241]::task::poll::Poll<()>, <tokio[48abada189e8339f]::runtime::scheduler::current_thread::CoreGuard>::block_on<core[832e9a552fc17241]::pin::Pin<&mut core[832e9a552fc17241]::pin::Pin<&mut dyn core[832e9a552fc17241]::future::future::Future<Output = ()>>>>::{closure#0}::{closure#0}>
[INFO] [stdout]   14:     0x6074792471ac - <tokio[48abada189e8339f]::runtime::context::scoped::Scoped<tokio[48abada189e8339f]::runtime::scheduler::Context>>::set::<<tokio[48abada189e8339f]::runtime::scheduler::current_thread::CoreGuard>::enter<<tokio[48abada189e8339f]::runtime::scheduler::current_thread::CoreGuard>::block_on<core[832e9a552fc17241]::pin::Pin<&mut core[832e9a552fc17241]::pin::Pin<&mut dyn core[832e9a552fc17241]::future::future::Future<Output = ()>>>>::{closure#0}, core[832e9a552fc17241]::option::Option<()>>::{closure#0}, (alloc[3ecab9f82c41dc7d]::boxed::Box<tokio[48abada189e8339f]::runtime::scheduler::current_thread::Core>, core[832e9a552fc17241]::option::Option<()>)>
[INFO] [stdout]   15:     0x60747924cdc7 - <tokio[48abada189e8339f]::runtime::scheduler::current_thread::CoreGuard>::block_on::<core[832e9a552fc17241]::pin::Pin<&mut core[832e9a552fc17241]::pin::Pin<&mut dyn core[832e9a552fc17241]::future::future::Future<Output = ()>>>>
[INFO] [stdout]   16:     0x6074792548aa - tokio[48abada189e8339f]::runtime::context::runtime::enter_runtime::<<tokio[48abada189e8339f]::runtime::scheduler::current_thread::CurrentThread>::block_on<core[832e9a552fc17241]::pin::Pin<&mut dyn core[832e9a552fc17241]::future::future::Future<Output = ()>>>::{closure#0}, ()>
[INFO] [stdout]   17:     0x607479247085 - <tokio[48abada189e8339f]::runtime::runtime::Runtime>::block_on::<core[832e9a552fc17241]::pin::Pin<&mut dyn core[832e9a552fc17241]::future::future::Future<Output = ()>>>
[INFO] [stdout]   18:     0x607479246b6e - <integration_test[fedf7edd73b273d]::test_fetch_fills_single_date::{closure#0} as core[832e9a552fc17241]::ops::function::FnOnce<()>>::call_once
[INFO] [stdout]   19:     0x60747925546b - test[39766f3d73431624]::__rust_begin_short_backtrace::<core[832e9a552fc17241]::result::Result<(), alloc[3ecab9f82c41dc7d]::string::String>, fn() -> core[832e9a552fc17241]::result::Result<(), alloc[3ecab9f82c41dc7d]::string::String>>
[INFO] [stdout]   20:     0x607479262ab5 - test[39766f3d73431624]::run_test::{closure#0}
[INFO] [stdout]   21:     0x60747925d564 - std[97b98282bc616a66]::sys::backtrace::__rust_begin_short_backtrace::<test[39766f3d73431624]::run_test::{closure#1}, ()>
[INFO] [stdout]   22:     0x607479265c02 - <std[97b98282bc616a66]::thread::lifecycle::spawn_unchecked<test[39766f3d73431624]::run_test::{closure#1}, ()>::{closure#1} as core[832e9a552fc17241]::ops::function::FnOnce<()>>::call_once::{shim:vtable#0}
[INFO] [stdout]   23:     0x60747956a42f - <std[97b98282bc616a66]::sys::thread::unix::Thread>::new::thread_start
[INFO] [stdout]   24:     0x781695d3107a - <unknown>
[INFO] [stdout]   25:     0x781695dc4534 - clone
[INFO] [stdout]   26:                0x0 - <unknown>
[INFO] [stdout] 
[INFO] [stdout] ---- test_fetch_fills_not_found stdout ----
[INFO] [stdout] 
[INFO] [stdout] thread 'test_fetch_fills_not_found' (6593) panicked at crates/hl-builder-data/tests/integration_test.rs:74:5:
[INFO] [stdout] Expected NotFound error for future date
[INFO] [stdout] stack backtrace:
[INFO] [stdout]    0:     0x60747956af51 - <<std[97b98282bc616a66]::sys::backtrace::BacktraceLock>::print::DisplayBacktrace as core[832e9a552fc17241]::fmt::Display>::fmt
[INFO] [stdout]    1:     0x607479582c2a - core[832e9a552fc17241]::fmt::write
[INFO] [stdout]    2:     0x60747956fb6c - <alloc[3ecab9f82c41dc7d]::vec::Vec<u8> as std[97b98282bc616a66]::io::Write>::write_fmt
[INFO] [stdout]    3:     0x6074795481c6 - std[97b98282bc616a66]::panicking::default_hook::{closure#0}
[INFO] [stdout]    4:     0x6074795628f9 - std[97b98282bc616a66]::panicking::default_hook
[INFO] [stdout]    5:     0x607479262130 - test[39766f3d73431624]::test_main_inner::<test[39766f3d73431624]::test_main_static::{closure#0}>::{closure#0}
[INFO] [stdout]    6:     0x607479562c22 - std[97b98282bc616a66]::panicking::panic_with_hook
[INFO] [stdout]    7:     0x6074795482a4 - std[97b98282bc616a66]::panicking::panic_handler::{closure#0}
[INFO] [stdout]    8:     0x60747953fae9 - std[97b98282bc616a66]::sys::backtrace::__rust_end_short_backtrace::<std[97b98282bc616a66]::panicking::panic_handler::{closure#0}, !>
[INFO] [stdout]    9:     0x60747954905d - __rustc[e3d8617bb01b7f69]::rust_begin_unwind
[INFO] [stdout]   10:     0x60747958338c - core[832e9a552fc17241]::panicking::panic_fmt
[INFO] [stdout]   11:     0x607479242d95 - integration_test[fedf7edd73b273d]::test_fetch_fills_not_found::{closure#0}
[INFO] [stdout]   12:     0x60747924ca73 - <tokio[48abada189e8339f]::runtime::scheduler::current_thread::Context>::enter::<core[832e9a552fc17241]::task::poll::Poll<()>, <tokio[48abada189e8339f]::runtime::scheduler::current_thread::CoreGuard>::block_on<core[832e9a552fc17241]::pin::Pin<&mut core[832e9a552fc17241]::pin::Pin<&mut dyn core[832e9a552fc17241]::future::future::Future<Output = ()>>>>::{closure#0}::{closure#0}>
[INFO] [stdout]   13:     0x6074792471ac - <tokio[48abada189e8339f]::runtime::context::scoped::Scoped<tokio[48abada189e8339f]::runtime::scheduler::Context>>::set::<<tokio[48abada189e8339f]::runtime::scheduler::current_thread::CoreGuard>::enter<<tokio[48abada189e8339f]::runtime::scheduler::current_thread::CoreGuard>::block_on<core[832e9a552fc17241]::pin::Pin<&mut core[832e9a552fc17241]::pin::Pin<&mut dyn core[832e9a552fc17241]::future::future::Future<Output = ()>>>>::{closure#0}, core[832e9a552fc17241]::option::Option<()>>::{closure#0}, (alloc[3ecab9f82c41dc7d]::boxed::Box<tokio[48abada189e8339f]::runtime::scheduler::current_thread::Core>, core[832e9a552fc17241]::option::Option<()>)>
[INFO] [stdout]   14:     0x60747924cdc7 - <tokio[48abada189e8339f]::runtime::scheduler::current_thread::CoreGuard>::block_on::<core[832e9a552fc17241]::pin::Pin<&mut core[832e9a552fc17241]::pin::Pin<&mut dyn core[832e9a552fc17241]::future::future::Future<Output = ()>>>>
[INFO] [stdout]   15:     0x6074792548aa - tokio[48abada189e8339f]::runtime::context::runtime::enter_runtime::<<tokio[48abada189e8339f]::runtime::scheduler::current_thread::CurrentThread>::block_on<core[832e9a552fc17241]::pin::Pin<&mut dyn core[832e9a552fc17241]::future::future::Future<Output = ()>>>::{closure#0}, ()>
[INFO] [stdout]   16:     0x607479247085 - <tokio[48abada189e8339f]::runtime::runtime::Runtime>::block_on::<core[832e9a552fc17241]::pin::Pin<&mut dyn core[832e9a552fc17241]::future::future::Future<Output = ()>>>
[INFO] [stdout]   17:     0x60747924664e - <integration_test[fedf7edd73b273d]::test_fetch_fills_not_found::{closure#0} as core[832e9a552fc17241]::ops::function::FnOnce<()>>::call_once
[INFO] [stdout]   18:     0x60747925546b - test[39766f3d73431624]::__rust_begin_short_backtrace::<core[832e9a552fc17241]::result::Result<(), alloc[3ecab9f82c41dc7d]::string::String>, fn() -> core[832e9a552fc17241]::result::Result<(), alloc[3ecab9f82c41dc7d]::string::String>>
[INFO] [stdout]   19:     0x607479262ab5 - test[39766f3d73431624]::run_test::{closure#0}
[INFO] [stdout]   20:     0x60747925d564 - std[97b98282bc616a66]::sys::backtrace::__rust_begin_short_backtrace::<test[39766f3d73431624]::run_test::{closure#1}, ()>
[INFO] [stdout]   21:     0x607479265c02 - <std[97b98282bc616a66]::thread::lifecycle::spawn_unchecked<test[39766f3d73431624]::run_test::{closure#1}, ()>::{closure#1} as core[832e9a552fc17241]::ops::function::FnOnce<()>>::call_once::{shim:vtable#0}
[INFO] [stdout]   22:     0x60747956a42f - <std[97b98282bc616a66]::sys::thread::unix::Thread>::new::thread_start
[INFO] [stdout]   23:     0x781695d3107a - <unknown>
[INFO] [stdout]   24:     0x781695dc4534 - clone
[INFO] [stdout]   25:                0x0 - <unknown>
[INFO] [stdout] 
[INFO] [stdout] ---- test_enricher_with_real_data stdout ----
[INFO] [stdout] 
[INFO] [stdout] thread 'test_enricher_with_real_data' (6591) panicked at crates/hl-builder-data/tests/integration_test.rs:93:48:
[INFO] [stdout] called `Result::unwrap()` on an `Err` value: Http(reqwest::Error { kind: Request, url: "https://stats-data.hyperliquid.xyz/Mainnet/builder_fills/0x2868fc0d9786a740b491577a43502259efa78a39/20260110.csv.lz4", source: hyper_util::client::legacy::Error(Connect, ConnectError("dns error", Custom { kind: Uncategorized, error: "failed to lookup address information: Temporary failure in name resolution" })) })
[INFO] [stdout] stack backtrace:
[INFO] [stdout]    0:     0x60747956af51 - <<std[97b98282bc616a66]::sys::backtrace::BacktraceLock>::print::DisplayBacktrace as core[832e9a552fc17241]::fmt::Display>::fmt
[INFO] [stdout]    1:     0x607479582c2a - core[832e9a552fc17241]::fmt::write
[INFO] [stdout]    2:     0x60747956fb6c - <alloc[3ecab9f82c41dc7d]::vec::Vec<u8> as std[97b98282bc616a66]::io::Write>::write_fmt
[INFO] [stdout]    3:     0x6074795481c6 - std[97b98282bc616a66]::panicking::default_hook::{closure#0}
[INFO] [stdout]    4:     0x6074795628f9 - std[97b98282bc616a66]::panicking::default_hook
[INFO] [stdout]    5:     0x607479262130 - test[39766f3d73431624]::test_main_inner::<test[39766f3d73431624]::test_main_static::{closure#0}>::{closure#0}
[INFO] [stdout]    6:     0x607479562c22 - std[97b98282bc616a66]::panicking::panic_with_hook
[INFO] [stdout]    7:     0x607479548272 - std[97b98282bc616a66]::panicking::panic_handler::{closure#0}
[INFO] [stdout]    8:     0x60747953fae9 - std[97b98282bc616a66]::sys::backtrace::__rust_end_short_backtrace::<std[97b98282bc616a66]::panicking::panic_handler::{closure#0}, !>
[INFO] [stdout]    9:     0x60747954905d - __rustc[e3d8617bb01b7f69]::rust_begin_unwind
[INFO] [stdout]   10:     0x60747958338c - core[832e9a552fc17241]::panicking::panic_fmt
[INFO] [stdout]   11:     0x607479583162 - core[832e9a552fc17241]::result::unwrap_failed
[INFO] [stdout]   12:     0x607479243c0a - integration_test[fedf7edd73b273d]::test_enricher_with_real_data::{closure#0}
[INFO] [stdout]   13:     0x60747924ca73 - <tokio[48abada189e8339f]::runtime::scheduler::current_thread::Context>::enter::<core[832e9a552fc17241]::task::poll::Poll<()>, <tokio[48abada189e8339f]::runtime::scheduler::current_thread::CoreGuard>::block_on<core[832e9a552fc17241]::pin::Pin<&mut core[832e9a552fc17241]::pin::Pin<&mut dyn core[832e9a552fc17241]::future::future::Future<Output = ()>>>>::{closure#0}::{closure#0}>
[INFO] [stdout]   14:     0x6074792471ac - <tokio[48abada189e8339f]::runtime::context::scoped::Scoped<tokio[48abada189e8339f]::runtime::scheduler::Context>>::set::<<tokio[48abada189e8339f]::runtime::scheduler::current_thread::CoreGuard>::enter<<tokio[48abada189e8339f]::runtime::scheduler::current_thread::CoreGuard>::block_on<core[832e9a552fc17241]::pin::Pin<&mut core[832e9a552fc17241]::pin::Pin<&mut dyn core[832e9a552fc17241]::future::future::Future<Output = ()>>>>::{closure#0}, core[832e9a552fc17241]::option::Option<()>>::{closure#0}, (alloc[3ecab9f82c41dc7d]::boxed::Box<tokio[48abada189e8339f]::runtime::scheduler::current_thread::Core>, core[832e9a552fc17241]::option::Option<()>)>
[INFO] [stdout]   15:     0x60747924cdc7 - <tokio[48abada189e8339f]::runtime::scheduler::current_thread::CoreGuard>::block_on::<core[832e9a552fc17241]::pin::Pin<&mut core[832e9a552fc17241]::pin::Pin<&mut dyn core[832e9a552fc17241]::future::future::Future<Output = ()>>>>
[INFO] [stdout]   16:     0x6074792548aa - tokio[48abada189e8339f]::runtime::context::runtime::enter_runtime::<<tokio[48abada189e8339f]::runtime::scheduler::current_thread::CurrentThread>::block_on<core[832e9a552fc17241]::pin::Pin<&mut dyn core[832e9a552fc17241]::future::future::Future<Output = ()>>>::{closure#0}, ()>
[INFO] [stdout]   17:     0x607479247085 - <tokio[48abada189e8339f]::runtime::runtime::Runtime>::block_on::<core[832e9a552fc17241]::pin::Pin<&mut dyn core[832e9a552fc17241]::future::future::Future<Output = ()>>>
[INFO] [stdout]   18:     0x60747924698e - <integration_test[fedf7edd73b273d]::test_enricher_with_real_data::{closure#0} as core[832e9a552fc17241]::ops::function::FnOnce<()>>::call_once
[INFO] [stdout]   19:     0x60747925546b - test[39766f3d73431624]::__rust_begin_short_backtrace::<core[832e9a552fc17241]::result::Result<(), alloc[3ecab9f82c41dc7d]::string::String>, fn() -> core[832e9a552fc17241]::result::Result<(), alloc[3ecab9f82c41dc7d]::string::String>>
[INFO] [stdout]   20:     0x607479262ab5 - test[39766f3d73431624]::run_test::{closure#0}
[INFO] [stdout]   21:     0x60747925d564 - std[97b98282bc616a66]::sys::backtrace::__rust_begin_short_backtrace::<test[39766f3d73431624]::run_test::{closure#1}, ()>
[INFO] [stdout]   22:     0x607479265c02 - <std[97b98282bc616a66]::thread::lifecycle::spawn_unchecked<test[39766f3d73431624]::run_test::{closure#1}, ()>::{closure#1} as core[832e9a552fc17241]::ops::function::FnOnce<()>>::call_once::{shim:vtable#0}
[INFO] [stdout]   23:     0x60747956a42f - <std[97b98282bc616a66]::sys::thread::unix::Thread>::new::thread_start
[INFO] [stdout]   24:     0x781695d3107a - <unknown>
[INFO] [stdout]   25:     0x781695dc4534 - clone
[INFO] [stdout]   26:                0x0 - <unknown>
[INFO] [stdout] 
[INFO] [stdout] ---- test_fetch_fills_date_range stdout ----
[INFO] [stdout] 
[INFO] [stdout] thread 'test_fetch_fills_date_range' (6592) panicked at crates/hl-builder-data/tests/integration_test.rs:45:58:
[INFO] [stdout] called `Result::unwrap()` on an `Err` value: Http(reqwest::Error { kind: Request, url: "https://stats-data.hyperliquid.xyz/Mainnet/builder_fills/0x2868fc0d9786a740b491577a43502259efa78a39/20260110.csv.lz4", source: hyper_util::client::legacy::Error(Connect, ConnectError("dns error", Custom { kind: Uncategorized, error: "failed to lookup address information: Temporary failure in name resolution" })) })
[INFO] [stdout] stack backtrace:
[INFO] [stdout]    0:     0x60747956af51 - <<std[97b98282bc616a66]::sys::backtrace::BacktraceLock>::print::DisplayBacktrace as core[832e9a552fc17241]::fmt::Display>::fmt
[INFO] [stdout]    1:     0x607479582c2a - core[832e9a552fc17241]::fmt::write
[INFO] [stdout]    2:     0x60747956fb6c - <alloc[3ecab9f82c41dc7d]::vec::Vec<u8> as std[97b98282bc616a66]::io::Write>::write_fmt
[INFO] [stdout]    3:     0x6074795481c6 - std[97b98282bc616a66]::panicking::default_hook::{closure#0}
[INFO] [stdout]    4:     0x6074795628f9 - std[97b98282bc616a66]::panicking::default_hook
[INFO] [stdout]    5:     0x607479262130 - test[39766f3d73431624]::test_main_inner::<test[39766f3d73431624]::test_main_static::{closure#0}>::{closure#0}
[INFO] [stdout]    6:     0x607479562c22 - std[97b98282bc616a66]::panicking::panic_with_hook
[INFO] [stdout]    7:     0x607479548272 - std[97b98282bc616a66]::panicking::panic_handler::{closure#0}
[INFO] [stdout]    8:     0x60747953fae9 - std[97b98282bc616a66]::sys::backtrace::__rust_end_short_backtrace::<std[97b98282bc616a66]::panicking::panic_handler::{closure#0}, !>
[INFO] [stdout]    9:     0x60747954905d - __rustc[e3d8617bb01b7f69]::rust_begin_unwind
[INFO] [stdout]   10:     0x60747958338c - core[832e9a552fc17241]::panicking::panic_fmt
[INFO] [stdout]   11:     0x607479583162 - core[832e9a552fc17241]::result::unwrap_failed
[INFO] [stdout]   12:     0x6074792438de - integration_test[fedf7edd73b273d]::test_fetch_fills_date_range::{closure#0}
[INFO] [stdout]   13:     0x60747924ca73 - <tokio[48abada189e8339f]::runtime::scheduler::current_thread::Context>::enter::<core[832e9a552fc17241]::task::poll::Poll<()>, <tokio[48abada189e8339f]::runtime::scheduler::current_thread::CoreGuard>::block_on<core[832e9a552fc17241]::pin::Pin<&mut core[832e9a552fc17241]::pin::Pin<&mut dyn core[832e9a552fc17241]::future::future::Future<Output = ()>>>>::{closure#0}::{closure#0}>
[INFO] [stdout]   14:     0x6074792471ac - <tokio[48abada189e8339f]::runtime::context::scoped::Scoped<tokio[48abada189e8339f]::runtime::scheduler::Context>>::set::<<tokio[48abada189e8339f]::runtime::scheduler::current_thread::CoreGuard>::enter<<tokio[48abada189e8339f]::runtime::scheduler::current_thread::CoreGuard>::block_on<core[832e9a552fc17241]::pin::Pin<&mut core[832e9a552fc17241]::pin::Pin<&mut dyn core[832e9a552fc17241]::future::future::Future<Output = ()>>>>::{closure#0}, core[832e9a552fc17241]::option::Option<()>>::{closure#0}, (alloc[3ecab9f82c41dc7d]::boxed::Box<tokio[48abada189e8339f]::runtime::scheduler::current_thread::Core>, core[832e9a552fc17241]::option::Option<()>)>
[INFO] [stdout]   15:     0x60747924cdc7 - <tokio[48abada189e8339f]::runtime::scheduler::current_thread::CoreGuard>::block_on::<core[832e9a552fc17241]::pin::Pin<&mut core[832e9a552fc17241]::pin::Pin<&mut dyn core[832e9a552fc17241]::future::future::Future<Output = ()>>>>
[INFO] [stdout]   16:     0x6074792548aa - tokio[48abada189e8339f]::runtime::context::runtime::enter_runtime::<<tokio[48abada189e8339f]::runtime::scheduler::current_thread::CurrentThread>::block_on<core[832e9a552fc17241]::pin::Pin<&mut dyn core[832e9a552fc17241]::future::future::Future<Output = ()>>>::{closure#0}, ()>
[INFO] [stdout]   17:     0x607479247085 - <tokio[48abada189e8339f]::runtime::runtime::Runtime>::block_on::<core[832e9a552fc17241]::pin::Pin<&mut dyn core[832e9a552fc17241]::future::future::Future<Output = ()>>>
[INFO] [stdout]   18:     0x60747924682e - <integration_test[fedf7edd73b273d]::test_fetch_fills_date_range::{closure#0} as core[832e9a552fc17241]::ops::function::FnOnce<()>>::call_once
[INFO] [stdout]   19:     0x60747925546b - test[39766f3d73431624]::__rust_begin_short_backtrace::<core[832e9a552fc17241]::result::Result<(), alloc[3ecab9f82c41dc7d]::string::String>, fn() -> core[832e9a552fc17241]::result::Result<(), alloc[3ecab9f82c41dc7d]::string::String>>
[INFO] [stdout]   20:     0x607479262ab5 - test[39766f3d73431624]::run_test::{closure#0}
[INFO] [stdout]   21:     0x60747925d564 - std[97b98282bc616a66]::sys::backtrace::__rust_begin_short_backtrace::<test[39766f3d73431624]::run_test::{closure#1}, ()>
[INFO] [stdout]   22:     0x607479265c02 - <std[97b98282bc616a66]::thread::lifecycle::spawn_unchecked<test[39766f3d73431624]::run_test::{closure#1}, ()>::{closure#1} as core[832e9a552fc17241]::ops::function::FnOnce<()>>::call_once::{shim:vtable#0}
[INFO] [stdout]   23:     0x60747956a42f - <std[97b98282bc616a66]::sys::thread::unix::Thread>::new::thread_start
[INFO] [stdout]   24:     0x781695d3107a - <unknown>
[INFO] [stdout]   25:     0x781695dc4534 - clone
[INFO] [stdout]   26:                0x0 - <unknown>
[INFO] [stdout] 
[INFO] [stdout] 
[INFO] [stdout] failures:
[INFO] [stdout]     test_csv_structure_validation
[INFO] [stdout]     test_enricher_with_real_data
[INFO] [stdout]     test_fetch_fills_date_range
[INFO] [stdout]     test_fetch_fills_not_found
[INFO] [stdout]     test_fetch_fills_single_date
[INFO] [stdout]     test_multiple_dates_2026
[INFO] [stdout] 
[INFO] [stdout] test result: FAILED. 1 passed; 6 failed; 0 ignored; 0 measured; 0 filtered out; finished in 0.17s
[INFO] [stdout] 
[INFO] [stderr] error: test failed, to rerun pass `-p hl-builder-data --test integration_test`
[INFO] running `Command { std: "docker" "inspect" "97d4f9e8e5188594308666d3974e6811f239fe70f1e3ffbd23411d90a158b133", kill_on_drop: false }`
[INFO] running `Command { std: "docker" "rm" "-f" "97d4f9e8e5188594308666d3974e6811f239fe70f1e3ffbd23411d90a158b133", kill_on_drop: false }`
[INFO] [stdout] 97d4f9e8e5188594308666d3974e6811f239fe70f1e3ffbd23411d90a158b133
