[INFO] cloning repository https://github.com/anjanikumtiw2023-cmd/skillfund
[INFO] running `Command { std: "git" "-c" "credential.helper=" "-c" "credential.helper=/workspace/cargo-home/bin/git-credential-null" "clone" "--bare" "https://github.com/anjanikumtiw2023-cmd/skillfund" "/workspace/cache/git-repos/https%3A%2F%2Fgithub.com%2Fanjanikumtiw2023-cmd%2Fskillfund", kill_on_drop: false }`
[INFO] [stderr] Cloning into bare repository '/workspace/cache/git-repos/https%3A%2F%2Fgithub.com%2Fanjanikumtiw2023-cmd%2Fskillfund'...
[INFO] running `Command { std: "git" "rev-parse" "HEAD", kill_on_drop: false }`
[INFO] [stdout] bbdecc2c5bb784e640058dd698450db5824889d5
[INFO] testing anjanikumtiw2023-cmd/skillfund against 1.98.0-beta.8+cargoflags=--release for beta-release-1.99-2
[INFO] running `Command { std: "git" "clone" "/workspace/cache/git-repos/https%3A%2F%2Fgithub.com%2Fanjanikumtiw2023-cmd%2Fskillfund" "/workspace/builds/worker-4-tc1/source", kill_on_drop: false }`
[INFO] [stderr] Cloning into '/workspace/builds/worker-4-tc1/source'...
[INFO] [stderr] done.
[INFO] started tweaking git repo https://github.com/anjanikumtiw2023-cmd/skillfund
[INFO] finished tweaking git repo https://github.com/anjanikumtiw2023-cmd/skillfund
[INFO] tweaked toml for git repo https://github.com/anjanikumtiw2023-cmd/skillfund written to /workspace/builds/worker-4-tc1/source/Cargo.toml
[INFO] validating manifest of git repo https://github.com/anjanikumtiw2023-cmd/skillfund on toolchain 1.98.0-beta.8
[INFO] running `Command { std: CARGO_HOME="/workspace/cargo-home" RUSTUP_HOME="/workspace/rustup-home" "/workspace/cargo-home/bin/cargo" "+1.98.0-beta.8" "metadata" "--manifest-path" "Cargo.toml" "--no-deps", kill_on_drop: false }`
[INFO] crate git repo https://github.com/anjanikumtiw2023-cmd/skillfund already has a lockfile, it will not be regenerated
[INFO] running `Command { std: CARGO_HOME="/workspace/cargo-home" RUSTUP_HOME="/workspace/rustup-home" "/workspace/cargo-home/bin/cargo" "+1.98.0-beta.8" "fetch" "--manifest-path" "Cargo.toml", kill_on_drop: false }`
[INFO] [stderr]  Downloading crates ...
[INFO] [stderr]   Downloaded stellar-strkey v0.0.16
[INFO] [stderr]   Downloaded stellar-strkey v0.0.13
[INFO] [stderr]   Downloaded soroban-sdk-macros v27.0.4
[INFO] [stderr]   Downloaded soroban-spec v27.0.4
[INFO] [stderr]   Downloaded soroban-spec-rust v27.0.4
[INFO] [stderr]   Downloaded soroban-builtin-sdk-macros v27.0.1
[INFO] [stderr]   Downloaded soroban-env-macros v27.0.1
[INFO] [stderr]   Downloaded soroban-ledger-snapshot v27.0.4
[INFO] [stderr]   Downloaded ark-serialize-derive v0.5.0
[INFO] [stderr]   Downloaded ctor v0.5.0
[INFO] [stderr]   Downloaded soroban-env-guest v27.0.1
[INFO] [stderr]   Downloaded enum-ordinalize v4.4.2
[INFO] [stderr]   Downloaded ark-bn254 v0.5.0
[INFO] [stderr]   Downloaded enum-ordinalize-derive v4.4.2
[INFO] [stderr]   Downloaded bytes-lit v0.0.6
[INFO] [stderr]   Downloaded ctor-proc-macro v0.0.6
[INFO] [stderr]   Downloaded crate-git-revision v0.0.9
[INFO] [stderr]   Downloaded soroban-env-common v27.0.1
[INFO] [stderr]   Downloaded ethnum v1.5.3
[INFO] [stderr]   Downloaded ark-poly v0.5.0
[INFO] [stderr]   Downloaded ark-ec v0.5.0
[INFO] [stderr]   Downloaded soroban-sdk v27.0.4
[INFO] [stderr]   Downloaded ark-bls12-381 v0.5.0
[INFO] [stderr]   Downloaded soroban-env-host v27.0.1
[INFO] [stderr]   Downloaded stellar-xdr v27.0.0
[INFO] running `Command { std: "docker" "create" "-v" "/var/lib/crater-agent-workspace/builds/worker-4-tc1/source:/opt/rustwide/workdir:ro,Z" "-v" "/var/lib/crater-agent-workspace/builds/worker-4-tc1/target:/opt/rustwide/target:rw,Z" "-v" "/var/lib/crater-agent-workspace/cargo-home:/opt/rustwide/cargo-home:ro,Z" "-v" "/var/lib/crater-agent-workspace/rustup-home:/opt/rustwide/rustup-home:ro,Z" "-m" "1610612736" "--network" "none" "ghcr.io/rust-lang/crates-build-env/linux@sha256:8683fc1fc2eb5c9ac98e0d076ab094b2ffac7f99da555d2b6a2e27f346de2ec7" "sleep" "infinity", kill_on_drop: false }`
[INFO] [stdout] b32adf21707711dd68b27b4e9a2d9d23d19ca6146d0632fd0f831fb387f82a87
[INFO] running `Command { std: "docker" "start" "b32adf21707711dd68b27b4e9a2d9d23d19ca6146d0632fd0f831fb387f82a87", kill_on_drop: false }`
[INFO] running `Command { std: "docker" "inspect" "b32adf21707711dd68b27b4e9a2d9d23d19ca6146d0632fd0f831fb387f82a87", kill_on_drop: false }`
[INFO] running `Command { std: "docker" "exec" "-e" "SOURCE_DIR=/opt/rustwide/workdir" "-e" "CARGO_HOME=/opt/rustwide/cargo-home" "-e" "RUSTUP_HOME=/opt/rustwide/rustup-home" "-e" "CARGO_TARGET_DIR=/opt/rustwide/target" "-w" "/opt/rustwide/workdir" "--user" "0:0" "b32adf21707711dd68b27b4e9a2d9d23d19ca6146d0632fd0f831fb387f82a87" "/opt/rustwide/cargo-home/bin/cargo" "+1.98.0-beta.8" "metadata" "--no-deps" "--format-version=1", kill_on_drop: false }`
[INFO] running `Command { std: "docker" "inspect" "b32adf21707711dd68b27b4e9a2d9d23d19ca6146d0632fd0f831fb387f82a87", kill_on_drop: false }`
[INFO] running `Command { std: "docker" "exec" "-e" "SOURCE_DIR=/opt/rustwide/workdir" "-e" "CARGO_HOME=/opt/rustwide/cargo-home" "-e" "RUSTUP_HOME=/opt/rustwide/rustup-home" "-e" "CARGO_TARGET_DIR=/opt/rustwide/target" "-e" "CARGO_INCREMENTAL=0" "-e" "RUST_BACKTRACE=full" "-e" "RUSTFLAGS=--cap-lints=warn" "-e" "RUSTDOCFLAGS=--cap-lints=warn" "-w" "/opt/rustwide/workdir" "--user" "0:0" "b32adf21707711dd68b27b4e9a2d9d23d19ca6146d0632fd0f831fb387f82a87" "/opt/rustwide/cargo-home/bin/cargo" "+1.98.0-beta.8" "build" "--frozen" "--message-format=json" "--release", kill_on_drop: false }`
[INFO] [stderr]    Compiling proc-macro2 v1.0.107
[INFO] [stderr]    Compiling unicode-ident v1.0.24
[INFO] [stderr]    Compiling quote v1.0.47
[INFO] [stderr]    Compiling version_check v0.9.5
[INFO] [stderr]    Compiling zmij v1.0.23
[INFO] [stderr]    Compiling serde v1.0.229
[INFO] [stderr]    Compiling serde_core v1.0.229
[INFO] [stderr]    Compiling typenum v1.20.1
[INFO] [stderr]    Compiling serde_json v1.0.151
[INFO] [stderr]    Compiling memchr v2.8.3
[INFO] [stderr]    Compiling itoa v1.0.18
[INFO] [stderr]    Compiling cfg-if v1.0.4
[INFO] [stderr]    Compiling subtle v2.6.1
[INFO] [stderr]    Compiling libc v0.2.189
[INFO] [stderr]    Compiling autocfg v1.5.1
[INFO] [stderr]    Compiling const-oid v0.9.6
[INFO] [stderr]    Compiling strsim v0.11.1
[INFO] [stderr]    Compiling ident_case v1.0.1
[INFO] [stderr]    Compiling semver v1.0.28
[INFO] [stderr]    Compiling zerocopy v0.8.55
[INFO] [stderr]    Compiling schemars v0.8.22
[INFO] [stderr]    Compiling generic-array v0.14.9
[INFO] [stderr]    Compiling paste v1.0.15
[INFO] [stderr]    Compiling rustc_version v0.4.1
[INFO] [stderr]    Compiling dyn-clone v1.0.20
[INFO] [stderr]    Compiling data-encoding v2.11.0
[INFO] [stderr]    Compiling num-traits v0.2.19
[INFO] [stderr]    Compiling cpufeatures v0.2.17
[INFO] [stderr]    Compiling ethnum v1.5.3
[INFO] [stderr]    Compiling escape-bytes v0.1.1
[INFO] [stderr]    Compiling ahash v0.8.12
[INFO] [stderr]    Compiling base16ct v0.2.0
[INFO] [stderr]    Compiling either v1.17.0
[INFO] [stderr]    Compiling arrayvec v0.7.8
[INFO] [stderr]    Compiling libm v0.2.16
[INFO] [stderr]    Compiling itertools v0.13.0
[INFO] [stderr]    Compiling once_cell v1.21.4
[INFO] [stderr]    Compiling allocator-api2 v0.2.21
[INFO] [stderr]    Compiling equivalent v1.0.2
[INFO] [stderr]    Compiling hashbrown v0.17.1
[INFO] [stderr]    Compiling thiserror v1.0.69
[INFO] [stderr]    Compiling hybrid-array v0.4.14
[INFO] [stderr]    Compiling num-integer v0.1.46
[INFO] [stderr]    Compiling curve25519-dalek v4.1.3
[INFO] [stderr]    Compiling hashbrown v0.15.5
[INFO] [stderr]    Compiling syn v2.0.119
[INFO] [stderr]    Compiling syn v3.0.3
[INFO] [stderr]    Compiling num-bigint v0.4.8
[INFO] [stderr]    Compiling block-buffer v0.10.4
[INFO] [stderr]    Compiling crypto-common v0.1.6
[INFO] [stderr]    Compiling indexmap v2.14.0
[INFO] [stderr]    Compiling getrandom v0.2.17
[INFO] [stderr]    Compiling downcast-rs v1.2.1
[INFO] [stderr]    Compiling digest v0.10.7
[INFO] [stderr]    Compiling fnv v1.0.7
[INFO] [stderr]    Compiling prettyplease v0.2.37
[INFO] [stderr]    Compiling indexmap-nostd v0.4.0
[INFO] [stderr]    Compiling block-buffer v0.12.1
[INFO] [stderr]    Compiling rand_core v0.6.4
[INFO] [stderr]    Compiling crypto-common v0.2.2
[INFO] [stderr]    Compiling curve25519-dalek v5.0.0
[INFO] [stderr]    Compiling wasmparser-nostd v0.100.2
[INFO] [stderr]    Compiling wasmparser v0.116.1
[INFO] [stderr]    Compiling sha2 v0.10.9
[INFO] [stderr]    Compiling ff v0.13.1
[INFO] [stderr]    Compiling group v0.13.0
[INFO] [stderr]    Compiling heapless v0.8.0
[INFO] [stderr]    Compiling byteorder v1.5.0
[INFO] [stderr]    Compiling wasmi_arena v0.4.1
[INFO] [stderr]    Compiling base64 v0.22.1
[INFO] [stderr]    Compiling hex v0.4.3
[INFO] [stderr]    Compiling smallvec v1.15.2
[INFO] [stderr]    Compiling spin v0.9.9
[INFO] [stderr]    Compiling wasmi_core v0.13.0
[INFO] [stderr]    Compiling hash32 v0.3.1
[INFO] [stderr]    Compiling digest v0.11.3
[INFO] [stderr]    Compiling stable_deref_trait v1.2.1
[INFO] [stderr]    Compiling soroban-env-host v27.0.1
[INFO] [stderr]    Compiling keccak v0.1.6
[INFO] [stderr]    Compiling static_assertions v1.1.0
[INFO] [stderr]    Compiling cpufeatures v0.3.0
[INFO] [stderr]    Compiling heck v0.5.0
[INFO] [stderr]    Compiling hex-literal v0.4.1
[INFO] [stderr]    Compiling serde_derive v1.0.229
[INFO] [stderr]    Compiling enum-ordinalize-derive v4.4.2
[INFO] [stderr]    Compiling enum-ordinalize v4.4.2
[INFO] [stderr]    Compiling ppv-lite86 v0.2.21
[INFO] [stderr]    Compiling rand_chacha v0.3.1
[INFO] [stderr]    Compiling rand v0.8.7
[INFO] [stderr]    Compiling soroban-wasmi v0.31.1-soroban.20.0.1
[INFO] [stderr]    Compiling darling_core v0.23.0
[INFO] [stderr]    Compiling darling_core v0.20.11
[INFO] [stderr]    Compiling macro-string v0.1.4
[INFO] [stderr]    Compiling zeroize_derive v1.5.0
[INFO] [stderr]    Compiling cfg_eval v0.1.2
[INFO] [stderr]    Compiling ark-serialize-derive v0.5.0
[INFO] [stderr]    Compiling ark-ff-asm v0.5.0
[INFO] [stderr]    Compiling educe v0.6.0
[INFO] [stderr]    Compiling ark-ff-macros v0.5.0
[INFO] [stderr]    Compiling ark-std v0.5.0
[INFO] [stderr]    Compiling num-derive v0.4.2
[INFO] [stderr]    Compiling thiserror-impl v1.0.69
[INFO] [stderr]    Compiling curve25519-dalek-derive v0.1.1
[INFO] [stderr]    Compiling soroban-builtin-sdk-macros v27.0.1
[INFO] [stderr]    Compiling visibility v0.1.1
[INFO] [stderr]    Compiling zeroize v1.9.0
[INFO] [stderr]    Compiling bytes-lit v0.0.6
[INFO] [stderr]    Compiling der v0.7.10
[INFO] [stderr]    Compiling crate-git-revision v0.0.6
[INFO] [stderr]    Compiling crate-git-revision v0.0.9
[INFO] [stderr]    Compiling stellar-strkey v0.0.13
[INFO] [stderr]    Compiling stellar-xdr v27.0.0
[INFO] [stderr]    Compiling soroban-env-common v27.0.1
[INFO] [stderr]    Compiling crypto-bigint v0.5.5
[INFO] [stderr]    Compiling stellar-strkey v0.0.16
[INFO] [stderr]    Compiling soroban-sdk v27.0.4
[INFO] [stderr]    Compiling sec1 v0.7.3
[INFO] [stderr]    Compiling ark-serialize v0.5.0
[INFO] [stderr]    Compiling signature v2.2.0
[INFO] [stderr]    Compiling hmac v0.12.1
[INFO] [stderr]    Compiling ed25519 v2.2.3
[INFO] [stderr]    Compiling rfc6979 v0.4.0
[INFO] [stderr]    Compiling sha3 v0.10.9
[INFO] [stderr]    Compiling darling_macro v0.23.0
[INFO] [stderr]    Compiling darling v0.23.0
[INFO] [stderr]    Compiling serde_with_macros v3.21.0
[INFO] [stderr]    Compiling darling_macro v0.20.11
[INFO] [stderr]    Compiling ark-ff v0.5.0
[INFO] [stderr]    Compiling darling v0.20.11
[INFO] [stderr]    Compiling ed25519-dalek v2.2.0
[INFO] [stderr]    Compiling elliptic-curve v0.13.8
[INFO] [stderr]    Compiling serde_with v3.21.0
[INFO] [stderr]    Compiling ecdsa v0.16.9
[INFO] [stderr]    Compiling primeorder v0.13.6
[INFO] [stderr]    Compiling k256 v0.13.4
[INFO] [stderr]    Compiling p256 v0.13.2
[INFO] [stderr]    Compiling ark-poly v0.5.0
[INFO] [stderr]    Compiling ark-ec v0.5.0
[INFO] [stderr]    Compiling ark-bls12-381 v0.5.0
[INFO] [stderr]    Compiling ark-bn254 v0.5.0
[INFO] [stderr]    Compiling soroban-spec v27.0.4
[INFO] [stderr]    Compiling soroban-spec-rust v27.0.4
[INFO] [stderr]    Compiling soroban-env-macros v27.0.1
[INFO] [stderr]    Compiling soroban-sdk-macros v27.0.4
[INFO] [stderr]    Compiling skillfund-contract v0.1.0 (/opt/rustwide/workdir/contracts/skillfund)
[INFO] [stderr]     Finished `release` profile [optimized] target(s) in 2m 26s
[INFO] running `Command { std: "docker" "inspect" "b32adf21707711dd68b27b4e9a2d9d23d19ca6146d0632fd0f831fb387f82a87", kill_on_drop: false }`
[INFO] running `Command { std: "docker" "exec" "-e" "SOURCE_DIR=/opt/rustwide/workdir" "-e" "CARGO_HOME=/opt/rustwide/cargo-home" "-e" "RUSTUP_HOME=/opt/rustwide/rustup-home" "-e" "CARGO_TARGET_DIR=/opt/rustwide/target" "-e" "CARGO_INCREMENTAL=0" "-e" "RUST_BACKTRACE=full" "-e" "RUSTFLAGS=--cap-lints=warn" "-e" "RUSTDOCFLAGS=--cap-lints=warn" "-w" "/opt/rustwide/workdir" "--user" "0:0" "b32adf21707711dd68b27b4e9a2d9d23d19ca6146d0632fd0f831fb387f82a87" "/opt/rustwide/cargo-home/bin/cargo" "+1.98.0-beta.8" "test" "--frozen" "--no-run" "--message-format=json" "--release", kill_on_drop: false }`
[INFO] [stderr]    Compiling typenum v1.20.1
[INFO] [stderr]    Compiling cfg-if v1.0.4
[INFO] [stderr]    Compiling subtle v2.6.1
[INFO] [stderr]    Compiling const-oid v0.9.6
[INFO] [stderr]    Compiling libc v0.2.189
[INFO] [stderr]    Compiling num-traits v0.2.19
[INFO] [stderr]    Compiling zerocopy v0.8.55
[INFO] [stderr]    Compiling serde_core v1.0.229
[INFO] [stderr]    Compiling zeroize v1.9.0
[INFO] [stderr]    Compiling cpufeatures v0.2.17
[INFO] [stderr]    Compiling base16ct v0.2.0
[INFO] [stderr]    Compiling either v1.17.0
[INFO] [stderr]    Compiling arrayvec v0.7.8
[INFO] [stderr]    Compiling zmij v1.0.23
[INFO] [stderr]    Compiling serde_json v1.0.151
[INFO] [stderr]    Compiling memchr v2.8.3
[INFO] [stderr]    Compiling itoa v1.0.18
[INFO] [stderr]    Compiling once_cell v1.21.4
[INFO] [stderr]    Compiling allocator-api2 v0.2.21
[INFO] [stderr]    Compiling schemars v0.8.22
[INFO] [stderr]    Compiling dyn-clone v1.0.20
[INFO] [stderr]    Compiling der v0.7.10
[INFO] [stderr]    Compiling data-encoding v2.11.0
[INFO] [stderr]    Compiling libm v0.2.16
[INFO] [stderr]    Compiling stellar-xdr v27.0.0
[INFO] [stderr]    Compiling derive_arbitrary v1.3.2
[INFO] [stderr]    Compiling itertools v0.13.0
[INFO] [stderr]    Compiling equivalent v1.0.2
[INFO] [stderr]    Compiling downcast-rs v1.2.1
[INFO] [stderr]    Compiling hashbrown v0.17.1
[INFO] [stderr]    Compiling indexmap-nostd v0.4.0
[INFO] [stderr]    Compiling soroban-env-common v27.0.1
[INFO] [stderr]    Compiling escape-bytes v0.1.1
[INFO] [stderr]    Compiling ethnum v1.5.3
[INFO] [stderr]    Compiling wasmi_arena v0.4.1
[INFO] [stderr]    Compiling wasmparser-nostd v0.100.2
[INFO] [stderr]    Compiling hashbrown v0.15.5
[INFO] [stderr]    Compiling stellar-strkey v0.0.13
[INFO] [stderr]    Compiling getrandom v0.2.17
[INFO] [stderr]    Compiling num-integer v0.1.46
[INFO] [stderr]    Compiling generic-array v0.14.9
[INFO] [stderr]    Compiling rand_core v0.6.4
[INFO] [stderr]    Compiling hybrid-array v0.4.14
[INFO] [stderr]    Compiling indexmap v2.14.0
[INFO] [stderr]    Compiling arbitrary v1.3.2
[INFO] [stderr]    Compiling num-bigint v0.4.8
[INFO] [stderr]    Compiling ff v0.13.1
[INFO] [stderr]    Compiling wasmi_core v0.13.0
[INFO] [stderr]    Compiling base64 v0.22.1
[INFO] [stderr]    Compiling group v0.13.0
[INFO] [stderr]    Compiling semver v1.0.28
[INFO] [stderr]    Compiling spin v0.9.9
[INFO] [stderr]    Compiling crypto-common v0.2.2
[INFO] [stderr]    Compiling block-buffer v0.12.1
[INFO] [stderr]    Compiling crypto-common v0.1.6
[INFO] [stderr]    Compiling block-buffer v0.10.4
[INFO] [stderr]    Compiling sec1 v0.7.3
[INFO] [stderr]    Compiling crypto-bigint v0.5.5
[INFO] [stderr]    Compiling smallvec v1.15.2
[INFO] [stderr]    Compiling digest v0.10.7
[INFO] [stderr]    Compiling byteorder v1.5.0
[INFO] [stderr]    Compiling soroban-env-host v27.0.1
[INFO] [stderr]    Compiling cpufeatures v0.3.0
[INFO] [stderr]    Compiling keccak v0.1.6
[INFO] [stderr]    Compiling static_assertions v1.1.0
[INFO] [stderr]    Compiling signature v2.2.0
[INFO] [stderr]    Compiling sha2 v0.10.9
[INFO] [stderr]    Compiling hmac v0.12.1
[INFO] [stderr]    Compiling curve25519-dalek v4.1.3
[INFO] [stderr]    Compiling sha3 v0.10.9
[INFO] [stderr]    Compiling ed25519 v2.2.3
[INFO] [stderr]    Compiling wasmparser v0.116.1
[INFO] [stderr]    Compiling rfc6979 v0.4.0
[INFO] [stderr]    Compiling hash32 v0.3.1
[INFO] [stderr]    Compiling thiserror v1.0.69
[INFO] [stderr]    Compiling stable_deref_trait v1.2.1
[INFO] [stderr]    Compiling dtor-proc-macro v0.0.6
[INFO] [stderr]    Compiling hex-literal v0.4.1
[INFO] [stderr]    Compiling heapless v0.8.0
[INFO] [stderr]    Compiling soroban-sdk v27.0.4
[INFO] [stderr]    Compiling ctor-proc-macro v0.0.6
[INFO] [stderr]    Compiling soroban-sdk-macros v27.0.4
[INFO] [stderr]    Compiling dtor v0.1.1
[INFO] [stderr]    Compiling ctor v0.5.0
[INFO] [stderr]    Compiling ed25519-dalek v2.2.0
[INFO] [stderr]    Compiling digest v0.11.3
[INFO] [stderr]    Compiling curve25519-dalek v5.0.0
[INFO] [stderr]    Compiling stellar-strkey v0.0.16
[INFO] [stderr]    Compiling serde v1.0.229
[INFO] [stderr]    Compiling elliptic-curve v0.13.8
[INFO] [stderr]    Compiling ecdsa v0.16.9
[INFO] [stderr]    Compiling primeorder v0.13.6
[INFO] [stderr]    Compiling hex v0.4.3
[INFO] [stderr]    Compiling soroban-wasmi v0.31.1-soroban.20.0.1
[INFO] [stderr]    Compiling p256 v0.13.2
[INFO] [stderr]    Compiling k256 v0.13.4
[INFO] [stderr]    Compiling ppv-lite86 v0.2.21
[INFO] [stderr]    Compiling ahash v0.8.12
[INFO] [stderr]    Compiling rand_chacha v0.3.1
[INFO] [stderr]    Compiling rand v0.8.7
[INFO] [stderr]    Compiling serde_with v3.21.0
[INFO] [stderr]    Compiling ark-std v0.5.0
[INFO] [stderr]    Compiling ark-serialize v0.5.0
[INFO] [stderr]    Compiling ark-ff v0.5.0
[INFO] [stderr]    Compiling ark-poly v0.5.0
[INFO] [stderr]    Compiling ark-ec v0.5.0
[INFO] [stderr]    Compiling ark-bls12-381 v0.5.0
[INFO] [stderr]    Compiling ark-bn254 v0.5.0
[INFO] [stderr]    Compiling soroban-ledger-snapshot v27.0.4
[INFO] [stderr]    Compiling skillfund-contract v0.1.0 (/opt/rustwide/workdir/contracts/skillfund)
[INFO] [stderr]     Finished `release` profile [optimized] target(s) in 3m 07s
[INFO] running `Command { std: "docker" "inspect" "b32adf21707711dd68b27b4e9a2d9d23d19ca6146d0632fd0f831fb387f82a87", kill_on_drop: false }`
[INFO] running `Command { std: "docker" "exec" "-e" "SOURCE_DIR=/opt/rustwide/workdir" "-e" "CARGO_HOME=/opt/rustwide/cargo-home" "-e" "RUSTUP_HOME=/opt/rustwide/rustup-home" "-e" "CARGO_TARGET_DIR=/opt/rustwide/target" "-e" "CARGO_INCREMENTAL=0" "-e" "RUST_BACKTRACE=full" "-e" "RUSTFLAGS=--cap-lints=warn" "-e" "RUSTDOCFLAGS=--cap-lints=warn" "-w" "/opt/rustwide/workdir" "--user" "0:0" "b32adf21707711dd68b27b4e9a2d9d23d19ca6146d0632fd0f831fb387f82a87" "/opt/rustwide/cargo-home/bin/cargo" "+1.98.0-beta.8" "test" "--frozen" "--release", kill_on_drop: false }`
[INFO] [stderr]     Finished `release` profile [optimized] target(s) in 0.35s
[INFO] [stderr]      Running unittests src/lib.rs (/opt/rustwide/target/release/deps/skillfund_contract-e97fd0c2f626fb44)
[INFO] [stdout] 
[INFO] [stdout] running 8 tests
[INFO] [stderr] 
[INFO] [stdout] 
[INFO] [stderr] thread 'test::cannot_fund_milestones_with_wrong_total' (4322) panicked at /rustc/04eb0d7194012623e82369b466d5084522957446/library/core/src/panicking.rs:233:5:
[INFO] [stdout] thread 'test::cannot_fund_milestones_with_wrong_total' (4322) panicked at /opt/rustwide/cargo-home/registry/src/index.crates.io-1949cf8c6b5b557f/soroban-env-host-27.0.1/src/host.rs:910:9:
[INFO] [stderr] panic in a destructor during cleanup
[INFO] [stdout] HostError: Error(Contract, #10)
[INFO] [stderr] thread caused non-unwinding panic. aborting.
[INFO] [stdout] 
[INFO] [stdout] Event log (newest first):
[INFO] [stdout]    0: [Diagnostic Event] topics:[error, Error(Contract, #10)], data:"escalating error to panic"
[INFO] [stdout]    1: [Diagnostic Event] topics:[error, Error(Contract, #10)], data:["contract call failed", fund_campaign, [CAAAAAAAAAAAAAAAAAAAAAAAAAAAAAAAAAAAAAAAAAAAAAAAAAAAITA4, 1]]
[INFO] [stdout]    2: [Failed Diagnostic Event (not emitted)] contract:CAAAAAAAAAAAAAAAAAAAAAAAAAAAAAAAAAAAAAAAAAAAAAAAAAAAD2KM, topics:[error, Error(Contract, #10)], data:"escalating Ok(ScErrorType::Contract) frame-exit to Err"
[INFO] [stdout]    3: [Failed Diagnostic Event (not emitted)] contract:CAAAAAAAAAAAAAAAAAAAAAAAAAAAAAAAAAAAAAAAAAAAAAAAAAAAD2KM, topics:[fn_return, fund_campaign], data:Error(Contract, #10)
[INFO] [stdout]    4: [Diagnostic Event] topics:[fn_call, CAAAAAAAAAAAAAAAAAAAAAAAAAAAAAAAAAAAAAAAAAAAAAAAAAAAD2KM, fund_campaign], data:[CAAAAAAAAAAAAAAAAAAAAAAAAAAAAAAAAAAAAAAAAAAAAAAAAAAAITA4, 1]
[INFO] [stdout] 
[INFO] [stdout] stack backtrace:
[INFO] [stdout]    0:     0x5ea1a110a0dd - <unknown>
[INFO] [stdout]    1:     0x5ea1a0f90f14 - <unknown>
[INFO] [stdout]    2:     0x5ea1a110970b - <unknown>
[INFO] [stdout]    3:     0x5ea1a11092a9 - <unknown>
[INFO] [stdout]    4:     0x5ea1a1108f2a - <unknown>
[INFO] [stdout]    5:     0x5ea1a1108ab2 - <unknown>
[INFO] [stdout]    6:     0x5ea1a112f491 - <unknown>
[INFO] [stdout]    7:     0x5ea1a112f449 - <unknown>
[INFO] [stdout]    8:     0x5ea1a112f93c - <unknown>
[INFO] [stdout]    9:     0x5ea1a0f90dab - <unknown>
[INFO] [stdout]   10:     0x5ea1a10cbb5e - <unknown>
[INFO] [stdout]   11:     0x5ea1a10debbf - <unknown>
[INFO] [stdout]   12:     0x5ea1a10dc50f - <unknown>
[INFO] [stdout]   13:     0x5ea1a10db53a - <unknown>
[INFO] [stdout]   14:     0x5ea1a10db860 - <unknown>
[INFO] [stdout]   15:     0x5ea1a0f83ee8 - <unknown>
[INFO] [stdout]   16:     0x5ea1a0f8ac1c - <unknown>
[INFO] [stdout]   17:     0x5ea1a11486cb - <unknown>
[INFO] [stdout]   18:     0x5ea1a1144aa7 - <unknown>
[INFO] [stdout]   19:     0x5ea1a114456c - <unknown>
[INFO] [stdout]   20:     0x5ea1a115dcec - <unknown>
[INFO] [stdout]   21:     0x5ea1a1130992 - <unknown>
[INFO] [stdout]   22:     0x709d5948507a - <unknown>
[INFO] [stdout]   23:     0x709d59518534 - clone
[INFO] [stdout]   24:                0x0 - <unknown>
[INFO] [stdout] Writing test snapshot file for test "test::cannot_fund_milestones_with_wrong_total" to "test_snapshots/test/cannot_fund_milestones_with_wrong_total.1.json".
[INFO] [stdout] 
[INFO] [stdout] thread 'test::cannot_fund_milestones_with_wrong_total' (4322) panicked at /opt/rustwide/cargo-home/registry/src/index.crates.io-1949cf8c6b5b557f/soroban-sdk-27.0.4/src/env.rs:2056:32:
[INFO] [stdout] called `Result::unwrap()` on an `Err` value: Os { code: 30, kind: ReadOnlyFilesystem, message: "Read-only file system" }
[INFO] [stdout] stack backtrace:
[INFO] [stdout]    0:     0x5ea1a110a0dd - <unknown>
[INFO] [stdout]    1:     0x5ea1a0f90f14 - <unknown>
[INFO] [stdout]    2:     0x5ea1a110970b - <unknown>
[INFO] [stdout]    3:     0x5ea1a11092a9 - <unknown>
[INFO] [stdout]    4:     0x5ea1a1108f2a - <unknown>
[INFO] [stdout]    5:     0x5ea1a1108ab2 - <unknown>
[INFO] [stdout]    6:     0x5ea1a112f491 - <unknown>
[INFO] [stdout]    7:     0x5ea1a112f449 - <unknown>
[INFO] [stdout]    8:     0x5ea1a112f93c - <unknown>
[INFO] [stdout]    9:     0x5ea1a0f90dab - <unknown>
[INFO] [stdout]   10:     0x5ea1a0f94651 - <unknown>
[INFO] [stdout]   11:     0x5ea1a10d160d - <unknown>
[INFO] [stdout]   12:     0x5ea1a0f7f3e2 - <unknown>
[INFO] [stdout]   13:     0x5ea1a0f8acb9 - <unknown>
[INFO] [stdout]   14:     0x5ea1a11486cb - <unknown>
[INFO] [stdout]   15:     0x5ea1a1144aa7 - <unknown>
[INFO] [stdout]   16:     0x5ea1a114456c - <unknown>
[INFO] [stdout]   17:     0x5ea1a115dcec - <unknown>
[INFO] [stdout]   18:     0x5ea1a1130992 - <unknown>
[INFO] [stdout]   19:     0x709d5948507a - <unknown>
[INFO] [stdout]   20:     0x709d59518534 - clone
[INFO] [stdout]   21:                0x0 - <unknown>
[INFO] [stderr] error: test failed, to rerun pass `--lib`
[INFO] [stderr] 
[INFO] [stderr] Caused by:
[INFO] [stderr]   process didn't exit successfully: `/opt/rustwide/target/release/deps/skillfund_contract-e97fd0c2f626fb44` (signal: 6, SIGABRT: process abort signal)
[INFO] running `Command { std: "docker" "inspect" "b32adf21707711dd68b27b4e9a2d9d23d19ca6146d0632fd0f831fb387f82a87", kill_on_drop: false }`
[INFO] running `Command { std: "docker" "rm" "-f" "b32adf21707711dd68b27b4e9a2d9d23d19ca6146d0632fd0f831fb387f82a87", kill_on_drop: false }`
[INFO] [stdout] b32adf21707711dd68b27b4e9a2d9d23d19ca6146d0632fd0f831fb387f82a87
