[INFO] cloning repository https://github.com/aiguy110/codeforces-river-locks
[INFO] running `Command { std: "git" "-c" "credential.helper=" "-c" "credential.helper=/workspace/cargo-home/bin/git-credential-null" "clone" "--bare" "https://github.com/aiguy110/codeforces-river-locks" "/workspace/cache/git-repos/https%3A%2F%2Fgithub.com%2Faiguy110%2Fcodeforces-river-locks", kill_on_drop: false }`
[INFO] [stderr] Cloning into bare repository '/workspace/cache/git-repos/https%3A%2F%2Fgithub.com%2Faiguy110%2Fcodeforces-river-locks'...
[INFO] running `Command { std: "git" "rev-parse" "HEAD", kill_on_drop: false }`
[INFO] [stdout] 4a65ab25e0f4571bc1ef603812ea482c3d608e8a
[INFO] testing aiguy110/codeforces-river-locks against 1.99.0-beta.1+cargoflags=--release for beta-release-1.99-2
[INFO] running `Command { std: "git" "clone" "/workspace/cache/git-repos/https%3A%2F%2Fgithub.com%2Faiguy110%2Fcodeforces-river-locks" "/workspace/builds/worker-5-tc2/source", kill_on_drop: false }`
[INFO] [stderr] Cloning into '/workspace/builds/worker-5-tc2/source'...
[INFO] [stderr] done.
[INFO] started tweaking git repo https://github.com/aiguy110/codeforces-river-locks
[INFO] finished tweaking git repo https://github.com/aiguy110/codeforces-river-locks
[INFO] tweaked toml for git repo https://github.com/aiguy110/codeforces-river-locks written to /workspace/builds/worker-5-tc2/source/Cargo.toml
[INFO] validating manifest of git repo https://github.com/aiguy110/codeforces-river-locks on toolchain 1.99.0-beta.1
[INFO] running `Command { std: CARGO_HOME="/workspace/cargo-home" RUSTUP_HOME="/workspace/rustup-home" "/workspace/cargo-home/bin/cargo" "+1.99.0-beta.1" "metadata" "--manifest-path" "Cargo.toml" "--no-deps", kill_on_drop: false }`
[INFO] crate git repo https://github.com/aiguy110/codeforces-river-locks already has a lockfile, it will not be regenerated
[INFO] running `Command { std: CARGO_HOME="/workspace/cargo-home" RUSTUP_HOME="/workspace/rustup-home" "/workspace/cargo-home/bin/cargo" "+1.99.0-beta.1" "fetch" "--manifest-path" "Cargo.toml", kill_on_drop: false }`
[INFO] [stderr]     Blocking waiting for file lock on package cache
[INFO] [stderr]     Blocking waiting for file lock on package cache
[INFO] running `Command { std: "docker" "create" "-v" "/var/lib/crater-agent-workspace/builds/worker-5-tc2/source:/opt/rustwide/workdir:ro,Z" "-v" "/var/lib/crater-agent-workspace/builds/worker-5-tc2/target:/opt/rustwide/target:rw,Z" "-v" "/var/lib/crater-agent-workspace/cargo-home:/opt/rustwide/cargo-home:ro,Z" "-v" "/var/lib/crater-agent-workspace/rustup-home:/opt/rustwide/rustup-home:ro,Z" "-m" "1610612736" "--network" "none" "ghcr.io/rust-lang/crates-build-env/linux@sha256:8683fc1fc2eb5c9ac98e0d076ab094b2ffac7f99da555d2b6a2e27f346de2ec7" "sleep" "infinity", kill_on_drop: false }`
[INFO] [stdout] cc468851904a9724fac14716f057c0fefb62b6425e25632a3eab165df5e92e74
[INFO] running `Command { std: "docker" "start" "cc468851904a9724fac14716f057c0fefb62b6425e25632a3eab165df5e92e74", kill_on_drop: false }`
[INFO] running `Command { std: "docker" "inspect" "cc468851904a9724fac14716f057c0fefb62b6425e25632a3eab165df5e92e74", kill_on_drop: false }`
[INFO] running `Command { std: "docker" "exec" "-e" "SOURCE_DIR=/opt/rustwide/workdir" "-e" "CARGO_HOME=/opt/rustwide/cargo-home" "-e" "RUSTUP_HOME=/opt/rustwide/rustup-home" "-e" "CARGO_TARGET_DIR=/opt/rustwide/target" "-w" "/opt/rustwide/workdir" "--user" "0:0" "cc468851904a9724fac14716f057c0fefb62b6425e25632a3eab165df5e92e74" "/opt/rustwide/cargo-home/bin/cargo" "+1.99.0-beta.1" "metadata" "--no-deps" "--format-version=1", kill_on_drop: false }`
[INFO] running `Command { std: "docker" "inspect" "cc468851904a9724fac14716f057c0fefb62b6425e25632a3eab165df5e92e74", kill_on_drop: false }`
[INFO] running `Command { std: "docker" "exec" "-e" "SOURCE_DIR=/opt/rustwide/workdir" "-e" "CARGO_HOME=/opt/rustwide/cargo-home" "-e" "RUSTUP_HOME=/opt/rustwide/rustup-home" "-e" "CARGO_TARGET_DIR=/opt/rustwide/target" "-e" "CARGO_INCREMENTAL=0" "-e" "RUST_BACKTRACE=full" "-e" "RUSTFLAGS=--cap-lints=warn" "-e" "RUSTDOCFLAGS=--cap-lints=warn" "-w" "/opt/rustwide/workdir" "--user" "0:0" "cc468851904a9724fac14716f057c0fefb62b6425e25632a3eab165df5e92e74" "/opt/rustwide/cargo-home/bin/cargo" "+1.99.0-beta.1" "build" "--frozen" "--message-format=json" "--release", kill_on_drop: false }`
[INFO] [stderr]    Compiling codeforces-river-locks v0.1.0 (/opt/rustwide/workdir)
[INFO] [stdout] warning: struct `Puzzle` is never constructed
[INFO] [stdout]  --> src/main.rs:4:8
[INFO] [stdout]   |
[INFO] [stdout] 4 | struct Puzzle {
[INFO] [stdout]   |        ^^^^^^
[INFO] [stdout]   |
[INFO] [stdout]   = note: `#[warn(dead_code)]` (part of `#[warn(unused)]`) on by default
[INFO] [stdout] 
[INFO] [stdout] 
[INFO] [stdout] warning: function `read_puzzle` is never used
[INFO] [stdout]  --> src/main.rs:9:4
[INFO] [stdout]   |
[INFO] [stdout] 9 | fn read_puzzle<R>(input: &mut R) -> Puzzle 
[INFO] [stdout]   |    ^^^^^^^^^^^
[INFO] [stdout] 
[INFO] [stdout] 
[INFO] [stdout] warning: function `find_first_above` is never used
[INFO] [stdout]   --> src/main.rs:41:4
[INFO] [stdout]    |
[INFO] [stdout] 41 | fn find_first_above(vals: &[f32], x: f32) -> usize {
[INFO] [stdout]    |    ^^^^^^^^^^^^^^^^
[INFO] [stdout] 
[INFO] [stdout] 
[INFO] [stdout] warning: function `find_first_at_or_below` is never used
[INFO] [stdout]   --> src/main.rs:56:4
[INFO] [stdout]    |
[INFO] [stdout] 56 | fn find_first_at_or_below(vals: &[f32], x: f32) -> usize {
[INFO] [stdout]    |    ^^^^^^^^^^^^^^^^^^^^^^
[INFO] [stdout] 
[INFO] [stdout] 
[INFO] [stdout] warning: function `time_to_fill_vol` is never used
[INFO] [stdout]   --> src/main.rs:70:4
[INFO] [stdout]    |
[INFO] [stdout] 70 | fn time_to_fill_vol(vol: f32, in_rate_incrament_times: &[f32], start_rate: f32) -> f32{
[INFO] [stdout]    |    ^^^^^^^^^^^^^^^^
[INFO] [stdout] 
[INFO] [stdout] 
[INFO] [stdout] warning: function `total_fill_and_out_rate_incrament_times` is never used
[INFO] [stdout]   --> src/main.rs:96:4
[INFO] [stdout]    |
[INFO] [stdout] 96 | fn total_fill_and_out_rate_incrament_times(
[INFO] [stdout]    |    ^^^^^^^^^^^^^^^^^^^^^^^^^^^^^^^^^^^^^^^
[INFO] [stdout] 
[INFO] [stdout] 
[INFO] [stdout] warning: function `solve_puzzle` is never used
[INFO] [stdout]    --> src/main.rs:121:4
[INFO] [stdout]     |
[INFO] [stdout] 121 | fn solve_puzzle(puzzle: &Puzzle) -> Vec<i32> {
[INFO] [stdout]     |    ^^^^^^^^^^^^
[INFO] [stdout] 
[INFO] [stdout] 
[INFO] [stderr]     Finished `release` profile [optimized] target(s) in 0.09s
[INFO] running `Command { std: "docker" "inspect" "cc468851904a9724fac14716f057c0fefb62b6425e25632a3eab165df5e92e74", kill_on_drop: false }`
[INFO] running `Command { std: "docker" "exec" "-e" "SOURCE_DIR=/opt/rustwide/workdir" "-e" "CARGO_HOME=/opt/rustwide/cargo-home" "-e" "RUSTUP_HOME=/opt/rustwide/rustup-home" "-e" "CARGO_TARGET_DIR=/opt/rustwide/target" "-e" "CARGO_INCREMENTAL=0" "-e" "RUST_BACKTRACE=full" "-e" "RUSTFLAGS=--cap-lints=warn" "-e" "RUSTDOCFLAGS=--cap-lints=warn" "-w" "/opt/rustwide/workdir" "--user" "0:0" "cc468851904a9724fac14716f057c0fefb62b6425e25632a3eab165df5e92e74" "/opt/rustwide/cargo-home/bin/cargo" "+1.99.0-beta.1" "test" "--frozen" "--no-run" "--message-format=json" "--release", kill_on_drop: false }`
[INFO] [stderr]    Compiling codeforces-river-locks v0.1.0 (/opt/rustwide/workdir)
[INFO] [stderr]     Finished `release` profile [optimized] target(s) in 0.49s
[INFO] running `Command { std: "docker" "inspect" "cc468851904a9724fac14716f057c0fefb62b6425e25632a3eab165df5e92e74", kill_on_drop: false }`
[INFO] running `Command { std: "docker" "exec" "-e" "SOURCE_DIR=/opt/rustwide/workdir" "-e" "CARGO_HOME=/opt/rustwide/cargo-home" "-e" "RUSTUP_HOME=/opt/rustwide/rustup-home" "-e" "CARGO_TARGET_DIR=/opt/rustwide/target" "-e" "CARGO_INCREMENTAL=0" "-e" "RUST_BACKTRACE=full" "-e" "RUSTFLAGS=--cap-lints=warn" "-e" "RUSTDOCFLAGS=--cap-lints=warn" "-w" "/opt/rustwide/workdir" "--user" "0:0" "cc468851904a9724fac14716f057c0fefb62b6425e25632a3eab165df5e92e74" "/opt/rustwide/cargo-home/bin/cargo" "+1.99.0-beta.1" "test" "--frozen" "--release", kill_on_drop: false }`
[INFO] [stderr]     Finished `release` profile [optimized] target(s) in 0.01s
[INFO] [stderr]      Running unittests src/main.rs (/opt/rustwide/target/release/deps/codeforces_river_locks-d96b9d5bfa10c804)
[INFO] [stdout] 
[INFO] [stdout] running 7 tests
[INFO] [stdout] test test::sample_2 ... ok
[INFO] [stdout] test test::read_puzzle_works ... ok
[INFO] [stdout] test test::sample_1 ... ok
[INFO] [stdout] test test::tfaorit_works_easy ... ok
[INFO] [stdout] test test::speed_test_1k ... ok
[INFO] [stdout] test test::speed_test_10k ... ok
[INFO] [stdout] test test::speed_test_200k ... FAILED
[INFO] [stdout] 
[INFO] [stdout] failures:
[INFO] [stdout] 
[INFO] [stdout] ---- test::speed_test_200k stdout ----
[INFO] [stdout] 
[INFO] [stdout] thread 'test::speed_test_200k' (174) panicked at src/main.rs:195:9:
[INFO] [stdout] assertion failed: solve_duration < Duration::from_secs(2)
[INFO] [stdout] stack backtrace:
[INFO] [stdout]    0:     0x639ba34f24c1 - <<std[104cf6e2632825ea]::sys::backtrace::BacktraceLock>::print::DisplayBacktrace as core[7c831bd917ebf35f]::fmt::Display>::fmt
[INFO] [stdout]    1:     0x639ba3507b6a - core[7c831bd917ebf35f]::fmt::write
[INFO] [stdout]    2:     0x639ba34f695c - <alloc[2fdc3f7464fcf288]::vec::Vec<u8> as core[7c831bd917ebf35f]::io::write::Write>::write_fmt
[INFO] [stdout]    3:     0x639ba34ceaa6 - std[104cf6e2632825ea]::panicking::default_hook::{closure#0}
[INFO] [stdout]    4:     0x639ba34eabd9 - std[104cf6e2632825ea]::panicking::default_hook
[INFO] [stdout]    5:     0x639ba3487090 - test[73009c9f9aebf890]::test_main_inner::<test[73009c9f9aebf890]::test_main_static::{closure#0}>::{closure#0}
[INFO] [stdout]    6:     0x639ba34ead92 - std[104cf6e2632825ea]::panicking::panic_with_hook
[INFO] [stdout]    7:     0x639ba34ceb84 - std[104cf6e2632825ea]::panicking::panic_handler::{closure#0}
[INFO] [stdout]    8:     0x639ba34c74f9 - std[104cf6e2632825ea]::sys::backtrace::__rust_end_short_backtrace::<std[104cf6e2632825ea]::panicking::panic_handler::{closure#0}, !>
[INFO] [stdout]    9:     0x639ba34cf74d - __rustc[b0d56fa5b193ad05]::rust_begin_unwind
[INFO] [stdout]   10:     0x639ba350829c - core[7c831bd917ebf35f]::panicking::panic_fmt
[INFO] [stdout]   11:     0x639ba3508262 - core[7c831bd917ebf35f]::panicking::panic
[INFO] [stdout]   12:     0x639ba3478fa8 - codeforces_river_locks[ce1537ce5fe3c44e]::test::speed_test
[INFO] [stdout]   13:     0x639ba34794ee - <codeforces_river_locks[ce1537ce5fe3c44e]::test::speed_test_200k::{closure#0} as core[7c831bd917ebf35f]::ops::function::FnOnce<()>>::call_once
[INFO] [stdout]   14:     0x639ba347a37b - test[73009c9f9aebf890]::__rust_begin_short_backtrace::<core[7c831bd917ebf35f]::result::Result<(), alloc[2fdc3f7464fcf288]::string::String>, fn() -> core[7c831bd917ebf35f]::result::Result<(), alloc[2fdc3f7464fcf288]::string::String>>
[INFO] [stdout]   15:     0x639ba34879e5 - test[73009c9f9aebf890]::run_test::{closure#0}
[INFO] [stdout]   16:     0x639ba3480da4 - std[104cf6e2632825ea]::sys::backtrace::__rust_begin_short_backtrace::<test[73009c9f9aebf890]::run_test::{closure#1}, ()>
[INFO] [stdout]   17:     0x639ba348ab42 - <std[104cf6e2632825ea]::thread::lifecycle::spawn_unchecked<test[73009c9f9aebf890]::run_test::{closure#1}, ()>::{closure#1} as core[7c831bd917ebf35f]::ops::function::FnOnce<()>>::call_once::{shim:vtable#0}
[INFO] [stdout]   18:     0x639ba34f1d99 - <std[104cf6e2632825ea]::sys::thread::unix::Thread>::new::thread_start
[INFO] [stdout]   19:     0x785f1f99f07a - <unknown>
[INFO] [stdout]   20:     0x785f1fa32534 - clone
[INFO] [stdout]   21:                0x0 - <unknown>
[INFO] [stdout] 
[INFO] [stdout] 
[INFO] [stdout] failures:
[INFO] [stdout]     test::speed_test_200k
[INFO] [stdout] 
[INFO] [stdout] test result: FAILED. 6 passed; 1 failed; 0 ignored; 0 measured; 0 filtered out; finished in 57.63s
[INFO] [stdout] 
[INFO] [stderr] error: test failed, to rerun pass `--bin codeforces-river-locks`
[INFO] running `Command { std: "docker" "inspect" "cc468851904a9724fac14716f057c0fefb62b6425e25632a3eab165df5e92e74", kill_on_drop: false }`
[INFO] running `Command { std: "docker" "rm" "-f" "cc468851904a9724fac14716f057c0fefb62b6425e25632a3eab165df5e92e74", kill_on_drop: false }`
[INFO] [stdout] cc468851904a9724fac14716f057c0fefb62b6425e25632a3eab165df5e92e74
