[INFO] cloning repository https://github.com/Wesley534/sep41-token
[INFO] running `Command { std: "git" "-c" "credential.helper=" "-c" "credential.helper=/workspace/cargo-home/bin/git-credential-null" "clone" "--bare" "https://github.com/Wesley534/sep41-token" "/workspace/cache/git-repos/https%3A%2F%2Fgithub.com%2FWesley534%2Fsep41-token", kill_on_drop: false }`
[INFO] [stderr] Cloning into bare repository '/workspace/cache/git-repos/https%3A%2F%2Fgithub.com%2FWesley534%2Fsep41-token'...
[INFO] running `Command { std: "git" "rev-parse" "HEAD", kill_on_drop: false }`
[INFO] [stdout] 086d94dce02c09beda1b3d6743b1c145791303c6
[INFO] testing Wesley534/sep41-token against 1.99.0-beta.1+cargoflags=--release for beta-release-1.99-2
[INFO] running `Command { std: "git" "clone" "/workspace/cache/git-repos/https%3A%2F%2Fgithub.com%2FWesley534%2Fsep41-token" "/workspace/builds/worker-7-tc2/source", kill_on_drop: false }`
[INFO] [stderr] Cloning into '/workspace/builds/worker-7-tc2/source'...
[INFO] [stderr] done.
[INFO] started tweaking git repo https://github.com/Wesley534/sep41-token
[INFO] finished tweaking git repo https://github.com/Wesley534/sep41-token
[INFO] tweaked toml for git repo https://github.com/Wesley534/sep41-token written to /workspace/builds/worker-7-tc2/source/Cargo.toml
[INFO] validating manifest of git repo https://github.com/Wesley534/sep41-token on toolchain 1.99.0-beta.1
[INFO] running `Command { std: CARGO_HOME="/workspace/cargo-home" RUSTUP_HOME="/workspace/rustup-home" "/workspace/cargo-home/bin/cargo" "+1.99.0-beta.1" "metadata" "--manifest-path" "Cargo.toml" "--no-deps", kill_on_drop: false }`
[INFO] crate git repo https://github.com/Wesley534/sep41-token already has a lockfile, it will not be regenerated
[INFO] running `Command { std: CARGO_HOME="/workspace/cargo-home" RUSTUP_HOME="/workspace/rustup-home" "/workspace/cargo-home/bin/cargo" "+1.99.0-beta.1" "fetch" "--manifest-path" "Cargo.toml", kill_on_drop: false }`
[INFO] running `Command { std: "docker" "create" "-v" "/var/lib/crater-agent-workspace/builds/worker-7-tc2/source:/opt/rustwide/workdir:ro,Z" "-v" "/var/lib/crater-agent-workspace/builds/worker-7-tc2/target:/opt/rustwide/target:rw,Z" "-v" "/var/lib/crater-agent-workspace/cargo-home:/opt/rustwide/cargo-home:ro,Z" "-v" "/var/lib/crater-agent-workspace/rustup-home:/opt/rustwide/rustup-home:ro,Z" "-m" "1610612736" "--network" "none" "ghcr.io/rust-lang/crates-build-env/linux@sha256:8683fc1fc2eb5c9ac98e0d076ab094b2ffac7f99da555d2b6a2e27f346de2ec7" "sleep" "infinity", kill_on_drop: false }`
[INFO] [stdout] 51bea81c6590201e214cdf4d648f67ffafc9d3271c756eea22df8d47abe76866
[INFO] running `Command { std: "docker" "start" "51bea81c6590201e214cdf4d648f67ffafc9d3271c756eea22df8d47abe76866", kill_on_drop: false }`
[INFO] running `Command { std: "docker" "inspect" "51bea81c6590201e214cdf4d648f67ffafc9d3271c756eea22df8d47abe76866", kill_on_drop: false }`
[INFO] running `Command { std: "docker" "exec" "-e" "SOURCE_DIR=/opt/rustwide/workdir" "-e" "CARGO_HOME=/opt/rustwide/cargo-home" "-e" "RUSTUP_HOME=/opt/rustwide/rustup-home" "-e" "CARGO_TARGET_DIR=/opt/rustwide/target" "-w" "/opt/rustwide/workdir" "--user" "0:0" "51bea81c6590201e214cdf4d648f67ffafc9d3271c756eea22df8d47abe76866" "/opt/rustwide/cargo-home/bin/cargo" "+1.99.0-beta.1" "metadata" "--no-deps" "--format-version=1", kill_on_drop: false }`
[INFO] running `Command { std: "docker" "inspect" "51bea81c6590201e214cdf4d648f67ffafc9d3271c756eea22df8d47abe76866", kill_on_drop: false }`
[INFO] running `Command { std: "docker" "exec" "-e" "SOURCE_DIR=/opt/rustwide/workdir" "-e" "CARGO_HOME=/opt/rustwide/cargo-home" "-e" "RUSTUP_HOME=/opt/rustwide/rustup-home" "-e" "CARGO_TARGET_DIR=/opt/rustwide/target" "-e" "CARGO_INCREMENTAL=0" "-e" "RUST_BACKTRACE=full" "-e" "RUSTFLAGS=--cap-lints=warn" "-e" "RUSTDOCFLAGS=--cap-lints=warn" "-w" "/opt/rustwide/workdir" "--user" "0:0" "51bea81c6590201e214cdf4d648f67ffafc9d3271c756eea22df8d47abe76866" "/opt/rustwide/cargo-home/bin/cargo" "+1.99.0-beta.1" "build" "--frozen" "--message-format=json" "--release", kill_on_drop: false }`
[INFO] [stderr]    Compiling proc-macro2 v1.0.106
[INFO] [stderr]    Compiling unicode-ident v1.0.24
[INFO] [stderr]    Compiling quote v1.0.45
[INFO] [stderr]    Compiling version_check v0.9.5
[INFO] [stderr]    Compiling zmij v1.0.21
[INFO] [stderr]    Compiling serde_core v1.0.228
[INFO] [stderr]    Compiling serde v1.0.228
[INFO] [stderr]    Compiling serde_json v1.0.149
[INFO] [stderr]    Compiling itoa v1.0.18
[INFO] [stderr]    Compiling memchr v2.8.0
[INFO] [stderr]    Compiling cfg-if v1.0.4
[INFO] [stderr]    Compiling typenum v1.20.0
[INFO] [stderr]    Compiling subtle v2.6.1
[INFO] [stderr]    Compiling autocfg v1.5.0
[INFO] [stderr]    Compiling const-oid v0.9.6
[INFO] [stderr]    Compiling libc v0.2.186
[INFO] [stderr]    Compiling strsim v0.11.1
[INFO] [stderr]    Compiling ident_case v1.0.1
[INFO] [stderr]    Compiling zerocopy v0.8.48
[INFO] [stderr]    Compiling syn v1.0.109
[INFO] [stderr]    Compiling semver v1.0.28
[INFO] [stderr]    Compiling schemars v0.8.22
[INFO] [stderr]    Compiling generic-array v0.14.9
[INFO] [stderr]    Compiling dyn-clone v1.0.20
[INFO] [stderr]    Compiling paste v1.0.15
[INFO] [stderr]    Compiling cpufeatures v0.2.17
[INFO] [stderr]    Compiling data-encoding v2.11.0
[INFO] [stderr]    Compiling escape-bytes v0.1.1
[INFO] [stderr]    Compiling ethnum v1.5.3
[INFO] [stderr]    Compiling rustc_version v0.4.1
[INFO] [stderr]    Compiling ahash v0.8.12
[INFO] [stderr]    Compiling either v1.15.0
[INFO] [stderr]    Compiling base16ct v0.2.0
[INFO] [stderr]    Compiling num-traits v0.2.19
[INFO] [stderr]    Compiling libm v0.2.16
[INFO] [stderr]    Compiling once_cell v1.21.4
[INFO] [stderr]    Compiling hashbrown v0.17.1
[INFO] [stderr]    Compiling thiserror v1.0.69
[INFO] [stderr]    Compiling itertools v0.10.5
[INFO] [stderr]    Compiling equivalent v1.0.2
[INFO] [stderr]    Compiling curve25519-dalek v4.1.3
[INFO] [stderr]    Compiling fnv v1.0.7
[INFO] [stderr]    Compiling syn v2.0.117
[INFO] [stderr]    Compiling prettyplease v0.2.37
[INFO] [stderr]    Compiling indexmap v2.14.0
[INFO] [stderr]    Compiling num-integer v0.1.46
[INFO] [stderr]    Compiling block-buffer v0.10.4
[INFO] [stderr]    Compiling crypto-common v0.1.6
[INFO] [stderr]    Compiling digest v0.10.7
[INFO] [stderr]    Compiling num-bigint v0.4.6
[INFO] [stderr]    Compiling indexmap-nostd v0.4.0
[INFO] [stderr]    Compiling sha2 v0.10.9
[INFO] [stderr]    Compiling downcast-rs v1.2.1
[INFO] [stderr]    Compiling wasmi_core v0.13.0
[INFO] [stderr]    Compiling wasmparser-nostd v0.100.2
[INFO] [stderr]    Compiling base64 v0.22.1
[INFO] [stderr]    Compiling smallvec v1.15.1
[INFO] [stderr]    Compiling hex v0.4.3
[INFO] [stderr]    Compiling heapless v0.8.0
[INFO] [stderr]    Compiling wasmi_arena v0.4.1
[INFO] [stderr]    Compiling getrandom v0.2.17
[INFO] [stderr]    Compiling rand_core v0.6.4
[INFO] [stderr]    Compiling wasmparser v0.116.1
[INFO] [stderr]    Compiling spin v0.9.8
[INFO] [stderr]    Compiling byteorder v1.5.0
[INFO] [stderr]    Compiling ff v0.13.1
[INFO] [stderr]    Compiling hash32 v0.3.1
[INFO] [stderr]    Compiling group v0.13.0
[INFO] [stderr]    Compiling static_assertions v1.1.0
[INFO] [stderr]    Compiling stable_deref_trait v1.2.1
[INFO] [stderr]    Compiling keccak v0.1.6
[INFO] [stderr]    Compiling soroban-env-host v23.0.1
[INFO] [stderr]    Compiling hex-literal v0.4.1
[INFO] [stderr]    Compiling heck v0.5.0
[INFO] [stderr]    Compiling ppv-lite86 v0.2.21
[INFO] [stderr]    Compiling hashbrown v0.13.2
[INFO] [stderr]    Compiling rand_chacha v0.3.1
[INFO] [stderr]    Compiling rand v0.8.6
[INFO] [stderr]    Compiling ark-serialize-derive v0.4.2
[INFO] [stderr]    Compiling ark-ff-asm v0.4.2
[INFO] [stderr]    Compiling derivative v2.2.0
[INFO] [stderr]    Compiling ark-ff-macros v0.4.2
[INFO] [stderr]    Compiling soroban-wasmi v0.31.1-soroban.20.0.1
[INFO] [stderr]    Compiling ark-std v0.4.0
[INFO] [stderr]    Compiling darling_core v0.23.0
[INFO] [stderr]    Compiling darling_core v0.20.11
[INFO] [stderr]    Compiling macro-string v0.1.4
[INFO] [stderr]    Compiling serde_derive v1.0.228
[INFO] [stderr]    Compiling zeroize_derive v1.4.3
[INFO] [stderr]    Compiling cfg_eval v0.1.2
[INFO] [stderr]    Compiling thiserror-impl v1.0.69
[INFO] [stderr]    Compiling num-derive v0.4.2
[INFO] [stderr]    Compiling curve25519-dalek-derive v0.1.1
[INFO] [stderr]    Compiling soroban-builtin-sdk-macros v23.0.1
[INFO] [stderr]    Compiling visibility v0.1.1
[INFO] [stderr]    Compiling bytes-lit v0.0.5
[INFO] [stderr]    Compiling zeroize v1.8.2
[INFO] [stderr]    Compiling der v0.7.10
[INFO] [stderr]    Compiling crypto-bigint v0.5.5
[INFO] [stderr]    Compiling darling_macro v0.20.11
[INFO] [stderr]    Compiling signature v2.2.0
[INFO] [stderr]    Compiling ark-serialize v0.4.2
[INFO] [stderr]    Compiling hmac v0.12.1
[INFO] [stderr]    Compiling sha3 v0.10.9
[INFO] [stderr]    Compiling rfc6979 v0.4.0
[INFO] [stderr]    Compiling ed25519 v2.2.3
[INFO] [stderr]    Compiling darling v0.20.11
[INFO] [stderr]    Compiling ark-ff v0.4.2
[INFO] [stderr]    Compiling darling_macro v0.23.0
[INFO] [stderr]    Compiling darling v0.23.0
[INFO] [stderr]    Compiling sec1 v0.7.3
[INFO] [stderr]    Compiling serde_with_macros v3.20.0
[INFO] [stderr]    Compiling ed25519-dalek v2.2.0
[INFO] [stderr]    Compiling elliptic-curve v0.13.8
[INFO] [stderr]    Compiling ecdsa v0.16.9
[INFO] [stderr]    Compiling primeorder v0.13.6
[INFO] [stderr]    Compiling crate-git-revision v0.0.6
[INFO] [stderr]    Compiling p256 v0.13.2
[INFO] [stderr]    Compiling k256 v0.13.4
[INFO] [stderr]    Compiling stellar-strkey v0.0.13
[INFO] [stderr]    Compiling stellar-xdr v23.0.0
[INFO] [stderr]    Compiling soroban-env-common v23.0.1
[INFO] [stderr]    Compiling stellar-strkey v0.0.16
[INFO] [stderr]    Compiling soroban-sdk v23.5.3
[INFO] [stderr]    Compiling serde_with v3.20.0
[INFO] [stderr]    Compiling ark-poly v0.4.2
[INFO] [stderr]    Compiling ark-ec v0.4.2
[INFO] [stderr]    Compiling ark-bls12-381 v0.4.0
[INFO] [stderr]    Compiling soroban-spec v23.5.3
[INFO] [stderr]    Compiling soroban-spec-rust v23.5.3
[INFO] [stderr]    Compiling soroban-env-macros v23.0.1
[INFO] [stderr]    Compiling soroban-sdk-macros v23.5.3
[INFO] [stderr]    Compiling sep41-token v0.0.0 (/opt/rustwide/workdir/contracts/sep41-token)
[INFO] [stdout] warning: struct `Transfer` is never constructed
[INFO] [stdout]  --> contracts/sep41-token/src/events.rs:5:12
[INFO] [stdout]   |
[INFO] [stdout] 5 | pub struct Transfer {
[INFO] [stdout]   |            ^^^^^^^^
[INFO] [stdout]   |
[INFO] [stdout]   = note: `#[warn(dead_code)]` (part of `#[warn(unused)]`) on by default
[INFO] [stdout] 
[INFO] [stdout] 
[INFO] [stdout] warning: struct `Approval` is never constructed
[INFO] [stdout]   --> contracts/sep41-token/src/events.rs:15:12
[INFO] [stdout]    |
[INFO] [stdout] 15 | pub struct Approval {
[INFO] [stdout]    |            ^^^^^^^^
[INFO] [stdout] 
[INFO] [stdout] 
[INFO] [stdout] warning: struct `Burn` is never constructed
[INFO] [stdout]   --> contracts/sep41-token/src/events.rs:26:12
[INFO] [stdout]    |
[INFO] [stdout] 26 | pub struct Burn {
[INFO] [stdout]    |            ^^^^
[INFO] [stdout] 
[INFO] [stdout] 
[INFO] [stdout] warning: struct `SibToken` is never constructed
[INFO] [stdout]   --> contracts/sep41-token/src/our_token.rs:11:12
[INFO] [stdout]    |
[INFO] [stdout] 11 | pub struct SibToken;
[INFO] [stdout]    |            ^^^^^^^^
[INFO] [stdout] 
[INFO] [stdout] 
[INFO] [stdout] warning: constant `INITIAL_SUPPLY` is never used
[INFO] [stdout]   --> contracts/sep41-token/src/our_token.rs:13:7
[INFO] [stdout]    |
[INFO] [stdout] 13 | const INITIAL_SUPPLY: i128 = 1_000_000;
[INFO] [stdout]    |       ^^^^^^^^^^^^^^
[INFO] [stdout] 
[INFO] [stdout] 
[INFO] [stdout] warning: multiple associated functions are never used
[INFO] [stdout]    --> contracts/sep41-token/src/our_token.rs:16:8
[INFO] [stdout]     |
[INFO] [stdout]  15 | impl SibToken {
[INFO] [stdout]     | ------------- associated functions in this implementation
[INFO] [stdout]  16 |     fn read_balance(env: &Env, id: Address) -> i128 {
[INFO] [stdout]     |        ^^^^^^^^^^^^
[INFO] [stdout] ...
[INFO] [stdout]  23 |     fn write_balance(env: &Env, id: Address, amount: i128) {
[INFO] [stdout]     |        ^^^^^^^^^^^^^
[INFO] [stdout] ...
[INFO] [stdout]  27 |     fn read_allowance(env: &Env, from: Address, spender: Address) -> i128 {
[INFO] [stdout]     |        ^^^^^^^^^^^^^^
[INFO] [stdout] ...
[INFO] [stdout]  34 |     fn write_allowance(env: &Env, from: Address, spender: Address, amount: i128) {
[INFO] [stdout]     |        ^^^^^^^^^^^^^^^
[INFO] [stdout] ...
[INFO] [stdout]  39 |     fn move_tokens(env: &Env, from: Address, to: Address, amount: i128) -> Result<(), ContractError> {
[INFO] [stdout]     |        ^^^^^^^^^^^
[INFO] [stdout] ...
[INFO] [stdout]  64 |     fn spend_allowance(
[INFO] [stdout]     |        ^^^^^^^^^^^^^^^
[INFO] [stdout] ...
[INFO] [stdout]  83 |     fn burn_tokens(env: &Env, from: Address, amount: i128) -> Result<(), ContractError> {
[INFO] [stdout]     |        ^^^^^^^^^^^
[INFO] [stdout] ...
[INFO] [stdout] 104 |     fn mint_tokens(env: &Env, to: Address, amount: i128) -> Result<(), ContractError> {
[INFO] [stdout]     |        ^^^^^^^^^^^
[INFO] [stdout] 
[INFO] [stdout] 
[INFO] [stdout] warning: associated function `mint` is never used
[INFO] [stdout]    --> contracts/sep41-token/src/our_token.rs:132:12
[INFO] [stdout]     |
[INFO] [stdout] 124 | impl SibToken {
[INFO] [stdout]     | ------------- associated function in this implementation
[INFO] [stdout] ...
[INFO] [stdout] 132 |     pub fn mint(env: Env, to: Address, amount: i128) {
[INFO] [stdout]     |            ^^^^
[INFO] [stdout] 
[INFO] [stdout] 
[INFO] [stdout] warning: trait `TokenInterface` is never used
[INFO] [stdout]  --> contracts/sep41-token/src/token_trait.rs:3:11
[INFO] [stdout]   |
[INFO] [stdout] 3 | pub trait TokenInterface {
[INFO] [stdout]   |           ^^^^^^^^^^^^^^
[INFO] [stdout] 
[INFO] [stdout] 
[INFO] [stderr]     Finished `release` profile [optimized] target(s) in 2m 07s
[INFO] running `Command { std: "docker" "inspect" "51bea81c6590201e214cdf4d648f67ffafc9d3271c756eea22df8d47abe76866", kill_on_drop: false }`
[INFO] running `Command { std: "docker" "exec" "-e" "SOURCE_DIR=/opt/rustwide/workdir" "-e" "CARGO_HOME=/opt/rustwide/cargo-home" "-e" "RUSTUP_HOME=/opt/rustwide/rustup-home" "-e" "CARGO_TARGET_DIR=/opt/rustwide/target" "-e" "CARGO_INCREMENTAL=0" "-e" "RUST_BACKTRACE=full" "-e" "RUSTFLAGS=--cap-lints=warn" "-e" "RUSTDOCFLAGS=--cap-lints=warn" "-w" "/opt/rustwide/workdir" "--user" "0:0" "51bea81c6590201e214cdf4d648f67ffafc9d3271c756eea22df8d47abe76866" "/opt/rustwide/cargo-home/bin/cargo" "+1.99.0-beta.1" "test" "--frozen" "--no-run" "--message-format=json" "--release", kill_on_drop: false }`
[INFO] [stderr]    Compiling cfg-if v1.0.4
[INFO] [stderr]    Compiling typenum v1.20.0
[INFO] [stderr]    Compiling subtle v2.6.1
[INFO] [stderr]    Compiling const-oid v0.9.6
[INFO] [stderr]    Compiling libc v0.2.186
[INFO] [stderr]    Compiling num-traits v0.2.19
[INFO] [stderr]    Compiling serde_core v1.0.228
[INFO] [stderr]    Compiling zerocopy v0.8.48
[INFO] [stderr]    Compiling zeroize v1.8.2
[INFO] [stderr]    Compiling cpufeatures v0.2.17
[INFO] [stderr]    Compiling base16ct v0.2.0
[INFO] [stderr]    Compiling zmij v1.0.21
[INFO] [stderr]    Compiling serde_json v1.0.149
[INFO] [stderr]    Compiling itoa v1.0.18
[INFO] [stderr]    Compiling once_cell v1.21.4
[INFO] [stderr]    Compiling either v1.15.0
[INFO] [stderr]    Compiling memchr v2.8.0
[INFO] [stderr]    Compiling schemars v0.8.22
[INFO] [stderr]    Compiling dyn-clone v1.0.20
[INFO] [stderr]    Compiling data-encoding v2.11.0
[INFO] [stderr]    Compiling libm v0.2.16
[INFO] [stderr]    Compiling stellar-xdr v23.0.0
[INFO] [stderr]    Compiling derive_arbitrary v1.3.2
[INFO] [stderr]    Compiling hashbrown v0.17.1
[INFO] [stderr]    Compiling equivalent v1.0.2
[INFO] [stderr]    Compiling indexmap-nostd v0.4.0
[INFO] [stderr]    Compiling der v0.7.10
[INFO] [stderr]    Compiling downcast-rs v1.2.1
[INFO] [stderr]    Compiling soroban-env-common v23.0.1
[INFO] [stderr]    Compiling ethnum v1.5.3
[INFO] [stderr]    Compiling itertools v0.10.5
[INFO] [stderr]    Compiling escape-bytes v0.1.1
[INFO] [stderr]    Compiling wasmparser-nostd v0.100.2
[INFO] [stderr]    Compiling stellar-strkey v0.0.13
[INFO] [stderr]    Compiling smallvec v1.15.1
[INFO] [stderr]    Compiling arbitrary v1.3.2
[INFO] [stderr]    Compiling semver v1.0.28
[INFO] [stderr]    Compiling base64 v0.22.1
[INFO] [stderr]    Compiling indexmap v2.14.0
[INFO] [stderr]    Compiling generic-array v0.14.9
[INFO] [stderr]    Compiling num-integer v0.1.46
[INFO] [stderr]    Compiling wasmi_arena v0.4.1
[INFO] [stderr]    Compiling spin v0.9.8
[INFO] [stderr]    Compiling keccak v0.1.6
[INFO] [stderr]    Compiling byteorder v1.5.0
[INFO] [stderr]    Compiling static_assertions v1.1.0
[INFO] [stderr]    Compiling soroban-env-host v23.0.1
[INFO] [stderr]    Compiling thiserror v1.0.69
[INFO] [stderr]    Compiling stable_deref_trait v1.2.1
[INFO] [stderr]    Compiling dtor-proc-macro v0.0.6
[INFO] [stderr]    Compiling getrandom v0.2.17
[INFO] [stderr]    Compiling hex-literal v0.4.1
[INFO] [stderr]    Compiling num-bigint v0.4.6
[INFO] [stderr]    Compiling wasmi_core v0.13.0
[INFO] [stderr]    Compiling rand_core v0.6.4
[INFO] [stderr]    Compiling hash32 v0.3.1
[INFO] [stderr]    Compiling soroban-sdk v23.5.3
[INFO] [stderr]    Compiling ctor-proc-macro v0.0.6
[INFO] [stderr]    Compiling heapless v0.8.0
[INFO] [stderr]    Compiling soroban-sdk-macros v23.5.3
[INFO] [stderr]    Compiling dtor v0.1.1
[INFO] [stderr]    Compiling ff v0.13.1
[INFO] [stderr]    Compiling group v0.13.0
[INFO] [stderr]    Compiling ctor v0.5.0
[INFO] [stderr]    Compiling wasmparser v0.116.1
[INFO] [stderr]    Compiling crypto-common v0.1.6
[INFO] [stderr]    Compiling block-buffer v0.10.4
[INFO] [stderr]    Compiling crypto-bigint v0.5.5
[INFO] [stderr]    Compiling sec1 v0.7.3
[INFO] [stderr]    Compiling stellar-strkey v0.0.16
[INFO] [stderr]    Compiling digest v0.10.7
[INFO] [stderr]    Compiling signature v2.2.0
[INFO] [stderr]    Compiling sha2 v0.10.9
[INFO] [stderr]    Compiling hmac v0.12.1
[INFO] [stderr]    Compiling curve25519-dalek v4.1.3
[INFO] [stderr]    Compiling sha3 v0.10.9
[INFO] [stderr]    Compiling rfc6979 v0.4.0
[INFO] [stderr]    Compiling ed25519 v2.2.3
[INFO] [stderr]    Compiling serde v1.0.228
[INFO] [stderr]    Compiling ed25519-dalek v2.2.0
[INFO] [stderr]    Compiling elliptic-curve v0.13.8
[INFO] [stderr]    Compiling hex v0.4.3
[INFO] [stderr]    Compiling soroban-wasmi v0.31.1-soroban.20.0.1
[INFO] [stderr]    Compiling ecdsa v0.16.9
[INFO] [stderr]    Compiling primeorder v0.13.6
[INFO] [stderr]    Compiling p256 v0.13.2
[INFO] [stderr]    Compiling k256 v0.13.4
[INFO] [stderr]    Compiling serde_with v3.20.0
[INFO] [stderr]    Compiling ppv-lite86 v0.2.21
[INFO] [stderr]    Compiling ahash v0.8.12
[INFO] [stderr]    Compiling hashbrown v0.13.2
[INFO] [stderr]    Compiling rand_chacha v0.3.1
[INFO] [stderr]    Compiling rand v0.8.6
[INFO] [stderr]    Compiling ark-std v0.4.0
[INFO] [stderr]    Compiling ark-serialize v0.4.2
[INFO] [stderr]    Compiling ark-ff v0.4.2
[INFO] [stderr]    Compiling ark-poly v0.4.2
[INFO] [stderr]    Compiling ark-ec v0.4.2
[INFO] [stderr]    Compiling ark-bls12-381 v0.4.0
[INFO] [stderr]    Compiling soroban-ledger-snapshot v23.5.3
[INFO] [stderr]    Compiling sep41-token v0.0.0 (/opt/rustwide/workdir/contracts/sep41-token)
[INFO] [stderr]     Finished `release` profile [optimized] target(s) in 2m 26s
[INFO] running `Command { std: "docker" "inspect" "51bea81c6590201e214cdf4d648f67ffafc9d3271c756eea22df8d47abe76866", kill_on_drop: false }`
[INFO] running `Command { std: "docker" "exec" "-e" "SOURCE_DIR=/opt/rustwide/workdir" "-e" "CARGO_HOME=/opt/rustwide/cargo-home" "-e" "RUSTUP_HOME=/opt/rustwide/rustup-home" "-e" "CARGO_TARGET_DIR=/opt/rustwide/target" "-e" "CARGO_INCREMENTAL=0" "-e" "RUST_BACKTRACE=full" "-e" "RUSTFLAGS=--cap-lints=warn" "-e" "RUSTDOCFLAGS=--cap-lints=warn" "-w" "/opt/rustwide/workdir" "--user" "0:0" "51bea81c6590201e214cdf4d648f67ffafc9d3271c756eea22df8d47abe76866" "/opt/rustwide/cargo-home/bin/cargo" "+1.99.0-beta.1" "test" "--frozen" "--release", kill_on_drop: false }`
[INFO] [stderr]     Finished `release` profile [optimized] target(s) in 0.36s
[INFO] [stderr]      Running unittests src/lib.rs (/opt/rustwide/target/release/deps/sep41_token-a6c9411024137a1c)
[INFO] [stdout] 
[INFO] [stdout] running 9 tests
[INFO] [stdout] test test::test_name ... FAILED
[INFO] [stdout] test test::test_symbol ... FAILED
[INFO] [stdout] test test::test_transfer ... FAILED
[INFO] [stdout] test test::test_transfer_from ... FAILED
[INFO] [stdout] test test::test_burn ... FAILED
[INFO] [stdout] test test::test_mint ... FAILED
[INFO] [stdout] test test::test_burn_from ... FAILED
[INFO] [stdout] test test::test_constructor_mint ... FAILED
[INFO] [stdout] test test::test_decimal ... FAILED
[INFO] [stdout] 
[INFO] [stdout] failures:
[INFO] [stdout] 
[INFO] [stdout] ---- test::test_name stdout ----
[INFO] [stdout] Writing test snapshot file for test "test::test_name" to "test_snapshots/test/test_name.1.json".
[INFO] [stdout] 
[INFO] [stdout] thread 'test::test_name' (3789) panicked at /opt/rustwide/cargo-home/registry/src/index.crates.io-1949cf8c6b5b557f/soroban-sdk-23.5.3/src/env.rs:1743:32:
[INFO] [stdout] called `Result::unwrap()` on an `Err` value: Os { code: 30, kind: ReadOnlyFilesystem, message: "Read-only file system" }
[INFO] [stdout] stack backtrace:
[INFO] [stdout]    0:     0x642da663c517 - <unknown>
[INFO] [stdout]    1:     0x642da64f3274 - <unknown>
[INFO] [stdout]    2:     0x642da663badb - <unknown>
[INFO] [stdout]    3:     0x642da663b6d9 - <unknown>
[INFO] [stdout]    4:     0x642da663b35a - <unknown>
[INFO] [stdout]    5:     0x642da663ae93 - <unknown>
[INFO] [stdout]    6:     0x642da66611a1 - <unknown>
[INFO] [stdout]    7:     0x642da6661159 - <unknown>
[INFO] [stdout]    8:     0x642da666165c - <unknown>
[INFO] [stdout]    9:     0x642da64f310b - <unknown>
[INFO] [stdout]   10:     0x642da64f6911 - <unknown>
[INFO] [stdout]   11:     0x642da6604029 - <unknown>
[INFO] [stdout]   12:     0x642da64e5e02 - <unknown>
[INFO] [stdout]   13:     0x642da64ee44f - <unknown>
[INFO] [stdout]   14:     0x642da667a98b - <unknown>
[INFO] [stdout]   15:     0x642da66762e2 - <unknown>
[INFO] [stdout]   16:     0x642da6675d8c - <unknown>
[INFO] [stdout]   17:     0x642da66912bc - <unknown>
[INFO] [stdout]   18:     0x642da6662a9a - <unknown>
[INFO] [stdout]   19:     0x739a9767a07a - <unknown>
[INFO] [stdout]   20:     0x739a9770d534 - clone
[INFO] [stdout]   21:                0x0 - <unknown>
[INFO] [stdout] 
[INFO] [stdout] ---- test::test_symbol stdout ----
[INFO] [stdout] Writing test snapshot file for test "test::test_symbol" to "test_snapshots/test/test_symbol.1.json".
[INFO] [stdout] 
[INFO] [stdout] thread 'test::test_symbol' (3790) panicked at /opt/rustwide/cargo-home/registry/src/index.crates.io-1949cf8c6b5b557f/soroban-sdk-23.5.3/src/env.rs:1743:32:
[INFO] [stdout] called `Result::unwrap()` on an `Err` value: Os { code: 30, kind: ReadOnlyFilesystem, message: "Read-only file system" }
[INFO] [stdout] stack backtrace:
[INFO] [stdout]    0:     0x642da663c517 - <unknown>
[INFO] [stdout]    1:     0x642da64f3274 - <unknown>
[INFO] [stdout]    2:     0x642da663badb - <unknown>
[INFO] [stdout]    3:     0x642da663b6d9 - <unknown>
[INFO] [stdout]    4:     0x642da663b35a - <unknown>
[INFO] [stdout]    5:     0x642da663ae93 - <unknown>
[INFO] [stdout]    6:     0x642da66611a1 - <unknown>
[INFO] [stdout]    7:     0x642da6661159 - <unknown>
[INFO] [stdout]    8:     0x642da666165c - <unknown>
[INFO] [stdout]    9:     0x642da64f310b - <unknown>
[INFO] [stdout]   10:     0x642da64f6911 - <unknown>
[INFO] [stdout]   11:     0x642da6604029 - <unknown>
[INFO] [stdout]   12:     0x642da64e5e02 - <unknown>
[INFO] [stdout]   13:     0x642da64ecdd4 - <unknown>
[INFO] [stdout]   14:     0x642da667a98b - <unknown>
[INFO] [stdout]   15:     0x642da66762e2 - <unknown>
[INFO] [stdout]   16:     0x642da6675d8c - <unknown>
[INFO] [stdout]   17:     0x642da66912bc - <unknown>
[INFO] [stdout]   18:     0x642da6662a9a - <unknown>
[INFO] [stdout]   19:     0x739a9767a07a - <unknown>
[INFO] [stdout]   20:     0x739a9770d534 - clone
[INFO] [stdout]   21:                0x0 - <unknown>
[INFO] [stdout] 
[INFO] [stdout] ---- test::test_transfer stdout ----
[INFO] [stdout] Writing test snapshot file for test "test::test_transfer" to "test_snapshots/test/test_transfer.1.json".
[INFO] [stdout] 
[INFO] [stdout] thread 'test::test_transfer' (3791) panicked at /opt/rustwide/cargo-home/registry/src/index.crates.io-1949cf8c6b5b557f/soroban-sdk-23.5.3/src/env.rs:1743:32:
[INFO] [stdout] called `Result::unwrap()` on an `Err` value: Os { code: 30, kind: ReadOnlyFilesystem, message: "Read-only file system" }
[INFO] [stdout] stack backtrace:
[INFO] [stdout]    0:     0x642da663c517 - <unknown>
[INFO] [stdout]    1:     0x642da64f3274 - <unknown>
[INFO] [stdout]    2:     0x642da663badb - <unknown>
[INFO] [stdout]    3:     0x642da663b6d9 - <unknown>
[INFO] [stdout]    4:     0x642da663b35a - <unknown>
[INFO] [stdout]    5:     0x642da663ae93 - <unknown>
[INFO] [stdout]    6:     0x642da66611a1 - <unknown>
[INFO] [stdout]    7:     0x642da6661159 - <unknown>
[INFO] [stdout]    8:     0x642da666165c - <unknown>
[INFO] [stdout]    9:     0x642da64f310b - <unknown>
[INFO] [stdout]   10:     0x642da64f6911 - <unknown>
[INFO] [stdout]   11:     0x642da6604029 - <unknown>
[INFO] [stdout]   12:     0x642da64e5e02 - <unknown>
[INFO] [stdout]   13:     0x642da64ed528 - <unknown>
[INFO] [stdout]   14:     0x642da667a98b - <unknown>
[INFO] [stdout]   15:     0x642da66762e2 - <unknown>
[INFO] [stdout]   16:     0x642da6675d8c - <unknown>
[INFO] [stdout]   17:     0x642da66912bc - <unknown>
[INFO] [stdout]   18:     0x642da6662a9a - <unknown>
[INFO] [stdout]   19:     0x739a9767a07a - <unknown>
[INFO] [stdout]   20:     0x739a9770d534 - clone
[INFO] [stdout]   21:                0x0 - <unknown>
[INFO] [stdout] 
[INFO] [stdout] ---- test::test_transfer_from stdout ----
[INFO] [stdout] Writing test snapshot file for test "test::test_transfer_from" to "test_snapshots/test/test_transfer_from.1.json".
[INFO] [stdout] 
[INFO] [stdout] thread 'test::test_transfer_from' (3792) panicked at /opt/rustwide/cargo-home/registry/src/index.crates.io-1949cf8c6b5b557f/soroban-sdk-23.5.3/src/env.rs:1743:32:
[INFO] [stdout] called `Result::unwrap()` on an `Err` value: Os { code: 30, kind: ReadOnlyFilesystem, message: "Read-only file system" }
[INFO] [stdout] stack backtrace:
[INFO] [stdout]    0:     0x642da663c517 - <unknown>
[INFO] [stdout]    1:     0x642da64f3274 - <unknown>
[INFO] [stdout]    2:     0x642da663badb - <unknown>
[INFO] [stdout]    3:     0x642da663b6d9 - <unknown>
[INFO] [stdout]    4:     0x642da663b35a - <unknown>
[INFO] [stdout]    5:     0x642da663ae93 - <unknown>
[INFO] [stdout]    6:     0x642da66611a1 - <unknown>
[INFO] [stdout]    7:     0x642da6661159 - <unknown>
[INFO] [stdout]    8:     0x642da666165c - <unknown>
[INFO] [stdout]    9:     0x642da64f310b - <unknown>
[INFO] [stdout]   10:     0x642da64f6911 - <unknown>
[INFO] [stdout]   11:     0x642da6604029 - <unknown>
[INFO] [stdout]   12:     0x642da64e5e02 - <unknown>
[INFO] [stdout]   13:     0x642da64edcf2 - <unknown>
[INFO] [stdout]   14:     0x642da667a98b - <unknown>
[INFO] [stdout]   15:     0x642da66762e2 - <unknown>
[INFO] [stdout]   16:     0x642da6675d8c - <unknown>
[INFO] [stdout]   17:     0x642da66912bc - <unknown>
[INFO] [stdout]   18:     0x642da6662a9a - <unknown>
[INFO] [stdout]   19:     0x739a9767a07a - <unknown>
[INFO] [stdout]   20:     0x739a9770d534 - clone
[INFO] [stdout]   21:                0x0 - <unknown>
[INFO] [stdout] 
[INFO] [stdout] ---- test::test_burn stdout ----
[INFO] [stdout] Writing test snapshot file for test "test::test_burn" to "test_snapshots/test/test_burn.1.json".
[INFO] [stdout] 
[INFO] [stdout] thread 'test::test_burn' (3784) panicked at /opt/rustwide/cargo-home/registry/src/index.crates.io-1949cf8c6b5b557f/soroban-sdk-23.5.3/src/env.rs:1743:32:
[INFO] [stdout] called `Result::unwrap()` on an `Err` value: Os { code: 30, kind: ReadOnlyFilesystem, message: "Read-only file system" }
[INFO] [stdout] stack backtrace:
[INFO] [stdout]    0:     0x642da663c517 - <unknown>
[INFO] [stdout]    1:     0x642da64f3274 - <unknown>
[INFO] [stdout]    2:     0x642da663badb - <unknown>
[INFO] [stdout]    3:     0x642da663b6d9 - <unknown>
[INFO] [stdout]    4:     0x642da663b35a - <unknown>
[INFO] [stdout]    5:     0x642da663ae93 - <unknown>
[INFO] [stdout]    6:     0x642da66611a1 - <unknown>
[INFO] [stdout]    7:     0x642da6661159 - <unknown>
[INFO] [stdout]    8:     0x642da666165c - <unknown>
[INFO] [stdout]    9:     0x642da64f310b - <unknown>
[INFO] [stdout]   10:     0x642da64f6911 - <unknown>
[INFO] [stdout]   11:     0x642da6604029 - <unknown>
[INFO] [stdout]   12:     0x642da64e5e02 - <unknown>
[INFO] [stdout]   13:     0x642da64ee0b8 - <unknown>
[INFO] [stdout]   14:     0x642da667a98b - <unknown>
[INFO] [stdout]   15:     0x642da66762e2 - <unknown>
[INFO] [stdout]   16:     0x642da6675d8c - <unknown>
[INFO] [stdout]   17:     0x642da66912bc - <unknown>
[INFO] [stdout]   18:     0x642da6662a9a - <unknown>
[INFO] [stdout]   19:     0x739a9767a07a - <unknown>
[INFO] [stdout]   20:     0x739a9770d534 - clone
[INFO] [stdout]   21:                0x0 - <unknown>
[INFO] [stdout] 
[INFO] [stdout] ---- test::test_mint stdout ----
[INFO] [stdout] Writing test snapshot file for test "test::test_mint" to "test_snapshots/test/test_mint.1.json".
[INFO] [stdout] 
[INFO] [stdout] thread 'test::test_mint' (3788) panicked at /opt/rustwide/cargo-home/registry/src/index.crates.io-1949cf8c6b5b557f/soroban-sdk-23.5.3/src/env.rs:1743:32:
[INFO] [stdout] called `Result::unwrap()` on an `Err` value: Os { code: 30, kind: ReadOnlyFilesystem, message: "Read-only file system" }
[INFO] [stdout] stack backtrace:
[INFO] [stdout]    0:     0x642da663c517 - <unknown>
[INFO] [stdout]    1:     0x642da64f3274 - <unknown>
[INFO] [stdout]    2:     0x642da663badb - <unknown>
[INFO] [stdout]    3:     0x642da663b6d9 - <unknown>
[INFO] [stdout]    4:     0x642da663b35a - <unknown>
[INFO] [stdout]    5:     0x642da663ae93 - <unknown>
[INFO] [stdout]    6:     0x642da66611a1 - <unknown>
[INFO] [stdout]    7:     0x642da6661159 - <unknown>
[INFO] [stdout]    8:     0x642da666165c - <unknown>
[INFO] [stdout]    9:     0x642da64f310b - <unknown>
[INFO] [stdout]   10:     0x642da64f6911 - <unknown>
[INFO] [stdout]   11:     0x642da6604029 - <unknown>
[INFO] [stdout]   12:     0x642da64e5e02 - <unknown>
[INFO] [stdout]   13:     0x642da64ee221 - <unknown>
[INFO] [stdout]   14:     0x642da667a98b - <unknown>
[INFO] [stdout]   15:     0x642da66762e2 - <unknown>
[INFO] [stdout]   16:     0x642da6675d8c - <unknown>
[INFO] [stdout]   17:     0x642da66912bc - <unknown>
[INFO] [stdout]   18:     0x642da6662a9a - <unknown>
[INFO] [stdout]   19:     0x739a9767a07a - <unknown>
[INFO] [stdout]   20:     0x739a9770d534 - clone
[INFO] [stdout]   21:                0x0 - <unknown>
[INFO] [stdout] 
[INFO] [stdout] ---- test::test_burn_from stdout ----
[INFO] [stdout] Writing test snapshot file for test "test::test_burn_from" to "test_snapshots/test/test_burn_from.1.json".
[INFO] [stdout] 
[INFO] [stdout] thread 'test::test_burn_from' (3785) panicked at /opt/rustwide/cargo-home/registry/src/index.crates.io-1949cf8c6b5b557f/soroban-sdk-23.5.3/src/env.rs:1743:32:
[INFO] [stdout] called `Result::unwrap()` on an `Err` value: Os { code: 30, kind: ReadOnlyFilesystem, message: "Read-only file system" }
[INFO] [stdout] stack backtrace:
[INFO] [stdout]    0:     0x642da663c517 - <unknown>
[INFO] [stdout]    1:     0x642da64f3274 - <unknown>
[INFO] [stdout]    2:     0x642da663badb - <unknown>
[INFO] [stdout]    3:     0x642da663b6d9 - <unknown>
[INFO] [stdout]    4:     0x642da663b35a - <unknown>
[INFO] [stdout]    5:     0x642da663ae93 - <unknown>
[INFO] [stdout]    6:     0x642da66611a1 - <unknown>
[INFO] [stdout]    7:     0x642da6661159 - <unknown>
[INFO] [stdout]    8:     0x642da666165c - <unknown>
[INFO] [stdout]    9:     0x642da64f310b - <unknown>
[INFO] [stdout]   10:     0x642da64f6911 - <unknown>
[INFO] [stdout]   11:     0x642da6604029 - <unknown>
[INFO] [stdout]   12:     0x642da64e5e02 - <unknown>
[INFO] [stdout]   13:     0x642da64ed8e4 - <unknown>
[INFO] [stdout]   14:     0x642da667a98b - <unknown>
[INFO] [stdout]   15:     0x642da66762e2 - <unknown>
[INFO] [stdout]   16:     0x642da6675d8c - <unknown>
[INFO] [stdout]   17:     0x642da66912bc - <unknown>
[INFO] [stdout]   18:     0x642da6662a9a - <unknown>
[INFO] [stdout]   19:     0x739a9767a07a - <unknown>
[INFO] [stdout]   20:     0x739a9770d534 - clone
[INFO] [stdout]   21:                0x0 - <unknown>
[INFO] [stdout] 
[INFO] [stdout] ---- test::test_constructor_mint stdout ----
[INFO] [stdout] Writing test snapshot file for test "test::test_constructor_mint" to "test_snapshots/test/test_constructor_mint.1.json".
[INFO] [stdout] 
[INFO] [stdout] thread 'test::test_constructor_mint' (3786) panicked at /opt/rustwide/cargo-home/registry/src/index.crates.io-1949cf8c6b5b557f/soroban-sdk-23.5.3/src/env.rs:1743:32:
[INFO] [stdout] called `Result::unwrap()` on an `Err` value: Os { code: 30, kind: ReadOnlyFilesystem, message: "Read-only file system" }
[INFO] [stdout] stack backtrace:
[INFO] [stdout]    0:     0x642da663c517 - <unknown>
[INFO] [stdout]    1:     0x642da64f3274 - <unknown>
[INFO] [stdout]    2:     0x642da663badb - <unknown>
[INFO] [stdout]    3:     0x642da663b6d9 - <unknown>
[INFO] [stdout]    4:     0x642da663b35a - <unknown>
[INFO] [stdout]    5:     0x642da663ae93 - <unknown>
[INFO] [stdout]    6:     0x642da66611a1 - <unknown>
[INFO] [stdout]    7:     0x642da6661159 - <unknown>
[INFO] [stdout]    8:     0x642da666165c - <unknown>
[INFO] [stdout]    9:     0x642da64f310b - <unknown>
[INFO] [stdout]   10:     0x642da64f6911 - <unknown>
[INFO] [stdout]   11:     0x642da6604029 - <unknown>
[INFO] [stdout]   12:     0x642da64e5e02 - <unknown>
[INFO] [stdout]   13:     0x642da64ede89 - <unknown>
[INFO] [stdout]   14:     0x642da667a98b - <unknown>
[INFO] [stdout]   15:     0x642da66762e2 - <unknown>
[INFO] [stdout]   16:     0x642da6675d8c - <unknown>
[INFO] [stdout]   17:     0x642da66912bc - <unknown>
[INFO] [stdout]   18:     0x642da6662a9a - <unknown>
[INFO] [stdout]   19:     0x739a9767a07a - <unknown>
[INFO] [stdout]   20:     0x739a9770d534 - clone
[INFO] [stdout]   21:                0x0 - <unknown>
[INFO] [stdout] 
[INFO] [stdout] ---- test::test_decimal stdout ----
[INFO] [stdout] Writing test snapshot file for test "test::test_decimal" to "test_snapshots/test/test_decimal.1.json".
[INFO] [stdout] 
[INFO] [stdout] thread 'test::test_decimal' (3787) panicked at /opt/rustwide/cargo-home/registry/src/index.crates.io-1949cf8c6b5b557f/soroban-sdk-23.5.3/src/env.rs:1743:32:
[INFO] [stdout] called `Result::unwrap()` on an `Err` value: Os { code: 30, kind: ReadOnlyFilesystem, message: "Read-only file system" }
[INFO] [stdout] stack backtrace:
[INFO] [stdout]    0:     0x642da663c517 - <unknown>
[INFO] [stdout]    1:     0x642da64f3274 - <unknown>
[INFO] [stdout]    2:     0x642da663badb - <unknown>
[INFO] [stdout]    3:     0x642da663b6d9 - <unknown>
[INFO] [stdout]    4:     0x642da663b35a - <unknown>
[INFO] [stdout]    5:     0x642da663ae93 - <unknown>
[INFO] [stdout]    6:     0x642da66611a1 - <unknown>
[INFO] [stdout]    7:     0x642da6661159 - <unknown>
[INFO] [stdout]    8:     0x642da666165c - <unknown>
[INFO] [stdout]    9:     0x642da64f310b - <unknown>
[INFO] [stdout]   10:     0x642da64f6911 - <unknown>
[INFO] [stdout]   11:     0x642da6604029 - <unknown>
[INFO] [stdout]   12:     0x642da64e5e02 - <unknown>
[INFO] [stdout]   13:     0x642da64ed11b - <unknown>
[INFO] [stdout]   14:     0x642da667a98b - <unknown>
[INFO] [stdout]   15:     0x642da66762e2 - <unknown>
[INFO] [stdout]   16:     0x642da6675d8c - <unknown>
[INFO] [stdout]   17:     0x642da66912bc - <unknown>
[INFO] [stdout]   18:     0x642da6662a9a - <unknown>
[INFO] [stdout]   19:     0x739a9767a07a - <unknown>
[INFO] [stdout]   20:     0x739a9770d534 - clone
[INFO] [stdout]   21:                0x0 - <unknown>
[INFO] [stdout] 
[INFO] [stdout] 
[INFO] [stdout] failures:
[INFO] [stdout]     test::test_burn
[INFO] [stdout]     test::test_burn_from
[INFO] [stdout]     test::test_constructor_mint
[INFO] [stdout]     test::test_decimal
[INFO] [stdout]     test::test_mint
[INFO] [stdout]     test::test_name
[INFO] [stdout]     test::test_symbol
[INFO] [stdout]     test::test_transfer
[INFO] [stdout]     test::test_transfer_from
[INFO] [stdout] 
[INFO] [stdout] test result: FAILED. 0 passed; 9 failed; 0 ignored; 0 measured; 0 filtered out; finished in 0.00s
[INFO] [stdout] 
[INFO] [stderr] error: test failed, to rerun pass `--lib`
[INFO] running `Command { std: "docker" "inspect" "51bea81c6590201e214cdf4d648f67ffafc9d3271c756eea22df8d47abe76866", kill_on_drop: false }`
[INFO] running `Command { std: "docker" "rm" "-f" "51bea81c6590201e214cdf4d648f67ffafc9d3271c756eea22df8d47abe76866", kill_on_drop: false }`
[INFO] [stdout] 51bea81c6590201e214cdf4d648f67ffafc9d3271c756eea22df8d47abe76866
