[INFO] cloning repository https://github.com/Wesley-Arizio/cryptography
[INFO] running `Command { std: "git" "-c" "credential.helper=" "-c" "credential.helper=/workspace/cargo-home/bin/git-credential-null" "clone" "--bare" "https://github.com/Wesley-Arizio/cryptography" "/workspace/cache/git-repos/https%3A%2F%2Fgithub.com%2FWesley-Arizio%2Fcryptography", kill_on_drop: false }`
[INFO] [stderr] Cloning into bare repository '/workspace/cache/git-repos/https%3A%2F%2Fgithub.com%2FWesley-Arizio%2Fcryptography'...
[INFO] running `Command { std: "git" "rev-parse" "HEAD", kill_on_drop: false }`
[INFO] [stdout] d40fb9424f44b36b521f247c4b4e45c35c06dbf5
[INFO] testing Wesley-Arizio/cryptography against 1.98.0-beta.8+cargoflags=--release for beta-release-1.99-2
[INFO] running `Command { std: "git" "clone" "/workspace/cache/git-repos/https%3A%2F%2Fgithub.com%2FWesley-Arizio%2Fcryptography" "/workspace/builds/worker-7-tc1/source", kill_on_drop: false }`
[INFO] [stderr] Cloning into '/workspace/builds/worker-7-tc1/source'...
[INFO] [stderr] done.
[INFO] started tweaking git repo https://github.com/Wesley-Arizio/cryptography
[INFO] finished tweaking git repo https://github.com/Wesley-Arizio/cryptography
[INFO] tweaked toml for git repo https://github.com/Wesley-Arizio/cryptography written to /workspace/builds/worker-7-tc1/source/Cargo.toml
[INFO] validating manifest of git repo https://github.com/Wesley-Arizio/cryptography on toolchain 1.98.0-beta.8
[INFO] running `Command { std: CARGO_HOME="/workspace/cargo-home" RUSTUP_HOME="/workspace/rustup-home" "/workspace/cargo-home/bin/cargo" "+1.98.0-beta.8" "metadata" "--manifest-path" "Cargo.toml" "--no-deps", kill_on_drop: false }`
[INFO] crate git repo https://github.com/Wesley-Arizio/cryptography already has a lockfile, it will not be regenerated
[INFO] running `Command { std: CARGO_HOME="/workspace/cargo-home" RUSTUP_HOME="/workspace/rustup-home" "/workspace/cargo-home/bin/cargo" "+1.98.0-beta.8" "fetch" "--manifest-path" "Cargo.toml", kill_on_drop: false }`
[INFO] [stderr]     Updating crates.io index
[INFO] [stderr]  Downloading crates ...
[INFO] [stderr]   Downloaded rand v0.4.6
[INFO] [stderr]   Downloaded rustc-serialize v0.3.25
[INFO] [stderr]   Downloaded rand v0.3.23
[INFO] [stderr]   Downloaded clap_lex v0.6.0
[INFO] [stderr]   Downloaded gcc v0.3.55
[INFO] [stderr]   Downloaded clap_derive v4.4.7
[INFO] [stderr]   Downloaded anstream v0.6.5
[INFO] [stderr]   Downloaded proc-macro2 v1.0.71
[INFO] [stderr]   Downloaded clap v4.4.13
[INFO] [stderr]   Downloaded num-bigint v0.4.4
[INFO] [stderr]   Downloaded clap_builder v4.4.12
[INFO] [stderr]   Downloaded syn v2.0.43
[INFO] [stderr]   Downloaded rust-crypto v0.2.36
[INFO] running `Command { std: "docker" "create" "-v" "/var/lib/crater-agent-workspace/builds/worker-7-tc1/source:/opt/rustwide/workdir:ro,Z" "-v" "/var/lib/crater-agent-workspace/builds/worker-7-tc1/target:/opt/rustwide/target:rw,Z" "-v" "/var/lib/crater-agent-workspace/cargo-home:/opt/rustwide/cargo-home:ro,Z" "-v" "/var/lib/crater-agent-workspace/rustup-home:/opt/rustwide/rustup-home:ro,Z" "-m" "1610612736" "--network" "none" "ghcr.io/rust-lang/crates-build-env/linux@sha256:8683fc1fc2eb5c9ac98e0d076ab094b2ffac7f99da555d2b6a2e27f346de2ec7" "sleep" "infinity", kill_on_drop: false }`
[INFO] [stdout] fb461c531bf36feebba22e11ef2d7af2c11efc356fc4c54a130c63d0cd8af918
[INFO] running `Command { std: "docker" "start" "fb461c531bf36feebba22e11ef2d7af2c11efc356fc4c54a130c63d0cd8af918", kill_on_drop: false }`
[INFO] running `Command { std: "docker" "inspect" "fb461c531bf36feebba22e11ef2d7af2c11efc356fc4c54a130c63d0cd8af918", kill_on_drop: false }`
[INFO] running `Command { std: "docker" "exec" "-e" "SOURCE_DIR=/opt/rustwide/workdir" "-e" "CARGO_HOME=/opt/rustwide/cargo-home" "-e" "RUSTUP_HOME=/opt/rustwide/rustup-home" "-e" "CARGO_TARGET_DIR=/opt/rustwide/target" "-w" "/opt/rustwide/workdir" "--user" "0:0" "fb461c531bf36feebba22e11ef2d7af2c11efc356fc4c54a130c63d0cd8af918" "/opt/rustwide/cargo-home/bin/cargo" "+1.98.0-beta.8" "metadata" "--no-deps" "--format-version=1", kill_on_drop: false }`
[INFO] running `Command { std: "docker" "inspect" "fb461c531bf36feebba22e11ef2d7af2c11efc356fc4c54a130c63d0cd8af918", kill_on_drop: false }`
[INFO] running `Command { std: "docker" "exec" "-e" "SOURCE_DIR=/opt/rustwide/workdir" "-e" "CARGO_HOME=/opt/rustwide/cargo-home" "-e" "RUSTUP_HOME=/opt/rustwide/rustup-home" "-e" "CARGO_TARGET_DIR=/opt/rustwide/target" "-e" "CARGO_INCREMENTAL=0" "-e" "RUST_BACKTRACE=full" "-e" "RUSTFLAGS=--cap-lints=warn" "-e" "RUSTDOCFLAGS=--cap-lints=warn" "-w" "/opt/rustwide/workdir" "--user" "0:0" "fb461c531bf36feebba22e11ef2d7af2c11efc356fc4c54a130c63d0cd8af918" "/opt/rustwide/cargo-home/bin/cargo" "+1.98.0-beta.8" "build" "--frozen" "--message-format=json" "--release", kill_on_drop: false }`
[INFO] [stderr]    Compiling proc-macro2 v1.0.71
[INFO] [stderr]    Compiling utf8parse v0.2.1
[INFO] [stderr]    Compiling colorchoice v1.0.0
[INFO] [stderr]    Compiling gcc v0.3.55
[INFO] [stderr]    Compiling anstyle v1.0.4
[INFO] [stderr]    Compiling anstyle-query v1.0.2
[INFO] [stderr]    Compiling clap_lex v0.6.0
[INFO] [stderr]    Compiling rustc-serialize v0.3.25
[INFO] [stderr]    Compiling hex v0.4.3
[INFO] [stderr]    Compiling num-traits v0.2.17
[INFO] [stderr]    Compiling num-integer v0.1.45
[INFO] [stderr]    Compiling num-bigint v0.4.4
[INFO] [stderr]    Compiling getrandom v0.2.12
[INFO] [stderr]    Compiling rand v0.4.6
[INFO] [stderr]    Compiling time v0.1.45
[INFO] [stderr]    Compiling anstyle-parse v0.2.3
[INFO] [stderr]    Compiling anstream v0.6.5
[INFO] [stderr]    Compiling rand_core v0.6.4
[INFO] [stderr]    Compiling clap_builder v4.4.12
[INFO] [stderr]    Compiling rust-crypto v0.2.36
[INFO] [stderr]    Compiling rand_chacha v0.3.1
[INFO] [stderr]    Compiling quote v1.0.33
[INFO] [stderr]    Compiling rand v0.3.23
[INFO] [stderr]    Compiling syn v2.0.43
[INFO] [stderr]    Compiling rand v0.8.5
[INFO] [stderr]    Compiling clap_derive v4.4.7
[INFO] [stderr]    Compiling clap v4.4.13
[INFO] [stderr]    Compiling cryptography v0.1.0 (/opt/rustwide/workdir)
[INFO] [stderr]     Finished `release` profile [optimized] target(s) in 22.00s
[INFO] running `Command { std: "docker" "inspect" "fb461c531bf36feebba22e11ef2d7af2c11efc356fc4c54a130c63d0cd8af918", kill_on_drop: false }`
[INFO] running `Command { std: "docker" "exec" "-e" "SOURCE_DIR=/opt/rustwide/workdir" "-e" "CARGO_HOME=/opt/rustwide/cargo-home" "-e" "RUSTUP_HOME=/opt/rustwide/rustup-home" "-e" "CARGO_TARGET_DIR=/opt/rustwide/target" "-e" "CARGO_INCREMENTAL=0" "-e" "RUST_BACKTRACE=full" "-e" "RUSTFLAGS=--cap-lints=warn" "-e" "RUSTDOCFLAGS=--cap-lints=warn" "-w" "/opt/rustwide/workdir" "--user" "0:0" "fb461c531bf36feebba22e11ef2d7af2c11efc356fc4c54a130c63d0cd8af918" "/opt/rustwide/cargo-home/bin/cargo" "+1.98.0-beta.8" "test" "--frozen" "--no-run" "--message-format=json" "--release", kill_on_drop: false }`
[INFO] [stderr]    Compiling cryptography v0.1.0 (/opt/rustwide/workdir)
[INFO] [stderr]     Finished `release` profile [optimized] target(s) in 2.02s
[INFO] running `Command { std: "docker" "inspect" "fb461c531bf36feebba22e11ef2d7af2c11efc356fc4c54a130c63d0cd8af918", kill_on_drop: false }`
[INFO] running `Command { std: "docker" "exec" "-e" "SOURCE_DIR=/opt/rustwide/workdir" "-e" "CARGO_HOME=/opt/rustwide/cargo-home" "-e" "RUSTUP_HOME=/opt/rustwide/rustup-home" "-e" "CARGO_TARGET_DIR=/opt/rustwide/target" "-e" "CARGO_INCREMENTAL=0" "-e" "RUST_BACKTRACE=full" "-e" "RUSTFLAGS=--cap-lints=warn" "-e" "RUSTDOCFLAGS=--cap-lints=warn" "-w" "/opt/rustwide/workdir" "--user" "0:0" "fb461c531bf36feebba22e11ef2d7af2c11efc356fc4c54a130c63d0cd8af918" "/opt/rustwide/cargo-home/bin/cargo" "+1.98.0-beta.8" "test" "--frozen" "--release", kill_on_drop: false }`
[INFO] [stderr]     Finished `release` profile [optimized] target(s) in 0.07s
[INFO] [stderr]      Running unittests src/main.rs (/opt/rustwide/target/release/deps/criptografia-348bfc7937d11802)
[INFO] [stdout] 
[INFO] [stdout] running 10 tests
[INFO] [stdout] test asymmetric::rsa::tests::test_euclidean_gcd ... ok
[INFO] [stdout] test asymmetric::rsa::tests::test_is_prime ... ok
[INFO] [stdout] test asymmetric::rsa::tests::test_modular_inverse ... ok
[INFO] [stdout] test symmetric::advanced_encryption_standard::tests::encrypt_decrypt_message ... ok
[INFO] [stdout] test symmetric::caesar_cipher::test::encrypt_decrypt_message ... ok
[INFO] [stdout] test symmetric::one_time_pad::tests::encrypt_decrypt_data ... ok
[INFO] [stdout] test symmetric::caesar_cipher::test::frequency_analysis_attack ... ok
[INFO] [stdout] test symmetric::caesar_cipher::test::brute_force_attack_encrypted_message ... ok
[INFO] [stdout] test symmetric::vigenere_cipher::tests::encrypt_decrypt_message ... ok
[INFO] [stdout] test asymmetric::rsa::tests::test_generating_rsa_keys ... FAILED
[INFO] [stdout] 
[INFO] [stdout] failures:
[INFO] [stdout] 
[INFO] [stdout] ---- asymmetric::rsa::tests::test_generating_rsa_keys stdout ----
[INFO] [stdout] 
[INFO] [stdout] thread 'asymmetric::rsa::tests::test_generating_rsa_keys' (829) panicked at src/asymmetric/rsa.rs:199:9:
[INFO] [stdout] assertion `left == right` failed
[INFO] [stdout]   left: [88, 194, 167, 195, 187, 195, 187, 195, 166, 194, 153, 195, 150, 195, 166, 45, 195, 187, 66]
[INFO] [stdout]  right: [72, 101, 108, 108, 111, 32, 87, 111, 114, 108, 100]
[INFO] [stdout] stack backtrace:
[INFO] [stdout]    0:     0x55743d7c8ee1 - <<std[97b98282bc616a66]::sys::backtrace::BacktraceLock>::print::DisplayBacktrace as core[832e9a552fc17241]::fmt::Display>::fmt
[INFO] [stdout]    1:     0x55743d7de0fa - core[832e9a552fc17241]::fmt::write
[INFO] [stdout]    2:     0x55743d7cd44c - <alloc[3ecab9f82c41dc7d]::vec::Vec<u8> as std[97b98282bc616a66]::io::Write>::write_fmt
[INFO] [stdout]    3:     0x55743d7a7606 - std[97b98282bc616a66]::panicking::default_hook::{closure#0}
[INFO] [stdout]    4:     0x55743d7c1109 - std[97b98282bc616a66]::panicking::default_hook
[INFO] [stdout]    5:     0x55743d7478c0 - test[39766f3d73431624]::test_main_inner::<test[39766f3d73431624]::test_main_static::{closure#0}>::{closure#0}
[INFO] [stdout]    6:     0x55743d7c12c2 - std[97b98282bc616a66]::panicking::panic_with_hook
[INFO] [stdout]    7:     0x55743d7a76b2 - std[97b98282bc616a66]::panicking::panic_handler::{closure#0}
[INFO] [stdout]    8:     0x55743d79efd9 - std[97b98282bc616a66]::sys::backtrace::__rust_end_short_backtrace::<std[97b98282bc616a66]::panicking::panic_handler::{closure#0}, !>
[INFO] [stdout]    9:     0x55743d7a82ad - __rustc[e3d8617bb01b7f69]::rust_begin_unwind
[INFO] [stdout]   10:     0x55743d7de82c - core[832e9a552fc17241]::panicking::panic_fmt
[INFO] [stdout]   11:     0x55743d7de743 - core[832e9a552fc17241]::panicking::assert_failed_inner
[INFO] [stdout]   12:     0x55743d735d14 - core[832e9a552fc17241]::panicking::assert_failed::<&[u8], &[u8]>
[INFO] [stdout]   13:     0x55743d73a6c9 - criptografia[9a6334262c893cbf]::asymmetric::rsa::tests::test_generating_rsa_keys
[INFO] [stdout]   14:     0x55743d737589 - <criptografia[9a6334262c893cbf]::asymmetric::rsa::tests::test_generating_rsa_keys::{closure#0} as core[832e9a552fc17241]::ops::function::FnOnce<()>>::call_once
[INFO] [stdout]   15:     0x55743d73abfb - test[39766f3d73431624]::__rust_begin_short_backtrace::<core[832e9a552fc17241]::result::Result<(), alloc[3ecab9f82c41dc7d]::string::String>, fn() -> core[832e9a552fc17241]::result::Result<(), alloc[3ecab9f82c41dc7d]::string::String>>
[INFO] [stdout]   16:     0x55743d748245 - test[39766f3d73431624]::run_test::{closure#0}
[INFO] [stdout]   17:     0x55743d742cf4 - std[97b98282bc616a66]::sys::backtrace::__rust_begin_short_backtrace::<test[39766f3d73431624]::run_test::{closure#1}, ()>
[INFO] [stdout]   18:     0x55743d74b392 - <std[97b98282bc616a66]::thread::lifecycle::spawn_unchecked<test[39766f3d73431624]::run_test::{closure#1}, ()>::{closure#1} as core[832e9a552fc17241]::ops::function::FnOnce<()>>::call_once::{shim:vtable#0}
[INFO] [stdout]   19:     0x55743d7c876f - <std[97b98282bc616a66]::sys::thread::unix::Thread>::new::thread_start
[INFO] [stdout]   20:     0x728e46ed307a - <unknown>
[INFO] [stdout]   21:     0x728e46f66534 - clone
[INFO] [stdout]   22:                0x0 - <unknown>
[INFO] [stdout] 
[INFO] [stdout] 
[INFO] [stdout] failures:
[INFO] [stdout]     asymmetric::rsa::tests::test_generating_rsa_keys
[INFO] [stdout] 
[INFO] [stdout] test result: FAILED. 9 passed; 1 failed; 0 ignored; 0 measured; 0 filtered out; finished in 0.00s
[INFO] [stdout] 
[INFO] [stderr] error: test failed, to rerun pass `--bin criptografia`
[INFO] running `Command { std: "docker" "inspect" "fb461c531bf36feebba22e11ef2d7af2c11efc356fc4c54a130c63d0cd8af918", kill_on_drop: false }`
[INFO] running `Command { std: "docker" "rm" "-f" "fb461c531bf36feebba22e11ef2d7af2c11efc356fc4c54a130c63d0cd8af918", kill_on_drop: false }`
[INFO] [stdout] fb461c531bf36feebba22e11ef2d7af2c11efc356fc4c54a130c63d0cd8af918
