[INFO] cloning repository https://github.com/Mic92/direnv-instant
[INFO] running `Command { std: "git" "-c" "credential.helper=" "-c" "credential.helper=/workspace/cargo-home/bin/git-credential-null" "clone" "--bare" "https://github.com/Mic92/direnv-instant" "/workspace/cache/git-repos/https%3A%2F%2Fgithub.com%2FMic92%2Fdirenv-instant", kill_on_drop: false }`
[INFO] [stderr] Cloning into bare repository '/workspace/cache/git-repos/https%3A%2F%2Fgithub.com%2FMic92%2Fdirenv-instant'...
[INFO] running `Command { std: "git" "rev-parse" "HEAD", kill_on_drop: false }`
[INFO] [stdout] d5cb5b1e1edc7ec17344839b1ce1d791d3785a7c
[INFO] testing Mic92/direnv-instant against 1.98.0-beta.8+cargoflags=--release for beta-release-1.99-2
[INFO] running `Command { std: "git" "clone" "/workspace/cache/git-repos/https%3A%2F%2Fgithub.com%2FMic92%2Fdirenv-instant" "/workspace/builds/worker-6-tc1/source", kill_on_drop: false }`
[INFO] [stderr] Cloning into '/workspace/builds/worker-6-tc1/source'...
[INFO] [stderr] done.
[INFO] started tweaking git repo https://github.com/Mic92/direnv-instant
[INFO] finished tweaking git repo https://github.com/Mic92/direnv-instant
[INFO] tweaked toml for git repo https://github.com/Mic92/direnv-instant written to /workspace/builds/worker-6-tc1/source/Cargo.toml
[INFO] validating manifest of git repo https://github.com/Mic92/direnv-instant on toolchain 1.98.0-beta.8
[INFO] running `Command { std: CARGO_HOME="/workspace/cargo-home" RUSTUP_HOME="/workspace/rustup-home" "/workspace/cargo-home/bin/cargo" "+1.98.0-beta.8" "metadata" "--manifest-path" "Cargo.toml" "--no-deps", kill_on_drop: false }`
[INFO] crate git repo https://github.com/Mic92/direnv-instant already has a lockfile, it will not be regenerated
[INFO] running `Command { std: CARGO_HOME="/workspace/cargo-home" RUSTUP_HOME="/workspace/rustup-home" "/workspace/cargo-home/bin/cargo" "+1.98.0-beta.8" "fetch" "--manifest-path" "Cargo.toml", kill_on_drop: false }`
[INFO] [stderr]     Updating crates.io index
[INFO] [stderr]  Downloading crates ...
[INFO] [stderr]   Downloaded tinyjson v2.5.1
[INFO] running `Command { std: "docker" "create" "-v" "/var/lib/crater-agent-workspace/builds/worker-6-tc1/source:/opt/rustwide/workdir:ro,Z" "-v" "/var/lib/crater-agent-workspace/builds/worker-6-tc1/target:/opt/rustwide/target:rw,Z" "-v" "/var/lib/crater-agent-workspace/cargo-home:/opt/rustwide/cargo-home:ro,Z" "-v" "/var/lib/crater-agent-workspace/rustup-home:/opt/rustwide/rustup-home:ro,Z" "-m" "1610612736" "--network" "none" "ghcr.io/rust-lang/crates-build-env/linux@sha256:8683fc1fc2eb5c9ac98e0d076ab094b2ffac7f99da555d2b6a2e27f346de2ec7" "sleep" "infinity", kill_on_drop: false }`
[INFO] [stdout] f463ea11840dade609bcd0cfd4ef71b3be81793cd1489181c03a473af7ef1464
[INFO] running `Command { std: "docker" "start" "f463ea11840dade609bcd0cfd4ef71b3be81793cd1489181c03a473af7ef1464", kill_on_drop: false }`
[INFO] running `Command { std: "docker" "inspect" "f463ea11840dade609bcd0cfd4ef71b3be81793cd1489181c03a473af7ef1464", kill_on_drop: false }`
[INFO] running `Command { std: "docker" "exec" "-e" "SOURCE_DIR=/opt/rustwide/workdir" "-e" "CARGO_HOME=/opt/rustwide/cargo-home" "-e" "RUSTUP_HOME=/opt/rustwide/rustup-home" "-e" "CARGO_TARGET_DIR=/opt/rustwide/target" "-w" "/opt/rustwide/workdir" "--user" "0:0" "f463ea11840dade609bcd0cfd4ef71b3be81793cd1489181c03a473af7ef1464" "/opt/rustwide/cargo-home/bin/cargo" "+1.98.0-beta.8" "metadata" "--no-deps" "--format-version=1", kill_on_drop: false }`
[INFO] running `Command { std: "docker" "inspect" "f463ea11840dade609bcd0cfd4ef71b3be81793cd1489181c03a473af7ef1464", kill_on_drop: false }`
[INFO] running `Command { std: "docker" "exec" "-e" "SOURCE_DIR=/opt/rustwide/workdir" "-e" "CARGO_HOME=/opt/rustwide/cargo-home" "-e" "RUSTUP_HOME=/opt/rustwide/rustup-home" "-e" "CARGO_TARGET_DIR=/opt/rustwide/target" "-e" "CARGO_INCREMENTAL=0" "-e" "RUST_BACKTRACE=full" "-e" "RUSTFLAGS=--cap-lints=warn" "-e" "RUSTDOCFLAGS=--cap-lints=warn" "-w" "/opt/rustwide/workdir" "--user" "0:0" "f463ea11840dade609bcd0cfd4ef71b3be81793cd1489181c03a473af7ef1464" "/opt/rustwide/cargo-home/bin/cargo" "+1.98.0-beta.8" "build" "--frozen" "--message-format=json" "--release", kill_on_drop: false }`
[INFO] [stderr]    Compiling bitflags v2.9.4
[INFO] [stderr]    Compiling tinyjson v2.5.1
[INFO] [stderr]    Compiling nix v0.31.3
[INFO] [stderr]    Compiling direnv-instant v1.3.0 (/opt/rustwide/workdir)
[INFO] [stderr]     Finished `release` profile [optimized] target(s) in 7.33s
[INFO] running `Command { std: "docker" "inspect" "f463ea11840dade609bcd0cfd4ef71b3be81793cd1489181c03a473af7ef1464", kill_on_drop: false }`
[INFO] running `Command { std: "docker" "exec" "-e" "SOURCE_DIR=/opt/rustwide/workdir" "-e" "CARGO_HOME=/opt/rustwide/cargo-home" "-e" "RUSTUP_HOME=/opt/rustwide/rustup-home" "-e" "CARGO_TARGET_DIR=/opt/rustwide/target" "-e" "CARGO_INCREMENTAL=0" "-e" "RUST_BACKTRACE=full" "-e" "RUSTFLAGS=--cap-lints=warn" "-e" "RUSTDOCFLAGS=--cap-lints=warn" "-w" "/opt/rustwide/workdir" "--user" "0:0" "f463ea11840dade609bcd0cfd4ef71b3be81793cd1489181c03a473af7ef1464" "/opt/rustwide/cargo-home/bin/cargo" "+1.98.0-beta.8" "test" "--frozen" "--no-run" "--message-format=json" "--release", kill_on_drop: false }`
[INFO] [stderr]    Compiling direnv-instant v1.3.0 (/opt/rustwide/workdir)
[INFO] [stderr]     Finished `release` profile [optimized] target(s) in 7.60s
[INFO] running `Command { std: "docker" "inspect" "f463ea11840dade609bcd0cfd4ef71b3be81793cd1489181c03a473af7ef1464", kill_on_drop: false }`
[INFO] running `Command { std: "docker" "exec" "-e" "SOURCE_DIR=/opt/rustwide/workdir" "-e" "CARGO_HOME=/opt/rustwide/cargo-home" "-e" "RUSTUP_HOME=/opt/rustwide/rustup-home" "-e" "CARGO_TARGET_DIR=/opt/rustwide/target" "-e" "CARGO_INCREMENTAL=0" "-e" "RUST_BACKTRACE=full" "-e" "RUSTFLAGS=--cap-lints=warn" "-e" "RUSTDOCFLAGS=--cap-lints=warn" "-w" "/opt/rustwide/workdir" "--user" "0:0" "f463ea11840dade609bcd0cfd4ef71b3be81793cd1489181c03a473af7ef1464" "/opt/rustwide/cargo-home/bin/cargo" "+1.98.0-beta.8" "test" "--frozen" "--release", kill_on_drop: false }`
[INFO] [stderr]     Finished `release` profile [optimized] target(s) in 0.02s
[INFO] [stderr]      Running unittests src/main.rs (/opt/rustwide/target/release/deps/direnv_instant-244c4d49a1e53266)
[INFO] [stdout] 
[INFO] [stdout] running 0 tests
[INFO] [stdout] 
[INFO] [stdout] test result: ok. 0 passed; 0 failed; 0 ignored; 0 measured; 0 filtered out; finished in 0.00s
[INFO] [stdout] 
[INFO] [stderr]      Running tests/blocking_envrc_calls_tmux.rs (/opt/rustwide/target/release/deps/blocking_envrc_calls_tmux-153bf5ef83ffcf12)
[INFO] [stdout] 
[INFO] [stdout] running 1 test
[INFO] [stdout] test blocking_envrc_calls_tmux ... ok
[INFO] [stdout] 
[INFO] [stderr]      Running tests/broken_pipe_on_start.rs (/opt/rustwide/target/release/deps/broken_pipe_on_start-1cbe39b47d841d5f)
[INFO] [stdout] test result: ok. 1 passed; 0 failed; 0 ignored; 0 measured; 0 filtered out; finished in 0.01s
[INFO] [stdout] 
[INFO] [stdout] 
[INFO] [stdout] running 1 test
[INFO] [stdout] test start_does_not_panic_when_stdout_reader_closes_early ... FAILED
[INFO] [stdout] 
[INFO] [stdout] failures:
[INFO] [stdout] 
[INFO] [stdout] ---- start_does_not_panic_when_stdout_reader_closes_early stdout ----
[INFO] [stdout] 
[INFO] [stdout] thread 'start_does_not_panic_when_stdout_reader_closes_early' (745) panicked at tests/broken_pipe_on_start.rs:11:53:
[INFO] [stdout] called `Result::unwrap()` on an `Err` value: Os { code: 2, kind: NotFound, message: "No such file or directory" }
[INFO] [stdout] stack backtrace:
[INFO] [stdout]    0:     0x5fdd6cce5371 - <<std[97b98282bc616a66]::sys::backtrace::BacktraceLock>::print::DisplayBacktrace as core[832e9a552fc17241]::fmt::Display>::fmt
[INFO] [stdout]    1:     0x5fdd6ccf940a - core[832e9a552fc17241]::fmt::write
[INFO] [stdout]    2:     0x5fdd6cce9aac - <alloc[3ecab9f82c41dc7d]::vec::Vec<u8> as std[97b98282bc616a66]::io::Write>::write_fmt
[INFO] [stdout]    3:     0x5fdd6ccc20a6 - std[97b98282bc616a66]::panicking::default_hook::{closure#0}
[INFO] [stdout]    4:     0x5fdd6ccdcb79 - std[97b98282bc616a66]::panicking::default_hook
[INFO] [stdout]    5:     0x5fdd6cc769e0 - test[39766f3d73431624]::test_main_inner::<test[39766f3d73431624]::test_main_static::{closure#0}>::{closure#0}
[INFO] [stdout]    6:     0x5fdd6ccdcd32 - std[97b98282bc616a66]::panicking::panic_with_hook
[INFO] [stdout]    7:     0x5fdd6ccc2152 - std[97b98282bc616a66]::panicking::panic_handler::{closure#0}
[INFO] [stdout]    8:     0x5fdd6ccb9989 - std[97b98282bc616a66]::sys::backtrace::__rust_end_short_backtrace::<std[97b98282bc616a66]::panicking::panic_handler::{closure#0}, !>
[INFO] [stdout]    9:     0x5fdd6ccc2e0d - __rustc[e3d8617bb01b7f69]::rust_begin_unwind
[INFO] [stdout]   10:     0x5fdd6ccf9b3c - core[832e9a552fc17241]::panicking::panic_fmt
[INFO] [stdout]   11:     0x5fdd6ccf9912 - core[832e9a552fc17241]::result::unwrap_failed
[INFO] [stdout]   12:     0x5fdd6cc68e7d - <broken_pipe_on_start[81bd2182194af978]::start_does_not_panic_when_stdout_reader_closes_early::{closure#0} as core[832e9a552fc17241]::ops::function::FnOnce<()>>::call_once
[INFO] [stdout]   13:     0x5fdd6cc69d1b - test[39766f3d73431624]::__rust_begin_short_backtrace::<core[832e9a552fc17241]::result::Result<(), alloc[3ecab9f82c41dc7d]::string::String>, fn() -> core[832e9a552fc17241]::result::Result<(), alloc[3ecab9f82c41dc7d]::string::String>>
[INFO] [stdout]   14:     0x5fdd6cc77365 - test[39766f3d73431624]::run_test::{closure#0}
[INFO] [stdout]   15:     0x5fdd6cc71e14 - std[97b98282bc616a66]::sys::backtrace::__rust_begin_short_backtrace::<test[39766f3d73431624]::run_test::{closure#1}, ()>
[INFO] [stdout]   16:     0x5fdd6cc7a4b2 - <std[97b98282bc616a66]::thread::lifecycle::spawn_unchecked<test[39766f3d73431624]::run_test::{closure#1}, ()>::{closure#1} as core[832e9a552fc17241]::ops::function::FnOnce<()>>::call_once::{shim:vtable#0}
[INFO] [stdout]   17:     0x5fdd6cce49ff - <std[97b98282bc616a66]::sys::thread::unix::Thread>::new::thread_start
[INFO] [stdout]   18:     0x7d280fa4907a - <unknown>
[INFO] [stdout]   19:     0x7d280fadc534 - clone
[INFO] [stdout]   20:                0x0 - <unknown>
[INFO] [stdout] 
[INFO] [stdout] 
[INFO] [stdout] failures:
[INFO] [stdout]     start_does_not_panic_when_stdout_reader_closes_early
[INFO] [stdout] 
[INFO] [stdout] test result: FAILED. 0 passed; 1 failed; 0 ignored; 0 measured; 0 filtered out; finished in 0.00s
[INFO] [stdout] 
[INFO] [stderr] error: test failed, to rerun pass `--test broken_pipe_on_start`
[INFO] running `Command { std: "docker" "inspect" "f463ea11840dade609bcd0cfd4ef71b3be81793cd1489181c03a473af7ef1464", kill_on_drop: false }`
[INFO] running `Command { std: "docker" "rm" "-f" "f463ea11840dade609bcd0cfd4ef71b3be81793cd1489181c03a473af7ef1464", kill_on_drop: false }`
[INFO] [stdout] f463ea11840dade609bcd0cfd4ef71b3be81793cd1489181c03a473af7ef1464
