[INFO] cloning repository https://github.com/Jh-jaehyuk/tty-pet
[INFO] running `Command { std: "git" "-c" "credential.helper=" "-c" "credential.helper=/workspace/cargo-home/bin/git-credential-null" "clone" "--bare" "https://github.com/Jh-jaehyuk/tty-pet" "/workspace/cache/git-repos/https%3A%2F%2Fgithub.com%2FJh-jaehyuk%2Ftty-pet", kill_on_drop: false }`
[INFO] [stderr] Cloning into bare repository '/workspace/cache/git-repos/https%3A%2F%2Fgithub.com%2FJh-jaehyuk%2Ftty-pet'...
[INFO] running `Command { std: "git" "rev-parse" "HEAD", kill_on_drop: false }`
[INFO] [stdout] d49ed6ac8e4896b74ffb02c906686fa8b2c7210d
[INFO] testing Jh-jaehyuk/tty-pet against 1.98.0-beta.8+cargoflags=--release for beta-release-1.99-2
[INFO] running `Command { std: "git" "clone" "/workspace/cache/git-repos/https%3A%2F%2Fgithub.com%2FJh-jaehyuk%2Ftty-pet" "/workspace/builds/worker-6-tc1/source", kill_on_drop: false }`
[INFO] [stderr] Cloning into '/workspace/builds/worker-6-tc1/source'...
[INFO] [stderr] done.
[INFO] started tweaking git repo https://github.com/Jh-jaehyuk/tty-pet
[INFO] finished tweaking git repo https://github.com/Jh-jaehyuk/tty-pet
[INFO] tweaked toml for git repo https://github.com/Jh-jaehyuk/tty-pet written to /workspace/builds/worker-6-tc1/source/Cargo.toml
[INFO] validating manifest of git repo https://github.com/Jh-jaehyuk/tty-pet on toolchain 1.98.0-beta.8
[INFO] running `Command { std: CARGO_HOME="/workspace/cargo-home" RUSTUP_HOME="/workspace/rustup-home" "/workspace/cargo-home/bin/cargo" "+1.98.0-beta.8" "metadata" "--manifest-path" "Cargo.toml" "--no-deps", kill_on_drop: false }`
[INFO] crate git repo https://github.com/Jh-jaehyuk/tty-pet already has a lockfile, it will not be regenerated
[INFO] running `Command { std: CARGO_HOME="/workspace/cargo-home" RUSTUP_HOME="/workspace/rustup-home" "/workspace/cargo-home/bin/cargo" "+1.98.0-beta.8" "fetch" "--manifest-path" "Cargo.toml", kill_on_drop: false }`
[INFO] [stderr]     Updating crates.io index
[INFO] [stderr]  Downloading crates ...
[INFO] [stderr]   Downloaded serde_derive v1.0.214
[INFO] [stderr]   Downloaded strum v0.26.3
[INFO] [stderr]   Downloaded stability v0.2.1
[INFO] [stderr]   Downloaded libredox v0.1.17
[INFO] [stderr]   Downloaded clap_lex v0.7.7
[INFO] [stderr]   Downloaded lru v0.12.5
[INFO] [stderr]   Downloaded unicode-truncate v1.1.0
[INFO] [stderr]   Downloaded directories v5.0.1
[INFO] [stderr]   Downloaded strum_macros v0.26.4
[INFO] [stderr]   Downloaded clap_derive v4.5.18
[INFO] [stderr]   Downloaded hashlink v0.9.1
[INFO] [stderr]   Downloaded cassowary v0.3.0
[INFO] [stderr]   Downloaded serde v1.0.214
[INFO] [stderr]   Downloaded log v0.4.32
[INFO] [stderr]   Downloaded compact_str v0.7.1
[INFO] [stderr]   Downloaded memchr v2.8.1
[INFO] [stderr]   Downloaded rusqlite v0.31.0
[INFO] [stderr]   Downloaded clap v4.5.20
[INFO] [stderr]   Downloaded cc v1.2.63
[INFO] [stderr]   Downloaded zerocopy-derive v0.8.50
[INFO] [stderr]   Downloaded unicode-segmentation v1.11.0
[INFO] [stderr]   Downloaded crossterm v0.27.0
[INFO] [stderr]   Downloaded clap_builder v4.5.20
[INFO] [stderr]   Downloaded zerocopy v0.8.50
[INFO] [stderr]   Downloaded ratatui v0.26.3
[INFO] [stderr]   Downloaded libsqlite3-sys v0.28.0
[INFO] [stderr]   Downloaded image v0.24.9
[INFO] running `Command { std: "docker" "create" "-v" "/var/lib/crater-agent-workspace/builds/worker-6-tc1/source:/opt/rustwide/workdir:ro,Z" "-v" "/var/lib/crater-agent-workspace/builds/worker-6-tc1/target:/opt/rustwide/target:rw,Z" "-v" "/var/lib/crater-agent-workspace/cargo-home:/opt/rustwide/cargo-home:ro,Z" "-v" "/var/lib/crater-agent-workspace/rustup-home:/opt/rustwide/rustup-home:ro,Z" "-m" "1610612736" "--network" "none" "ghcr.io/rust-lang/crates-build-env/linux@sha256:8683fc1fc2eb5c9ac98e0d076ab094b2ffac7f99da555d2b6a2e27f346de2ec7" "sleep" "infinity", kill_on_drop: false }`
[INFO] [stdout] f459a93d50cc3c7f545a014e43268fc5e8641ca715791041308ef0485ae12c65
[INFO] running `Command { std: "docker" "start" "f459a93d50cc3c7f545a014e43268fc5e8641ca715791041308ef0485ae12c65", kill_on_drop: false }`
[INFO] running `Command { std: "docker" "inspect" "f459a93d50cc3c7f545a014e43268fc5e8641ca715791041308ef0485ae12c65", kill_on_drop: false }`
[INFO] running `Command { std: "docker" "exec" "-e" "SOURCE_DIR=/opt/rustwide/workdir" "-e" "CARGO_HOME=/opt/rustwide/cargo-home" "-e" "RUSTUP_HOME=/opt/rustwide/rustup-home" "-e" "CARGO_TARGET_DIR=/opt/rustwide/target" "-w" "/opt/rustwide/workdir" "--user" "0:0" "f459a93d50cc3c7f545a014e43268fc5e8641ca715791041308ef0485ae12c65" "/opt/rustwide/cargo-home/bin/cargo" "+1.98.0-beta.8" "metadata" "--no-deps" "--format-version=1", kill_on_drop: false }`
[INFO] running `Command { std: "docker" "inspect" "f459a93d50cc3c7f545a014e43268fc5e8641ca715791041308ef0485ae12c65", kill_on_drop: false }`
[INFO] running `Command { std: "docker" "exec" "-e" "SOURCE_DIR=/opt/rustwide/workdir" "-e" "CARGO_HOME=/opt/rustwide/cargo-home" "-e" "RUSTUP_HOME=/opt/rustwide/rustup-home" "-e" "CARGO_TARGET_DIR=/opt/rustwide/target" "-e" "CARGO_INCREMENTAL=0" "-e" "RUST_BACKTRACE=full" "-e" "RUSTFLAGS=--cap-lints=warn" "-e" "RUSTDOCFLAGS=--cap-lints=warn" "-w" "/opt/rustwide/workdir" "--user" "0:0" "f459a93d50cc3c7f545a014e43268fc5e8641ca715791041308ef0485ae12c65" "/opt/rustwide/cargo-home/bin/cargo" "+1.98.0-beta.8" "build" "--frozen" "--message-format=json" "--release", kill_on_drop: false }`
[INFO] [stderr]    Compiling libc v0.2.186
[INFO] [stderr]    Compiling rustversion v1.0.22
[INFO] [stderr]    Compiling zerocopy v0.8.50
[INFO] [stderr]    Compiling smallvec v1.15.1
[INFO] [stderr]    Compiling simd-adler32 v0.3.9
[INFO] [stderr]    Compiling shlex v2.0.1
[INFO] [stderr]    Compiling heck v0.5.0
[INFO] [stderr]    Compiling signal-hook v0.3.18
[INFO] [stderr]    Compiling log v0.4.32
[INFO] [stderr]    Compiling ahash v0.8.12
[INFO] [stderr]    Compiling crc32fast v1.5.0
[INFO] [stderr]    Compiling pkg-config v0.3.33
[INFO] [stderr]    Compiling adler2 v2.0.1
[INFO] [stderr]    Compiling either v1.16.0
[INFO] [stderr]    Compiling once_cell v1.21.4
[INFO] [stderr]    Compiling syn v2.0.117
[INFO] [stderr]    Compiling utf8parse v0.2.2
[INFO] [stderr]    Compiling autocfg v1.5.1
[INFO] [stderr]    Compiling vcpkg v0.2.15
[INFO] [stderr]    Compiling anstyle-parse v0.2.7
[INFO] [stderr]    Compiling itoa v1.0.18
[INFO] [stderr]    Compiling cc v1.2.63
[INFO] [stderr]    Compiling miniz_oxide v0.8.9
[INFO] [stderr]    Compiling anstyle-query v1.1.5
[INFO] [stderr]    Compiling foldhash v0.1.5
[INFO] [stderr]    Compiling anstyle v1.0.14
[INFO] [stderr]    Compiling bitflags v2.13.0
[INFO] [stderr]    Compiling serde v1.0.214
[INFO] [stderr]    Compiling colorchoice v1.0.5
[INFO] [stderr]    Compiling paste v1.0.15
[INFO] [stderr]    Compiling num-traits v0.2.19
[INFO] [stderr]    Compiling is_terminal_polyfill v1.70.2
[INFO] [stderr]    Compiling hashbrown v0.15.5
[INFO] [stderr]    Compiling itertools v0.13.0
[INFO] [stderr]    Compiling fdeflate v0.3.7
[INFO] [stderr]    Compiling option-ext v0.2.0
[INFO] [stderr]    Compiling strsim v0.11.1
[INFO] [stderr]    Compiling unicode-width v0.1.14
[INFO] [stderr]    Compiling anstream v0.6.21
[INFO] [stderr]    Compiling clap_lex v0.7.7
[INFO] [stderr]    Compiling serde_json v1.0.128
[INFO] [stderr]    Compiling castaway v0.2.4
[INFO] [stderr]    Compiling unicode-segmentation v1.11.0
[INFO] [stderr]    Compiling anyhow v1.0.102
[INFO] [stderr]    Compiling compact_str v0.7.1
[INFO] [stderr]    Compiling itertools v0.12.1
[INFO] [stderr]    Compiling jpeg-decoder v0.3.2
[INFO] [stderr]    Compiling flate2 v1.1.9
[INFO] [stderr]    Compiling lru v0.12.5
[INFO] [stderr]    Compiling clap_builder v4.5.20
[INFO] [stderr]    Compiling byteorder v1.5.0
[INFO] [stderr]    Compiling errno v0.3.14
[INFO] [stderr]    Compiling parking_lot_core v0.9.12
[INFO] [stderr]    Compiling mio v0.8.11
[INFO] [stderr]    Compiling dirs-sys v0.4.1
[INFO] [stderr]    Compiling signal-hook-registry v1.4.8
[INFO] [stderr]    Compiling bytemuck v1.25.0
[INFO] [stderr]    Compiling parking_lot v0.12.5
[INFO] [stderr]    Compiling png v0.17.16
[INFO] [stderr]    Compiling libsqlite3-sys v0.28.0
[INFO] [stderr]    Compiling color_quant v1.1.0
[INFO] [stderr]    Compiling cassowary v0.3.0
[INFO] [stderr]    Compiling signal-hook-mio v0.2.5
[INFO] [stderr]    Compiling unicode-truncate v1.1.0
[INFO] [stderr]    Compiling memchr v2.8.1
[INFO] [stderr]    Compiling fallible-iterator v0.3.0
[INFO] [stderr]    Compiling crossterm v0.27.0
[INFO] [stderr]    Compiling fallible-streaming-iterator v0.1.9
[INFO] [stderr]    Compiling directories v5.0.1
[INFO] [stderr]    Compiling image v0.24.9
[INFO] [stderr]    Compiling strum_macros v0.26.4
[INFO] [stderr]    Compiling serde_derive v1.0.214
[INFO] [stderr]    Compiling stability v0.2.1
[INFO] [stderr]    Compiling clap_derive v4.5.18
[INFO] [stderr]    Compiling strum v0.26.3
[INFO] [stderr]    Compiling ratatui v0.26.3
[INFO] [stderr]    Compiling clap v4.5.20
[INFO] [stderr]    Compiling hashbrown v0.14.5
[INFO] [stderr]    Compiling hashlink v0.9.1
[INFO] [stderr]    Compiling rusqlite v0.31.0
[INFO] [stderr]    Compiling tty-pet v0.1.0 (/opt/rustwide/workdir)
[INFO] [stderr]     Finished `release` profile [optimized] target(s) in 2m 23s
[INFO] running `Command { std: "docker" "inspect" "f459a93d50cc3c7f545a014e43268fc5e8641ca715791041308ef0485ae12c65", kill_on_drop: false }`
[INFO] running `Command { std: "docker" "exec" "-e" "SOURCE_DIR=/opt/rustwide/workdir" "-e" "CARGO_HOME=/opt/rustwide/cargo-home" "-e" "RUSTUP_HOME=/opt/rustwide/rustup-home" "-e" "CARGO_TARGET_DIR=/opt/rustwide/target" "-e" "CARGO_INCREMENTAL=0" "-e" "RUST_BACKTRACE=full" "-e" "RUSTFLAGS=--cap-lints=warn" "-e" "RUSTDOCFLAGS=--cap-lints=warn" "-w" "/opt/rustwide/workdir" "--user" "0:0" "f459a93d50cc3c7f545a014e43268fc5e8641ca715791041308ef0485ae12c65" "/opt/rustwide/cargo-home/bin/cargo" "+1.98.0-beta.8" "test" "--frozen" "--no-run" "--message-format=json" "--release", kill_on_drop: false }`
[INFO] [stderr]    Compiling tty-pet v0.1.0 (/opt/rustwide/workdir)
[INFO] [stderr]     Finished `release` profile [optimized] target(s) in 6.14s
[INFO] running `Command { std: "docker" "inspect" "f459a93d50cc3c7f545a014e43268fc5e8641ca715791041308ef0485ae12c65", kill_on_drop: false }`
[INFO] running `Command { std: "docker" "exec" "-e" "SOURCE_DIR=/opt/rustwide/workdir" "-e" "CARGO_HOME=/opt/rustwide/cargo-home" "-e" "RUSTUP_HOME=/opt/rustwide/rustup-home" "-e" "CARGO_TARGET_DIR=/opt/rustwide/target" "-e" "CARGO_INCREMENTAL=0" "-e" "RUST_BACKTRACE=full" "-e" "RUSTFLAGS=--cap-lints=warn" "-e" "RUSTDOCFLAGS=--cap-lints=warn" "-w" "/opt/rustwide/workdir" "--user" "0:0" "f459a93d50cc3c7f545a014e43268fc5e8641ca715791041308ef0485ae12c65" "/opt/rustwide/cargo-home/bin/cargo" "+1.98.0-beta.8" "test" "--frozen" "--release", kill_on_drop: false }`
[INFO] [stderr]     Finished `release` profile [optimized] target(s) in 0.15s
[INFO] [stderr]      Running unittests src/lib.rs (/opt/rustwide/target/release/deps/tty_pet-f25d7de077a06424)
[INFO] [stdout] 
[INFO] [stdout] running 26 tests
[INFO] [stdout] test config::tests::term_pet_home_controls_database_path ... ok
[INFO] [stdout] test agent_presentation::tests::status_presentation_ignores_old_events ... ok
[INFO] [stdout] test interactions::tests::treat_increases_bond_more_than_other_interactions ... ok
[INFO] [stdout] test mood::rules::tests::clean_repo_is_calm ... ok
[INFO] [stdout] test mood::rules::tests::dirty_count_beats_sleepy ... ok
[INFO] [stdout] test mood::rules::tests::poke_beats_recent_fail ... ok
[INFO] [stdout] test pet::custom_image::tests::rejects_zero_width ... ok
[INFO] [stdout] test pet::custom_image::tests::render_ascii_produces_lines_without_trailing_newline ... ok
[INFO] [stdout] test project::identity::tests::stable_project_id_changes_with_path ... ok
[INFO] [stdout] test mood::rules::tests::nap_beats_dirty_count ... ok
[INFO] [stdout] test mood::rules::tests::treat_is_happy ... ok
[INFO] [stdout] test mood::rules::tests::recent_pass_beats_dirty_count ... ok
[INFO] [stdout] test mood::rules::tests::recent_fail_beats_dirty_count ... ok
[INFO] [stdout] test tui::render::tests::bouncing_offset_stays_zero_when_sprite_does_not_fit ... ok
[INFO] [stdout] test project::identity::tests::stable_project_id_is_repeatable ... ok
[INFO] [stdout] test tui::terminal::tests::q_quits_watch_mode ... ok
[INFO] [stdout] test tui::render::tests::bouncing_offset_uses_available_width ... ok
[INFO] [stdout] test pet::custom_image::tests::maps_dark_pixels_to_dense_characters_by_default ... ok
[INFO] [stdout] test tui::render::tests::sprite_dimensions_use_widest_line ... ok
[INFO] [stdout] test tui::render::tests::moving_pet_area_keeps_sprite_inside_viewport ... ok
[INFO] [stdout] test tui::render::tests::moving_pet_area_uses_vertical_space_when_available ... ok
[INFO] [stdout] test tui::terminal::tests::ctrl_c_quits_instead_of_calling_pet ... ok
[INFO] [stdout] test mcp::tests::unknown_method_returns_json_rpc_error ... ok
[INFO] [stdout] test tui::terminal::tests::maps_watch_interaction_keys ... ok
[INFO] [stdout] test db::repository::tests::custom_image_can_be_set_and_cleared ... ok
[INFO] [stdout] test db::repository::tests::pass_event_updates_only_target_project ... ok
[INFO] [stdout] 
[INFO] [stdout] test result: ok. 26 passed; 0 failed; 0 ignored; 0 measured; 0 filtered out; finished in 0.01s
[INFO] [stdout] 
[INFO] [stderr]      Running unittests src/main.rs (/opt/rustwide/target/release/deps/tty_pet-d90601f31ae21728)
[INFO] [stdout] 
[INFO] [stdout] running 0 tests
[INFO] [stdout] 
[INFO] [stdout] test result: ok. 0 passed; 0 failed; 0 ignored; 0 measured; 0 filtered out; finished in 0.00s
[INFO] [stdout] 
[INFO] [stderr]      Running unittests src/bin/tty-pet-mcp.rs (/opt/rustwide/target/release/deps/tty_pet_mcp-e58b1227228bae0f)
[INFO] [stderr]      Running tests/cli.rs (/opt/rustwide/target/release/deps/cli-89c9cdb70232fb17)
[INFO] [stdout] 
[INFO] [stdout] running 0 tests
[INFO] [stdout] 
[INFO] [stdout] test result: ok. 0 passed; 0 failed; 0 ignored; 0 measured; 0 filtered out; finished in 0.00s
[INFO] [stdout] 
[INFO] [stdout] 
[INFO] [stdout] running 8 tests
[INFO] [stdout] test mcp_initialize_reports_server_capabilities ... ok
[INFO] [stdout] test mcp_notifications_do_not_emit_responses ... ok
[INFO] [stdout] test mcp_tools_list_exposes_tty_pet_tools ... ok
[INFO] [stdout] test status_json_can_resolve_project_from_agent_env ... ok
[INFO] [stdout] test mcp_status_tool_returns_agent_presentation_json ... FAILED
[INFO] [stdout] test status_json_reports_project_state_for_agents ... FAILED
[INFO] [stdout] test mcp_status_tool_mentions_recent_pet_event ... ok
[INFO] [stderr] error: test failed, to rerun pass `--test cli`
[INFO] [stdout] test mcp_event_tool_records_safe_pet_event ... ok
[INFO] [stdout] 
[INFO] [stdout] failures:
[INFO] [stdout] 
[INFO] [stdout] ---- mcp_status_tool_returns_agent_presentation_json stdout ----
[INFO] [stdout] 
[INFO] [stdout] thread 'mcp_status_tool_returns_agent_presentation_json' (1927) panicked at tests/cli.rs:150:5:
[INFO] [stdout] assertion `left == right` failed
[INFO] [stdout]   left: String("workdir")
[INFO] [stdout]  right: "tty-pet"
[INFO] [stdout] stack backtrace:
[INFO] [stdout]    0:     0x5edeae6318c1 - <<std[97b98282bc616a66]::sys::backtrace::BacktraceLock>::print::DisplayBacktrace as core[832e9a552fc17241]::fmt::Display>::fmt
[INFO] [stdout]    1:     0x5edeae64663a - core[832e9a552fc17241]::fmt::write
[INFO] [stdout]    2:     0x5edeae635e0c - <alloc[3ecab9f82c41dc7d]::vec::Vec<u8> as std[97b98282bc616a66]::io::Write>::write_fmt
[INFO] [stdout]    3:     0x5edeae60ef66 - std[97b98282bc616a66]::panicking::default_hook::{closure#0}
[INFO] [stdout]    4:     0x5edeae629a49 - std[97b98282bc616a66]::panicking::default_hook
[INFO] [stdout]    5:     0x5edeae5be550 - test[39766f3d73431624]::test_main_inner::<test[39766f3d73431624]::test_main_static::{closure#0}>::{closure#0}
[INFO] [stdout]    6:     0x5edeae629c02 - std[97b98282bc616a66]::panicking::panic_with_hook
[INFO] [stdout]    7:     0x5edeae60f012 - std[97b98282bc616a66]::panicking::panic_handler::{closure#0}
[INFO] [stdout]    8:     0x5edeae606849 - std[97b98282bc616a66]::sys::backtrace::__rust_end_short_backtrace::<std[97b98282bc616a66]::panicking::panic_handler::{closure#0}, !>
[INFO] [stdout]    9:     0x5edeae60fc0d - __rustc[e3d8617bb01b7f69]::rust_begin_unwind
[INFO] [stdout]   10:     0x5edeae646d6c - core[832e9a552fc17241]::panicking::panic_fmt
[INFO] [stdout]   11:     0x5edeae646c83 - core[832e9a552fc17241]::panicking::assert_failed_inner
[INFO] [stdout]   12:     0x5edeae5af9b9 - core[832e9a552fc17241]::panicking::assert_failed::<serde_json[aea8e2625078447f]::value::Value, &str>
[INFO] [stdout]   13:     0x5edeae5abec6 - <cli[7d4b7af0d8eb196a]::mcp_status_tool_returns_agent_presentation_json::{closure#0} as core[832e9a552fc17241]::ops::function::FnOnce<()>>::call_once
[INFO] [stdout]   14:     0x5edeae5b188b - test[39766f3d73431624]::__rust_begin_short_backtrace::<core[832e9a552fc17241]::result::Result<(), alloc[3ecab9f82c41dc7d]::string::String>, fn() -> core[832e9a552fc17241]::result::Result<(), alloc[3ecab9f82c41dc7d]::string::String>>
[INFO] [stdout]   15:     0x5edeae5beed5 - test[39766f3d73431624]::run_test::{closure#0}
[INFO] [stdout]   16:     0x5edeae5b9984 - std[97b98282bc616a66]::sys::backtrace::__rust_begin_short_backtrace::<test[39766f3d73431624]::run_test::{closure#1}, ()>
[INFO] [stdout]   17:     0x5edeae5c2022 - <std[97b98282bc616a66]::thread::lifecycle::spawn_unchecked<test[39766f3d73431624]::run_test::{closure#1}, ()>::{closure#1} as core[832e9a552fc17241]::ops::function::FnOnce<()>>::call_once::{shim:vtable#0}
[INFO] [stdout]   18:     0x5edeae63114f - <std[97b98282bc616a66]::sys::thread::unix::Thread>::new::thread_start
[INFO] [stdout]   19:     0x7b24f5c2a07a - <unknown>
[INFO] [stdout]   20:     0x7b24f5cbd534 - clone
[INFO] [stdout]   21:                0x0 - <unknown>
[INFO] [stdout] 
[INFO] [stdout] ---- status_json_reports_project_state_for_agents stdout ----
[INFO] [stdout] 
[INFO] [stdout] thread 'status_json_reports_project_state_for_agents' (1931) panicked at tests/cli.rs:25:5:
[INFO] [stdout] assertion `left == right` failed
[INFO] [stdout]   left: String("workdir")
[INFO] [stdout]  right: "tty-pet"
[INFO] [stdout] stack backtrace:
[INFO] [stdout]    0:     0x5edeae6318c1 - <<std[97b98282bc616a66]::sys::backtrace::BacktraceLock>::print::DisplayBacktrace as core[832e9a552fc17241]::fmt::Display>::fmt
[INFO] [stdout]    1:     0x5edeae64663a - core[832e9a552fc17241]::fmt::write
[INFO] [stdout]    2:     0x5edeae635e0c - <alloc[3ecab9f82c41dc7d]::vec::Vec<u8> as std[97b98282bc616a66]::io::Write>::write_fmt
[INFO] [stdout]    3:     0x5edeae60ef66 - std[97b98282bc616a66]::panicking::default_hook::{closure#0}
[INFO] [stdout]    4:     0x5edeae629a49 - std[97b98282bc616a66]::panicking::default_hook
[INFO] [stdout]    5:     0x5edeae5be550 - test[39766f3d73431624]::test_main_inner::<test[39766f3d73431624]::test_main_static::{closure#0}>::{closure#0}
[INFO] [stdout]    6:     0x5edeae629c02 - std[97b98282bc616a66]::panicking::panic_with_hook
[INFO] [stdout]    7:     0x5edeae60f012 - std[97b98282bc616a66]::panicking::panic_handler::{closure#0}
[INFO] [stdout]    8:     0x5edeae606849 - std[97b98282bc616a66]::sys::backtrace::__rust_end_short_backtrace::<std[97b98282bc616a66]::panicking::panic_handler::{closure#0}, !>
[INFO] [stdout]    9:     0x5edeae60fc0d - __rustc[e3d8617bb01b7f69]::rust_begin_unwind
[INFO] [stdout]   10:     0x5edeae646d6c - core[832e9a552fc17241]::panicking::panic_fmt
[INFO] [stdout]   11:     0x5edeae646c83 - core[832e9a552fc17241]::panicking::assert_failed_inner
[INFO] [stdout]   12:     0x5edeae5af9b9 - core[832e9a552fc17241]::panicking::assert_failed::<serde_json[aea8e2625078447f]::value::Value, &str>
[INFO] [stdout]   13:     0x5edeae5ab105 - <cli[7d4b7af0d8eb196a]::status_json_reports_project_state_for_agents::{closure#0} as core[832e9a552fc17241]::ops::function::FnOnce<()>>::call_once
[INFO] [stdout]   14:     0x5edeae5b188b - test[39766f3d73431624]::__rust_begin_short_backtrace::<core[832e9a552fc17241]::result::Result<(), alloc[3ecab9f82c41dc7d]::string::String>, fn() -> core[832e9a552fc17241]::result::Result<(), alloc[3ecab9f82c41dc7d]::string::String>>
[INFO] [stdout]   15:     0x5edeae5beed5 - test[39766f3d73431624]::run_test::{closure#0}
[INFO] [stdout]   16:     0x5edeae5b9984 - std[97b98282bc616a66]::sys::backtrace::__rust_begin_short_backtrace::<test[39766f3d73431624]::run_test::{closure#1}, ()>
[INFO] [stdout]   17:     0x5edeae5c2022 - <std[97b98282bc616a66]::thread::lifecycle::spawn_unchecked<test[39766f3d73431624]::run_test::{closure#1}, ()>::{closure#1} as core[832e9a552fc17241]::ops::function::FnOnce<()>>::call_once::{shim:vtable#0}
[INFO] [stdout]   18:     0x5edeae63114f - <std[97b98282bc616a66]::sys::thread::unix::Thread>::new::thread_start
[INFO] [stdout]   19:     0x7b24f5c2a07a - <unknown>
[INFO] [stdout]   20:     0x7b24f5cbd534 - clone
[INFO] [stdout]   21:                0x0 - <unknown>
[INFO] [stdout] 
[INFO] [stdout] 
[INFO] [stdout] failures:
[INFO] [stdout]     mcp_status_tool_returns_agent_presentation_json
[INFO] [stdout]     status_json_reports_project_state_for_agents
[INFO] [stdout] 
[INFO] [stdout] test result: FAILED. 6 passed; 2 failed; 0 ignored; 0 measured; 0 filtered out; finished in 0.22s
[INFO] [stdout] 
[INFO] running `Command { std: "docker" "inspect" "f459a93d50cc3c7f545a014e43268fc5e8641ca715791041308ef0485ae12c65", kill_on_drop: false }`
[INFO] running `Command { std: "docker" "rm" "-f" "f459a93d50cc3c7f545a014e43268fc5e8641ca715791041308ef0485ae12c65", kill_on_drop: false }`
[INFO] [stdout] f459a93d50cc3c7f545a014e43268fc5e8641ca715791041308ef0485ae12c65
