[INFO] cloning repository https://github.com/Jacobbeu/adventofcode_2023
[INFO] running `Command { std: "git" "-c" "credential.helper=" "-c" "credential.helper=/workspace/cargo-home/bin/git-credential-null" "clone" "--bare" "https://github.com/Jacobbeu/adventofcode_2023" "/workspace/cache/git-repos/https%3A%2F%2Fgithub.com%2FJacobbeu%2Fadventofcode_2023", kill_on_drop: false }`
[INFO] [stderr] Cloning into bare repository '/workspace/cache/git-repos/https%3A%2F%2Fgithub.com%2FJacobbeu%2Fadventofcode_2023'...
[INFO] running `Command { std: "git" "rev-parse" "HEAD", kill_on_drop: false }`
[INFO] [stdout] 56a61d9825b5c449a757d03a216eec4531cbcb28
[INFO] testing Jacobbeu/adventofcode_2023 against 1.99.0-beta.1+cargoflags=--release for beta-release-1.99-2
[INFO] running `Command { std: "git" "clone" "/workspace/cache/git-repos/https%3A%2F%2Fgithub.com%2FJacobbeu%2Fadventofcode_2023" "/workspace/builds/worker-3-tc2/source", kill_on_drop: false }`
[INFO] [stderr] Cloning into '/workspace/builds/worker-3-tc2/source'...
[INFO] [stderr] done.
[INFO] started tweaking git repo https://github.com/Jacobbeu/adventofcode_2023
[INFO] finished tweaking git repo https://github.com/Jacobbeu/adventofcode_2023
[INFO] tweaked toml for git repo https://github.com/Jacobbeu/adventofcode_2023 written to /workspace/builds/worker-3-tc2/source/Cargo.toml
[INFO] validating manifest of git repo https://github.com/Jacobbeu/adventofcode_2023 on toolchain 1.99.0-beta.1
[INFO] running `Command { std: CARGO_HOME="/workspace/cargo-home" RUSTUP_HOME="/workspace/rustup-home" "/workspace/cargo-home/bin/cargo" "+1.99.0-beta.1" "metadata" "--manifest-path" "Cargo.toml" "--no-deps", kill_on_drop: false }`
[INFO] crate git repo https://github.com/Jacobbeu/adventofcode_2023 already has a lockfile, it will not be regenerated
[INFO] running `Command { std: CARGO_HOME="/workspace/cargo-home" RUSTUP_HOME="/workspace/rustup-home" "/workspace/cargo-home/bin/cargo" "+1.99.0-beta.1" "fetch" "--manifest-path" "Cargo.toml", kill_on_drop: false }`
[INFO] running `Command { std: "docker" "create" "-v" "/var/lib/crater-agent-workspace/builds/worker-3-tc2/source:/opt/rustwide/workdir:ro,Z" "-v" "/var/lib/crater-agent-workspace/builds/worker-3-tc2/target:/opt/rustwide/target:rw,Z" "-v" "/var/lib/crater-agent-workspace/cargo-home:/opt/rustwide/cargo-home:ro,Z" "-v" "/var/lib/crater-agent-workspace/rustup-home:/opt/rustwide/rustup-home:ro,Z" "-m" "1610612736" "--network" "none" "ghcr.io/rust-lang/crates-build-env/linux@sha256:8683fc1fc2eb5c9ac98e0d076ab094b2ffac7f99da555d2b6a2e27f346de2ec7" "sleep" "infinity", kill_on_drop: false }`
[INFO] [stdout] 65f501feee7ef4d07e93bb668fc37d9fc61e2d10c5898e2d5a1782a672a03220
[INFO] running `Command { std: "docker" "start" "65f501feee7ef4d07e93bb668fc37d9fc61e2d10c5898e2d5a1782a672a03220", kill_on_drop: false }`
[INFO] running `Command { std: "docker" "inspect" "65f501feee7ef4d07e93bb668fc37d9fc61e2d10c5898e2d5a1782a672a03220", kill_on_drop: false }`
[INFO] running `Command { std: "docker" "exec" "-e" "SOURCE_DIR=/opt/rustwide/workdir" "-e" "CARGO_HOME=/opt/rustwide/cargo-home" "-e" "RUSTUP_HOME=/opt/rustwide/rustup-home" "-e" "CARGO_TARGET_DIR=/opt/rustwide/target" "-w" "/opt/rustwide/workdir" "--user" "0:0" "65f501feee7ef4d07e93bb668fc37d9fc61e2d10c5898e2d5a1782a672a03220" "/opt/rustwide/cargo-home/bin/cargo" "+1.99.0-beta.1" "metadata" "--no-deps" "--format-version=1", kill_on_drop: false }`
[INFO] running `Command { std: "docker" "inspect" "65f501feee7ef4d07e93bb668fc37d9fc61e2d10c5898e2d5a1782a672a03220", kill_on_drop: false }`
[INFO] running `Command { std: "docker" "exec" "-e" "SOURCE_DIR=/opt/rustwide/workdir" "-e" "CARGO_HOME=/opt/rustwide/cargo-home" "-e" "RUSTUP_HOME=/opt/rustwide/rustup-home" "-e" "CARGO_TARGET_DIR=/opt/rustwide/target" "-e" "CARGO_INCREMENTAL=0" "-e" "RUST_BACKTRACE=full" "-e" "RUSTFLAGS=--cap-lints=warn" "-e" "RUSTDOCFLAGS=--cap-lints=warn" "-w" "/opt/rustwide/workdir" "--user" "0:0" "65f501feee7ef4d07e93bb668fc37d9fc61e2d10c5898e2d5a1782a672a03220" "/opt/rustwide/cargo-home/bin/cargo" "+1.99.0-beta.1" "build" "--frozen" "--message-format=json" "--release", kill_on_drop: false }`
[INFO] [stderr]    Compiling memchr v2.7.4
[INFO] [stderr]    Compiling regex-syntax v0.8.5
[INFO] [stderr]    Compiling aho-corasick v1.1.3
[INFO] [stderr]    Compiling regex-automata v0.4.9
[INFO] [stderr]    Compiling regex v1.11.1
[INFO] [stderr]    Compiling advent_2023 v0.1.0 (/opt/rustwide/workdir)
[INFO] [stderr]     Finished `release` profile [optimized] target(s) in 35.82s
[INFO] running `Command { std: "docker" "inspect" "65f501feee7ef4d07e93bb668fc37d9fc61e2d10c5898e2d5a1782a672a03220", kill_on_drop: false }`
[INFO] running `Command { std: "docker" "exec" "-e" "SOURCE_DIR=/opt/rustwide/workdir" "-e" "CARGO_HOME=/opt/rustwide/cargo-home" "-e" "RUSTUP_HOME=/opt/rustwide/rustup-home" "-e" "CARGO_TARGET_DIR=/opt/rustwide/target" "-e" "CARGO_INCREMENTAL=0" "-e" "RUST_BACKTRACE=full" "-e" "RUSTFLAGS=--cap-lints=warn" "-e" "RUSTDOCFLAGS=--cap-lints=warn" "-w" "/opt/rustwide/workdir" "--user" "0:0" "65f501feee7ef4d07e93bb668fc37d9fc61e2d10c5898e2d5a1782a672a03220" "/opt/rustwide/cargo-home/bin/cargo" "+1.99.0-beta.1" "test" "--frozen" "--no-run" "--message-format=json" "--release", kill_on_drop: false }`
[INFO] [stderr]    Compiling advent_2023 v0.1.0 (/opt/rustwide/workdir)
[INFO] [stderr]     Finished `release` profile [optimized] target(s) in 2.55s
[INFO] running `Command { std: "docker" "inspect" "65f501feee7ef4d07e93bb668fc37d9fc61e2d10c5898e2d5a1782a672a03220", kill_on_drop: false }`
[INFO] running `Command { std: "docker" "exec" "-e" "SOURCE_DIR=/opt/rustwide/workdir" "-e" "CARGO_HOME=/opt/rustwide/cargo-home" "-e" "RUSTUP_HOME=/opt/rustwide/rustup-home" "-e" "CARGO_TARGET_DIR=/opt/rustwide/target" "-e" "CARGO_INCREMENTAL=0" "-e" "RUST_BACKTRACE=full" "-e" "RUSTFLAGS=--cap-lints=warn" "-e" "RUSTDOCFLAGS=--cap-lints=warn" "-w" "/opt/rustwide/workdir" "--user" "0:0" "65f501feee7ef4d07e93bb668fc37d9fc61e2d10c5898e2d5a1782a672a03220" "/opt/rustwide/cargo-home/bin/cargo" "+1.99.0-beta.1" "test" "--frozen" "--release", kill_on_drop: false }`
[INFO] [stderr]     Finished `release` profile [optimized] target(s) in 0.03s
[INFO] [stderr]      Running unittests src/main.rs (/opt/rustwide/target/release/deps/advent_2023-1e5f84febf6c9a2b)
[INFO] [stderr] error: test failed, to rerun pass `--bin advent_2023`
[INFO] [stdout] 
[INFO] [stdout] running 37 tests
[INFO] [stdout] test days::day01::tests::example ... ok
[INFO] [stdout] test days::day01::tests::example_2 ... ok
[INFO] [stdout] test days::day02::tests::parse_game_test ... ok
[INFO] [stdout] test days::day03::tests::example_3 ... ok
[INFO] [stdout] test days::day03::tests::day_three_example ... ok
[INFO] [stdout] test days::day04::tests::example ... ok
[INFO] [stdout] test days::day04::tests::example_parse_digits ... ok
[INFO] [stdout] test days::day03::tests::part_number_is_adjacent_2 ... ok
[INFO] [stdout] test days::day04::tests::example_split_card ... ok
[INFO] [stdout] test days::day04::tests::example_two ... ok
[INFO] [stdout] test days::day05::tests::day05_example ... FAILED
[INFO] [stdout] test days::day06::tests::day06_example ... FAILED
[INFO] [stdout] test days::day07::tests::day07_example ... FAILED
[INFO] [stdout] test days::day08::tests::day08_example ... FAILED
[INFO] [stdout] test days::day09::tests::day09_example ... FAILED
[INFO] [stdout] test days::day10::tests::day10_example ... FAILED
[INFO] [stdout] test days::day03::tests::example_2 ... ok
[INFO] [stdout] test days::day11::tests::day11_example ... FAILED
[INFO] [stdout] test days::day12::tests::day12_example ... FAILED
[INFO] [stdout] test days::day13::tests::day13_example ... FAILED
[INFO] [stdout] test days::day15::tests::day15_example ... FAILED
[INFO] [stdout] test days::day14::tests::day14_example ... FAILED
[INFO] [stdout] test days::day16::tests::day16_example ... FAILED
[INFO] [stdout] test days::day17::tests::day17_example ... FAILED
[INFO] [stdout] test days::day20::tests::day20_example ... FAILED
[INFO] [stdout] test days::day21::tests::day21_example ... FAILED
[INFO] [stdout] test days::day22::tests::day22_example ... FAILED
[INFO] [stdout] test days::day18::tests::day18_example ... FAILED
[INFO] [stdout] test days::day23::tests::day23_example ... FAILED
[INFO] [stdout] test days::day02::tests::parse_power_test ... ok
[INFO] [stdout] test days::day19::tests::day19_example ... FAILED
[INFO] [stdout] test days::day24::tests::day24_example ... FAILED
[INFO] [stdout] test days::day25::tests::day25_example ... FAILED
[INFO] [stdout] test days::day02::tests::parse_round_test ... ok
[INFO] [stdout] test days::day02::tests::example ... ok
[INFO] [stdout] test days::day02::tests::parse_line_test ... ok
[INFO] [stdout] test days::day03::tests::part_number_is_adjacent ... ok
[INFO] [stdout] 
[INFO] [stdout] failures:
[INFO] [stdout] 
[INFO] [stdout] ---- days::day05::tests::day05_example stdout ----
[INFO] [stdout] 
[INFO] [stdout] thread 'days::day05::tests::day05_example' (339) panicked at src/days/day05.rs:6:60:
[INFO] [stdout] failed to parse input file: Os { code: 2, kind: NotFound, message: "No such file or directory" }
[INFO] [stdout] stack backtrace:
[INFO] [stdout]    0:     0x5ebb083e0d31 - <<std[104cf6e2632825ea]::sys::backtrace::BacktraceLock>::print::DisplayBacktrace as core[7c831bd917ebf35f]::fmt::Display>::fmt
[INFO] [stdout]    1:     0x5ebb083f67fa - core[7c831bd917ebf35f]::fmt::write
[INFO] [stdout]    2:     0x5ebb083e51cc - <alloc[2fdc3f7464fcf288]::vec::Vec<u8> as core[7c831bd917ebf35f]::io::write::Write>::write_fmt
[INFO] [stdout]    3:     0x5ebb083bcfa6 - std[104cf6e2632825ea]::panicking::default_hook::{closure#0}
[INFO] [stdout]    4:     0x5ebb083d90d9 - std[104cf6e2632825ea]::panicking::default_hook
[INFO] [stdout]    5:     0x5ebb082b41f0 - test[73009c9f9aebf890]::test_main_inner::<test[73009c9f9aebf890]::test_main_static::{closure#0}>::{closure#0}
[INFO] [stdout]    6:     0x5ebb083d9292 - std[104cf6e2632825ea]::panicking::panic_with_hook
[INFO] [stdout]    7:     0x5ebb083bd052 - std[104cf6e2632825ea]::panicking::panic_handler::{closure#0}
[INFO] [stdout]    8:     0x5ebb083b54a9 - std[104cf6e2632825ea]::sys::backtrace::__rust_end_short_backtrace::<std[104cf6e2632825ea]::panicking::panic_handler::{closure#0}, !>
[INFO] [stdout]    9:     0x5ebb083bdc4d - __rustc[b0d56fa5b193ad05]::rust_begin_unwind
[INFO] [stdout]   10:     0x5ebb083f6fdc - core[7c831bd917ebf35f]::panicking::panic_fmt
[INFO] [stdout]   11:     0x5ebb083f6db2 - core[7c831bd917ebf35f]::result::unwrap_failed
[INFO] [stdout]   12:     0x5ebb0829bb51 - advent_2023[bdc1a0cac5fdf27d]::days::day05::solve
[INFO] [stdout]   13:     0x5ebb0829b200 - <advent_2023[bdc1a0cac5fdf27d]::days::day05::tests::day05_example::{closure#0} as core[7c831bd917ebf35f]::ops::function::FnOnce<()>>::call_once
[INFO] [stdout]   14:     0x5ebb082a74db - test[73009c9f9aebf890]::__rust_begin_short_backtrace::<core[7c831bd917ebf35f]::result::Result<(), alloc[2fdc3f7464fcf288]::string::String>, fn() -> core[7c831bd917ebf35f]::result::Result<(), alloc[2fdc3f7464fcf288]::string::String>>
[INFO] [stdout]   15:     0x5ebb082b4b45 - test[73009c9f9aebf890]::run_test::{closure#0}
[INFO] [stdout]   16:     0x5ebb082adf04 - std[104cf6e2632825ea]::sys::backtrace::__rust_begin_short_backtrace::<test[73009c9f9aebf890]::run_test::{closure#1}, ()>
[INFO] [stdout]   17:     0x5ebb082b7ca2 - <std[104cf6e2632825ea]::thread::lifecycle::spawn_unchecked<test[73009c9f9aebf890]::run_test::{closure#1}, ()>::{closure#1} as core[7c831bd917ebf35f]::ops::function::FnOnce<()>>::call_once::{shim:vtable#0}
[INFO] [stdout]   18:     0x5ebb083e0299 - <std[104cf6e2632825ea]::sys::thread::unix::Thread>::new::thread_start
[INFO] [stdout]   19:     0x720b244a007a - <unknown>
[INFO] [stdout]   20:     0x720b24533534 - clone
[INFO] [stdout]   21:                0x0 - <unknown>
[INFO] [stdout] 
[INFO] [stdout] ---- days::day06::tests::day06_example stdout ----
[INFO] [stdout] 
[INFO] [stdout] thread 'days::day06::tests::day06_example' (340) panicked at src/days/day06.rs:6:60:
[INFO] [stdout] failed to parse input file: Os { code: 2, kind: NotFound, message: "No such file or directory" }
[INFO] [stdout] stack backtrace:
[INFO] [stdout]    0:     0x5ebb083e0d31 - <<std[104cf6e2632825ea]::sys::backtrace::BacktraceLock>::print::DisplayBacktrace as core[7c831bd917ebf35f]::fmt::Display>::fmt
[INFO] [stdout]    1:     0x5ebb083f67fa - core[7c831bd917ebf35f]::fmt::write
[INFO] [stdout]    2:     0x5ebb083e51cc - <alloc[2fdc3f7464fcf288]::vec::Vec<u8> as core[7c831bd917ebf35f]::io::write::Write>::write_fmt
[INFO] [stdout]    3:     0x5ebb083bcfa6 - std[104cf6e2632825ea]::panicking::default_hook::{closure#0}
[INFO] [stdout]    4:     0x5ebb083d90d9 - std[104cf6e2632825ea]::panicking::default_hook
[INFO] [stdout]    5:     0x5ebb082b41f0 - test[73009c9f9aebf890]::test_main_inner::<test[73009c9f9aebf890]::test_main_static::{closure#0}>::{closure#0}
[INFO] [stdout]    6:     0x5ebb083d9292 - std[104cf6e2632825ea]::panicking::panic_with_hook
[INFO] [stdout]    7:     0x5ebb083bd052 - std[104cf6e2632825ea]::panicking::panic_handler::{closure#0}
[INFO] [stdout]    8:     0x5ebb083b54a9 - std[104cf6e2632825ea]::sys::backtrace::__rust_end_short_backtrace::<std[104cf6e2632825ea]::panicking::panic_handler::{closure#0}, !>
[INFO] [stdout]    9:     0x5ebb083bdc4d - __rustc[b0d56fa5b193ad05]::rust_begin_unwind
[INFO] [stdout]   10:     0x5ebb083f6fdc - core[7c831bd917ebf35f]::panicking::panic_fmt
[INFO] [stdout]   11:     0x5ebb083f6db2 - core[7c831bd917ebf35f]::result::unwrap_failed
[INFO] [stdout]   12:     0x5ebb0829b329 - <advent_2023[bdc1a0cac5fdf27d]::days::day06::tests::day06_example::{closure#0} as core[7c831bd917ebf35f]::ops::function::FnOnce<()>>::call_once
[INFO] [stdout]   13:     0x5ebb082a74db - test[73009c9f9aebf890]::__rust_begin_short_backtrace::<core[7c831bd917ebf35f]::result::Result<(), alloc[2fdc3f7464fcf288]::string::String>, fn() -> core[7c831bd917ebf35f]::result::Result<(), alloc[2fdc3f7464fcf288]::string::String>>
[INFO] [stdout]   14:     0x5ebb082b4b45 - test[73009c9f9aebf890]::run_test::{closure#0}
[INFO] [stdout]   15:     0x5ebb082adf04 - std[104cf6e2632825ea]::sys::backtrace::__rust_begin_short_backtrace::<test[73009c9f9aebf890]::run_test::{closure#1}, ()>
[INFO] [stdout]   16:     0x5ebb082b7ca2 - <std[104cf6e2632825ea]::thread::lifecycle::spawn_unchecked<test[73009c9f9aebf890]::run_test::{closure#1}, ()>::{closure#1} as core[7c831bd917ebf35f]::ops::function::FnOnce<()>>::call_once::{shim:vtable#0}
[INFO] [stdout]   17:     0x5ebb083e0299 - <std[104cf6e2632825ea]::sys::thread::unix::Thread>::new::thread_start
[INFO] [stdout]   18:     0x720b244a007a - <unknown>
[INFO] [stdout]   19:     0x720b24533534 - clone
[INFO] [stdout]   20:                0x0 - <unknown>
[INFO] [stdout] 
[INFO] [stdout] ---- days::day07::tests::day07_example stdout ----
[INFO] [stdout] 
[INFO] [stdout] thread 'days::day07::tests::day07_example' (341) panicked at src/days/day07.rs:6:60:
[INFO] [stdout] failed to parse input file: Os { code: 2, kind: NotFound, message: "No such file or directory" }
[INFO] [stdout] stack backtrace:
[INFO] [stdout]    0:     0x5ebb083e0d31 - <<std[104cf6e2632825ea]::sys::backtrace::BacktraceLock>::print::DisplayBacktrace as core[7c831bd917ebf35f]::fmt::Display>::fmt
[INFO] [stdout]    1:     0x5ebb083f67fa - core[7c831bd917ebf35f]::fmt::write
[INFO] [stdout]    2:     0x5ebb083e51cc - <alloc[2fdc3f7464fcf288]::vec::Vec<u8> as core[7c831bd917ebf35f]::io::write::Write>::write_fmt
[INFO] [stdout]    3:     0x5ebb083bcfa6 - std[104cf6e2632825ea]::panicking::default_hook::{closure#0}
[INFO] [stdout]    4:     0x5ebb083d90d9 - std[104cf6e2632825ea]::panicking::default_hook
[INFO] [stdout]    5:     0x5ebb082b41f0 - test[73009c9f9aebf890]::test_main_inner::<test[73009c9f9aebf890]::test_main_static::{closure#0}>::{closure#0}
[INFO] [stdout]    6:     0x5ebb083d9292 - std[104cf6e2632825ea]::panicking::panic_with_hook
[INFO] [stdout]    7:     0x5ebb083bd052 - std[104cf6e2632825ea]::panicking::panic_handler::{closure#0}
[INFO] [stdout]    8:     0x5ebb083b54a9 - std[104cf6e2632825ea]::sys::backtrace::__rust_end_short_backtrace::<std[104cf6e2632825ea]::panicking::panic_handler::{closure#0}, !>
[INFO] [stdout]    9:     0x5ebb083bdc4d - __rustc[b0d56fa5b193ad05]::rust_begin_unwind
[INFO] [stdout]   10:     0x5ebb083f6fdc - core[7c831bd917ebf35f]::panicking::panic_fmt
[INFO] [stdout]   11:     0x5ebb083f6db2 - core[7c831bd917ebf35f]::result::unwrap_failed
[INFO] [stdout]   12:     0x5ebb0829bcb1 - advent_2023[bdc1a0cac5fdf27d]::days::day07::solve
[INFO] [stdout]   13:     0x5ebb0829b380 - <advent_2023[bdc1a0cac5fdf27d]::days::day07::tests::day07_example::{closure#0} as core[7c831bd917ebf35f]::ops::function::FnOnce<()>>::call_once
[INFO] [stdout]   14:     0x5ebb082a74db - test[73009c9f9aebf890]::__rust_begin_short_backtrace::<core[7c831bd917ebf35f]::result::Result<(), alloc[2fdc3f7464fcf288]::string::String>, fn() -> core[7c831bd917ebf35f]::result::Result<(), alloc[2fdc3f7464fcf288]::string::String>>
[INFO] [stdout]   15:     0x5ebb082b4b45 - test[73009c9f9aebf890]::run_test::{closure#0}
[INFO] [stdout]   16:     0x5ebb082adf04 - std[104cf6e2632825ea]::sys::backtrace::__rust_begin_short_backtrace::<test[73009c9f9aebf890]::run_test::{closure#1}, ()>
[INFO] [stdout]   17:     0x5ebb082b7ca2 - <std[104cf6e2632825ea]::thread::lifecycle::spawn_unchecked<test[73009c9f9aebf890]::run_test::{closure#1}, ()>::{closure#1} as core[7c831bd917ebf35f]::ops::function::FnOnce<()>>::call_once::{shim:vtable#0}
[INFO] [stdout]   18:     0x5ebb083e0299 - <std[104cf6e2632825ea]::sys::thread::unix::Thread>::new::thread_start
[INFO] [stdout]   19:     0x720b244a007a - <unknown>
[INFO] [stdout]   20:     0x720b24533534 - clone
[INFO] [stdout]   21:                0x0 - <unknown>
[INFO] [stdout] 
[INFO] [stdout] ---- days::day08::tests::day08_example stdout ----
[INFO] [stdout] 
[INFO] [stdout] thread 'days::day08::tests::day08_example' (342) panicked at src/days/day08.rs:6:60:
[INFO] [stdout] failed to parse input file: Os { code: 2, kind: NotFound, message: "No such file or directory" }
[INFO] [stdout] stack backtrace:
[INFO] [stdout]    0:     0x5ebb083e0d31 - <<std[104cf6e2632825ea]::sys::backtrace::BacktraceLock>::print::DisplayBacktrace as core[7c831bd917ebf35f]::fmt::Display>::fmt
[INFO] [stdout]    1:     0x5ebb083f67fa - core[7c831bd917ebf35f]::fmt::write
[INFO] [stdout]    2:     0x5ebb083e51cc - <alloc[2fdc3f7464fcf288]::vec::Vec<u8> as core[7c831bd917ebf35f]::io::write::Write>::write_fmt
[INFO] [stdout]    3:     0x5ebb083bcfa6 - std[104cf6e2632825ea]::panicking::default_hook::{closure#0}
[INFO] [stdout]    4:     0x5ebb083d90d9 - std[104cf6e2632825ea]::panicking::default_hook
[INFO] [stdout]    5:     0x5ebb082b41f0 - test[73009c9f9aebf890]::test_main_inner::<test[73009c9f9aebf890]::test_main_static::{closure#0}>::{closure#0}
[INFO] [stdout]    6:     0x5ebb083d9292 - std[104cf6e2632825ea]::panicking::panic_with_hook
[INFO] [stdout]    7:     0x5ebb083bd052 - std[104cf6e2632825ea]::panicking::panic_handler::{closure#0}
[INFO] [stdout]    8:     0x5ebb083b54a9 - std[104cf6e2632825ea]::sys::backtrace::__rust_end_short_backtrace::<std[104cf6e2632825ea]::panicking::panic_handler::{closure#0}, !>
[INFO] [stdout]    9:     0x5ebb083bdc4d - __rustc[b0d56fa5b193ad05]::rust_begin_unwind
[INFO] [stdout]   10:     0x5ebb083f6fdc - core[7c831bd917ebf35f]::panicking::panic_fmt
[INFO] [stdout]   11:     0x5ebb083f6db2 - core[7c831bd917ebf35f]::result::unwrap_failed
[INFO] [stdout]   12:     0x5ebb082a65b1 - advent_2023[bdc1a0cac5fdf27d]::days::day08::solve
[INFO] [stdout]   13:     0x5ebb0829b3a0 - <advent_2023[bdc1a0cac5fdf27d]::days::day08::tests::day08_example::{closure#0} as core[7c831bd917ebf35f]::ops::function::FnOnce<()>>::call_once
[INFO] [stdout]   14:     0x5ebb082a74db - test[73009c9f9aebf890]::__rust_begin_short_backtrace::<core[7c831bd917ebf35f]::result::Result<(), alloc[2fdc3f7464fcf288]::string::String>, fn() -> core[7c831bd917ebf35f]::result::Result<(), alloc[2fdc3f7464fcf288]::string::String>>
[INFO] [stdout]   15:     0x5ebb082b4b45 - test[73009c9f9aebf890]::run_test::{closure#0}
[INFO] [stdout]   16:     0x5ebb082adf04 - std[104cf6e2632825ea]::sys::backtrace::__rust_begin_short_backtrace::<test[73009c9f9aebf890]::run_test::{closure#1}, ()>
[INFO] [stdout]   17:     0x5ebb082b7ca2 - <std[104cf6e2632825ea]::thread::lifecycle::spawn_unchecked<test[73009c9f9aebf890]::run_test::{closure#1}, ()>::{closure#1} as core[7c831bd917ebf35f]::ops::function::FnOnce<()>>::call_once::{shim:vtable#0}
[INFO] [stdout]   18:     0x5ebb083e0299 - <std[104cf6e2632825ea]::sys::thread::unix::Thread>::new::thread_start
[INFO] [stdout]   19:     0x720b244a007a - <unknown>
[INFO] [stdout]   20:     0x720b24533534 - clone
[INFO] [stdout]   21:                0x0 - <unknown>
[INFO] [stdout] 
[INFO] [stdout] ---- days::day09::tests::day09_example stdout ----
[INFO] [stdout] 
[INFO] [stdout] thread 'days::day09::tests::day09_example' (343) panicked at src/days/day09.rs:6:60:
[INFO] [stdout] failed to parse input file: Os { code: 2, kind: NotFound, message: "No such file or directory" }
[INFO] [stdout] stack backtrace:
[INFO] [stdout]    0:     0x5ebb083e0d31 - <<std[104cf6e2632825ea]::sys::backtrace::BacktraceLock>::print::DisplayBacktrace as core[7c831bd917ebf35f]::fmt::Display>::fmt
[INFO] [stdout]    1:     0x5ebb083f67fa - core[7c831bd917ebf35f]::fmt::write
[INFO] [stdout]    2:     0x5ebb083e51cc - <alloc[2fdc3f7464fcf288]::vec::Vec<u8> as core[7c831bd917ebf35f]::io::write::Write>::write_fmt
[INFO] [stdout]    3:     0x5ebb083bcfa6 - std[104cf6e2632825ea]::panicking::default_hook::{closure#0}
[INFO] [stdout]    4:     0x5ebb083d90d9 - std[104cf6e2632825ea]::panicking::default_hook
[INFO] [stdout]    5:     0x5ebb082b41f0 - test[73009c9f9aebf890]::test_main_inner::<test[73009c9f9aebf890]::test_main_static::{closure#0}>::{closure#0}
[INFO] [stdout]    6:     0x5ebb083d9292 - std[104cf6e2632825ea]::panicking::panic_with_hook
[INFO] [stdout]    7:     0x5ebb083bd052 - std[104cf6e2632825ea]::panicking::panic_handler::{closure#0}
[INFO] [stdout]    8:     0x5ebb083b54a9 - std[104cf6e2632825ea]::sys::backtrace::__rust_end_short_backtrace::<std[104cf6e2632825ea]::panicking::panic_handler::{closure#0}, !>
[INFO] [stdout]    9:     0x5ebb083bdc4d - __rustc[b0d56fa5b193ad05]::rust_begin_unwind
[INFO] [stdout]   10:     0x5ebb083f6fdc - core[7c831bd917ebf35f]::panicking::panic_fmt
[INFO] [stdout]   11:     0x5ebb083f6db2 - core[7c831bd917ebf35f]::result::unwrap_failed
[INFO] [stdout]   12:     0x5ebb0829be11 - advent_2023[bdc1a0cac5fdf27d]::days::day09::solve
[INFO] [stdout]   13:     0x5ebb0829b3c0 - <advent_2023[bdc1a0cac5fdf27d]::days::day09::tests::day09_example::{closure#0} as core[7c831bd917ebf35f]::ops::function::FnOnce<()>>::call_once
[INFO] [stdout]   14:     0x5ebb082a74db - test[73009c9f9aebf890]::__rust_begin_short_backtrace::<core[7c831bd917ebf35f]::result::Result<(), alloc[2fdc3f7464fcf288]::string::String>, fn() -> core[7c831bd917ebf35f]::result::Result<(), alloc[2fdc3f7464fcf288]::string::String>>
[INFO] [stdout]   15:     0x5ebb082b4b45 - test[73009c9f9aebf890]::run_test::{closure#0}
[INFO] [stdout]   16:     0x5ebb082adf04 - std[104cf6e2632825ea]::sys::backtrace::__rust_begin_short_backtrace::<test[73009c9f9aebf890]::run_test::{closure#1}, ()>
[INFO] [stdout]   17:     0x5ebb082b7ca2 - <std[104cf6e2632825ea]::thread::lifecycle::spawn_unchecked<test[73009c9f9aebf890]::run_test::{closure#1}, ()>::{closure#1} as core[7c831bd917ebf35f]::ops::function::FnOnce<()>>::call_once::{shim:vtable#0}
[INFO] [stdout]   18:     0x5ebb083e0299 - <std[104cf6e2632825ea]::sys::thread::unix::Thread>::new::thread_start
[INFO] [stdout]   19:     0x720b244a007a - <unknown>
[INFO] [stdout]   20:     0x720b24533534 - clone
[INFO] [stdout]   21:                0x0 - <unknown>
[INFO] [stdout] 
[INFO] [stdout] ---- days::day10::tests::day10_example stdout ----
[INFO] [stdout] 
[INFO] [stdout] thread 'days::day10::tests::day10_example' (344) panicked at src/days/day10.rs:6:60:
[INFO] [stdout] failed to parse input file: Os { code: 2, kind: NotFound, message: "No such file or directory" }
[INFO] [stdout] stack backtrace:
[INFO] [stdout]    0:     0x5ebb083e0d31 - <<std[104cf6e2632825ea]::sys::backtrace::BacktraceLock>::print::DisplayBacktrace as core[7c831bd917ebf35f]::fmt::Display>::fmt
[INFO] [stdout]    1:     0x5ebb083f67fa - core[7c831bd917ebf35f]::fmt::write
[INFO] [stdout]    2:     0x5ebb083e51cc - <alloc[2fdc3f7464fcf288]::vec::Vec<u8> as core[7c831bd917ebf35f]::io::write::Write>::write_fmt
[INFO] [stdout]    3:     0x5ebb083bcfa6 - std[104cf6e2632825ea]::panicking::default_hook::{closure#0}
[INFO] [stdout]    4:     0x5ebb083d90d9 - std[104cf6e2632825ea]::panicking::default_hook
[INFO] [stdout]    5:     0x5ebb082b41f0 - test[73009c9f9aebf890]::test_main_inner::<test[73009c9f9aebf890]::test_main_static::{closure#0}>::{closure#0}
[INFO] [stdout]    6:     0x5ebb083d9292 - std[104cf6e2632825ea]::panicking::panic_with_hook
[INFO] [stdout]    7:     0x5ebb083bd052 - std[104cf6e2632825ea]::panicking::panic_handler::{closure#0}
[INFO] [stdout]    8:     0x5ebb083b54a9 - std[104cf6e2632825ea]::sys::backtrace::__rust_end_short_backtrace::<std[104cf6e2632825ea]::panicking::panic_handler::{closure#0}, !>
[INFO] [stdout]    9:     0x5ebb083bdc4d - __rustc[b0d56fa5b193ad05]::rust_begin_unwind
[INFO] [stdout]   10:     0x5ebb083f6fdc - core[7c831bd917ebf35f]::panicking::panic_fmt
[INFO] [stdout]   11:     0x5ebb083f6db2 - core[7c831bd917ebf35f]::result::unwrap_failed
[INFO] [stdout]   12:     0x5ebb08298b5a - advent_2023[bdc1a0cac5fdf27d]::days::day10::tests::day10_example
[INFO] [stdout]   13:     0x5ebb0829b3d9 - <advent_2023[bdc1a0cac5fdf27d]::days::day10::tests::day10_example::{closure#0} as core[7c831bd917ebf35f]::ops::function::FnOnce<()>>::call_once
[INFO] [stdout]   14:     0x5ebb082a74db - test[73009c9f9aebf890]::__rust_begin_short_backtrace::<core[7c831bd917ebf35f]::result::Result<(), alloc[2fdc3f7464fcf288]::string::String>, fn() -> core[7c831bd917ebf35f]::result::Result<(), alloc[2fdc3f7464fcf288]::string::String>>
[INFO] [stdout]   15:     0x5ebb082b4b45 - test[73009c9f9aebf890]::run_test::{closure#0}
[INFO] [stdout]   16:     0x5ebb082adf04 - std[104cf6e2632825ea]::sys::backtrace::__rust_begin_short_backtrace::<test[73009c9f9aebf890]::run_test::{closure#1}, ()>
[INFO] [stdout]   17:     0x5ebb082b7ca2 - <std[104cf6e2632825ea]::thread::lifecycle::spawn_unchecked<test[73009c9f9aebf890]::run_test::{closure#1}, ()>::{closure#1} as core[7c831bd917ebf35f]::ops::function::FnOnce<()>>::call_once::{shim:vtable#0}
[INFO] [stdout]   18:     0x5ebb083e0299 - <std[104cf6e2632825ea]::sys::thread::unix::Thread>::new::thread_start
[INFO] [stdout]   19:     0x720b244a007a - <unknown>
[INFO] [stdout]   20:     0x720b24533534 - clone
[INFO] [stdout]   21:                0x0 - <unknown>
[INFO] [stdout] 
[INFO] [stdout] ---- days::day11::tests::day11_example stdout ----
[INFO] [stdout] 
[INFO] [stdout] thread 'days::day11::tests::day11_example' (345) panicked at src/days/day11.rs:6:60:
[INFO] [stdout] failed to parse input file: Os { code: 2, kind: NotFound, message: "No such file or directory" }
[INFO] [stdout] stack backtrace:
[INFO] [stdout]    0:     0x5ebb083e0d31 - <<std[104cf6e2632825ea]::sys::backtrace::BacktraceLock>::print::DisplayBacktrace as core[7c831bd917ebf35f]::fmt::Display>::fmt
[INFO] [stdout]    1:     0x5ebb083f67fa - core[7c831bd917ebf35f]::fmt::write
[INFO] [stdout]    2:     0x5ebb083e51cc - <alloc[2fdc3f7464fcf288]::vec::Vec<u8> as core[7c831bd917ebf35f]::io::write::Write>::write_fmt
[INFO] [stdout]    3:     0x5ebb083bcfa6 - std[104cf6e2632825ea]::panicking::default_hook::{closure#0}
[INFO] [stdout]    4:     0x5ebb083d90d9 - std[104cf6e2632825ea]::panicking::default_hook
[INFO] [stdout]    5:     0x5ebb082b41f0 - test[73009c9f9aebf890]::test_main_inner::<test[73009c9f9aebf890]::test_main_static::{closure#0}>::{closure#0}
[INFO] [stdout]    6:     0x5ebb083d9292 - std[104cf6e2632825ea]::panicking::panic_with_hook
[INFO] [stdout]    7:     0x5ebb083bd052 - std[104cf6e2632825ea]::panicking::panic_handler::{closure#0}
[INFO] [stdout]    8:     0x5ebb083b54a9 - std[104cf6e2632825ea]::sys::backtrace::__rust_end_short_backtrace::<std[104cf6e2632825ea]::panicking::panic_handler::{closure#0}, !>
[INFO] [stdout]    9:     0x5ebb083bdc4d - __rustc[b0d56fa5b193ad05]::rust_begin_unwind
[INFO] [stdout]   10:     0x5ebb083f6fdc - core[7c831bd917ebf35f]::panicking::panic_fmt
[INFO] [stdout]   11:     0x5ebb083f6db2 - core[7c831bd917ebf35f]::result::unwrap_failed
[INFO] [stdout]   12:     0x5ebb0829a081 - advent_2023[bdc1a0cac5fdf27d]::days::day11::solve
[INFO] [stdout]   13:     0x5ebb0829b400 - <advent_2023[bdc1a0cac5fdf27d]::days::day11::tests::day11_example::{closure#0} as core[7c831bd917ebf35f]::ops::function::FnOnce<()>>::call_once
[INFO] [stdout]   14:     0x5ebb082a74db - test[73009c9f9aebf890]::__rust_begin_short_backtrace::<core[7c831bd917ebf35f]::result::Result<(), alloc[2fdc3f7464fcf288]::string::String>, fn() -> core[7c831bd917ebf35f]::result::Result<(), alloc[2fdc3f7464fcf288]::string::String>>
[INFO] [stdout]   15:     0x5ebb082b4b45 - test[73009c9f9aebf890]::run_test::{closure#0}
[INFO] [stdout]   16:     0x5ebb082adf04 - std[104cf6e2632825ea]::sys::backtrace::__rust_begin_short_backtrace::<test[73009c9f9aebf890]::run_test::{closure#1}, ()>
[INFO] [stdout]   17:     0x5ebb082b7ca2 - <std[104cf6e2632825ea]::thread::lifecycle::spawn_unchecked<test[73009c9f9aebf890]::run_test::{closure#1}, ()>::{closure#1} as core[7c831bd917ebf35f]::ops::function::FnOnce<()>>::call_once::{shim:vtable#0}
[INFO] [stdout]   18:     0x5ebb083e0299 - <std[104cf6e2632825ea]::sys::thread::unix::Thread>::new::thread_start
[INFO] [stdout]   19:     0x720b244a007a - <unknown>
[INFO] [stdout]   20:     0x720b24533534 - clone
[INFO] [stdout]   21:                0x0 - <unknown>
[INFO] [stdout] 
[INFO] [stdout] ---- days::day12::tests::day12_example stdout ----
[INFO] [stdout] 
[INFO] [stdout] thread 'days::day12::tests::day12_example' (346) panicked at src/days/day12.rs:6:60:
[INFO] [stdout] failed to parse input file: Os { code: 2, kind: NotFound, message: "No such file or directory" }
[INFO] [stdout] stack backtrace:
[INFO] [stdout]    0:     0x5ebb083e0d31 - <<std[104cf6e2632825ea]::sys::backtrace::BacktraceLock>::print::DisplayBacktrace as core[7c831bd917ebf35f]::fmt::Display>::fmt
[INFO] [stdout]    1:     0x5ebb083f67fa - core[7c831bd917ebf35f]::fmt::write
[INFO] [stdout]    2:     0x5ebb083e51cc - <alloc[2fdc3f7464fcf288]::vec::Vec<u8> as core[7c831bd917ebf35f]::io::write::Write>::write_fmt
[INFO] [stdout]    3:     0x5ebb083bcfa6 - std[104cf6e2632825ea]::panicking::default_hook::{closure#0}
[INFO] [stdout]    4:     0x5ebb083d90d9 - std[104cf6e2632825ea]::panicking::default_hook
[INFO] [stdout]    5:     0x5ebb082b41f0 - test[73009c9f9aebf890]::test_main_inner::<test[73009c9f9aebf890]::test_main_static::{closure#0}>::{closure#0}
[INFO] [stdout]    6:     0x5ebb083d9292 - std[104cf6e2632825ea]::panicking::panic_with_hook
[INFO] [stdout]    7:     0x5ebb083bd052 - std[104cf6e2632825ea]::panicking::panic_handler::{closure#0}
[INFO] [stdout]    8:     0x5ebb083b54a9 - std[104cf6e2632825ea]::sys::backtrace::__rust_end_short_backtrace::<std[104cf6e2632825ea]::panicking::panic_handler::{closure#0}, !>
[INFO] [stdout]    9:     0x5ebb083bdc4d - __rustc[b0d56fa5b193ad05]::rust_begin_unwind
[INFO] [stdout]   10:     0x5ebb083f6fdc - core[7c831bd917ebf35f]::panicking::panic_fmt
[INFO] [stdout]   11:     0x5ebb083f6db2 - core[7c831bd917ebf35f]::result::unwrap_failed
[INFO] [stdout]   12:     0x5ebb0829a1e1 - advent_2023[bdc1a0cac5fdf27d]::days::day12::solve
[INFO] [stdout]   13:     0x5ebb0829b420 - <advent_2023[bdc1a0cac5fdf27d]::days::day12::tests::day12_example::{closure#0} as core[7c831bd917ebf35f]::ops::function::FnOnce<()>>::call_once
[INFO] [stdout]   14:     0x5ebb082a74db - test[73009c9f9aebf890]::__rust_begin_short_backtrace::<core[7c831bd917ebf35f]::result::Result<(), alloc[2fdc3f7464fcf288]::string::String>, fn() -> core[7c831bd917ebf35f]::result::Result<(), alloc[2fdc3f7464fcf288]::string::String>>
[INFO] [stdout]   15:     0x5ebb082b4b45 - test[73009c9f9aebf890]::run_test::{closure#0}
[INFO] [stdout]   16:     0x5ebb082adf04 - std[104cf6e2632825ea]::sys::backtrace::__rust_begin_short_backtrace::<test[73009c9f9aebf890]::run_test::{closure#1}, ()>
[INFO] [stdout]   17:     0x5ebb082b7ca2 - <std[104cf6e2632825ea]::thread::lifecycle::spawn_unchecked<test[73009c9f9aebf890]::run_test::{closure#1}, ()>::{closure#1} as core[7c831bd917ebf35f]::ops::function::FnOnce<()>>::call_once::{shim:vtable#0}
[INFO] [stdout]   18:     0x5ebb083e0299 - <std[104cf6e2632825ea]::sys::thread::unix::Thread>::new::thread_start
[INFO] [stdout]   19:     0x720b244a007a - <unknown>
[INFO] [stdout]   20:     0x720b24533534 - clone
[INFO] [stdout]   21:                0x0 - <unknown>
[INFO] [stdout] 
[INFO] [stdout] ---- days::day13::tests::day13_example stdout ----
[INFO] [stdout] 
[INFO] [stdout] thread 'days::day13::tests::day13_example' (347) panicked at src/days/day13.rs:6:60:
[INFO] [stdout] failed to parse input file: Os { code: 2, kind: NotFound, message: "No such file or directory" }
[INFO] [stdout] stack backtrace:
[INFO] [stdout]    0:     0x5ebb083e0d31 - <<std[104cf6e2632825ea]::sys::backtrace::BacktraceLock>::print::DisplayBacktrace as core[7c831bd917ebf35f]::fmt::Display>::fmt
[INFO] [stdout]    1:     0x5ebb083f67fa - core[7c831bd917ebf35f]::fmt::write
[INFO] [stdout]    2:     0x5ebb083e51cc - <alloc[2fdc3f7464fcf288]::vec::Vec<u8> as core[7c831bd917ebf35f]::io::write::Write>::write_fmt
[INFO] [stdout]    3:     0x5ebb083bcfa6 - std[104cf6e2632825ea]::panicking::default_hook::{closure#0}
[INFO] [stdout]    4:     0x5ebb083d90d9 - std[104cf6e2632825ea]::panicking::default_hook
[INFO] [stdout]    5:     0x5ebb082b41f0 - test[73009c9f9aebf890]::test_main_inner::<test[73009c9f9aebf890]::test_main_static::{closure#0}>::{closure#0}
[INFO] [stdout]    6:     0x5ebb083d9292 - std[104cf6e2632825ea]::panicking::panic_with_hook
[INFO] [stdout]    7:     0x5ebb083bd052 - std[104cf6e2632825ea]::panicking::panic_handler::{closure#0}
[INFO] [stdout]    8:     0x5ebb083b54a9 - std[104cf6e2632825ea]::sys::backtrace::__rust_end_short_backtrace::<std[104cf6e2632825ea]::panicking::panic_handler::{closure#0}, !>
[INFO] [stdout]    9:     0x5ebb083bdc4d - __rustc[b0d56fa5b193ad05]::rust_begin_unwind
[INFO] [stdout]   10:     0x5ebb083f6fdc - core[7c831bd917ebf35f]::panicking::panic_fmt
[INFO] [stdout]   11:     0x5ebb083f6db2 - core[7c831bd917ebf35f]::result::unwrap_failed
[INFO] [stdout]   12:     0x5ebb082981f1 - advent_2023[bdc1a0cac5fdf27d]::days::day13::solve
[INFO] [stdout]   13:     0x5ebb0829b440 - <advent_2023[bdc1a0cac5fdf27d]::days::day13::tests::day13_example::{closure#0} as core[7c831bd917ebf35f]::ops::function::FnOnce<()>>::call_once
[INFO] [stdout]   14:     0x5ebb082a74db - test[73009c9f9aebf890]::__rust_begin_short_backtrace::<core[7c831bd917ebf35f]::result::Result<(), alloc[2fdc3f7464fcf288]::string::String>, fn() -> core[7c831bd917ebf35f]::result::Result<(), alloc[2fdc3f7464fcf288]::string::String>>
[INFO] [stdout]   15:     0x5ebb082b4b45 - test[73009c9f9aebf890]::run_test::{closure#0}
[INFO] [stdout]   16:     0x5ebb082adf04 - std[104cf6e2632825ea]::sys::backtrace::__rust_begin_short_backtrace::<test[73009c9f9aebf890]::run_test::{closure#1}, ()>
[INFO] [stdout]   17:     0x5ebb082b7ca2 - <std[104cf6e2632825ea]::thread::lifecycle::spawn_unchecked<test[73009c9f9aebf890]::run_test::{closure#1}, ()>::{closure#1} as core[7c831bd917ebf35f]::ops::function::FnOnce<()>>::call_once::{shim:vtable#0}
[INFO] [stdout]   18:     0x5ebb083e0299 - <std[104cf6e2632825ea]::sys::thread::unix::Thread>::new::thread_start
[INFO] [stdout]   19:     0x720b244a007a - <unknown>
[INFO] [stdout]   20:     0x720b24533534 - clone
[INFO] [stdout]   21:                0x0 - <unknown>
[INFO] [stdout] 
[INFO] [stdout] ---- days::day15::tests::day15_example stdout ----
[INFO] [stdout] 
[INFO] [stdout] thread 'days::day15::tests::day15_example' (349) panicked at src/days/day15.rs:6:60:
[INFO] [stdout] failed to parse input file: Os { code: 2, kind: NotFound, message: "No such file or directory" }
[INFO] [stdout] stack backtrace:
[INFO] [stdout]    0:     0x5ebb083e0d31 - <<std[104cf6e2632825ea]::sys::backtrace::BacktraceLock>::print::DisplayBacktrace as core[7c831bd917ebf35f]::fmt::Display>::fmt
[INFO] [stdout]    1:     0x5ebb083f67fa - core[7c831bd917ebf35f]::fmt::write
[INFO] [stdout]    2:     0x5ebb083e51cc - <alloc[2fdc3f7464fcf288]::vec::Vec<u8> as core[7c831bd917ebf35f]::io::write::Write>::write_fmt
[INFO] [stdout]    3:     0x5ebb083bcfa6 - std[104cf6e2632825ea]::panicking::default_hook::{closure#0}
[INFO] [stdout]    4:     0x5ebb083d90d9 - std[104cf6e2632825ea]::panicking::default_hook
[INFO] [stdout]    5:     0x5ebb082b41f0 - test[73009c9f9aebf890]::test_main_inner::<test[73009c9f9aebf890]::test_main_static::{closure#0}>::{closure#0}
[INFO] [stdout]    6:     0x5ebb083d9292 - std[104cf6e2632825ea]::panicking::panic_with_hook
[INFO] [stdout]    7:     0x5ebb083bd052 - std[104cf6e2632825ea]::panicking::panic_handler::{closure#0}
[INFO] [stdout]    8:     0x5ebb083b54a9 - std[104cf6e2632825ea]::sys::backtrace::__rust_end_short_backtrace::<std[104cf6e2632825ea]::panicking::panic_handler::{closure#0}, !>
[INFO] [stdout]    9:     0x5ebb083bdc4d - __rustc[b0d56fa5b193ad05]::rust_begin_unwind
[INFO] [stdout]   10:     0x5ebb083f6fdc - core[7c831bd917ebf35f]::panicking::panic_fmt
[INFO] [stdout]   11:     0x5ebb083f6db2 - core[7c831bd917ebf35f]::result::unwrap_failed
[INFO] [stdout]   12:     0x5ebb082a6711 - advent_2023[bdc1a0cac5fdf27d]::days::day15::solve
[INFO] [stdout]   13:     0x5ebb0829b480 - <advent_2023[bdc1a0cac5fdf27d]::days::day15::tests::day15_example::{closure#0} as core[7c831bd917ebf35f]::ops::function::FnOnce<()>>::call_once
[INFO] [stdout]   14:     0x5ebb082a74db - test[73009c9f9aebf890]::__rust_begin_short_backtrace::<core[7c831bd917ebf35f]::result::Result<(), alloc[2fdc3f7464fcf288]::string::String>, fn() -> core[7c831bd917ebf35f]::result::Result<(), alloc[2fdc3f7464fcf288]::string::String>>
[INFO] [stdout]   15:     0x5ebb082b4b45 - test[73009c9f9aebf890]::run_test::{closure#0}
[INFO] [stdout]   16:     0x5ebb082adf04 - std[104cf6e2632825ea]::sys::backtrace::__rust_begin_short_backtrace::<test[73009c9f9aebf890]::run_test::{closure#1}, ()>
[INFO] [stdout]   17:     0x5ebb082b7ca2 - <std[104cf6e2632825ea]::thread::lifecycle::spawn_unchecked<test[73009c9f9aebf890]::run_test::{closure#1}, ()>::{closure#1} as core[7c831bd917ebf35f]::ops::function::FnOnce<()>>::call_once::{shim:vtable#0}
[INFO] [stdout]   18:     0x5ebb083e0299 - <std[104cf6e2632825ea]::sys::thread::unix::Thread>::new::thread_start
[INFO] [stdout]   19:     0x720b244a007a - <unknown>
[INFO] [stdout]   20:     0x720b24533534 - clone
[INFO] [stdout]   21:                0x0 - <unknown>
[INFO] [stdout] 
[INFO] [stdout] ---- days::day14::tests::day14_example stdout ----
[INFO] [stdout] 
[INFO] [stdout] thread 'days::day14::tests::day14_example' (348) panicked at src/days/day14.rs:6:60:
[INFO] [stdout] failed to parse input file: Os { code: 2, kind: NotFound, message: "No such file or directory" }
[INFO] [stdout] stack backtrace:
[INFO] [stdout]    0:     0x5ebb083e0d31 - <<std[104cf6e2632825ea]::sys::backtrace::BacktraceLock>::print::DisplayBacktrace as core[7c831bd917ebf35f]::fmt::Display>::fmt
[INFO] [stdout]    1:     0x5ebb083f67fa - core[7c831bd917ebf35f]::fmt::write
[INFO] [stdout]    2:     0x5ebb083e51cc - <alloc[2fdc3f7464fcf288]::vec::Vec<u8> as core[7c831bd917ebf35f]::io::write::Write>::write_fmt
[INFO] [stdout]    3:     0x5ebb083bcfa6 - std[104cf6e2632825ea]::panicking::default_hook::{closure#0}
[INFO] [stdout]    4:     0x5ebb083d90d9 - std[104cf6e2632825ea]::panicking::default_hook
[INFO] [stdout]    5:     0x5ebb082b41f0 - test[73009c9f9aebf890]::test_main_inner::<test[73009c9f9aebf890]::test_main_static::{closure#0}>::{closure#0}
[INFO] [stdout]    6:     0x5ebb083d9292 - std[104cf6e2632825ea]::panicking::panic_with_hook
[INFO] [stdout]    7:     0x5ebb083bd052 - std[104cf6e2632825ea]::panicking::panic_handler::{closure#0}
[INFO] [stdout]    8:     0x5ebb083b54a9 - std[104cf6e2632825ea]::sys::backtrace::__rust_end_short_backtrace::<std[104cf6e2632825ea]::panicking::panic_handler::{closure#0}, !>
[INFO] [stdout]    9:     0x5ebb083bdc4d - __rustc[b0d56fa5b193ad05]::rust_begin_unwind
[INFO] [stdout]   10:     0x5ebb083f6fdc - core[7c831bd917ebf35f]::panicking::panic_fmt
[INFO] [stdout]   11:     0x5ebb083f6db2 - core[7c831bd917ebf35f]::result::unwrap_failed
[INFO] [stdout]   12:     0x5ebb0829a341 - advent_2023[bdc1a0cac5fdf27d]::days::day14::solve
[INFO] [stdout]   13:     0x5ebb0829b460 - <advent_2023[bdc1a0cac5fdf27d]::days::day14::tests::day14_example::{closure#0} as core[7c831bd917ebf35f]::ops::function::FnOnce<()>>::call_once
[INFO] [stdout]   14:     0x5ebb082a74db - test[73009c9f9aebf890]::__rust_begin_short_backtrace::<core[7c831bd917ebf35f]::result::Result<(), alloc[2fdc3f7464fcf288]::string::String>, fn() -> core[7c831bd917ebf35f]::result::Result<(), alloc[2fdc3f7464fcf288]::string::String>>
[INFO] [stdout]   15:     0x5ebb082b4b45 - test[73009c9f9aebf890]::run_test::{closure#0}
[INFO] [stdout]   16:     0x5ebb082adf04 - std[104cf6e2632825ea]::sys::backtrace::__rust_begin_short_backtrace::<test[73009c9f9aebf890]::run_test::{closure#1}, ()>
[INFO] [stdout]   17:     0x5ebb082b7ca2 - <std[104cf6e2632825ea]::thread::lifecycle::spawn_unchecked<test[73009c9f9aebf890]::run_test::{closure#1}, ()>::{closure#1} as core[7c831bd917ebf35f]::ops::function::FnOnce<()>>::call_once::{shim:vtable#0}
[INFO] [stdout]   18:     0x5ebb083e0299 - <std[104cf6e2632825ea]::sys::thread::unix::Thread>::new::thread_start
[INFO] [stdout]   19:     0x720b244a007a - <unknown>
[INFO] [stdout]   20:     0x720b24533534 - clone
[INFO] [stdout]   21:                0x0 - <unknown>
[INFO] [stdout] 
[INFO] [stdout] ---- days::day16::tests::day16_example stdout ----
[INFO] [stdout] 
[INFO] [stdout] thread 'days::day16::tests::day16_example' (350) panicked at src/days/day16.rs:6:60:
[INFO] [stdout] failed to parse input file: Os { code: 2, kind: NotFound, message: "No such file or directory" }
[INFO] [stdout] stack backtrace:
[INFO] [stdout]    0:     0x5ebb083e0d31 - <<std[104cf6e2632825ea]::sys::backtrace::BacktraceLock>::print::DisplayBacktrace as core[7c831bd917ebf35f]::fmt::Display>::fmt
[INFO] [stdout]    1:     0x5ebb083f67fa - core[7c831bd917ebf35f]::fmt::write
[INFO] [stdout]    2:     0x5ebb083e51cc - <alloc[2fdc3f7464fcf288]::vec::Vec<u8> as core[7c831bd917ebf35f]::io::write::Write>::write_fmt
[INFO] [stdout]    3:     0x5ebb083bcfa6 - std[104cf6e2632825ea]::panicking::default_hook::{closure#0}
[INFO] [stdout]    4:     0x5ebb083d90d9 - std[104cf6e2632825ea]::panicking::default_hook
[INFO] [stdout]    5:     0x5ebb082b41f0 - test[73009c9f9aebf890]::test_main_inner::<test[73009c9f9aebf890]::test_main_static::{closure#0}>::{closure#0}
[INFO] [stdout]    6:     0x5ebb083d9292 - std[104cf6e2632825ea]::panicking::panic_with_hook
[INFO] [stdout]    7:     0x5ebb083bd052 - std[104cf6e2632825ea]::panicking::panic_handler::{closure#0}
[INFO] [stdout]    8:     0x5ebb083b54a9 - std[104cf6e2632825ea]::sys::backtrace::__rust_end_short_backtrace::<std[104cf6e2632825ea]::panicking::panic_handler::{closure#0}, !>
[INFO] [stdout]    9:     0x5ebb083bdc4d - __rustc[b0d56fa5b193ad05]::rust_begin_unwind
[INFO] [stdout]   10:     0x5ebb083f6fdc - core[7c831bd917ebf35f]::panicking::panic_fmt
[INFO] [stdout]   11:     0x5ebb083f6db2 - core[7c831bd917ebf35f]::result::unwrap_failed
[INFO] [stdout]   12:     0x5ebb08298351 - advent_2023[bdc1a0cac5fdf27d]::days::day16::solve
[INFO] [stdout]   13:     0x5ebb0829b4a0 - <advent_2023[bdc1a0cac5fdf27d]::days::day16::tests::day16_example::{closure#0} as core[7c831bd917ebf35f]::ops::function::FnOnce<()>>::call_once
[INFO] [stdout]   14:     0x5ebb082a74db - test[73009c9f9aebf890]::__rust_begin_short_backtrace::<core[7c831bd917ebf35f]::result::Result<(), alloc[2fdc3f7464fcf288]::string::String>, fn() -> core[7c831bd917ebf35f]::result::Result<(), alloc[2fdc3f7464fcf288]::string::String>>
[INFO] [stdout]   15:     0x5ebb082b4b45 - test[73009c9f9aebf890]::run_test::{closure#0}
[INFO] [stdout]   16:     0x5ebb082adf04 - std[104cf6e2632825ea]::sys::backtrace::__rust_begin_short_backtrace::<test[73009c9f9aebf890]::run_test::{closure#1}, ()>
[INFO] [stdout]   17:     0x5ebb082b7ca2 - <std[104cf6e2632825ea]::thread::lifecycle::spawn_unchecked<test[73009c9f9aebf890]::run_test::{closure#1}, ()>::{closure#1} as core[7c831bd917ebf35f]::ops::function::FnOnce<()>>::call_once::{shim:vtable#0}
[INFO] [stdout]   18:     0x5ebb083e0299 - <std[104cf6e2632825ea]::sys::thread::unix::Thread>::new::thread_start
[INFO] [stdout]   19:     0x720b244a007a - <unknown>
[INFO] [stdout]   20:     0x720b24533534 - clone
[INFO] [stdout]   21:                0x0 - <unknown>
[INFO] [stdout] 
[INFO] [stdout] ---- days::day17::tests::day17_example stdout ----
[INFO] [stdout] 
[INFO] [stdout] thread 'days::day17::tests::day17_example' (351) panicked at src/days/day17.rs:6:60:
[INFO] [stdout] failed to parse input file: Os { code: 2, kind: NotFound, message: "No such file or directory" }
[INFO] [stdout] stack backtrace:
[INFO] [stdout]    0:     0x5ebb083e0d31 - <<std[104cf6e2632825ea]::sys::backtrace::BacktraceLock>::print::DisplayBacktrace as core[7c831bd917ebf35f]::fmt::Display>::fmt
[INFO] [stdout]    1:     0x5ebb083f67fa - core[7c831bd917ebf35f]::fmt::write
[INFO] [stdout]    2:     0x5ebb083e51cc - <alloc[2fdc3f7464fcf288]::vec::Vec<u8> as core[7c831bd917ebf35f]::io::write::Write>::write_fmt
[INFO] [stdout]    3:     0x5ebb083bcfa6 - std[104cf6e2632825ea]::panicking::default_hook::{closure#0}
[INFO] [stdout]    4:     0x5ebb083d90d9 - std[104cf6e2632825ea]::panicking::default_hook
[INFO] [stdout]    5:     0x5ebb082b41f0 - test[73009c9f9aebf890]::test_main_inner::<test[73009c9f9aebf890]::test_main_static::{closure#0}>::{closure#0}
[INFO] [stdout]    6:     0x5ebb083d9292 - std[104cf6e2632825ea]::panicking::panic_with_hook
[INFO] [stdout]    7:     0x5ebb083bd052 - std[104cf6e2632825ea]::panicking::panic_handler::{closure#0}
[INFO] [stdout]    8:     0x5ebb083b54a9 - std[104cf6e2632825ea]::sys::backtrace::__rust_end_short_backtrace::<std[104cf6e2632825ea]::panicking::panic_handler::{closure#0}, !>
[INFO] [stdout]    9:     0x5ebb083bdc4d - __rustc[b0d56fa5b193ad05]::rust_begin_unwind
[INFO] [stdout]   10:     0x5ebb083f6fdc - core[7c831bd917ebf35f]::panicking::panic_fmt
[INFO] [stdout]   11:     0x5ebb083f6db2 - core[7c831bd917ebf35f]::result::unwrap_failed
[INFO] [stdout]   12:     0x5ebb0829bf71 - advent_2023[bdc1a0cac5fdf27d]::days::day17::solve
[INFO] [stdout]   13:     0x5ebb0829b4c0 - <advent_2023[bdc1a0cac5fdf27d]::days::day17::tests::day17_example::{closure#0} as core[7c831bd917ebf35f]::ops::function::FnOnce<()>>::call_once
[INFO] [stdout]   14:     0x5ebb082a74db - test[73009c9f9aebf890]::__rust_begin_short_backtrace::<core[7c831bd917ebf35f]::result::Result<(), alloc[2fdc3f7464fcf288]::string::String>, fn() -> core[7c831bd917ebf35f]::result::Result<(), alloc[2fdc3f7464fcf288]::string::String>>
[INFO] [stdout]   15:     0x5ebb082b4b45 - test[73009c9f9aebf890]::run_test::{closure#0}
[INFO] [stdout]   16:     0x5ebb082adf04 - std[104cf6e2632825ea]::sys::backtrace::__rust_begin_short_backtrace::<test[73009c9f9aebf890]::run_test::{closure#1}, ()>
[INFO] [stdout]   17:     0x5ebb082b7ca2 - <std[104cf6e2632825ea]::thread::lifecycle::spawn_unchecked<test[73009c9f9aebf890]::run_test::{closure#1}, ()>::{closure#1} as core[7c831bd917ebf35f]::ops::function::FnOnce<()>>::call_once::{shim:vtable#0}
[INFO] [stdout]   18:     0x5ebb083e0299 - <std[104cf6e2632825ea]::sys::thread::unix::Thread>::new::thread_start
[INFO] [stdout]   19:     0x720b244a007a - <unknown>
[INFO] [stdout]   20:     0x720b24533534 - clone
[INFO] [stdout]   21:                0x0 - <unknown>
[INFO] [stdout] 
[INFO] [stdout] ---- days::day20::tests::day20_example stdout ----
[INFO] [stdout] 
[INFO] [stdout] thread 'days::day20::tests::day20_example' (354) panicked at src/days/day20.rs:6:60:
[INFO] [stdout] failed to parse input file: Os { code: 2, kind: NotFound, message: "No such file or directory" }
[INFO] [stdout] stack backtrace:
[INFO] [stdout]    0:     0x5ebb083e0d31 - <<std[104cf6e2632825ea]::sys::backtrace::BacktraceLock>::print::DisplayBacktrace as core[7c831bd917ebf35f]::fmt::Display>::fmt
[INFO] [stdout]    1:     0x5ebb083f67fa - core[7c831bd917ebf35f]::fmt::write
[INFO] [stdout]    2:     0x5ebb083e51cc - <alloc[2fdc3f7464fcf288]::vec::Vec<u8> as core[7c831bd917ebf35f]::io::write::Write>::write_fmt
[INFO] [stdout]    3:     0x5ebb083bcfa6 - std[104cf6e2632825ea]::panicking::default_hook::{closure#0}
[INFO] [stdout]    4:     0x5ebb083d90d9 - std[104cf6e2632825ea]::panicking::default_hook
[INFO] [stdout]    5:     0x5ebb082b41f0 - test[73009c9f9aebf890]::test_main_inner::<test[73009c9f9aebf890]::test_main_static::{closure#0}>::{closure#0}
[INFO] [stdout]    6:     0x5ebb083d9292 - std[104cf6e2632825ea]::panicking::panic_with_hook
[INFO] [stdout]    7:     0x5ebb083bd052 - std[104cf6e2632825ea]::panicking::panic_handler::{closure#0}
[INFO] [stdout]    8:     0x5ebb083b54a9 - std[104cf6e2632825ea]::sys::backtrace::__rust_end_short_backtrace::<std[104cf6e2632825ea]::panicking::panic_handler::{closure#0}, !>
[INFO] [stdout]    9:     0x5ebb083bdc4d - __rustc[b0d56fa5b193ad05]::rust_begin_unwind
[INFO] [stdout]   10:     0x5ebb083f6fdc - core[7c831bd917ebf35f]::panicking::panic_fmt
[INFO] [stdout]   11:     0x5ebb083f6db2 - core[7c831bd917ebf35f]::result::unwrap_failed
[INFO] [stdout]   12:     0x5ebb082a715a - advent_2023[bdc1a0cac5fdf27d]::days::day20::tests::day20_example
[INFO] [stdout]   13:     0x5ebb0829b519 - <advent_2023[bdc1a0cac5fdf27d]::days::day20::tests::day20_example::{closure#0} as core[7c831bd917ebf35f]::ops::function::FnOnce<()>>::call_once
[INFO] [stdout]   14:     0x5ebb082a74db - test[73009c9f9aebf890]::__rust_begin_short_backtrace::<core[7c831bd917ebf35f]::result::Result<(), alloc[2fdc3f7464fcf288]::string::String>, fn() -> core[7c831bd917ebf35f]::result::Result<(), alloc[2fdc3f7464fcf288]::string::String>>
[INFO] [stdout]   15:     0x5ebb082b4b45 - test[73009c9f9aebf890]::run_test::{closure#0}
[INFO] [stdout]   16:     0x5ebb082adf04 - std[104cf6e2632825ea]::sys::backtrace::__rust_begin_short_backtrace::<test[73009c9f9aebf890]::run_test::{closure#1}, ()>
[INFO] [stdout]   17:     0x5ebb082b7ca2 - <std[104cf6e2632825ea]::thread::lifecycle::spawn_unchecked<test[73009c9f9aebf890]::run_test::{closure#1}, ()>::{closure#1} as core[7c831bd917ebf35f]::ops::function::FnOnce<()>>::call_once::{shim:vtable#0}
[INFO] [stdout]   18:     0x5ebb083e0299 - <std[104cf6e2632825ea]::sys::thread::unix::Thread>::new::thread_start
[INFO] [stdout]   19:     0x720b244a007a - <unknown>
[INFO] [stdout]   20:     0x720b24533534 - clone
[INFO] [stdout]   21:                0x0 - <unknown>
[INFO] [stdout] 
[INFO] [stdout] ---- days::day21::tests::day21_example stdout ----
[INFO] [stdout] 
[INFO] [stdout] thread 'days::day21::tests::day21_example' (355) panicked at src/days/day21.rs:6:60:
[INFO] [stdout] failed to parse input file: Os { code: 2, kind: NotFound, message: "No such file or directory" }
[INFO] [stdout] stack backtrace:
[INFO] [stdout]    0:     0x5ebb083e0d31 - <<std[104cf6e2632825ea]::sys::backtrace::BacktraceLock>::print::DisplayBacktrace as core[7c831bd917ebf35f]::fmt::Display>::fmt
[INFO] [stdout]    1:     0x5ebb083f67fa - core[7c831bd917ebf35f]::fmt::write
[INFO] [stdout]    2:     0x5ebb083e51cc - <alloc[2fdc3f7464fcf288]::vec::Vec<u8> as core[7c831bd917ebf35f]::io::write::Write>::write_fmt
[INFO] [stdout]    3:     0x5ebb083bcfa6 - std[104cf6e2632825ea]::panicking::default_hook::{closure#0}
[INFO] [stdout]    4:     0x5ebb083d90d9 - std[104cf6e2632825ea]::panicking::default_hook
[INFO] [stdout]    5:     0x5ebb082b41f0 - test[73009c9f9aebf890]::test_main_inner::<test[73009c9f9aebf890]::test_main_static::{closure#0}>::{closure#0}
[INFO] [stdout]    6:     0x5ebb083d9292 - std[104cf6e2632825ea]::panicking::panic_with_hook
[INFO] [stdout]    7:     0x5ebb083bd052 - std[104cf6e2632825ea]::panicking::panic_handler::{closure#0}
[INFO] [stdout]    8:     0x5ebb083b54a9 - std[104cf6e2632825ea]::sys::backtrace::__rust_end_short_backtrace::<std[104cf6e2632825ea]::panicking::panic_handler::{closure#0}, !>
[INFO] [stdout]    9:     0x5ebb083bdc4d - __rustc[b0d56fa5b193ad05]::rust_begin_unwind
[INFO] [stdout]   10:     0x5ebb083f6fdc - core[7c831bd917ebf35f]::panicking::panic_fmt
[INFO] [stdout]   11:     0x5ebb083f6db2 - core[7c831bd917ebf35f]::result::unwrap_failed
[INFO] [stdout]   12:     0x5ebb082984b1 - advent_2023[bdc1a0cac5fdf27d]::days::day21::solve
[INFO] [stdout]   13:     0x5ebb0829b540 - <advent_2023[bdc1a0cac5fdf27d]::days::day21::tests::day21_example::{closure#0} as core[7c831bd917ebf35f]::ops::function::FnOnce<()>>::call_once
[INFO] [stdout]   14:     0x5ebb082a74db - test[73009c9f9aebf890]::__rust_begin_short_backtrace::<core[7c831bd917ebf35f]::result::Result<(), alloc[2fdc3f7464fcf288]::string::String>, fn() -> core[7c831bd917ebf35f]::result::Result<(), alloc[2fdc3f7464fcf288]::string::String>>
[INFO] [stdout]   15:     0x5ebb082b4b45 - test[73009c9f9aebf890]::run_test::{closure#0}
[INFO] [stdout]   16:     0x5ebb082adf04 - std[104cf6e2632825ea]::sys::backtrace::__rust_begin_short_backtrace::<test[73009c9f9aebf890]::run_test::{closure#1}, ()>
[INFO] [stdout]   17:     0x5ebb082b7ca2 - <std[104cf6e2632825ea]::thread::lifecycle::spawn_unchecked<test[73009c9f9aebf890]::run_test::{closure#1}, ()>::{closure#1} as core[7c831bd917ebf35f]::ops::function::FnOnce<()>>::call_once::{shim:vtable#0}
[INFO] [stdout]   18:     0x5ebb083e0299 - <std[104cf6e2632825ea]::sys::thread::unix::Thread>::new::thread_start
[INFO] [stdout]   19:     0x720b244a007a - <unknown>
[INFO] [stdout]   20:     0x720b24533534 - clone
[INFO] [stdout]   21:                0x0 - <unknown>
[INFO] [stdout] 
[INFO] [stdout] ---- days::day22::tests::day22_example stdout ----
[INFO] [stdout] 
[INFO] [stdout] thread 'days::day22::tests::day22_example' (356) panicked at src/days/day22.rs:6:60:
[INFO] [stdout] failed to parse input file: Os { code: 2, kind: NotFound, message: "No such file or directory" }
[INFO] [stdout] stack backtrace:
[INFO] [stdout]    0:     0x5ebb083e0d31 - <<std[104cf6e2632825ea]::sys::backtrace::BacktraceLock>::print::DisplayBacktrace as core[7c831bd917ebf35f]::fmt::Display>::fmt
[INFO] [stdout]    1:     0x5ebb083f67fa - core[7c831bd917ebf35f]::fmt::write
[INFO] [stdout]    2:     0x5ebb083e51cc - <alloc[2fdc3f7464fcf288]::vec::Vec<u8> as core[7c831bd917ebf35f]::io::write::Write>::write_fmt
[INFO] [stdout]    3:     0x5ebb083bcfa6 - std[104cf6e2632825ea]::panicking::default_hook::{closure#0}
[INFO] [stdout]    4:     0x5ebb083d90d9 - std[104cf6e2632825ea]::panicking::default_hook
[INFO] [stdout]    5:     0x5ebb082b41f0 - test[73009c9f9aebf890]::test_main_inner::<test[73009c9f9aebf890]::test_main_static::{closure#0}>::{closure#0}
[INFO] [stdout]    6:     0x5ebb083d9292 - std[104cf6e2632825ea]::panicking::panic_with_hook
[INFO] [stdout]    7:     0x5ebb083bd052 - std[104cf6e2632825ea]::panicking::panic_handler::{closure#0}
[INFO] [stdout]    8:     0x5ebb083b54a9 - std[104cf6e2632825ea]::sys::backtrace::__rust_end_short_backtrace::<std[104cf6e2632825ea]::panicking::panic_handler::{closure#0}, !>
[INFO] [stdout]    9:     0x5ebb083bdc4d - __rustc[b0d56fa5b193ad05]::rust_begin_unwind
[INFO] [stdout]   10:     0x5ebb083f6fdc - core[7c831bd917ebf35f]::panicking::panic_fmt
[INFO] [stdout]   11:     0x5ebb083f6db2 - core[7c831bd917ebf35f]::result::unwrap_failed
[INFO] [stdout]   12:     0x5ebb082a72ba - advent_2023[bdc1a0cac5fdf27d]::days::day22::tests::day22_example
[INFO] [stdout]   13:     0x5ebb0829b559 - <advent_2023[bdc1a0cac5fdf27d]::days::day22::tests::day22_example::{closure#0} as core[7c831bd917ebf35f]::ops::function::FnOnce<()>>::call_once
[INFO] [stdout]   14:     0x5ebb082a74db - test[73009c9f9aebf890]::__rust_begin_short_backtrace::<core[7c831bd917ebf35f]::result::Result<(), alloc[2fdc3f7464fcf288]::string::String>, fn() -> core[7c831bd917ebf35f]::result::Result<(), alloc[2fdc3f7464fcf288]::string::String>>
[INFO] [stdout]   15:     0x5ebb082b4b45 - test[73009c9f9aebf890]::run_test::{closure#0}
[INFO] [stdout]   16:     0x5ebb082adf04 - std[104cf6e2632825ea]::sys::backtrace::__rust_begin_short_backtrace::<test[73009c9f9aebf890]::run_test::{closure#1}, ()>
[INFO] [stdout]   17:     0x5ebb082b7ca2 - <std[104cf6e2632825ea]::thread::lifecycle::spawn_unchecked<test[73009c9f9aebf890]::run_test::{closure#1}, ()>::{closure#1} as core[7c831bd917ebf35f]::ops::function::FnOnce<()>>::call_once::{shim:vtable#0}
[INFO] [stdout]   18:     0x5ebb083e0299 - <std[104cf6e2632825ea]::sys::thread::unix::Thread>::new::thread_start
[INFO] [stdout]   19:     0x720b244a007a - <unknown>
[INFO] [stdout]   20:     0x720b24533534 - clone
[INFO] [stdout]   21:                0x0 - <unknown>
[INFO] [stdout] 
[INFO] [stdout] ---- days::day18::tests::day18_example stdout ----
[INFO] [stdout] 
[INFO] [stdout] thread 'days::day18::tests::day18_example' (352) panicked at src/days/day18.rs:6:60:
[INFO] [stdout] failed to parse input file: Os { code: 2, kind: NotFound, message: "No such file or directory" }
[INFO] [stdout] stack backtrace:
[INFO] [stdout]    0:     0x5ebb083e0d31 - <<std[104cf6e2632825ea]::sys::backtrace::BacktraceLock>::print::DisplayBacktrace as core[7c831bd917ebf35f]::fmt::Display>::fmt
[INFO] [stdout]    1:     0x5ebb083f67fa - core[7c831bd917ebf35f]::fmt::write
[INFO] [stdout]    2:     0x5ebb083e51cc - <alloc[2fdc3f7464fcf288]::vec::Vec<u8> as core[7c831bd917ebf35f]::io::write::Write>::write_fmt
[INFO] [stdout]    3:     0x5ebb083bcfa6 - std[104cf6e2632825ea]::panicking::default_hook::{closure#0}
[INFO] [stdout]    4:     0x5ebb083d90d9 - std[104cf6e2632825ea]::panicking::default_hook
[INFO] [stdout]    5:     0x5ebb082b41f0 - test[73009c9f9aebf890]::test_main_inner::<test[73009c9f9aebf890]::test_main_static::{closure#0}>::{closure#0}
[INFO] [stdout]    6:     0x5ebb083d9292 - std[104cf6e2632825ea]::panicking::panic_with_hook
[INFO] [stdout]    7:     0x5ebb083bd052 - std[104cf6e2632825ea]::panicking::panic_handler::{closure#0}
[INFO] [stdout]    8:     0x5ebb083b54a9 - std[104cf6e2632825ea]::sys::backtrace::__rust_end_short_backtrace::<std[104cf6e2632825ea]::panicking::panic_handler::{closure#0}, !>
[INFO] [stdout]    9:     0x5ebb083bdc4d - __rustc[b0d56fa5b193ad05]::rust_begin_unwind
[INFO] [stdout]   10:     0x5ebb083f6fdc - core[7c831bd917ebf35f]::panicking::panic_fmt
[INFO] [stdout]   11:     0x5ebb083f6db2 - core[7c831bd917ebf35f]::result::unwrap_failed
[INFO] [stdout]   12:     0x5ebb082a6871 - advent_2023[bdc1a0cac5fdf27d]::days::day18::solve
[INFO] [stdout]   13:     0x5ebb0829b4e0 - <advent_2023[bdc1a0cac5fdf27d]::days::day18::tests::day18_example::{closure#0} as core[7c831bd917ebf35f]::ops::function::FnOnce<()>>::call_once
[INFO] [stdout]   14:     0x5ebb082a74db - test[73009c9f9aebf890]::__rust_begin_short_backtrace::<core[7c831bd917ebf35f]::result::Result<(), alloc[2fdc3f7464fcf288]::string::String>, fn() -> core[7c831bd917ebf35f]::result::Result<(), alloc[2fdc3f7464fcf288]::string::String>>
[INFO] [stdout]   15:     0x5ebb082b4b45 - test[73009c9f9aebf890]::run_test::{closure#0}
[INFO] [stdout]   16:     0x5ebb082adf04 - std[104cf6e2632825ea]::sys::backtrace::__rust_begin_short_backtrace::<test[73009c9f9aebf890]::run_test::{closure#1}, ()>
[INFO] [stdout]   17:     0x5ebb082b7ca2 - <std[104cf6e2632825ea]::thread::lifecycle::spawn_unchecked<test[73009c9f9aebf890]::run_test::{closure#1}, ()>::{closure#1} as core[7c831bd917ebf35f]::ops::function::FnOnce<()>>::call_once::{shim:vtable#0}
[INFO] [stdout]   18:     0x5ebb083e0299 - <std[104cf6e2632825ea]::sys::thread::unix::Thread>::new::thread_start
[INFO] [stdout]   19:     0x720b244a007a - <unknown>
[INFO] [stdout]   20:     0x720b24533534 - clone
[INFO] [stdout]   21:                0x0 - <unknown>
[INFO] [stdout] 
[INFO] [stdout] ---- days::day23::tests::day23_example stdout ----
[INFO] [stdout] 
[INFO] [stdout] thread 'days::day23::tests::day23_example' (357) panicked at src/days/day23.rs:6:60:
[INFO] [stdout] failed to parse input file: Os { code: 2, kind: NotFound, message: "No such file or directory" }
[INFO] [stdout] stack backtrace:
[INFO] [stdout]    0:     0x5ebb083e0d31 - <<std[104cf6e2632825ea]::sys::backtrace::BacktraceLock>::print::DisplayBacktrace as core[7c831bd917ebf35f]::fmt::Display>::fmt
[INFO] [stdout]    1:     0x5ebb083f67fa - core[7c831bd917ebf35f]::fmt::write
[INFO] [stdout]    2:     0x5ebb083e51cc - <alloc[2fdc3f7464fcf288]::vec::Vec<u8> as core[7c831bd917ebf35f]::io::write::Write>::write_fmt
[INFO] [stdout]    3:     0x5ebb083bcfa6 - std[104cf6e2632825ea]::panicking::default_hook::{closure#0}
[INFO] [stdout]    4:     0x5ebb083d90d9 - std[104cf6e2632825ea]::panicking::default_hook
[INFO] [stdout]    5:     0x5ebb082b41f0 - test[73009c9f9aebf890]::test_main_inner::<test[73009c9f9aebf890]::test_main_static::{closure#0}>::{closure#0}
[INFO] [stdout]    6:     0x5ebb083d9292 - std[104cf6e2632825ea]::panicking::panic_with_hook
[INFO] [stdout]    7:     0x5ebb083bd052 - std[104cf6e2632825ea]::panicking::panic_handler::{closure#0}
[INFO] [stdout]    8:     0x5ebb083b54a9 - std[104cf6e2632825ea]::sys::backtrace::__rust_end_short_backtrace::<std[104cf6e2632825ea]::panicking::panic_handler::{closure#0}, !>
[INFO] [stdout]    9:     0x5ebb083bdc4d - __rustc[b0d56fa5b193ad05]::rust_begin_unwind
[INFO] [stdout]   10:     0x5ebb083f6fdc - core[7c831bd917ebf35f]::panicking::panic_fmt
[INFO] [stdout]   11:     0x5ebb083f6db2 - core[7c831bd917ebf35f]::result::unwrap_failed
[INFO] [stdout]   12:     0x5ebb082a741a - advent_2023[bdc1a0cac5fdf27d]::days::day23::tests::day23_example
[INFO] [stdout]   13:     0x5ebb0829b579 - <advent_2023[bdc1a0cac5fdf27d]::days::day23::tests::day23_example::{closure#0} as core[7c831bd917ebf35f]::ops::function::FnOnce<()>>::call_once
[INFO] [stdout]   14:     0x5ebb082a74db - test[73009c9f9aebf890]::__rust_begin_short_backtrace::<core[7c831bd917ebf35f]::result::Result<(), alloc[2fdc3f7464fcf288]::string::String>, fn() -> core[7c831bd917ebf35f]::result::Result<(), alloc[2fdc3f7464fcf288]::string::String>>
[INFO] [stdout]   15:     0x5ebb082b4b45 - test[73009c9f9aebf890]::run_test::{closure#0}
[INFO] [stdout]   16:     0x5ebb082adf04 - std[104cf6e2632825ea]::sys::backtrace::__rust_begin_short_backtrace::<test[73009c9f9aebf890]::run_test::{closure#1}, ()>
[INFO] [stdout]   17:     0x5ebb082b7ca2 - <std[104cf6e2632825ea]::thread::lifecycle::spawn_unchecked<test[73009c9f9aebf890]::run_test::{closure#1}, ()>::{closure#1} as core[7c831bd917ebf35f]::ops::function::FnOnce<()>>::call_once::{shim:vtable#0}
[INFO] [stdout]   18:     0x5ebb083e0299 - <std[104cf6e2632825ea]::sys::thread::unix::Thread>::new::thread_start
[INFO] [stdout]   19:     0x720b244a007a - <unknown>
[INFO] [stdout]   20:     0x720b24533534 - clone
[INFO] [stdout]   21:                0x0 - <unknown>
[INFO] [stdout] 
[INFO] [stdout] ---- days::day19::tests::day19_example stdout ----
[INFO] [stdout] 
[INFO] [stdout] thread 'days::day19::tests::day19_example' (353) panicked at src/days/day19.rs:6:60:
[INFO] [stdout] failed to parse input file: Os { code: 2, kind: NotFound, message: "No such file or directory" }
[INFO] [stdout] stack backtrace:
[INFO] [stdout]    0:     0x5ebb083e0d31 - <<std[104cf6e2632825ea]::sys::backtrace::BacktraceLock>::print::DisplayBacktrace as core[7c831bd917ebf35f]::fmt::Display>::fmt
[INFO] [stdout]    1:     0x5ebb083f67fa - core[7c831bd917ebf35f]::fmt::write
[INFO] [stdout]    2:     0x5ebb083e51cc - <alloc[2fdc3f7464fcf288]::vec::Vec<u8> as core[7c831bd917ebf35f]::io::write::Write>::write_fmt
[INFO] [stdout]    3:     0x5ebb083bcfa6 - std[104cf6e2632825ea]::panicking::default_hook::{closure#0}
[INFO] [stdout]    4:     0x5ebb083d90d9 - std[104cf6e2632825ea]::panicking::default_hook
[INFO] [stdout]    5:     0x5ebb082b41f0 - test[73009c9f9aebf890]::test_main_inner::<test[73009c9f9aebf890]::test_main_static::{closure#0}>::{closure#0}
[INFO] [stdout]    6:     0x5ebb083d9292 - std[104cf6e2632825ea]::panicking::panic_with_hook
[INFO] [stdout]    7:     0x5ebb083bd052 - std[104cf6e2632825ea]::panicking::panic_handler::{closure#0}
[INFO] [stdout]    8:     0x5ebb083b54a9 - std[104cf6e2632825ea]::sys::backtrace::__rust_end_short_backtrace::<std[104cf6e2632825ea]::panicking::panic_handler::{closure#0}, !>
[INFO] [stdout]    9:     0x5ebb083bdc4d - __rustc[b0d56fa5b193ad05]::rust_begin_unwind
[INFO] [stdout]   10:     0x5ebb083f6fdc - core[7c831bd917ebf35f]::panicking::panic_fmt
[INFO] [stdout]   11:     0x5ebb083f6db2 - core[7c831bd917ebf35f]::result::unwrap_failed
[INFO] [stdout]   12:     0x5ebb0829a4a1 - advent_2023[bdc1a0cac5fdf27d]::days::day19::solve
[INFO] [stdout]   13:     0x5ebb0829b500 - <advent_2023[bdc1a0cac5fdf27d]::days::day19::tests::day19_example::{closure#0} as core[7c831bd917ebf35f]::ops::function::FnOnce<()>>::call_once
[INFO] [stdout]   14:     0x5ebb082a74db - test[73009c9f9aebf890]::__rust_begin_short_backtrace::<core[7c831bd917ebf35f]::result::Result<(), alloc[2fdc3f7464fcf288]::string::String>, fn() -> core[7c831bd917ebf35f]::result::Result<(), alloc[2fdc3f7464fcf288]::string::String>>
[INFO] [stdout]   15:     0x5ebb082b4b45 - test[73009c9f9aebf890]::run_test::{closure#0}
[INFO] [stdout]   16:     0x5ebb082adf04 - std[104cf6e2632825ea]::sys::backtrace::__rust_begin_short_backtrace::<test[73009c9f9aebf890]::run_test::{closure#1}, ()>
[INFO] [stdout]   17:     0x5ebb082b7ca2 - <std[104cf6e2632825ea]::thread::lifecycle::spawn_unchecked<test[73009c9f9aebf890]::run_test::{closure#1}, ()>::{closure#1} as core[7c831bd917ebf35f]::ops::function::FnOnce<()>>::call_once::{shim:vtable#0}
[INFO] [stdout]   18:     0x5ebb083e0299 - <std[104cf6e2632825ea]::sys::thread::unix::Thread>::new::thread_start
[INFO] [stdout]   19:     0x720b244a007a - <unknown>
[INFO] [stdout]   20:     0x720b24533534 - clone
[INFO] [stdout]   21:                0x0 - <unknown>
[INFO] [stdout] 
[INFO] [stdout] ---- days::day24::tests::day24_example stdout ----
[INFO] [stdout] 
[INFO] [stdout] thread 'days::day24::tests::day24_example' (358) panicked at src/days/day24.rs:6:60:
[INFO] [stdout] failed to parse input file: Os { code: 2, kind: NotFound, message: "No such file or directory" }
[INFO] [stdout] stack backtrace:
[INFO] [stdout]    0:     0x5ebb083e0d31 - <<std[104cf6e2632825ea]::sys::backtrace::BacktraceLock>::print::DisplayBacktrace as core[7c831bd917ebf35f]::fmt::Display>::fmt
[INFO] [stdout]    1:     0x5ebb083f67fa - core[7c831bd917ebf35f]::fmt::write
[INFO] [stdout]    2:     0x5ebb083e51cc - <alloc[2fdc3f7464fcf288]::vec::Vec<u8> as core[7c831bd917ebf35f]::io::write::Write>::write_fmt
[INFO] [stdout]    3:     0x5ebb083bcfa6 - std[104cf6e2632825ea]::panicking::default_hook::{closure#0}
[INFO] [stdout]    4:     0x5ebb083d90d9 - std[104cf6e2632825ea]::panicking::default_hook
[INFO] [stdout]    5:     0x5ebb082b41f0 - test[73009c9f9aebf890]::test_main_inner::<test[73009c9f9aebf890]::test_main_static::{closure#0}>::{closure#0}
[INFO] [stdout]    6:     0x5ebb083d9292 - std[104cf6e2632825ea]::panicking::panic_with_hook
[INFO] [stdout]    7:     0x5ebb083bd052 - std[104cf6e2632825ea]::panicking::panic_handler::{closure#0}
[INFO] [stdout]    8:     0x5ebb083b54a9 - std[104cf6e2632825ea]::sys::backtrace::__rust_end_short_backtrace::<std[104cf6e2632825ea]::panicking::panic_handler::{closure#0}, !>
[INFO] [stdout]    9:     0x5ebb083bdc4d - __rustc[b0d56fa5b193ad05]::rust_begin_unwind
[INFO] [stdout]   10:     0x5ebb083f6fdc - core[7c831bd917ebf35f]::panicking::panic_fmt
[INFO] [stdout]   11:     0x5ebb083f6db2 - core[7c831bd917ebf35f]::result::unwrap_failed
[INFO] [stdout]   12:     0x5ebb08298611 - advent_2023[bdc1a0cac5fdf27d]::days::day24::solve
[INFO] [stdout]   13:     0x5ebb0829b5a0 - <advent_2023[bdc1a0cac5fdf27d]::days::day24::tests::day24_example::{closure#0} as core[7c831bd917ebf35f]::ops::function::FnOnce<()>>::call_once
[INFO] [stdout]   14:     0x5ebb082a74db - test[73009c9f9aebf890]::__rust_begin_short_backtrace::<core[7c831bd917ebf35f]::result::Result<(), alloc[2fdc3f7464fcf288]::string::String>, fn() -> core[7c831bd917ebf35f]::result::Result<(), alloc[2fdc3f7464fcf288]::string::String>>
[INFO] [stdout]   15:     0x5ebb082b4b45 - test[73009c9f9aebf890]::run_test::{closure#0}
[INFO] [stdout]   16:     0x5ebb082adf04 - std[104cf6e2632825ea]::sys::backtrace::__rust_begin_short_backtrace::<test[73009c9f9aebf890]::run_test::{closure#1}, ()>
[INFO] [stdout]   17:     0x5ebb082b7ca2 - <std[104cf6e2632825ea]::thread::lifecycle::spawn_unchecked<test[73009c9f9aebf890]::run_test::{closure#1}, ()>::{closure#1} as core[7c831bd917ebf35f]::ops::function::FnOnce<()>>::call_once::{shim:vtable#0}
[INFO] [stdout]   18:     0x5ebb083e0299 - <std[104cf6e2632825ea]::sys::thread::unix::Thread>::new::thread_start
[INFO] [stdout]   19:     0x720b244a007a - <unknown>
[INFO] [stdout]   20:     0x720b24533534 - clone
[INFO] [stdout]   21:                0x0 - <unknown>
[INFO] [stdout] 
[INFO] [stdout] ---- days::day25::tests::day25_example stdout ----
[INFO] [stdout] 
[INFO] [stdout] thread 'days::day25::tests::day25_example' (359) panicked at src/days/day25.rs:6:60:
[INFO] [stdout] failed to parse input file: Os { code: 2, kind: NotFound, message: "No such file or directory" }
[INFO] [stdout] stack backtrace:
[INFO] [stdout]    0:     0x5ebb083e0d31 - <<std[104cf6e2632825ea]::sys::backtrace::BacktraceLock>::print::DisplayBacktrace as core[7c831bd917ebf35f]::fmt::Display>::fmt
[INFO] [stdout]    1:     0x5ebb083f67fa - core[7c831bd917ebf35f]::fmt::write
[INFO] [stdout]    2:     0x5ebb083e51cc - <alloc[2fdc3f7464fcf288]::vec::Vec<u8> as core[7c831bd917ebf35f]::io::write::Write>::write_fmt
[INFO] [stdout]    3:     0x5ebb083bcfa6 - std[104cf6e2632825ea]::panicking::default_hook::{closure#0}
[INFO] [stdout]    4:     0x5ebb083d90d9 - std[104cf6e2632825ea]::panicking::default_hook
[INFO] [stdout]    5:     0x5ebb082b41f0 - test[73009c9f9aebf890]::test_main_inner::<test[73009c9f9aebf890]::test_main_static::{closure#0}>::{closure#0}
[INFO] [stdout]    6:     0x5ebb083d9292 - std[104cf6e2632825ea]::panicking::panic_with_hook
[INFO] [stdout]    7:     0x5ebb083bd052 - std[104cf6e2632825ea]::panicking::panic_handler::{closure#0}
[INFO] [stdout]    8:     0x5ebb083b54a9 - std[104cf6e2632825ea]::sys::backtrace::__rust_end_short_backtrace::<std[104cf6e2632825ea]::panicking::panic_handler::{closure#0}, !>
[INFO] [stdout]    9:     0x5ebb083bdc4d - __rustc[b0d56fa5b193ad05]::rust_begin_unwind
[INFO] [stdout]   10:     0x5ebb083f6fdc - core[7c831bd917ebf35f]::panicking::panic_fmt
[INFO] [stdout]   11:     0x5ebb083f6db2 - core[7c831bd917ebf35f]::result::unwrap_failed
[INFO] [stdout]   12:     0x5ebb082a69d1 - advent_2023[bdc1a0cac5fdf27d]::days::day25::solve
[INFO] [stdout]   13:     0x5ebb0829b5c0 - <advent_2023[bdc1a0cac5fdf27d]::days::day25::tests::day25_example::{closure#0} as core[7c831bd917ebf35f]::ops::function::FnOnce<()>>::call_once
[INFO] [stdout]   14:     0x5ebb082a74db - test[73009c9f9aebf890]::__rust_begin_short_backtrace::<core[7c831bd917ebf35f]::result::Result<(), alloc[2fdc3f7464fcf288]::string::String>, fn() -> core[7c831bd917ebf35f]::result::Result<(), alloc[2fdc3f7464fcf288]::string::String>>
[INFO] [stdout]   15:     0x5ebb082b4b45 - test[73009c9f9aebf890]::run_test::{closure#0}
[INFO] [stdout]   16:     0x5ebb082adf04 - std[104cf6e2632825ea]::sys::backtrace::__rust_begin_short_backtrace::<test[73009c9f9aebf890]::run_test::{closure#1}, ()>
[INFO] [stdout]   17:     0x5ebb082b7ca2 - <std[104cf6e2632825ea]::thread::lifecycle::spawn_unchecked<test[73009c9f9aebf890]::run_test::{closure#1}, ()>::{closure#1} as core[7c831bd917ebf35f]::ops::function::FnOnce<()>>::call_once::{shim:vtable#0}
[INFO] [stdout]   18:     0x5ebb083e0299 - <std[104cf6e2632825ea]::sys::thread::unix::Thread>::new::thread_start
[INFO] [stdout]   19:     0x720b244a007a - <unknown>
[INFO] [stdout]   20:     0x720b24533534 - clone
[INFO] [stdout]   21:                0x0 - <unknown>
[INFO] [stdout] 
[INFO] [stdout] 
[INFO] [stdout] failures:
[INFO] [stdout]     days::day05::tests::day05_example
[INFO] [stdout]     days::day06::tests::day06_example
[INFO] [stdout]     days::day07::tests::day07_example
[INFO] [stdout]     days::day08::tests::day08_example
[INFO] [stdout]     days::day09::tests::day09_example
[INFO] [stdout]     days::day10::tests::day10_example
[INFO] [stdout]     days::day11::tests::day11_example
[INFO] [stdout]     days::day12::tests::day12_example
[INFO] [stdout]     days::day13::tests::day13_example
[INFO] [stdout]     days::day14::tests::day14_example
[INFO] [stdout]     days::day15::tests::day15_example
[INFO] [stdout]     days::day16::tests::day16_example
[INFO] [stdout]     days::day17::tests::day17_example
[INFO] [stdout]     days::day18::tests::day18_example
[INFO] [stdout]     days::day19::tests::day19_example
[INFO] [stdout]     days::day20::tests::day20_example
[INFO] [stdout]     days::day21::tests::day21_example
[INFO] [stdout]     days::day22::tests::day22_example
[INFO] [stdout]     days::day23::tests::day23_example
[INFO] [stdout]     days::day24::tests::day24_example
[INFO] [stdout]     days::day25::tests::day25_example
[INFO] [stdout] 
[INFO] [stdout] test result: FAILED. 16 passed; 21 failed; 0 ignored; 0 measured; 0 filtered out; finished in 0.03s
[INFO] [stdout] 
[INFO] running `Command { std: "docker" "inspect" "65f501feee7ef4d07e93bb668fc37d9fc61e2d10c5898e2d5a1782a672a03220", kill_on_drop: false }`
[INFO] running `Command { std: "docker" "rm" "-f" "65f501feee7ef4d07e93bb668fc37d9fc61e2d10c5898e2d5a1782a672a03220", kill_on_drop: false }`
[INFO] [stdout] 65f501feee7ef4d07e93bb668fc37d9fc61e2d10c5898e2d5a1782a672a03220
